[INFO] fetching crate lib-q-fn-dsa-kgen 0.0.11...
[INFO] testing lib-q-fn-dsa-kgen-0.0.11 against 1.100.0-beta.1+cargoflags=--release for beta-release-1.100-2
[INFO] extracting crate lib-q-fn-dsa-kgen 0.0.11 into /workspace/builds/worker-2-tc2/source
[INFO] started tweaking crates.io crate lib-q-fn-dsa-kgen 0.0.11
[INFO] removed 0 missing tests
[INFO] finished tweaking crates.io crate lib-q-fn-dsa-kgen 0.0.11
[INFO] tweaked toml for crates.io crate lib-q-fn-dsa-kgen 0.0.11 written to /workspace/builds/worker-2-tc2/source/Cargo.toml
[INFO] validating manifest of crates.io crate lib-q-fn-dsa-kgen 0.0.11 on toolchain 1.100.0-beta.1
[INFO] running `Command { std: CARGO_HOME="/workspace/cargo-home" RUSTUP_HOME="/workspace/rustup-home" "/workspace/cargo-home/bin/cargo" "+1.100.0-beta.1" "metadata" "--manifest-path" "Cargo.toml" "--no-deps", kill_on_drop: false }`
[INFO] crate crates.io crate lib-q-fn-dsa-kgen 0.0.11 already has a lockfile, it will not be regenerated
[INFO] running `Command { std: CARGO_HOME="/workspace/cargo-home" RUSTUP_HOME="/workspace/rustup-home" "/workspace/cargo-home/bin/cargo" "+1.100.0-beta.1" "fetch" "--manifest-path" "Cargo.toml", kill_on_drop: false }`
[INFO] running `Command { std: "docker" "create" "-v" "/var/lib/crater-agent-workspace/builds/worker-2-tc2/source:/opt/rustwide/workdir:ro,Z" "-v" "/var/lib/crater-agent-workspace/builds/worker-2-tc2/target:/opt/rustwide/target:rw,Z" "-v" "/var/lib/crater-agent-workspace/cargo-home:/opt/rustwide/cargo-home:ro,Z" "-v" "/var/lib/crater-agent-workspace/rustup-home:/opt/rustwide/rustup-home:ro,Z" "-m" "1610612736" "--network" "none" "ghcr.io/rust-lang/crates-build-env/linux@sha256:77db811e55d90add9212f6832c23229e3de5f1c1f9905e8cb07319ea15df73ac" "sleep" "infinity", kill_on_drop: false }`
[INFO] [stdout] 9cf01ba137d906f5ac14ff1e33cb0a7f6c62bb94f585737172538da9ccb09ce5
[INFO] running `Command { std: "docker" "start" "9cf01ba137d906f5ac14ff1e33cb0a7f6c62bb94f585737172538da9ccb09ce5", kill_on_drop: false }`
[INFO] running `Command { std: "docker" "inspect" "9cf01ba137d906f5ac14ff1e33cb0a7f6c62bb94f585737172538da9ccb09ce5", kill_on_drop: false }`
[INFO] running `Command { std: "docker" "exec" "-e" "SOURCE_DIR=/opt/rustwide/workdir" "-e" "CARGO_HOME=/opt/rustwide/cargo-home" "-e" "RUSTUP_HOME=/opt/rustwide/rustup-home" "-e" "CARGO_TARGET_DIR=/opt/rustwide/target" "-w" "/opt/rustwide/workdir" "--user" "0:0" "9cf01ba137d906f5ac14ff1e33cb0a7f6c62bb94f585737172538da9ccb09ce5" "/opt/rustwide/cargo-home/bin/cargo" "+1.100.0-beta.1" "metadata" "--no-deps" "--format-version=1", kill_on_drop: false }`
[INFO] running `Command { std: "docker" "inspect" "9cf01ba137d906f5ac14ff1e33cb0a7f6c62bb94f585737172538da9ccb09ce5", kill_on_drop: false }`
[INFO] running `Command { std: "docker" "exec" "-e" "SOURCE_DIR=/opt/rustwide/workdir" "-e" "CARGO_HOME=/opt/rustwide/cargo-home" "-e" "RUSTUP_HOME=/opt/rustwide/rustup-home" "-e" "CARGO_TARGET_DIR=/opt/rustwide/target" "-e" "CARGO_INCREMENTAL=0" "-e" "RUST_BACKTRACE=full" "-e" "RUSTFLAGS=--cap-lints=warn" "-e" "RUSTDOCFLAGS=--cap-lints=warn" "-w" "/opt/rustwide/workdir" "--user" "0:0" "9cf01ba137d906f5ac14ff1e33cb0a7f6c62bb94f585737172538da9ccb09ce5" "/opt/rustwide/cargo-home/bin/cargo" "+1.100.0-beta.1" "build" "--frozen" "--message-format=json" "--release", kill_on_drop: false }`
[INFO] [stderr]    Compiling lib-q-fn-dsa-comm v0.0.11
[INFO] [stderr]    Compiling syn v2.0.119
[INFO] [stderr]    Compiling zeroize_derive v1.5.0
[INFO] [stderr]    Compiling zeroize v1.9.0
[INFO] [stderr]    Compiling lib-q-fn-dsa-kgen v0.0.11 (/opt/rustwide/workdir)
[INFO] [stderr]     Finished `release` profile [optimized] target(s) in 7.77s
[INFO] running `Command { std: "docker" "inspect" "9cf01ba137d906f5ac14ff1e33cb0a7f6c62bb94f585737172538da9ccb09ce5", kill_on_drop: false }`
[INFO] running `Command { std: "docker" "exec" "-e" "SOURCE_DIR=/opt/rustwide/workdir" "-e" "CARGO_HOME=/opt/rustwide/cargo-home" "-e" "RUSTUP_HOME=/opt/rustwide/rustup-home" "-e" "CARGO_TARGET_DIR=/opt/rustwide/target" "-e" "CARGO_INCREMENTAL=0" "-e" "RUST_BACKTRACE=full" "-e" "RUSTFLAGS=--cap-lints=warn" "-e" "RUSTDOCFLAGS=--cap-lints=warn" "-w" "/opt/rustwide/workdir" "--user" "0:0" "9cf01ba137d906f5ac14ff1e33cb0a7f6c62bb94f585737172538da9ccb09ce5" "/opt/rustwide/cargo-home/bin/cargo" "+1.100.0-beta.1" "test" "--frozen" "--no-run" "--message-format=json" "--release", kill_on_drop: false }`
[INFO] [stderr]    Compiling block-buffer v0.12.1
[INFO] [stderr]    Compiling num-integer v0.1.46
[INFO] [stderr]    Compiling digest v0.11.3
[INFO] [stderr]    Compiling sha2 v0.11.0
[INFO] [stderr]    Compiling num-bigint v0.5.1
[INFO] [stderr]    Compiling lib-q-fn-dsa-kgen v0.0.11 (/opt/rustwide/workdir)
[INFO] [stderr]     Finished `release` profile [optimized] target(s) in 8.07s
[INFO] running `Command { std: "docker" "inspect" "9cf01ba137d906f5ac14ff1e33cb0a7f6c62bb94f585737172538da9ccb09ce5", kill_on_drop: false }`
[INFO] running `Command { std: "docker" "exec" "-e" "SOURCE_DIR=/opt/rustwide/workdir" "-e" "CARGO_HOME=/opt/rustwide/cargo-home" "-e" "RUSTUP_HOME=/opt/rustwide/rustup-home" "-e" "CARGO_TARGET_DIR=/opt/rustwide/target" "-e" "CARGO_INCREMENTAL=0" "-e" "RUST_BACKTRACE=full" "-e" "RUSTFLAGS=--cap-lints=warn" "-e" "RUSTDOCFLAGS=--cap-lints=warn" "-w" "/opt/rustwide/workdir" "--user" "0:0" "9cf01ba137d906f5ac14ff1e33cb0a7f6c62bb94f585737172538da9ccb09ce5" "/opt/rustwide/cargo-home/bin/cargo" "+1.100.0-beta.1" "test" "--frozen" "--release", kill_on_drop: false }`
[INFO] [stderr]     Finished `release` profile [optimized] target(s) in 0.03s
[INFO] [stderr]      Running unittests src/lib.rs (/opt/rustwide/target/release/build/lib-q-fn-dsa-kgen/e56b32eba57c72b0/out/fn_dsa_kgen-e56b32eba57c72b0)
[INFO] [stdout] 
[INFO] [stdout] running 12 tests
[INFO] [stdout] test poly::tests::poly_sub_scaled_arms_match_general ... ok
[INFO] [stdout] test gauss::tests::sample_tv ... ok
[INFO] [stdout] test fxp::tests::check_gmtab ... ok
[INFO] [stdout] test vect_avx2::tests::test_fxr_x4 ... ok
[INFO] [stdout] test zint31::tests::bezout ... ok
[INFO] [stdout] test mp31::tests::check_small_primes ... ok
[INFO] [stdout] test vect::tests::test_FFT ... ok
[INFO] [stdout] test poly::tests::NTT ... ok
[INFO] [stdout] test vect_avx2::tests::test_FFT ... ok
[INFO] [stdout] test poly_avx2::tests::NTT ... ok
[INFO] [stdout] test tests::test_keygen_self ... ok
[INFO] [stdout] test tests::test_keygen_ref_full_kat ... ok
[INFO] [stdout] 
[INFO] [stdout] test result: ok. 12 passed; 0 failed; 0 ignored; 0 measured; 0 filtered out; finished in 0.31s
[INFO] [stdout] 
[INFO] [stderr]      Running tests/feature_forwarding.rs (/opt/rustwide/target/release/build/lib-q-fn-dsa-kgen/8edf0141f72b2761/out/feature_forwarding-8edf0141f72b2761)
[INFO] [stdout] 
[INFO] [stdout] running 9 tests
[INFO] [stdout] test resolution::multi_hop_and_weak_forward_are_accepted ... ok
[INFO] [stdout] test resolution::undeclared_feature_resolves_to_none ... ok
[INFO] [stdout] test resolution::indirect_forward_is_accepted ... ok
[INFO] [stdout] test resolution::cycles_terminate ... ok
[INFO] [stdout] test resolution::direct_forward_is_accepted ... ok
[INFO] [stdout] test resolution::dangling_indirection_is_rejected ... ok
[INFO] [stdout] test resolution::wrong_target_feature_is_rejected ... ok
[INFO] [stdout] test resolution::empty_feature_list_is_rejected ... ok
[INFO] [stdout] test shake256x4_is_forwarded_to_the_crate_that_defines_it ... FAILED
[INFO] [stdout] 
[INFO] [stdout] failures:
[INFO] [stdout] 
[INFO] [stdout] ---- shake256x4_is_forwarded_to_the_crate_that_defines_it stdout ----
[INFO] [stdout] 
[INFO] [stdout] thread 'shake256x4_is_forwarded_to_the_crate_that_defines_it' (367) panicked at tests/feature_forwarding.rs:167:5:
[INFO] [stdout] `shake256x4` feature wiring is broken:
[INFO] [stdout]   - cannot read /opt/rustwide/Cargo.toml: No such file or directory (os error 2)
[INFO] [stdout]   - guard is not wired up: expected to check that `lib-q-fn-dsa-kgen` forwards `shake256x4` to `lib-q-fn-dsa-comm`, but that pair was never evaluated (manifest not found, feature no longer declared, or the parser did not recognise the manifest layout). Evaluated pairs: {}
[INFO] [stdout]   - guard is not wired up: expected to check that `lib-q-fn-dsa-sign` forwards `shake256x4` to `lib-q-fn-dsa-comm`, but that pair was never evaluated (manifest not found, feature no longer declared, or the parser did not recognise the manifest layout). Evaluated pairs: {}
[INFO] [stdout]   - guard is not wired up: expected to check that `lib-q-fn-dsa-alg` forwards `shake256x4` to `lib-q-fn-dsa-comm`, but that pair was never evaluated (manifest not found, feature no longer declared, or the parser did not recognise the manifest layout). Evaluated pairs: {}
[INFO] [stdout]   - guard is not wired up: expected to check that `lib-q-fn-dsa-alg` forwards `shake256x4` to `lib-q-fn-dsa-kgen`, but that pair was never evaluated (manifest not found, feature no longer declared, or the parser did not recognise the manifest layout). Evaluated pairs: {}
[INFO] [stdout]   - guard is not wired up: expected to check that `lib-q-fn-dsa-alg` forwards `shake256x4` to `lib-q-fn-dsa-sign`, but that pair was never evaluated (manifest not found, feature no longer declared, or the parser did not recognise the manifest layout). Evaluated pairs: {}
[INFO] [stdout]   - guard is not wired up: expected to check that `lib-q-fn-dsa` forwards `shake256x4` to `lib-q-fn-dsa-alg`, but that pair was never evaluated (manifest not found, feature no longer declared, or the parser did not recognise the manifest layout). Evaluated pairs: {}
[INFO] [stdout] stack backtrace:
[INFO] [stdout]    0:     0x59beabe41581 - <<std[617be2ca0a6fd877]::sys::backtrace::BacktraceLock>::print::DisplayBacktrace as core[a373ad73a504971]::fmt::Display>::fmt
[INFO] [stdout]    1:     0x59beabe55a6a - core[a373ad73a504971]::fmt::write
[INFO] [stdout]    2:     0x59beabe45a8c - <alloc[2e1b2a31b91974c5]::vec::Vec<u8> as core[a373ad73a504971]::io::write::Write>::write_fmt
[INFO] [stdout]    3:     0x59beabe1cf36 - std[617be2ca0a6fd877]::panicking::default_hook::{closure#0}
[INFO] [stdout]    4:     0x59beabe39609 - std[617be2ca0a6fd877]::panicking::default_hook
[INFO] [stdout]    5:     0x59beabdd51c0 - test[aada8e7e76ba119b]::test_main_inner::{closure#0}
[INFO] [stdout]    6:     0x59beabe397c2 - std[617be2ca0a6fd877]::panicking::panic_with_hook
[INFO] [stdout]    7:     0x59beabe1cfe2 - std[617be2ca0a6fd877]::panicking::panic_handler::{closure#0}
[INFO] [stdout]    8:     0x59beabe15ac9 - std[617be2ca0a6fd877]::sys::backtrace::__rust_end_short_backtrace::<std[617be2ca0a6fd877]::panicking::panic_handler::{closure#0}, !>
[INFO] [stdout]    9:     0x59beabe1dbed - __rustc[ea4f61d10b84890b]::rust_begin_unwind
[INFO] [stdout]   10:     0x59beabe5619c - core[a373ad73a504971]::panicking::panic_fmt
[INFO] [stdout]   11:     0x59beabdc265c - <feature_forwarding[25e96b498933c423]::shake256x4_is_forwarded_to_the_crate_that_defines_it::{closure#0} as core[a373ad73a504971]::ops::function::FnOnce<()>>::call_once
[INFO] [stdout]   12:     0x59beabdc860b - test[aada8e7e76ba119b]::__rust_begin_short_backtrace::<core[a373ad73a504971]::result::Result<(), alloc[2e1b2a31b91974c5]::string::String>, fn() -> core[a373ad73a504971]::result::Result<(), alloc[2e1b2a31b91974c5]::string::String>>
[INFO] [stdout]   13:     0x59beabdd57e5 - test[aada8e7e76ba119b]::run_test::{closure#0}
[INFO] [stdout]   14:     0x59beabdcf0d4 - std[617be2ca0a6fd877]::sys::backtrace::__rust_begin_short_backtrace::<test[aada8e7e76ba119b]::run_test::{closure#1}, ()>
[INFO] [stdout]   15:     0x59beabdd8872 - <std[617be2ca0a6fd877]::thread::lifecycle::spawn_unchecked<test[aada8e7e76ba119b]::run_test::{closure#1}, ()>::{closure#1} as core[a373ad73a504971]::ops::function::FnOnce<()>>::call_once::{shim:vtable#0}
[INFO] [stdout]   16:     0x59beabe40a7f - <std[617be2ca0a6fd877]::sys::thread::unix::Thread>::new::thread_start
[INFO] [stdout]   17:     0x71f50f335dfa - <unknown>
[INFO] [stdout]   18:     0x71f50f3c93d4 - clone
[INFO] [stdout]   19:                0x0 - <unknown>
[INFO] [stdout] 
[INFO] [stdout] 
[INFO] [stdout] failures:
[INFO] [stdout]     shake256x4_is_forwarded_to_the_crate_that_defines_it
[INFO] [stdout] 
[INFO] [stdout] test result: FAILED. 8 passed; 1 failed; 0 ignored; 0 measured; 0 filtered out; finished in 0.00s
[INFO] [stdout] 
[INFO] [stderr] error: test failed, to rerun pass `--test feature_forwarding`
[INFO] running `Command { std: "docker" "inspect" "9cf01ba137d906f5ac14ff1e33cb0a7f6c62bb94f585737172538da9ccb09ce5", kill_on_drop: false }`
[INFO] running `Command { std: "docker" "rm" "-f" "9cf01ba137d906f5ac14ff1e33cb0a7f6c62bb94f585737172538da9ccb09ce5", kill_on_drop: false }`
[INFO] [stdout] 9cf01ba137d906f5ac14ff1e33cb0a7f6c62bb94f585737172538da9ccb09ce5
