[INFO] fetching crate lib-parser 0.1.0...
[INFO] testing lib-parser-0.1.0 against 1.99.0-beta.8+cargoflags=--release for beta-release-1.100-2
[INFO] extracting crate lib-parser 0.1.0 into /workspace/builds/worker-0-tc1/source
[INFO] started tweaking crates.io crate lib-parser 0.1.0
[INFO] finished tweaking crates.io crate lib-parser 0.1.0
[INFO] tweaked toml for crates.io crate lib-parser 0.1.0 written to /workspace/builds/worker-0-tc1/source/Cargo.toml
[INFO] validating manifest of crates.io crate lib-parser 0.1.0 on toolchain 1.99.0-beta.8
[INFO] running `Command { std: CARGO_HOME="/workspace/cargo-home" RUSTUP_HOME="/workspace/rustup-home" "/workspace/cargo-home/bin/cargo" "+1.99.0-beta.8" "metadata" "--manifest-path" "Cargo.toml" "--no-deps", kill_on_drop: false }`
[INFO] crate crates.io crate lib-parser 0.1.0 already has a lockfile, it will not be regenerated
[INFO] running `Command { std: CARGO_HOME="/workspace/cargo-home" RUSTUP_HOME="/workspace/rustup-home" "/workspace/cargo-home/bin/cargo" "+1.99.0-beta.8" "fetch" "--manifest-path" "Cargo.toml", kill_on_drop: false }`
[INFO] [stderr]  Downloading crates ...
[INFO] [stderr]   Downloaded pest_meta v2.7.3
[INFO] [stderr]   Downloaded proc-macro2 v1.0.67
[INFO] [stderr]   Downloaded errno v0.3.4
[INFO] [stderr]   Downloaded pest_generator v2.7.3
[INFO] [stderr]   Downloaded termcolor v1.3.0
[INFO] [stderr]   Downloaded pest_derive v2.7.3
[INFO] [stderr]   Downloaded os_str_bytes v6.5.1
[INFO] [stderr]   Downloaded memchr v2.6.3
[INFO] [stderr]   Downloaded pest v2.7.3
[INFO] [stderr]   Downloaded syn v2.0.37
[INFO] [stderr]   Downloaded cbindgen v0.26.0
[INFO] [stderr]   Downloaded rustix v0.38.17
[INFO] [stderr]   Downloaded libc v0.2.148
[INFO] [stderr]   Downloaded linux-raw-sys v0.4.8
[INFO] running `Command { std: "docker" "create" "-v" "/var/lib/crater-agent-workspace/builds/worker-0-tc1/source:/opt/rustwide/workdir:ro,Z" "-v" "/var/lib/crater-agent-workspace/builds/worker-0-tc1/target:/opt/rustwide/target:rw,Z" "-v" "/var/lib/crater-agent-workspace/cargo-home:/opt/rustwide/cargo-home:ro,Z" "-v" "/var/lib/crater-agent-workspace/rustup-home:/opt/rustwide/rustup-home:ro,Z" "-m" "1610612736" "--network" "none" "ghcr.io/rust-lang/crates-build-env/linux@sha256:77db811e55d90add9212f6832c23229e3de5f1c1f9905e8cb07319ea15df73ac" "sleep" "infinity", kill_on_drop: false }`
[INFO] [stdout] 183e656a7cf969234de9c787502f8b2e01dd38f1fa2655c7b4cc623a7a60238b
[INFO] running `Command { std: "docker" "start" "183e656a7cf969234de9c787502f8b2e01dd38f1fa2655c7b4cc623a7a60238b", kill_on_drop: false }`
[INFO] running `Command { std: "docker" "inspect" "183e656a7cf969234de9c787502f8b2e01dd38f1fa2655c7b4cc623a7a60238b", kill_on_drop: false }`
[INFO] running `Command { std: "docker" "exec" "-e" "SOURCE_DIR=/opt/rustwide/workdir" "-e" "CARGO_HOME=/opt/rustwide/cargo-home" "-e" "RUSTUP_HOME=/opt/rustwide/rustup-home" "-e" "CARGO_TARGET_DIR=/opt/rustwide/target" "-w" "/opt/rustwide/workdir" "--user" "0:0" "183e656a7cf969234de9c787502f8b2e01dd38f1fa2655c7b4cc623a7a60238b" "/opt/rustwide/cargo-home/bin/cargo" "+1.99.0-beta.8" "metadata" "--no-deps" "--format-version=1", kill_on_drop: false }`
[INFO] running `Command { std: "docker" "inspect" "183e656a7cf969234de9c787502f8b2e01dd38f1fa2655c7b4cc623a7a60238b", kill_on_drop: false }`
[INFO] running `Command { std: "docker" "exec" "-e" "SOURCE_DIR=/opt/rustwide/workdir" "-e" "CARGO_HOME=/opt/rustwide/cargo-home" "-e" "RUSTUP_HOME=/opt/rustwide/rustup-home" "-e" "CARGO_TARGET_DIR=/opt/rustwide/target" "-e" "CARGO_INCREMENTAL=0" "-e" "RUST_BACKTRACE=full" "-e" "RUSTFLAGS=--cap-lints=warn" "-e" "RUSTDOCFLAGS=--cap-lints=warn" "-w" "/opt/rustwide/workdir" "--user" "0:0" "183e656a7cf969234de9c787502f8b2e01dd38f1fa2655c7b4cc623a7a60238b" "/opt/rustwide/cargo-home/bin/cargo" "+1.99.0-beta.8" "build" "--frozen" "--message-format=json" "--release", kill_on_drop: false }`
[INFO] [stderr]    Compiling proc-macro2 v1.0.67
[INFO] [stderr]    Compiling unicode-ident v1.0.12
[INFO] [stderr]    Compiling libc v0.2.148
[INFO] [stderr]    Compiling rustix v0.38.17
[INFO] [stderr]    Compiling syn v1.0.109
[INFO] [stderr]    Compiling os_str_bytes v6.5.1
[INFO] [stderr]    Compiling linux-raw-sys v0.4.8
[INFO] [stderr]    Compiling bitflags v2.4.0
[INFO] [stderr]    Compiling serde_json v1.0.107
[INFO] [stderr]    Compiling cbindgen v0.26.0
[INFO] [stderr]    Compiling bitflags v1.3.2
[INFO] [stderr]    Compiling memchr v2.6.3
[INFO] [stderr]    Compiling serde v1.0.188
[INFO] [stderr]    Compiling strsim v0.10.0
[INFO] [stderr]    Compiling textwrap v0.16.0
[INFO] [stderr]    Compiling termcolor v1.3.0
[INFO] [stderr]    Compiling fastrand v2.0.1
[INFO] [stderr]    Compiling ryu v1.0.15
[INFO] [stderr]    Compiling itoa v1.0.9
[INFO] [stderr]    Compiling log v0.4.20
[INFO] [stderr]    Compiling clap_lex v0.2.4
[INFO] [stderr]    Compiling quote v1.0.33
[INFO] [stderr]    Compiling atty v0.2.14
[INFO] [stderr]    Compiling syn v2.0.37
[INFO] [stderr]    Compiling clap v3.2.25
[INFO] [stderr]    Compiling tempfile v3.8.0
[INFO] [stderr]    Compiling thiserror-impl v1.0.48
[INFO] [stderr]    Compiling serde_derive v1.0.188
[INFO] [stderr]    Compiling thiserror v1.0.48
[INFO] [stderr]    Compiling pest v2.7.3
[INFO] [stderr]    Compiling pest_meta v2.7.3
[INFO] [stderr]    Compiling pest_generator v2.7.3
[INFO] [stderr]    Compiling pest_derive v2.7.3
[INFO] [stderr]    Compiling toml v0.5.11
[INFO] [stderr]    Compiling lib-parser v0.1.0 (/opt/rustwide/workdir)
[INFO] [stderr]     Finished `release` profile [optimized] target(s) in 23.56s
[INFO] running `Command { std: "docker" "inspect" "183e656a7cf969234de9c787502f8b2e01dd38f1fa2655c7b4cc623a7a60238b", kill_on_drop: false }`
[INFO] running `Command { std: "docker" "exec" "-e" "SOURCE_DIR=/opt/rustwide/workdir" "-e" "CARGO_HOME=/opt/rustwide/cargo-home" "-e" "RUSTUP_HOME=/opt/rustwide/rustup-home" "-e" "CARGO_TARGET_DIR=/opt/rustwide/target" "-e" "CARGO_INCREMENTAL=0" "-e" "RUST_BACKTRACE=full" "-e" "RUSTFLAGS=--cap-lints=warn" "-e" "RUSTDOCFLAGS=--cap-lints=warn" "-w" "/opt/rustwide/workdir" "--user" "0:0" "183e656a7cf969234de9c787502f8b2e01dd38f1fa2655c7b4cc623a7a60238b" "/opt/rustwide/cargo-home/bin/cargo" "+1.99.0-beta.8" "test" "--frozen" "--no-run" "--message-format=json" "--release", kill_on_drop: false }`
[INFO] [stderr]    Compiling lib-parser v0.1.0 (/opt/rustwide/workdir)
[INFO] [stderr]     Finished `release` profile [optimized] target(s) in 3.73s
[INFO] running `Command { std: "docker" "inspect" "183e656a7cf969234de9c787502f8b2e01dd38f1fa2655c7b4cc623a7a60238b", kill_on_drop: false }`
[INFO] running `Command { std: "docker" "exec" "-e" "SOURCE_DIR=/opt/rustwide/workdir" "-e" "CARGO_HOME=/opt/rustwide/cargo-home" "-e" "RUSTUP_HOME=/opt/rustwide/rustup-home" "-e" "CARGO_TARGET_DIR=/opt/rustwide/target" "-e" "CARGO_INCREMENTAL=0" "-e" "RUST_BACKTRACE=full" "-e" "RUSTFLAGS=--cap-lints=warn" "-e" "RUSTDOCFLAGS=--cap-lints=warn" "-w" "/opt/rustwide/workdir" "--user" "0:0" "183e656a7cf969234de9c787502f8b2e01dd38f1fa2655c7b4cc623a7a60238b" "/opt/rustwide/cargo-home/bin/cargo" "+1.99.0-beta.8" "test" "--frozen" "--release", kill_on_drop: false }`
[INFO] [stderr]     Finished `release` profile [optimized] target(s) in 0.07s
[INFO] [stderr]      Running unittests src/lib.rs (/opt/rustwide/target/release/deps/liberty_parser-656f031442dbaed2)
[INFO] [stdout] 
[INFO] [stdout] running 15 tests
[INFO] [stdout] test liberty_parser::tests::test_parse_bus_bus_id ... ok
[INFO] [stdout] test liberty_parser::tests::test_parse_group_attribute ... ok
[INFO] [stdout] test liberty_parser::tests::test_parse_bus_id ... ok
[INFO] [stdout] test liberty_parser::tests::test_parse_lib_id ... ok
[INFO] [stdout] test liberty_parser::tests::test_parse_line_comment ... ok
[INFO] [stdout] test liberty_parser::tests::test_parse_multiline_string ... ok
[INFO] [stdout] test liberty_parser::liberty_expr::tests::test_parse_expr_path ... ok
[INFO] [stdout] test liberty_parser::tests::test_parse_bus_id1 ... ok
[INFO] [stdout] test liberty_parser::tests::test_parse_float ... ok
[INFO] [stdout] test liberty_parser::tests::test_parse_simple_attribute ... ok
[INFO] [stdout] test liberty_parser::tests::test_parse_comment ... ok
[INFO] [stdout] test liberty_parser::tests::test_parse_lib_file ... ok
[INFO] [stdout] test liberty_parser::tests::test_parse_multiline_string1 ... ok
[INFO] [stdout] test liberty_parser::tests::test_parse_complex_attribute ... ok
[INFO] [stdout] test liberty_parser::tests::test_parse_lib_file_path ... FAILED
[INFO] [stdout] 
[INFO] [stdout] failures:
[INFO] [stdout] 
[INFO] [stdout] ---- liberty_parser::tests::test_parse_lib_file_path stdout ----
[INFO] [stdout] 
[INFO] [stdout] thread 'liberty_parser::tests::test_parse_lib_file_path' (933) panicked at src/liberty_parser/mod.rs:517:71:
[INFO] [stdout] Can't read file: /home/taosimin/iEDA/src/database/manager/parser/liberty/lib-rust/liberty-parser/example/example1_slow.lib
[INFO] [stdout] stack backtrace:
[INFO] [stdout]    0:     0x5796c4bd9361 - <<std[70759c8f55707aa4]::sys::backtrace::BacktraceLock>::print::DisplayBacktrace as core[df12db4294e9bfd3]::fmt::Display>::fmt
[INFO] [stdout]    1:     0x5796c4bee64a - core[df12db4294e9bfd3]::fmt::write
[INFO] [stdout]    2:     0x5796c4bdd7fc - <alloc[2182bb758b4b3781]::vec::Vec<u8> as core[df12db4294e9bfd3]::io::write::Write>::write_fmt
[INFO] [stdout]    3:     0x5796c4bb55e6 - std[70759c8f55707aa4]::panicking::default_hook::{closure#0}
[INFO] [stdout]    4:     0x5796c4bd1759 - std[70759c8f55707aa4]::panicking::default_hook
[INFO] [stdout]    5:     0x5796c4b6c900 - test[9d35eded1c95d3be]::test_main_inner::<test[9d35eded1c95d3be]::test_main_static::{closure#0}>::{closure#0}
[INFO] [stdout]    6:     0x5796c4bd1912 - std[70759c8f55707aa4]::panicking::panic_with_hook
[INFO] [stdout]    7:     0x5796c4bb5692 - std[70759c8f55707aa4]::panicking::panic_handler::{closure#0}
[INFO] [stdout]    8:     0x5796c4bae289 - std[70759c8f55707aa4]::sys::backtrace::__rust_end_short_backtrace::<std[70759c8f55707aa4]::panicking::panic_handler::{closure#0}, !>
[INFO] [stdout]    9:     0x5796c4bb628d - __rustc[8fa7c3cbc660c2b3]::rust_begin_unwind
[INFO] [stdout]   10:     0x5796c4beed7c - core[df12db4294e9bfd3]::panicking::panic_fmt
[INFO] [stdout]   11:     0x5796c4b5c31f - liberty_parser[77921d70a03dd0ec]::liberty_parser::tests::test_parse_lib_file_path::{closure#0}
[INFO] [stdout]   12:     0x5796c4b5cfa7 - liberty_parser[77921d70a03dd0ec]::liberty_parser::tests::test_parse_lib_file_path
[INFO] [stdout]   13:     0x5796c4b54ed9 - <liberty_parser[77921d70a03dd0ec]::liberty_parser::tests::test_parse_lib_file_path::{closure#0} as core[df12db4294e9bfd3]::ops::function::FnOnce<()>>::call_once
[INFO] [stdout]   14:     0x5796c4b5fbeb - test[9d35eded1c95d3be]::__rust_begin_short_backtrace::<core[df12db4294e9bfd3]::result::Result<(), alloc[2182bb758b4b3781]::string::String>, fn() -> core[df12db4294e9bfd3]::result::Result<(), alloc[2182bb758b4b3781]::string::String>>
[INFO] [stdout]   15:     0x5796c4b6d255 - test[9d35eded1c95d3be]::run_test::{closure#0}
[INFO] [stdout]   16:     0x5796c4b66b14 - std[70759c8f55707aa4]::sys::backtrace::__rust_begin_short_backtrace::<test[9d35eded1c95d3be]::run_test::{closure#1}, ()>
[INFO] [stdout]   17:     0x5796c4b703b2 - <std[70759c8f55707aa4]::thread::lifecycle::spawn_unchecked<test[9d35eded1c95d3be]::run_test::{closure#1}, ()>::{closure#1} as core[df12db4294e9bfd3]::ops::function::FnOnce<()>>::call_once::{shim:vtable#0}
[INFO] [stdout]   18:     0x5796c4bd88c9 - <std[70759c8f55707aa4]::sys::thread::unix::Thread>::new::thread_start
[INFO] [stdout]   19:     0x7005556d0dfa - <unknown>
[INFO] [stdout]   20:     0x7005557643d4 - clone
[INFO] [stdout]   21:                0x0 - <unknown>
[INFO] [stdout] 
[INFO] [stdout] 
[INFO] [stdout] failures:
[INFO] [stdout]     liberty_parser::tests::test_parse_lib_file_path
[INFO] [stdout] 
[INFO] [stdout] test result: FAILED. 14 passed; 1 failed; 0 ignored; 0 measured; 0 filtered out; finished in 0.01s
[INFO] [stdout] 
[INFO] [stderr] error: test failed, to rerun pass `--lib`
[INFO] running `Command { std: "docker" "inspect" "183e656a7cf969234de9c787502f8b2e01dd38f1fa2655c7b4cc623a7a60238b", kill_on_drop: false }`
[INFO] running `Command { std: "docker" "rm" "-f" "183e656a7cf969234de9c787502f8b2e01dd38f1fa2655c7b4cc623a7a60238b", kill_on_drop: false }`
[INFO] [stdout] 183e656a7cf969234de9c787502f8b2e01dd38f1fa2655c7b4cc623a7a60238b
