[INFO] fetching crate lib-conxian-core 0.3.3...
[INFO] testing lib-conxian-core-0.3.3 against 1.99.0-beta.8+cargoflags=--release for beta-release-1.100-2
[INFO] extracting crate lib-conxian-core 0.3.3 into /workspace/builds/worker-3-tc1/source
[INFO] started tweaking crates.io crate lib-conxian-core 0.3.3
[INFO] removed 0 missing tests
[INFO] finished tweaking crates.io crate lib-conxian-core 0.3.3
[INFO] tweaked toml for crates.io crate lib-conxian-core 0.3.3 written to /workspace/builds/worker-3-tc1/source/Cargo.toml
[INFO] validating manifest of crates.io crate lib-conxian-core 0.3.3 on toolchain 1.99.0-beta.8
[INFO] running `Command { std: CARGO_HOME="/workspace/cargo-home" RUSTUP_HOME="/workspace/rustup-home" "/workspace/cargo-home/bin/cargo" "+1.99.0-beta.8" "metadata" "--manifest-path" "Cargo.toml" "--no-deps", kill_on_drop: false }`
[INFO] crate crates.io crate lib-conxian-core 0.3.3 already has a lockfile, it will not be regenerated
[INFO] running `Command { std: CARGO_HOME="/workspace/cargo-home" RUSTUP_HOME="/workspace/rustup-home" "/workspace/cargo-home/bin/cargo" "+1.99.0-beta.8" "fetch" "--manifest-path" "Cargo.toml", kill_on_drop: false }`
[INFO] [stderr]     Blocking waiting for file lock on package cache
[INFO] [stderr]     Updating crates.io index
[INFO] [stderr]     Blocking waiting for file lock on package cache
[INFO] [stderr]  Downloading crates ...
[INFO] [stderr]   Downloaded ripemd v0.2.0
[INFO] [stderr]   Downloaded vesper-lang v0.2.3
[INFO] [stderr]   Downloaded strict_encoding v2.9.1
[INFO] [stderr]   Downloaded mnemonic v1.1.1
[INFO] [stderr]   Downloaded possiblyrandom v0.2.1
[INFO] [stderr]   Downloaded lightning-macros v0.2.1
[INFO] [stderr]   Downloaded rgb-std v0.12.0-rc.3
[INFO] [stderr]   Downloaded strict_types v2.9.1
[INFO] [stderr]   Downloaded strict_encoding_derive v2.8.0
[INFO] [stderr]   Downloaded base85 v2.0.0
[INFO] [stderr]   Downloaded rgb-invoice v0.12.0-rc.3
[INFO] [stderr]   Downloaded single_use_seals v0.12.0
[INFO] [stderr]   Downloaded commit_encoding_derive v0.12.0
[INFO] [stderr]   Downloaded bp-dbc v0.12.0
[INFO] [stderr]   Downloaded lightning-types v0.3.5
[INFO] [stderr]   Downloaded amplify_syn v2.0.1
[INFO] [stderr]   Downloaded bp-invoice v0.12.0-rc.3
[INFO] [stderr]   Downloaded amplify_num v0.5.4
[INFO] [stderr]   Downloaded sonic-callreq v0.12.0
[INFO] [stderr]   Downloaded aora v0.6.4
[INFO] [stderr]   Downloaded baid64 v0.4.2
[INFO] [stderr]   Downloaded bp-seals v0.12.0
[INFO] [stderr]   Downloaded binfile v0.2.0
[INFO] [stderr]   Downloaded webauthn-rs v0.5.5
[INFO] [stderr]   Downloaded amplify v4.9.0
[INFO] [stderr]   Downloaded rgb-core v0.12.0
[INFO] [stderr]   Downloaded amplify_derive v4.0.1
[INFO] [stderr]   Downloaded sonic-api v0.12.0
[INFO] [stderr]   Downloaded bp-core v0.12.0
[INFO] [stderr]   Downloaded webauthn-rs-proto v0.5.5
[INFO] [stderr]   Downloaded zk-aluvm v0.12.0
[INFO] [stderr]   Downloaded base64urlsafedata v0.5.5
[INFO] [stderr]   Downloaded webauthn-attestation-ca v0.5.5
[INFO] [stderr]   Downloaded ultrasonic v0.12.0
[INFO] [stderr]   Downloaded lightning-invoice v0.34.1
[INFO] [stderr]   Downloaded hypersonic v0.12.0
[INFO] [stderr]   Downloaded bp-consensus v0.12.0
[INFO] [stderr]   Downloaded serde_cbor_2 v0.13.0
[INFO] [stderr]   Downloaded webauthn-rs-core v0.5.5
[INFO] [stderr]   Downloaded frost-rerandomized v3.0.0
[INFO] [stderr]   Downloaded secp v0.7.0
[INFO] [stderr]   Downloaded frost-secp256k1-tr v3.0.0
[INFO] [stderr]   Downloaded musig2 v0.4.1
[INFO] [stderr]   Downloaded secp256k1 v0.33.1
[INFO] [stderr]   Downloaded frost-core v3.0.0
[INFO] [stderr]   Downloaded alloy v2.4.1
[INFO] [stderr]   Downloaded aluvm v0.12.0
[INFO] [stderr]   Downloaded ark-std v0.6.0
[INFO] [stderr]   Downloaded ark-serialize v0.6.0
[INFO] [stderr]   Downloaded ark-ff-asm v0.6.0
[INFO] [stderr]   Downloaded ark-serialize-derive v0.6.0
[INFO] [stderr]   Downloaded ark-ff-macros v0.6.0
[INFO] [stderr]   Downloaded ark-ff v0.6.0
[INFO] [stderr]   Downloaded ruint v1.20.0
[INFO] [stderr]   Downloaded alloy-rlp v0.3.16
[INFO] [stderr]   Downloaded alloy-rlp-derive v0.3.16
[INFO] [stderr]   Downloaded keccak-asm v0.1.8
[INFO] [stderr]   Downloaded fixed-cache v0.1.10
[INFO] [stderr]   Downloaded proc-macro-error-attr3 v3.0.1
[INFO] [stderr]   Downloaded alloy-tx-macros v2.4.1
[INFO] [stderr]   Downloaded ark-crypto-primitives-macros v0.5.0
[INFO] [stderr]   Downloaded alloy-transport-http v2.4.1
[INFO] [stderr]   Downloaded alloy-sol-macro v1.7.1
[INFO] [stderr]   Downloaded alloy-sol-type-parser v1.7.1
[INFO] [stderr]   Downloaded ark-snark v0.6.0
[INFO] [stderr]   Downloaded alloy-sol-macro-input v1.7.1
[INFO] [stderr]   Downloaded alloy-signer v2.4.1
[INFO] [stderr]   Downloaded macro-string v0.2.0
[INFO] [stderr]   Downloaded alloy-network-primitives v2.4.1
[INFO] [stderr]   Downloaded lru v0.18.3
[INFO] [stderr]   Downloaded alloy-eip2930 v0.2.4
[INFO] [stderr]   Downloaded alloy-rpc-types v2.4.1
[INFO] [stderr]   Downloaded alloy-consensus-any v2.4.1
[INFO] [stderr]   Downloaded alloy-rpc-types-any v2.4.1
[INFO] [stderr]   Downloaded alloy-core v1.7.1
[INFO] [stderr]   Downloaded ark-groth16 v0.6.0
[INFO] [stderr]   Downloaded proc-macro-error3 v3.0.1
[INFO] [stderr]   Downloaded alloy-json-abi v1.7.1
[INFO] [stderr]   Downloaded alloy-json-rpc v2.4.1
[INFO] [stderr]   Downloaded alloy-sol-macro-expander v1.7.1
[INFO] [stderr]   Downloaded alloy-signer-local v2.4.1
[INFO] [stderr]   Downloaded ark-bn254 v0.6.0
[INFO] [stderr]   Downloaded alloy-network v2.4.1
[INFO] [stderr]   Downloaded alloy-serde v2.4.1
[INFO] [stderr]   Downloaded alloy-eip7928 v0.4.8
[INFO] [stderr]   Downloaded alloy-pubsub v2.4.1
[INFO] [stderr]   Downloaded alloy-ens v2.4.1
[INFO] [stderr]   Downloaded syn-solidity v1.7.1
[INFO] [stderr]   Downloaded ark-relations v0.6.0
[INFO] [stderr]   Downloaded alloy-transport v2.4.1
[INFO] [stderr]   Downloaded alloy-rpc-client v2.4.1
[INFO] [stderr]   Downloaded bitcoin v0.32.102
[INFO] [stderr]   Downloaded alloy-contract v2.4.1
[INFO] [stderr]   Downloaded alloy-sol-types v1.7.1
[INFO] [stderr]   Downloaded alloy-chains v0.2.37
[INFO] [stderr]   Downloaded ark-poly v0.6.0
[INFO] [stderr]   Downloaded pest v2.9.0
[INFO] [stderr]   Downloaded alloy-dyn-abi v1.7.1
[INFO] [stderr]   Downloaded ark-ec v0.6.0
[INFO] [stderr]   Downloaded alloy-primitives v1.7.1
[INFO] [stderr]   Downloaded ark-crypto-primitives v0.6.0
[INFO] [stderr]   Downloaded alloy-rpc-types-eth v2.4.1
[INFO] [stderr]   Downloaded alloy-consensus v2.4.1
[INFO] [stderr]   Downloaded alloy-provider v2.4.1
[INFO] [stderr]   Downloaded alloy-eips v2.4.1
[INFO] [stderr]   Downloaded commit_verify v0.12.1
[INFO] [stderr]   Downloaded alloy-genesis v2.4.1
[INFO] [stderr]   Downloaded sha3-asm v0.1.8
[INFO] [stderr]   Downloaded conxius-enclave-sdk v2.0.17
[INFO] [stderr]   Downloaded dnssec-prover v0.6.10
[INFO] [stderr]   Downloaded lightning v0.2.5
[INFO] [stderr]   Downloaded c-kzg v2.1.8
[INFO] [stderr]   Downloaded secp256k1-sys v0.14.1
[INFO] running `Command { std: "docker" "create" "-v" "/var/lib/crater-agent-workspace/builds/worker-3-tc1/source:/opt/rustwide/workdir:ro,Z" "-v" "/var/lib/crater-agent-workspace/builds/worker-3-tc1/target:/opt/rustwide/target:rw,Z" "-v" "/var/lib/crater-agent-workspace/cargo-home:/opt/rustwide/cargo-home:ro,Z" "-v" "/var/lib/crater-agent-workspace/rustup-home:/opt/rustwide/rustup-home:ro,Z" "-m" "1610612736" "--network" "none" "ghcr.io/rust-lang/crates-build-env/linux@sha256:77db811e55d90add9212f6832c23229e3de5f1c1f9905e8cb07319ea15df73ac" "sleep" "infinity", kill_on_drop: false }`
[INFO] [stdout] 751f2ef315dfdb6ffdc605454e3407fc13c8e6da9da4d97283a2ce5b0b314574
[INFO] running `Command { std: "docker" "start" "751f2ef315dfdb6ffdc605454e3407fc13c8e6da9da4d97283a2ce5b0b314574", kill_on_drop: false }`
[INFO] running `Command { std: "docker" "inspect" "751f2ef315dfdb6ffdc605454e3407fc13c8e6da9da4d97283a2ce5b0b314574", kill_on_drop: false }`
[INFO] running `Command { std: "docker" "exec" "-e" "SOURCE_DIR=/opt/rustwide/workdir" "-e" "CARGO_HOME=/opt/rustwide/cargo-home" "-e" "RUSTUP_HOME=/opt/rustwide/rustup-home" "-e" "CARGO_TARGET_DIR=/opt/rustwide/target" "-w" "/opt/rustwide/workdir" "--user" "0:0" "751f2ef315dfdb6ffdc605454e3407fc13c8e6da9da4d97283a2ce5b0b314574" "/opt/rustwide/cargo-home/bin/cargo" "+1.99.0-beta.8" "metadata" "--no-deps" "--format-version=1", kill_on_drop: false }`
[INFO] running `Command { std: "docker" "inspect" "751f2ef315dfdb6ffdc605454e3407fc13c8e6da9da4d97283a2ce5b0b314574", kill_on_drop: false }`
[INFO] running `Command { std: "docker" "exec" "-e" "SOURCE_DIR=/opt/rustwide/workdir" "-e" "CARGO_HOME=/opt/rustwide/cargo-home" "-e" "RUSTUP_HOME=/opt/rustwide/rustup-home" "-e" "CARGO_TARGET_DIR=/opt/rustwide/target" "-e" "CARGO_INCREMENTAL=0" "-e" "RUST_BACKTRACE=full" "-e" "RUSTFLAGS=--cap-lints=warn" "-e" "RUSTDOCFLAGS=--cap-lints=warn" "-w" "/opt/rustwide/workdir" "--user" "0:0" "751f2ef315dfdb6ffdc605454e3407fc13c8e6da9da4d97283a2ce5b0b314574" "/opt/rustwide/cargo-home/bin/cargo" "+1.99.0-beta.8" "build" "--frozen" "--message-format=json" "--release", kill_on_drop: false }`
[INFO] [stderr]    Compiling libc v0.2.189
[INFO] [stderr]    Compiling syn v1.0.109
[INFO] [stderr]    Compiling amplify_num v0.5.4
[INFO] [stderr]    Compiling num-traits v0.2.19
[INFO] [stderr]    Compiling proc-macro2 v1.0.107
[INFO] [stderr]    Compiling hashbrown v0.17.1
[INFO] [stderr]    Compiling syn v2.0.119
[INFO] [stderr]    Compiling syn v3.0.4
[INFO] [stderr]    Compiling rand_core v0.6.4
[INFO] [stderr]    Compiling mnemonic v1.1.1
[INFO] [stderr]    Compiling ascii v1.1.0
[INFO] [stderr]    Compiling digest v0.10.7
[INFO] [stderr]    Compiling secp256k1-sys v0.10.1
[INFO] [stderr]    Compiling bitcoin-io v0.1.101
[INFO] [stderr]    Compiling rand_chacha v0.3.1
[INFO] [stderr]    Compiling once_cell v1.21.4
[INFO] [stderr]    Compiling wasm-bindgen-shared v0.2.127
[INFO] [stderr]    Compiling sha2 v0.10.9
[INFO] [stderr]    Compiling ripemd v0.1.3
[INFO] [stderr]    Compiling rand v0.8.8
[INFO] [stderr]    Compiling hex-conservative v0.2.2
[INFO] [stderr]    Compiling quote v1.0.47
[INFO] [stderr]    Compiling num-integer v0.1.47
[INFO] [stderr]    Compiling ark-std v0.6.0
[INFO] [stderr]    Compiling indexmap v2.14.1
[INFO] [stderr]    Compiling num-bigint v0.4.8
[INFO] [stderr]    Compiling getrandom v0.3.4
[INFO] [stderr]    Compiling getrandom v0.4.3
[INFO] [stderr]    Compiling ahash v0.8.12
[INFO] [stderr]    Compiling rand_core v0.9.5
[INFO] [stderr]    Compiling hex_lit v0.1.1
[INFO] [stderr]    Compiling borrow-or-share v0.2.4
[INFO] [stderr]    Compiling either v1.18.0
[INFO] [stderr]    Compiling tracing-core v0.1.36
[INFO] [stderr]    Compiling rand_chacha v0.9.0
[INFO] [stderr]    Compiling bitcoin v0.32.102
[INFO] [stderr]    Compiling itertools v0.14.0
[INFO] [stderr]    Compiling bech32 v0.11.1
[INFO] [stderr]    Compiling rand v0.9.5
[INFO] [stderr]    Compiling secp256k1-sys v0.11.0
[INFO] [stderr]    Compiling bech32 v0.9.1
[INFO] [stderr]    Compiling wasm-bindgen v0.2.127
[INFO] [stderr]    Compiling serde_derive v1.0.229
[INFO] [stderr]    Compiling enum-ordinalize-derive v4.4.2
[INFO] [stderr]    Compiling ref-cast-impl v1.0.27
[INFO] [stderr]    Compiling getrandom v0.2.17
[INFO] [stderr]    Compiling amplify_syn v2.0.1
[INFO] [stderr]    Compiling blake2 v0.10.6
[INFO] [stderr]    Compiling ref-cast v1.0.27
[INFO] [stderr]    Compiling possiblyrandom v0.2.1
[INFO] [stderr]    Compiling fluent-uri v0.3.2
[INFO] [stderr]    Compiling enum-ordinalize v4.4.2
[INFO] [stderr]    Compiling dnssec-prover v0.6.10
[INFO] [stderr]    Compiling hashbrown v0.13.2
[INFO] [stderr]    Compiling rand v0.10.2
[INFO] [stderr]    Compiling semver v1.0.28
[INFO] [stderr]    Compiling wasm-bindgen-macro-support v0.2.127
[INFO] [stderr]    Compiling zeroize_derive v1.5.0
[INFO] [stderr]    Compiling ark-serialize-derive v0.6.0
[INFO] [stderr]    Compiling serde v1.0.229
[INFO] [stderr]    Compiling educe v0.6.0
[INFO] [stderr]    Compiling zeroize v1.9.0
[INFO] [stderr]    Compiling hybrid-array v0.4.14
[INFO] [stderr]    Compiling ark-serialize v0.6.0
[INFO] [stderr]    Compiling ark-ff-macros v0.6.0
[INFO] [stderr]    Compiling ark-ff-asm v0.6.0
[INFO] [stderr]    Compiling amplify_derive v4.0.1
[INFO] [stderr]    Compiling strict_encoding_derive v2.8.0
[INFO] [stderr]    Compiling thiserror-impl v1.0.69
[INFO] [stderr]    Compiling der_derive v0.8.0
[INFO] [stderr]    Compiling tracing-attributes v0.1.31
[INFO] [stderr]    Compiling derivative v2.2.0
[INFO] [stderr]    Compiling merlin v3.0.0
[INFO] [stderr]    Compiling secp256k1 v0.30.0
[INFO] [stderr]    Compiling ark-crypto-primitives-macros v0.5.0
[INFO] [stderr]    Compiling lightning-macros v0.2.1
[INFO] [stderr]    Compiling chrono v0.4.45
[INFO] [stderr]    Compiling bitcoin_hashes v0.14.101
[INFO] [stderr]    Compiling bitcoin-units v0.1.101
[INFO] [stderr]    Compiling crypto-common v0.2.2
[INFO] [stderr]    Compiling block-buffer v0.12.1
[INFO] [stderr]    Compiling crypto-bigint v0.7.5
[INFO] [stderr]    Compiling wnaf v0.14.0
[INFO] [stderr]    Compiling thiserror v1.0.69
[INFO] [stderr]    Compiling ark-ff v0.6.0
[INFO] [stderr]    Compiling der v0.8.1
[INFO] [stderr]    Compiling base85 v2.0.0
[INFO] [stderr]    Compiling amplify v4.9.0
[INFO] [stderr]    Compiling digest v0.11.3
[INFO] [stderr]    Compiling tracing v0.1.44
[INFO] [stderr]    Compiling secp256k1 v0.29.1
[INFO] [stderr]    Compiling base58ck v0.1.101
[INFO] [stderr]    Compiling hmac v0.13.0
[INFO] [stderr]    Compiling signature v3.0.0
[INFO] [stderr]    Compiling sha2 v0.11.0
[INFO] [stderr]    Compiling ripemd v0.2.0
[INFO] [stderr]    Compiling wasm-bindgen-macro v0.2.127
[INFO] [stderr]    Compiling strict_encoding v2.9.1
[INFO] [stderr]    Compiling baid64 v0.4.2
[INFO] [stderr]    Compiling binfile v0.2.0
[INFO] [stderr]    Compiling commit_encoding_derive v0.12.0
[INFO] [stderr]    Compiling secp256k1 v0.31.1
[INFO] [stderr]    Compiling vesper-lang v0.2.3
[INFO] [stderr]    Compiling single_use_seals v0.12.0
[INFO] [stderr]    Compiling aora v0.6.4
[INFO] [stderr]    Compiling spki v0.8.0
[INFO] [stderr]    Compiling sec1 v0.8.1
[INFO] [stderr]    Compiling strict_types v2.9.1
[INFO] [stderr]    Compiling pkcs8 v0.11.0
[INFO] [stderr]    Compiling elliptic-curve v0.14.1
[INFO] [stderr]    Compiling primefield v0.14.0
[INFO] [stderr]    Compiling rfc6979 v0.6.0
[INFO] [stderr]    Compiling ecdsa v0.17.0
[INFO] [stderr]    Compiling primeorder v0.14.0
[INFO] [stderr]    Compiling k256 v0.14.0
[INFO] [stderr]    Compiling ark-poly v0.6.0
[INFO] [stderr]    Compiling commit_verify v0.12.1
[INFO] [stderr]    Compiling ark-ec v0.6.0
[INFO] [stderr]    Compiling ark-relations v0.6.0
[INFO] [stderr]    Compiling aluvm v0.12.0
[INFO] [stderr]    Compiling bp-consensus v0.12.0
[INFO] [stderr]    Compiling ark-snark v0.6.0
[INFO] [stderr]    Compiling lightning-types v0.3.5
[INFO] [stderr]    Compiling zk-aluvm v0.12.0
[INFO] [stderr]    Compiling lightning-invoice v0.34.1
[INFO] [stderr]    Compiling lightning v0.2.5
[INFO] [stderr]    Compiling ark-crypto-primitives v0.6.0
[INFO] [stderr]    Compiling ark-bn254 v0.6.0
[INFO] [stderr]    Compiling bp-dbc v0.12.0
[INFO] [stderr]    Compiling bp-invoice v0.12.0-rc.3
[INFO] [stderr]    Compiling ark-groth16 v0.6.0
[INFO] [stderr]    Compiling bp-seals v0.12.0
[INFO] [stderr]    Compiling bp-core v0.12.0
[INFO] [stderr]    Compiling ultrasonic v0.12.0
[INFO] [stderr]    Compiling sonic-callreq v0.12.0
[INFO] [stderr]    Compiling rgb-core v0.12.0
[INFO] [stderr]    Compiling sonic-api v0.12.0
[INFO] [stderr]    Compiling hypersonic v0.12.0
[INFO] [stderr]    Compiling rgb-invoice v0.12.0-rc.3
[INFO] [stderr]    Compiling rgb-std v0.12.0-rc.3
[INFO] [stderr]    Compiling lib-conxian-core v0.3.3 (/opt/rustwide/workdir)
[INFO] [stderr]     Finished `release` profile [optimized] target(s) in 2m 53s
[INFO] running `Command { std: "docker" "inspect" "751f2ef315dfdb6ffdc605454e3407fc13c8e6da9da4d97283a2ce5b0b314574", kill_on_drop: false }`
[INFO] running `Command { std: "docker" "exec" "-e" "SOURCE_DIR=/opt/rustwide/workdir" "-e" "CARGO_HOME=/opt/rustwide/cargo-home" "-e" "RUSTUP_HOME=/opt/rustwide/rustup-home" "-e" "CARGO_TARGET_DIR=/opt/rustwide/target" "-e" "CARGO_INCREMENTAL=0" "-e" "RUST_BACKTRACE=full" "-e" "RUSTFLAGS=--cap-lints=warn" "-e" "RUSTDOCFLAGS=--cap-lints=warn" "-w" "/opt/rustwide/workdir" "--user" "0:0" "751f2ef315dfdb6ffdc605454e3407fc13c8e6da9da4d97283a2ce5b0b314574" "/opt/rustwide/cargo-home/bin/cargo" "+1.99.0-beta.8" "test" "--frozen" "--no-run" "--message-format=json" "--release", kill_on_drop: false }`
[INFO] [stderr]    Compiling lib-conxian-core v0.3.3 (/opt/rustwide/workdir)
[INFO] [stderr]     Finished `release` profile [optimized] target(s) in 31.60s
[INFO] running `Command { std: "docker" "inspect" "751f2ef315dfdb6ffdc605454e3407fc13c8e6da9da4d97283a2ce5b0b314574", kill_on_drop: false }`
[INFO] running `Command { std: "docker" "exec" "-e" "SOURCE_DIR=/opt/rustwide/workdir" "-e" "CARGO_HOME=/opt/rustwide/cargo-home" "-e" "RUSTUP_HOME=/opt/rustwide/rustup-home" "-e" "CARGO_TARGET_DIR=/opt/rustwide/target" "-e" "CARGO_INCREMENTAL=0" "-e" "RUST_BACKTRACE=full" "-e" "RUSTFLAGS=--cap-lints=warn" "-e" "RUSTDOCFLAGS=--cap-lints=warn" "-w" "/opt/rustwide/workdir" "--user" "0:0" "751f2ef315dfdb6ffdc605454e3407fc13c8e6da9da4d97283a2ce5b0b314574" "/opt/rustwide/cargo-home/bin/cargo" "+1.99.0-beta.8" "test" "--frozen" "--release", kill_on_drop: false }`
[INFO] [stderr]     Finished `release` profile [optimized] target(s) in 0.30s
[INFO] [stderr]      Running unittests src/lib.rs (/opt/rustwide/target/release/deps/lib_conxian_core-f3b5e01fd8343751)
[INFO] [stdout] 
[INFO] [stdout] running 128 tests
[INFO] [stdout] test babylon::tests::test_babylon_adapter_trait ... ok
[INFO] [stdout] test bitcoin::bip110_builder::tests::at_limit_values_pass ... ok
[INFO] [stdout] test adapters::tests::test_evm_adapter_fee ... ok
[INFO] [stdout] test adapters::tests::test_cosmos_adapter_validation ... ok
[INFO] [stdout] test babylon::tests::test_babylon_verify_state_proof_hardened ... ok
[INFO] [stdout] test adapters::tests::test_solana_adapter_validation ... ok
[INFO] [stdout] test bitcoin::bip110_builder::tests::compliant_transaction_passes_validation ... ok
[INFO] [stdout] test adapters::tests::test_move_adapter_validation ... ok
[INFO] [stdout] test adapters::tests::test_bitcoin_adapter_fee ... ok
[INFO] [stdout] test bitcoin::bip110_builder::tests::reset_clears_all_state ... ok
[INFO] [stdout] test bitcoin::bip110_builder::tests::custom_limits_respected ... ok
[INFO] [stdout] test bitcoin::bip110_builder::tests::small_elements_generate_no_warnings ... ok
[INFO] [stdout] test bitcoin::bip110_builder::tests::to_shape_exports_correct_sizes ... ok
[INFO] [stdout] test bitcoin::bip110_builder::tests::warnings_generated_when_approaching_limits ... ok
[INFO] [stdout] test bitcoin::liquid_adapter::tests::test_liquid_verify_state_proof_hardened ... ok
[INFO] [stdout] test bitcoin::bip110_builder::tests::oversized_script_pubkey_fails_validation ... ok
[INFO] [stdout] test bitcoin::bip322::tests::test_bip322_checked_api_is_unsupported_without_script_verifier ... ok
[INFO] [stdout] test bitcoin::bip322::tests::test_bip322_mutated_message_remains_unsupported_after_structural_parsing ... ok
[INFO] [stdout] test bitcoin::bip110_builder::tests::oversized_witness_fails_validation ... ok
[INFO] [stdout] test bitcoin::bip322::tests::test_bip322_rejects_invalid_bc1_address ... ok
[INFO] [stdout] test bitcoin::bip322::tests::test_bip322_rejects_malformed_witness_without_fallback ... ok
[INFO] [stdout] test bitcoin::liquid_adapter::tests::test_liquid_adapter_trait ... ok
[INFO] [stdout] test bitcoin::bip110_builder::tests::builder_pattern_fluent_api ... ok
[INFO] [stdout] test control_model::bip110::tests::custom_limits_map_each_shape_field_to_the_exact_violation_limit ... ok
[INFO] [stdout] test chain::transport::tests::unsupported_feature_returns_error ... ok
[INFO] [stdout] test chain::transport::tests::mock_transport_supports_bitcoin ... ok
[INFO] [stdout] test control_model::bip110::tests::aggregate_validation_preserves_all_violations_across_all_vectors ... ok
[INFO] [stdout] test control_model::bip110::tests::canonical_limits_have_expected_defaults ... ok
[INFO] [stdout] test adapters::tests::test_all_state_proof_adapters_fail_closed ... ok
[INFO] [stdout] test bitcoin::bip110_builder::tests::disabled_guard_always_compliant ... ok
[INFO] [stdout] test bitcoin::bip110_builder::tests::element_count_tracks_all_categories ... ok
[INFO] [stdout] test bitcoin::bip110_builder::tests::multiple_violations_aggregated ... ok
[INFO] [stdout] test bitcoin::bip110_builder::tests::oversized_op_return_fails_validation ... ok
[INFO] [stdout] test chain::transport::tests::broadcast_returns_mock_txid ... ok
[INFO] [stdout] test bitcoin::bip110_builder::tests::oversized_pushdata_fails_validation ... ok
[INFO] [stdout] test bitcoin::bip322::tests::test_bip322_mutated_witness_contents_remain_unsupported_after_structural_parsing ... ok
[INFO] [stdout] test bitcoin::tests::test_silent_payment_multi_input_outpoint_scanning ... ok
[INFO] [stdout] test bitcoin::tests::test_silent_payment_scanning_logic ... ok
[INFO] [stdout] test bitcoin::tests::test_shared_secret_computation ... ok
[INFO] [stdout] test control_model::bip110::tests::disabled_compliance_accepts_invalid_shape_without_violations ... ok
[INFO] [stdout] test control_model::bip110::tests::limits_round_trip_through_json ... ok
[INFO] [stdout] test control_model::bip110::tests::facades_produce_the_expected_result_for_the_same_shape ... ok
[INFO] [stdout] test control_model::bip110::tests::transaction_shape_round_trips_through_json ... ok
[INFO] [stdout] test control_model::bip110::tests::vector_boundaries_accept_exact_limits_and_catch_later_oversized_entries ... ok
[INFO] [stdout] test control_model::tests::test_bip110_full_transaction_validation ... ok
[INFO] [stdout] test control_model::tests::test_audit_severity_ordering ... ok
[INFO] [stdout] test control_model::bip110::tests::legacy_validation_covers_zero_exact_over_limit_and_optional_op_return ... ok
[INFO] [stdout] test control_model::tests::test_bip110_constants ... ok
[INFO] [stdout] test control_model::tests::test_bip110_disabled_compliance ... ok
[INFO] [stdout] test control_model::bip110::tests::default_compliance_remains_disabled_with_canonical_limits ... ok
[INFO] [stdout] test control_model::bip110::tests::usize_max_is_compared_without_arithmetic_overflow ... ok
[INFO] [stdout] test control_model::tests::test_release_status_transitions ... ok
[INFO] [stdout] test control_model::tests::test_bip110_pushdata_validation ... ok
[INFO] [stdout] test control_model::tests::test_protected_action_lifecycle_transition_rules ... ok
[INFO] [stdout] test control_model::tests::test_bip110_legacy_optional_op_return_preserves_violation_order ... ok
[INFO] [stdout] test control_model::tests::test_bridge_system_expansion ... ok
[INFO] [stdout] test control_model::tests::test_bip110_script_pubkey_validation ... ok
[INFO] [stdout] test control_model::tests::test_signed_envelope_descriptor_and_replay_helpers ... ok
[INFO] [stdout] test control_model::tests::test_timelock_invariant_is_valid_and_enforced ... ok
[INFO] [stdout] test control_model::tests::test_bip110_op_return_validation ... ok
[INFO] [stdout] test control_model::tests::test_bip110_violation_display ... ok
[INFO] [stdout] test control_model::tests::test_policy_approval_transitions ... ok
[INFO] [stdout] test control_model::tests::test_bip110_witness_element_validation ... ok
[INFO] [stdout] test control_model::tests::test_chain_enum_variants ... ok
[INFO] [stdout] test control_model::tests::test_quorum_invariant_checks ... ok
[INFO] [stdout] test control_model::tests::test_session_trust_claims_validation ... ok
[INFO] [stdout] test control_model::tests::test_chain_family_variants ... ok
[INFO] [stdout] test fedimint::tests::test_fedimint_mint_status_rejects_empty_id ... ok
[INFO] [stdout] test control_model::tests::test_timelock_invariant_rejects_incorrect_not_before_block ... ok
[INFO] [stdout] test fedimint::tests::test_fedimint_mint_status_requires_authenticated_provider ... ok
[INFO] [stdout] test deployment::tests::test_verification_result_serialization ... ok
[INFO] [stdout] test enclave::tests::test_verify_attestation_chain_invalid_der ... ok
[INFO] [stdout] test enclave::tests::test_verify_attestation_chain_truncated ... ok
[INFO] [stdout] test deployment_tests::test_deployment_plan_agent_readable ... ok
[INFO] [stdout] test control_model::tests::test_trust_tier_production_allowance ... ok
[INFO] [stdout] test lightning::additional_tests::test_failure_taxonomy ... ok
[INFO] [stdout] test fedimint::tests::test_fedimint_rejects_malformed_blinding_inputs ... ok
[INFO] [stdout] test lightning::additional_tests::test_event_serialization ... ok
[INFO] [stdout] test fedimint::tests::test_fedimint_blinding_determinism ... ok
[INFO] [stdout] test enclave::tests::test_aml_non_empty_input_is_unsupported ... ok
[INFO] [stdout] test enclave::tests::test_verify_attestation_chain_parse_only_is_unsupported ... ok
[INFO] [stdout] test control_model::tests::test_validate_trust_tier_policy ... ok
[INFO] [stdout] test deployment::tests::test_deployment_manifest_serialization ... ok
[INFO] [stdout] test lightning::additional_tests::test_intent_serialization ... ok
[INFO] [stdout] test lightning::additional_tests::test_metrics_serialization ... ok
[INFO] [stdout] test protocol::covenant::tests::test_recursive_invariant_verification ... ok
[INFO] [stdout] test protocol::dlc::additional_tests::test_dlc_intent_malformed_and_edge_case_validation ... ok
[INFO] [stdout] test lightning::tests::test_payment_state_transitions ... ok
[INFO] [stdout] test protocol::covenant::tests::test_cat_vault_script_generation ... ok
[INFO] [stdout] test lightning::additional_tests::test_transition_validation_errors ... ok
[INFO] [stdout] test rgb::tests::test_rgb_execution_modes ... ok
[INFO] [stdout] test lightning::tests::test_failure_taxonomy_serialization ... ok
[INFO] [stdout] test signing::tests::capabilities_reject_unknown_algorithm_and_operation ... ok
[INFO] [stdout] test signing::tests::payload_validation_is_explicit_and_fail_closed ... ok
[INFO] [stdout] test rgb::tests::test_rgb_stock_adapter_persistence ... ok
[INFO] [stdout] test protocol::dlc::tests::test_dlc_intent_creation ... ok
[INFO] [stdout] test protocol::dlc::tests::test_execution_verification_rejects_random_signature ... ok
[INFO] [stdout] test signing::tests::serialization_round_trip_preserves_contract_models ... ok
[INFO] [stdout] test protocol::dlc::tests::test_oracle_attestation_verification ... ok
[INFO] [stdout] test protocol::intent::tests::test_bid_ranking ... ok
[INFO] [stdout] test protocol::frost::tests::test_frost_round_1_integrity ... ok
[INFO] [stdout] test protocol::dlc::tests::test_validate_cet_structure ... ok
[INFO] [stdout] test protocol::frost::tests::test_frost_signature_aggregation_hardened ... ok
[INFO] [stdout] test protocol::frost::tests::test_frost_round_2_distribution_is_not_placeholder_crypto ... ok
[INFO] [stdout] test protocol::intent::tests::test_fdc3_intent_resolution ... ok
[INFO] [stdout] test tests::cxip20_architecture_tests::test_rgb_csv_logic ... ok
[INFO] [stdout] test tests::cxip20_architecture_tests::test_enclave_zkc_logic ... ok
[INFO] [stdout] test tests::cxip20_architecture_tests::test_stacks_nakamoto_sbtc ... ok
[INFO] [stdout] test tests::cxip20_architecture_tests::test_witness_encryption_placeholder_does_not_leak_plaintext ... ok
[INFO] [stdout] test stacks::tests::test_nakamoto_finality ... ok
[INFO] [stdout] test tests::additional_protocol_tests::test_silent_payment_scanning_uniqueness ... ok
[INFO] [stdout] test stacks::tests::test_status_requires_authoritative_evidence ... ok
[INFO] [stdout] test tests::cxip20_architecture_tests::test_advanced_crypto_stubs ... ok
[INFO] [stdout] test verifier::tests::capabilities_fail_closed_for_unsupported_chain_and_format ... ok
[INFO] [stdout] test tests::cxip20_architecture_tests::test_lightning_advanced_features ... ok
[INFO] [stdout] test signing::tests::target_mapping_covers_existing_chain_families ... ok
[INFO] [stdout] test stacks::tests::test_sbtc_pegin_interface ... ok
[INFO] [stdout] test verifier::tests::finality_transitions_are_monotonic_and_non_final_is_typed ... ok
[INFO] [stderr]      Running tests/adapter_conformance.rs (/opt/rustwide/target/release/deps/adapter_conformance-81364cc893cbb2c3)
[INFO] [stdout] test stacks::tests::test_invalid_btc_txid ... ok
[INFO] [stdout] test tests::additional_protocol_tests::test_core_types_and_compat_reexports ... ok
[INFO] [stdout] test verifier::tests::latest_block_and_proof_result_enforce_reference_invariants ... ok
[INFO] [stdout] test verifier::tests::proof_request_rejects_empty_proof_data ... ok
[INFO] [stdout] test stacks::tests::test_sbtc_pegout_interface ... ok
[INFO] [stdout] test tests::cxip20_architecture_tests::test_witness_encryption_try_api_reports_unimplemented ... ok
[INFO] [stdout] test tests::additional_protocol_tests::test_dlc_verification_logic ... ok
[INFO] [stdout] test verifier::tests::proof_request_rejects_expired_envelope ... ok
[INFO] [stdout] test verifier::tests::trust_mapping_rejects_strict_external_quorum_and_observer_only ... ok
[INFO] [stdout] test tests::additional_protocol_tests::test_fedimint_unblinding_verification ... ok
[INFO] [stdout] 
[INFO] [stdout] test result: ok. 128 passed; 0 failed; 0 ignored; 0 measured; 0 filtered out; finished in 0.05s
[INFO] [stdout] 
[INFO] [stdout] 
[INFO] [stdout] running 1 test
[INFO] [stdout] test representative_adapter_dtos_round_trip_and_remain_structural_only ... ok
[INFO] [stdout] 
[INFO] [stdout] test result: ok. 1 passed; 0 failed; 0 ignored; 0 measured; 0 filtered out; finished in 0.00s
[INFO] [stdout] 
[INFO] [stderr]      Running tests/bip110_preflight.rs (/opt/rustwide/target/release/deps/bip110_preflight-cd1ae679b5fb1ab4)
[INFO] [stdout] 
[INFO] [stdout] running 19 tests
[INFO] [stdout] test disabled_compliance_is_rejected_instead_of_becoming_fail_open ... ok
[INFO] [stdout] test every_known_specialized_context_fails_closed_even_with_measurements ... ok
[INFO] [stdout] test missing_measurements_are_distinct_from_empty_generic_measurements ... ok
[INFO] [stdout] test structural_findings_precede_size_findings_and_fail_closed ... ok
[INFO] [stdout] test phase_mismatch_fails_closed_in_both_directions ... ok
[INFO] [stdout] test mixed_control_block_violations_follow_ordinary_category_order ... ok
[INFO] [stdout] test legacy_measurement_json_without_source_or_control_block_field_remains_compatible ... ok
[INFO] [stdout] test custom_enabled_compliance_is_composed_without_replacing_wire_types ... ok
[INFO] [stdout] test known_unsupported_context_with_empty_vectors_does_not_pass ... ok
[INFO] [stdout] test measurements_convert_to_the_existing_transaction_shape ... ok
[INFO] [stdout] test valid_phase_and_measurement_source_pairs_are_explicit ... ok
[INFO] [stdout] test zero_values_and_empty_vectors_are_valid_for_supported_context ... ok
[INFO] [stdout] test checked_measurement_conversion_never_truncates ... ok
[INFO] [stdout] test exact_limits_pass_and_limit_plus_one_fails_for_all_fields ... ok
[INFO] [stdout] test taproot_control_block_boundary_is_separate_and_inclusive ... ok
[INFO] [stdout] test unknown_context_strings_round_trip_and_fail_closed ... ok
[INFO] [stdout] test request_result_error_and_violation_round_trip_through_json ... ok
[INFO] [stdout] test multiple_findings_preserve_category_and_occurrence_order ... ok
[INFO] [stderr]      Running tests/bip341_bip342_miniscript.rs (/opt/rustwide/target/release/deps/bip341_bip342_miniscript-67ac21f281453142)
[INFO] [stdout] test known_context_wire_values_are_stable ... ok
[INFO] [stdout] 
[INFO] [stdout] test result: ok. 19 passed; 0 failed; 0 ignored; 0 measured; 0 filtered out; finished in 0.13s
[INFO] [stdout] 
[INFO] [stdout] 
[INFO] [stdout] running 12 tests
[INFO] [stdout] test future_script_path_leaf_is_inspectable_but_validation_is_downstream_owned ... ok
[INFO] [stdout] test miniscript_timelock_metadata_requires_zero_signers_and_satisfaction_elements ... ok
[INFO] [stdout] test p2tr_program_rejects_wrong_length_and_classifies_other_versions_as_unsupported ... ok
[INFO] [stdout] test witness_classification_identifies_key_path_annex_and_script_path_positions ... ok
[INFO] [stdout] test boundary_errors_and_shared_types_have_stable_serde_shapes ... ok
[INFO] [stdout] test miniscript_metadata_rejects_inconsistent_constraints_and_downstream_capabilities ... ok
[INFO] [stdout] test p2tr_v1_program_shape_accepts_exactly_32_bytes ... ok
[INFO] [stdout] test key_path_signature_vectors_are_shape_only ... ok
[INFO] [stdout] test miniscript_metadata_handoff_accepts_public_threshold_constraints_only ... ok
[INFO] [stdout] test miniscript_metadata_rejects_undersized_satisfaction_bounds_for_threshold_and_single_key ... ok
[INFO] [stdout] test future_leaf_versions_are_downstream_owned_not_malformed ... ok
[INFO] [stdout] test control_block_vectors_cover_current_versions_bounds_and_malformed_lengths ... ok
[INFO] [stdout] 
[INFO] [stdout] test result: ok. 12 passed; 0 failed; 0 ignored; 0 measured; 0 filtered out; finished in 0.16s
[INFO] [stdout] 
[INFO] [stderr]      Running tests/canonical_risk_profiles.rs (/opt/rustwide/target/release/deps/canonical_risk_profiles-886c02c8ce6927b5)
[INFO] [stdout] 
[INFO] [stdout] running 26 tests
[INFO] [stdout] test direct_profile_decode_rejects_invalid_static_policy_and_rail_metadata ... ok
[INFO] [stdout] test direct_metric_decode_rejects_blank_unknown_reason_and_unknown_fields ... ok
[INFO] [stdout] test direct_profile_decode_rejects_semantic_states_without_explicit_validate ... ok
[INFO] [stdout] test canonical_loader_validates_and_exposes_each_target ... ok
[INFO] [stdout] test profile_lookup_rejects_invalid_input_and_matches_full_target_identity ... ok
[INFO] [stdout] test evidence_provenance_is_typed_closed_and_exact_duplicates_are_rejected ... ok
[INFO] [stdout] test legacy_risk_and_rail_json_shapes_remain_compatible ... ok
[INFO] [stdout] test every_chain_target_matches_the_canonical_chain_family_mapping ... ok
[INFO] [stdout] test score_bounds_accept_zero_and_one_hundred_but_reject_one_hundred_one ... ok
[INFO] [stdout] test static_policy_reuses_existing_trust_tier_validation_without_finality_invention ... ok
[INFO] [stdout] test profile_revision_version_provenance_and_date_are_validated ... ok
[INFO] [stdout] test malformed_profile_set_versions_fail_at_profile_decode_boundary ... ok
[INFO] [stdout] test strict_v1_profile_decode_rejects_unknown_or_typo_fields ... ok
[INFO] [stdout] test unsupported_schema_version_fails_closed_during_decode ... ok
[INFO] [stdout] test assessed_and_partial_profiles_require_evidence_but_not_assessed_does_not ... ok
[INFO] [stdout] test chain_family_mismatches_are_rejected ... ok
[INFO] [stdout] test canonical_set_rejects_duplicate_and_missing_targets ... ok
[INFO] [stdout] test profile_set_version_accepts_semver_major_one_and_rejects_other_majors ... ok
[INFO] [stdout] test missing_metric_is_rejected_instead_of_defaulted ... ok
[INFO] [stdout] test all_current_chain_family_mappings_are_explicitly_checked ... ok
[INFO] [stdout] test direct_target_decode_rejects_chain_family_mismatch ... ok
[INFO] [stdout] test versioned_rail_metadata_requires_matching_target_family ... ok
[INFO] [stdout] test direct_assessment_decode_rejects_inconsistent_status_and_metrics ... ok
[INFO] [stdout] test zero_assessed_is_distinct_from_unknown_and_not_assessed ... ok
[INFO] [stdout] test canonical_artifact_is_a_valid_json_golden_with_exact_coverage ... ok
[INFO] [stdout] test unknown_and_partial_states_are_explicit_and_consistent ... ok
[INFO] [stderr]      Running tests/core_to_downstream_integration.rs (/opt/rustwide/target/release/deps/core_to_downstream_integration-a476668c931e4654)
[INFO] [stdout] 
[INFO] [stdout] test result: ok. 26 passed; 0 failed; 0 ignored; 0 measured; 0 filtered out; finished in 0.10s
[INFO] [stdout] 
[INFO] [stdout] 
[INFO] [stdout] running 4 tests
[INFO] [stdout] test signing_fixture_round_trips_and_fail_closed_capabilities_are_deterministic ... ok
[INFO] [stdout] test adapter_fixtures_validate_chain_metadata_and_request_shapes_only ... ok
[INFO] [stdout] test bip110_fixture_covers_success_failure_and_version_compatibility ... ok
[INFO] [stdout] test verifier_fixtures_cover_success_finality_and_structural_rejection_paths ... ok
[INFO] [stdout] 
[INFO] [stdout] test result: ok. 4 passed; 0 failed; 0 ignored; 0 measured; 0 filtered out; finished in 0.00s
[INFO] [stdout] 
[INFO] [stderr]      Running tests/deterministic_contracts.rs (/opt/rustwide/target/release/deps/deterministic_contracts-d8c90b3c164041c9)
[INFO] [stdout] 
[INFO] [stdout] running 4 tests
[INFO] [stdout] test verifier_failure_fixtures_fail_closed_without_ambient_time ... ok
[INFO] [stdout] test verifier_success_fixtures_use_fixed_clock_facade_methods_and_round_trip_structurally ... ok
[INFO] [stdout] test bip110_fixture_replay_preserves_versions_fail_closed_cases_and_finding_order ... ok
[INFO] [stdout] test signer_failures_are_rejected_by_capabilities_validation_and_response_postconditions ... ok
[INFO] [stdout] 
[INFO] [stdout] test result: ok. 4 passed; 0 failed; 0 ignored; 0 measured; 0 filtered out; finished in 0.01s
[INFO] [stdout] 
[INFO] [stderr]      Running tests/golden_serialization.rs (/opt/rustwide/target/release/deps/golden_serialization-d3ee6aef3d159a76)
[INFO] [stdout] 
[INFO] [stdout] running 2 tests
[INFO] [stdout] test signing_success_fixture_round_trips_and_passes_the_real_facade ... ok
[INFO] [stderr]      Running tests/protocol_verifier.rs (/opt/rustwide/target/release/deps/protocol_verifier-919e2376cf35c23f)
[INFO] [stdout] test manifest_and_every_golden_file_are_versioned_and_accounted_for ... ok
[INFO] [stdout] 
[INFO] [stdout] test result: ok. 2 passed; 0 failed; 0 ignored; 0 measured; 0 filtered out; finished in 0.00s
[INFO] [stdout] 
[INFO] [stdout] 
[INFO] [stdout] running 13 tests
[INFO] [stdout] test chain_family_mapping_is_checked_in_constructor_and_deserialization ... ok
[INFO] [stdout] test facade_accepts_valid_advertised_managed_external_quorum_combination ... ok
[INFO] [stdout] test facade_rejects_result_provenance_from_another_verifier ... ok
[INFO] [stdout] test finality_facade_checks_request_result_and_transitions ... ok
[INFO] [stdout] test facade_rejects_unadvertised_policy_metadata_for_every_operation ... ok
[INFO] [stdout] test facade_accepts_valid_proof_and_supports_dynamic_dispatch ... ok
[INFO] [stdout] test invalid_requests_and_capabilities_do_not_call_backend ... ok
[INFO] [stdout] test facade_validates_nested_finality_policy_metadata_after_backend_call ... ok
[INFO] [stdout] test proof_result_requires_requested_state_root_and_exact_identity ... ok
[INFO] [stdout] test facade_rejects_trust_tier_downgrade_and_upgrade ... ok
[INFO] [stdout] test adversarial_backend_cannot_bypass_facade_postconditions ... ok
[INFO] [stdout] test evidence_binding_is_deterministic_and_detects_every_material_mutation ... FAILED
[INFO] [stderr] error: test failed, to rerun pass `--test protocol_verifier`
[INFO] [stdout] test envelope_timestamps_are_future_safe_expiry_safe_and_malformed_safe ... ok
[INFO] [stdout] 
[INFO] [stdout] failures:
[INFO] [stdout] 
[INFO] [stdout] ---- evidence_binding_is_deterministic_and_detects_every_material_mutation stdout ----
[INFO] [stdout] 
[INFO] [stdout] thread 'evidence_binding_is_deterministic_and_detects_every_material_mutation' (3529) panicked at tests/protocol_verifier.rs:134:59:
[INFO] [stdout] placeholder envelope is valid: ExpiredEvidence { reference: "proof-1", expires_at: 2026-09-21T14:13:20Z }
[INFO] [stdout] stack backtrace:
[INFO] [stdout]    0:     0x5f012539bbc1 - <<std[70759c8f55707aa4]::sys::backtrace::BacktraceLock>::print::DisplayBacktrace as core[df12db4294e9bfd3]::fmt::Display>::fmt
[INFO] [stdout]    1:     0x5f01253b097a - core[df12db4294e9bfd3]::fmt::write
[INFO] [stdout]    2:     0x5f01253a005c - <alloc[2182bb758b4b3781]::vec::Vec<u8> as core[df12db4294e9bfd3]::io::write::Write>::write_fmt
[INFO] [stdout]    3:     0x5f01253781b6 - std[70759c8f55707aa4]::panicking::default_hook::{closure#0}
[INFO] [stdout]    4:     0x5f0125394329 - std[70759c8f55707aa4]::panicking::default_hook
[INFO] [stdout]    5:     0x5f01253159e0 - test[9d35eded1c95d3be]::test_main_inner::<test[9d35eded1c95d3be]::test_main_static::{closure#0}>::{closure#0}
[INFO] [stdout]    6:     0x5f01253944e2 - std[70759c8f55707aa4]::panicking::panic_with_hook
[INFO] [stdout]    7:     0x5f0125378262 - std[70759c8f55707aa4]::panicking::panic_handler::{closure#0}
[INFO] [stdout]    8:     0x5f0125370fe9 - std[70759c8f55707aa4]::sys::backtrace::__rust_end_short_backtrace::<std[70759c8f55707aa4]::panicking::panic_handler::{closure#0}, !>
[INFO] [stdout]    9:     0x5f0125378e5d - __rustc[8fa7c3cbc660c2b3]::rust_begin_unwind
[INFO] [stdout]   10:     0x5f01253b10ac - core[df12db4294e9bfd3]::panicking::panic_fmt
[INFO] [stdout]   11:     0x5f01253b0e82 - core[df12db4294e9bfd3]::result::unwrap_failed
[INFO] [stdout]   12:     0x5f01252fc2d3 - <protocol_verifier[52eace2de95fc50d]::evidence_binding_is_deterministic_and_detects_every_material_mutation::{closure#0} as core[df12db4294e9bfd3]::ops::function::FnOnce<()>>::call_once
[INFO] [stdout]   13:     0x5f0125308ccb - test[9d35eded1c95d3be]::__rust_begin_short_backtrace::<core[df12db4294e9bfd3]::result::Result<(), alloc[2182bb758b4b3781]::string::String>, fn() -> core[df12db4294e9bfd3]::result::Result<(), alloc[2182bb758b4b3781]::string::String>>
[INFO] [stdout]   14:     0x5f0125316335 - test[9d35eded1c95d3be]::run_test::{closure#0}
[INFO] [stdout]   15:     0x5f012530fbf4 - std[70759c8f55707aa4]::sys::backtrace::__rust_begin_short_backtrace::<test[9d35eded1c95d3be]::run_test::{closure#1}, ()>
[INFO] [stdout]   16:     0x5f0125319492 - <std[70759c8f55707aa4]::thread::lifecycle::spawn_unchecked<test[9d35eded1c95d3be]::run_test::{closure#1}, ()>::{closure#1} as core[df12db4294e9bfd3]::ops::function::FnOnce<()>>::call_once::{shim:vtable#0}
[INFO] [stdout]   17:     0x5f012539b499 - <std[70759c8f55707aa4]::sys::thread::unix::Thread>::new::thread_start
[INFO] [stdout]   18:     0x79704c604dfa - <unknown>
[INFO] [stdout]   19:     0x79704c6983d4 - clone
[INFO] [stdout]   20:                0x0 - <unknown>
[INFO] [stdout] 
[INFO] [stdout] 
[INFO] [stdout] failures:
[INFO] [stdout]     evidence_binding_is_deterministic_and_detects_every_material_mutation
[INFO] [stdout] 
[INFO] [stdout] test result: FAILED. 12 passed; 1 failed; 0 ignored; 0 measured; 0 filtered out; finished in 0.00s
[INFO] [stdout] 
[INFO] running `Command { std: "docker" "inspect" "751f2ef315dfdb6ffdc605454e3407fc13c8e6da9da4d97283a2ce5b0b314574", kill_on_drop: false }`
[INFO] running `Command { std: "docker" "rm" "-f" "751f2ef315dfdb6ffdc605454e3407fc13c8e6da9da4d97283a2ce5b0b314574", kill_on_drop: false }`
[INFO] [stdout] 751f2ef315dfdb6ffdc605454e3407fc13c8e6da9da4d97283a2ce5b0b314574
