[INFO] fetching crate liaison 0.2.0...
[INFO] testing liaison-0.2.0 against 1.99.0-beta.8+cargoflags=--release for beta-release-1.100-2
[INFO] extracting crate liaison 0.2.0 into /workspace/builds/worker-1-tc1/source
[INFO] started tweaking crates.io crate liaison 0.2.0
[INFO] removed 0 missing tests
[INFO] finished tweaking crates.io crate liaison 0.2.0
[INFO] tweaked toml for crates.io crate liaison 0.2.0 written to /workspace/builds/worker-1-tc1/source/Cargo.toml
[INFO] validating manifest of crates.io crate liaison 0.2.0 on toolchain 1.99.0-beta.8
[INFO] running `Command { std: CARGO_HOME="/workspace/cargo-home" RUSTUP_HOME="/workspace/rustup-home" "/workspace/cargo-home/bin/cargo" "+1.99.0-beta.8" "metadata" "--manifest-path" "Cargo.toml" "--no-deps", kill_on_drop: false }`
[INFO] crate crates.io crate liaison 0.2.0 already has a lockfile, it will not be regenerated
[INFO] running `Command { std: CARGO_HOME="/workspace/cargo-home" RUSTUP_HOME="/workspace/rustup-home" "/workspace/cargo-home/bin/cargo" "+1.99.0-beta.8" "fetch" "--manifest-path" "Cargo.toml", kill_on_drop: false }`
[INFO] [stderr]  Downloading crates ...
[INFO] [stderr]   Downloaded lol_html v2.7.1
[INFO] running `Command { std: "docker" "create" "-v" "/var/lib/crater-agent-workspace/builds/worker-1-tc1/source:/opt/rustwide/workdir:ro,Z" "-v" "/var/lib/crater-agent-workspace/builds/worker-1-tc1/target:/opt/rustwide/target:rw,Z" "-v" "/var/lib/crater-agent-workspace/cargo-home:/opt/rustwide/cargo-home:ro,Z" "-v" "/var/lib/crater-agent-workspace/rustup-home:/opt/rustwide/rustup-home:ro,Z" "-m" "1610612736" "--network" "none" "ghcr.io/rust-lang/crates-build-env/linux@sha256:77db811e55d90add9212f6832c23229e3de5f1c1f9905e8cb07319ea15df73ac" "sleep" "infinity", kill_on_drop: false }`
[INFO] [stdout] 5609a0c436aa7adf96dd9296ce33b0c87f140bef37f922b348a9c36d3c292521
[INFO] running `Command { std: "docker" "start" "5609a0c436aa7adf96dd9296ce33b0c87f140bef37f922b348a9c36d3c292521", kill_on_drop: false }`
[INFO] running `Command { std: "docker" "inspect" "5609a0c436aa7adf96dd9296ce33b0c87f140bef37f922b348a9c36d3c292521", kill_on_drop: false }`
[INFO] running `Command { std: "docker" "exec" "-e" "SOURCE_DIR=/opt/rustwide/workdir" "-e" "CARGO_HOME=/opt/rustwide/cargo-home" "-e" "RUSTUP_HOME=/opt/rustwide/rustup-home" "-e" "CARGO_TARGET_DIR=/opt/rustwide/target" "-w" "/opt/rustwide/workdir" "--user" "0:0" "5609a0c436aa7adf96dd9296ce33b0c87f140bef37f922b348a9c36d3c292521" "/opt/rustwide/cargo-home/bin/cargo" "+1.99.0-beta.8" "metadata" "--no-deps" "--format-version=1", kill_on_drop: false }`
[INFO] running `Command { std: "docker" "inspect" "5609a0c436aa7adf96dd9296ce33b0c87f140bef37f922b348a9c36d3c292521", kill_on_drop: false }`
[INFO] running `Command { std: "docker" "exec" "-e" "SOURCE_DIR=/opt/rustwide/workdir" "-e" "CARGO_HOME=/opt/rustwide/cargo-home" "-e" "RUSTUP_HOME=/opt/rustwide/rustup-home" "-e" "CARGO_TARGET_DIR=/opt/rustwide/target" "-e" "CARGO_INCREMENTAL=0" "-e" "RUST_BACKTRACE=full" "-e" "RUSTFLAGS=--cap-lints=warn" "-e" "RUSTDOCFLAGS=--cap-lints=warn" "-w" "/opt/rustwide/workdir" "--user" "0:0" "5609a0c436aa7adf96dd9296ce33b0c87f140bef37f922b348a9c36d3c292521" "/opt/rustwide/cargo-home/bin/cargo" "+1.99.0-beta.8" "build" "--frozen" "--message-format=json" "--release", kill_on_drop: false }`
[INFO] [stderr]    Compiling proc-macro2 v1.0.105
[INFO] [stderr]    Compiling find-msvc-tools v0.1.8
[INFO] [stderr]    Compiling phf_shared v0.13.1
[INFO] [stderr]    Compiling tokio v1.49.0
[INFO] [stderr]    Compiling hashbrown v0.16.1
[INFO] [stderr]    Compiling fastrand v2.3.0
[INFO] [stderr]    Compiling http v1.4.0
[INFO] [stderr]    Compiling futures-util v0.3.31
[INFO] [stderr]    Compiling cc v1.2.53
[INFO] [stderr]    Compiling phf_generator v0.13.1
[INFO] [stderr]    Compiling phf_codegen v0.13.1
[INFO] [stderr]    Compiling servo_arc v0.4.3
[INFO] [stderr]    Compiling selectors v0.33.0
[INFO] [stderr]    Compiling winnow v0.7.14
[INFO] [stderr]    Compiling quote v1.0.43
[INFO] [stderr]    Compiling indexmap v2.13.0
[INFO] [stderr]    Compiling http-body v1.0.1
[INFO] [stderr]    Compiling syn v2.0.114
[INFO] [stderr]    Compiling http-body-util v0.1.3
[INFO] [stderr]    Compiling clap_lex v0.7.7
[INFO] [stderr]    Compiling clap_builder v4.5.54
[INFO] [stderr]    Compiling openssl-sys v0.9.111
[INFO] [stderr]    Compiling openssl v0.10.75
[INFO] [stderr]    Compiling native-tls v0.2.14
[INFO] [stderr]    Compiling tokio-util v0.7.18
[INFO] [stderr]    Compiling tower v0.5.3
[INFO] [stderr]    Compiling synstructure v0.13.2
[INFO] [stderr]    Compiling h2 v0.4.13
[INFO] [stderr]    Compiling tower-http v0.6.8
[INFO] [stderr]    Compiling zerofrom-derive v0.1.6
[INFO] [stderr]    Compiling yoke-derive v0.8.1
[INFO] [stderr]    Compiling zerovec-derive v0.11.2
[INFO] [stderr]    Compiling displaydoc v0.2.5
[INFO] [stderr]    Compiling serde_derive v1.0.228
[INFO] [stderr]    Compiling openssl-macros v0.1.1
[INFO] [stderr]    Compiling phf_macros v0.13.1
[INFO] [stderr]    Compiling derive_more-impl v2.1.1
[INFO] [stderr]    Compiling phf v0.13.1
[INFO] [stderr]    Compiling cssparser-macros v0.6.1
[INFO] [stderr]    Compiling zerofrom v0.1.6
[INFO] [stderr]    Compiling cssparser v0.36.0
[INFO] [stderr]    Compiling thiserror-impl v2.0.17
[INFO] [stderr]    Compiling yoke v0.8.1
[INFO] [stderr]    Compiling zerotrie v0.2.3
[INFO] [stderr]    Compiling zerovec v0.11.5
[INFO] [stderr]    Compiling derive_more v2.1.1
[INFO] [stderr]    Compiling clap_derive v4.5.49
[INFO] [stderr]    Compiling tinystr v0.8.2
[INFO] [stderr]    Compiling potential_utf v0.1.4
[INFO] [stderr]    Compiling icu_locale_core v2.1.1
[INFO] [stderr]    Compiling icu_collections v2.1.1
[INFO] [stderr]    Compiling thiserror v2.0.17
[INFO] [stderr]    Compiling hyper v1.8.1
[INFO] [stderr]    Compiling icu_provider v2.1.1
[INFO] [stderr]    Compiling clap v4.5.54
[INFO] [stderr]    Compiling serde v1.0.228
[INFO] [stderr]    Compiling icu_normalizer v2.1.1
[INFO] [stderr]    Compiling icu_properties v2.1.2
[INFO] [stderr]    Compiling tokio-native-tls v0.3.1
[INFO] [stderr]    Compiling toml_datetime v0.6.11
[INFO] [stderr]    Compiling serde_spanned v0.6.9
[INFO] [stderr]    Compiling toml_edit v0.22.27
[INFO] [stderr]    Compiling hyper-util v0.1.19
[INFO] [stderr]    Compiling serde_urlencoded v0.7.1
[INFO] [stderr]    Compiling idna_adapter v1.2.1
[INFO] [stderr]    Compiling lol_html v2.7.1
[INFO] [stderr]    Compiling idna v1.1.0
[INFO] [stderr]    Compiling url v2.5.8
[INFO] [stderr]    Compiling hyper-tls v0.6.0
[INFO] [stderr]    Compiling reqwest v0.12.28
[INFO] [stderr]    Compiling toml v0.8.23
[INFO] [stderr]    Compiling liaison v0.2.0 (/opt/rustwide/workdir)
[INFO] [stdout] warning: struct `TranscludeMatch` is never constructed
[INFO] [stdout]   --> src/hosts.rs:15:12
[INFO] [stdout]    |
[INFO] [stdout] 15 | pub struct TranscludeMatch {
[INFO] [stdout]    |            ^^^^^^^^^^^^^^^
[INFO] [stdout]    |
[INFO] [stdout]    = note: `#[warn(dead_code)]` (part of `#[warn(unused)]`) on by default
[INFO] [stdout] 
[INFO] [stdout] 
[INFO] [stdout] warning: trait `HostType` is never used
[INFO] [stdout]   --> src/hosts.rs:22:11
[INFO] [stdout]    |
[INFO] [stdout] 22 | pub trait HostType: Send + Sync {
[INFO] [stdout]    |           ^^^^^^^^
[INFO] [stdout] 
[INFO] [stdout] 
[INFO] [stdout] warning: struct `HtmlElementHost` is never constructed
[INFO] [stdout]   --> src/hosts.rs:49:12
[INFO] [stdout]    |
[INFO] [stdout] 49 | pub struct HtmlElementHost;
[INFO] [stdout]    |            ^^^^^^^^^^^^^^^
[INFO] [stdout] 
[INFO] [stdout] 
[INFO] [stdout] warning: struct `HtmlCommentHost` is never constructed
[INFO] [stdout]    --> src/hosts.rs:107:12
[INFO] [stdout]     |
[INFO] [stdout] 107 | pub struct HtmlCommentHost;
[INFO] [stdout]     |            ^^^^^^^^^^^^^^^
[INFO] [stdout] 
[INFO] [stdout] 
[INFO] [stdout] warning: struct `PlaintextHost` is never constructed
[INFO] [stdout]    --> src/hosts.rs:176:12
[INFO] [stdout]     |
[INFO] [stdout] 176 | pub struct PlaintextHost;
[INFO] [stdout]     |            ^^^^^^^^^^^^^
[INFO] [stdout] 
[INFO] [stdout] 
[INFO] [stdout] warning: function `all_hosts` is never used
[INFO] [stdout]    --> src/hosts.rs:237:8
[INFO] [stdout]     |
[INFO] [stdout] 237 | pub fn all_hosts() -> Vec<Box<dyn HostType>> {
[INFO] [stdout]     |        ^^^^^^^^^
[INFO] [stdout] 
[INFO] [stdout] 
[INFO] [stdout] warning: function `hosts_for_path` is never used
[INFO] [stdout]    --> src/hosts.rs:246:8
[INFO] [stdout]     |
[INFO] [stdout] 246 | pub fn hosts_for_path(path: &Path) -> Vec<Box<dyn HostType>> {
[INFO] [stdout]     |        ^^^^^^^^^^^^^^
[INFO] [stdout] 
[INFO] [stdout] 
[INFO] [stderr]     Finished `release` profile [optimized] target(s) in 2m 29s
[INFO] running `Command { std: "docker" "inspect" "5609a0c436aa7adf96dd9296ce33b0c87f140bef37f922b348a9c36d3c292521", kill_on_drop: false }`
[INFO] running `Command { std: "docker" "exec" "-e" "SOURCE_DIR=/opt/rustwide/workdir" "-e" "CARGO_HOME=/opt/rustwide/cargo-home" "-e" "RUSTUP_HOME=/opt/rustwide/rustup-home" "-e" "CARGO_TARGET_DIR=/opt/rustwide/target" "-e" "CARGO_INCREMENTAL=0" "-e" "RUST_BACKTRACE=full" "-e" "RUSTFLAGS=--cap-lints=warn" "-e" "RUSTDOCFLAGS=--cap-lints=warn" "-w" "/opt/rustwide/workdir" "--user" "0:0" "5609a0c436aa7adf96dd9296ce33b0c87f140bef37f922b348a9c36d3c292521" "/opt/rustwide/cargo-home/bin/cargo" "+1.99.0-beta.8" "test" "--frozen" "--no-run" "--message-format=json" "--release", kill_on_drop: false }`
[INFO] [stdout] warning: struct `TranscludeMatch` is never constructed
[INFO] [stdout]   --> src/hosts.rs:15:12
[INFO] [stdout]    |
[INFO] [stdout] 15 | pub struct TranscludeMatch {
[INFO] [stdout]    |            ^^^^^^^^^^^^^^^
[INFO] [stdout]    |
[INFO] [stdout]    = note: `#[warn(dead_code)]` (part of `#[warn(unused)]`) on by default
[INFO] [stdout] 
[INFO] [stdout] 
[INFO] [stdout] warning: trait `HostType` is never used
[INFO] [stdout]   --> src/hosts.rs:22:11
[INFO] [stdout]    |
[INFO] [stdout] 22 | pub trait HostType: Send + Sync {
[INFO] [stdout]    |           ^^^^^^^^
[INFO] [stdout] 
[INFO] [stdout] 
[INFO] [stdout] warning: struct `HtmlElementHost` is never constructed
[INFO] [stdout]   --> src/hosts.rs:49:12
[INFO] [stdout]    |
[INFO] [stdout] 49 | pub struct HtmlElementHost;
[INFO] [stdout]    |            ^^^^^^^^^^^^^^^
[INFO] [stdout] 
[INFO] [stdout] 
[INFO] [stdout] warning: struct `HtmlCommentHost` is never constructed
[INFO] [stdout]    --> src/hosts.rs:107:12
[INFO] [stdout]     |
[INFO] [stdout] 107 | pub struct HtmlCommentHost;
[INFO] [stdout]     |            ^^^^^^^^^^^^^^^
[INFO] [stdout] 
[INFO] [stdout] 
[INFO] [stdout] warning: struct `PlaintextHost` is never constructed
[INFO] [stdout]    --> src/hosts.rs:176:12
[INFO] [stdout]     |
[INFO] [stdout] 176 | pub struct PlaintextHost;
[INFO] [stdout]     |            ^^^^^^^^^^^^^
[INFO] [stdout] 
[INFO] [stdout] 
[INFO] [stdout] warning: function `all_hosts` is never used
[INFO] [stdout]    --> src/hosts.rs:237:8
[INFO] [stdout]     |
[INFO] [stdout] 237 | pub fn all_hosts() -> Vec<Box<dyn HostType>> {
[INFO] [stdout]     |        ^^^^^^^^^
[INFO] [stdout] 
[INFO] [stdout] 
[INFO] [stdout] warning: function `hosts_for_path` is never used
[INFO] [stdout]    --> src/hosts.rs:246:8
[INFO] [stdout]     |
[INFO] [stdout] 246 | pub fn hosts_for_path(path: &Path) -> Vec<Box<dyn HostType>> {
[INFO] [stdout]     |        ^^^^^^^^^^^^^^
[INFO] [stdout] 
[INFO] [stdout] 
[INFO] [stderr]    Compiling liaison v0.2.0 (/opt/rustwide/workdir)
[INFO] [stdout] warning: struct `TranscludeMatch` is never constructed
[INFO] [stdout]   --> src/hosts.rs:15:12
[INFO] [stdout]    |
[INFO] [stdout] 15 | pub struct TranscludeMatch {
[INFO] [stdout]    |            ^^^^^^^^^^^^^^^
[INFO] [stdout]    |
[INFO] [stdout]    = note: `#[warn(dead_code)]` (part of `#[warn(unused)]`) on by default
[INFO] [stdout] 
[INFO] [stdout] 
[INFO] [stdout] warning: trait `HostType` is never used
[INFO] [stdout]   --> src/hosts.rs:22:11
[INFO] [stdout]    |
[INFO] [stdout] 22 | pub trait HostType: Send + Sync {
[INFO] [stdout]    |           ^^^^^^^^
[INFO] [stdout] 
[INFO] [stdout] 
[INFO] [stdout] warning: struct `HtmlElementHost` is never constructed
[INFO] [stdout]   --> src/hosts.rs:49:12
[INFO] [stdout]    |
[INFO] [stdout] 49 | pub struct HtmlElementHost;
[INFO] [stdout]    |            ^^^^^^^^^^^^^^^
[INFO] [stdout] 
[INFO] [stdout] 
[INFO] [stdout] warning: struct `HtmlCommentHost` is never constructed
[INFO] [stdout]    --> src/hosts.rs:107:12
[INFO] [stdout]     |
[INFO] [stdout] 107 | pub struct HtmlCommentHost;
[INFO] [stdout]     |            ^^^^^^^^^^^^^^^
[INFO] [stdout] 
[INFO] [stdout] 
[INFO] [stdout] warning: struct `PlaintextHost` is never constructed
[INFO] [stdout]    --> src/hosts.rs:176:12
[INFO] [stdout]     |
[INFO] [stdout] 176 | pub struct PlaintextHost;
[INFO] [stdout]     |            ^^^^^^^^^^^^^
[INFO] [stdout] 
[INFO] [stdout] 
[INFO] [stdout] warning: function `all_hosts` is never used
[INFO] [stdout]    --> src/hosts.rs:237:8
[INFO] [stdout]     |
[INFO] [stdout] 237 | pub fn all_hosts() -> Vec<Box<dyn HostType>> {
[INFO] [stdout]     |        ^^^^^^^^^
[INFO] [stdout] 
[INFO] [stdout] 
[INFO] [stdout] warning: function `hosts_for_path` is never used
[INFO] [stdout]    --> src/hosts.rs:246:8
[INFO] [stdout]     |
[INFO] [stdout] 246 | pub fn hosts_for_path(path: &Path) -> Vec<Box<dyn HostType>> {
[INFO] [stdout]     |        ^^^^^^^^^^^^^^
[INFO] [stdout] 
[INFO] [stdout] 
[INFO] [stderr]     Finished `release` profile [optimized] target(s) in 8.05s
[INFO] running `Command { std: "docker" "inspect" "5609a0c436aa7adf96dd9296ce33b0c87f140bef37f922b348a9c36d3c292521", kill_on_drop: false }`
[INFO] running `Command { std: "docker" "exec" "-e" "SOURCE_DIR=/opt/rustwide/workdir" "-e" "CARGO_HOME=/opt/rustwide/cargo-home" "-e" "RUSTUP_HOME=/opt/rustwide/rustup-home" "-e" "CARGO_TARGET_DIR=/opt/rustwide/target" "-e" "CARGO_INCREMENTAL=0" "-e" "RUST_BACKTRACE=full" "-e" "RUSTFLAGS=--cap-lints=warn" "-e" "RUSTDOCFLAGS=--cap-lints=warn" "-w" "/opt/rustwide/workdir" "--user" "0:0" "5609a0c436aa7adf96dd9296ce33b0c87f140bef37f922b348a9c36d3c292521" "/opt/rustwide/cargo-home/bin/cargo" "+1.99.0-beta.8" "test" "--frozen" "--release", kill_on_drop: false }`
[INFO] [stderr] warning: struct `TranscludeMatch` is never constructed
[INFO] [stderr]   --> src/hosts.rs:15:12
[INFO] [stderr]    |
[INFO] [stderr] 15 | pub struct TranscludeMatch {
[INFO] [stderr]    |            ^^^^^^^^^^^^^^^
[INFO] [stderr]    |
[INFO] [stderr]    = note: `#[warn(dead_code)]` (part of `#[warn(unused)]`) on by default
[INFO] [stderr] 
[INFO] [stderr] warning: trait `HostType` is never used
[INFO] [stderr]   --> src/hosts.rs:22:11
[INFO] [stderr]    |
[INFO] [stderr] 22 | pub trait HostType: Send + Sync {
[INFO] [stderr]    |           ^^^^^^^^
[INFO] [stderr] 
[INFO] [stderr] warning: struct `HtmlElementHost` is never constructed
[INFO] [stderr]   --> src/hosts.rs:49:12
[INFO] [stderr]    |
[INFO] [stderr] 49 | pub struct HtmlElementHost;
[INFO] [stderr]    |            ^^^^^^^^^^^^^^^
[INFO] [stderr] 
[INFO] [stderr] warning: struct `HtmlCommentHost` is never constructed
[INFO] [stderr]    --> src/hosts.rs:107:12
[INFO] [stderr]     |
[INFO] [stderr] 107 | pub struct HtmlCommentHost;
[INFO] [stderr]     |            ^^^^^^^^^^^^^^^
[INFO] [stderr] 
[INFO] [stderr] warning: struct `PlaintextHost` is never constructed
[INFO] [stderr]    --> src/hosts.rs:176:12
[INFO] [stderr]     |
[INFO] [stderr] 176 | pub struct PlaintextHost;
[INFO] [stderr]     |            ^^^^^^^^^^^^^
[INFO] [stderr] 
[INFO] [stderr] warning: function `all_hosts` is never used
[INFO] [stderr]    --> src/hosts.rs:237:8
[INFO] [stderr]     |
[INFO] [stderr] 237 | pub fn all_hosts() -> Vec<Box<dyn HostType>> {
[INFO] [stderr]     |        ^^^^^^^^^
[INFO] [stderr] 
[INFO] [stderr] warning: function `hosts_for_path` is never used
[INFO] [stderr]    --> src/hosts.rs:246:8
[INFO] [stderr]     |
[INFO] [stderr] 246 | pub fn hosts_for_path(path: &Path) -> Vec<Box<dyn HostType>> {
[INFO] [stderr]     |        ^^^^^^^^^^^^^^
[INFO] [stderr] 
[INFO] [stderr] warning: `liaison` (bin "liaison") generated 7 warnings
[INFO] [stderr] warning: `liaison` (bin "liaison" test) generated 7 warnings (7 duplicates)
[INFO] [stderr]     Finished `release` profile [optimized] target(s) in 0.26s
[INFO] [stderr]      Running unittests src/main.rs (/opt/rustwide/target/release/deps/liaison-9f1c4b506c1ede72)
[INFO] [stdout] 
[INFO] [stdout] running 21 tests
[INFO] [stdout] test html::tests::test_code_element_skips_indentation ... ok
[INFO] [stdout] test html::tests::test_html_escaping ... ok
[INFO] [stdout] test html::tests::test_indent_override_forces_indent_on_pre ... ok
[INFO] [stdout] test html::tests::test_find_attribute_transclude ... ok
[INFO] [stdout] test html::tests::test_pre_element_skips_indentation ... ok
[INFO] [stdout] test html::tests::test_replace_attribute ... ok
[INFO] [stdout] test plaintext::tests::test_end_marker_indentation_ignored ... ok
[INFO] [stdout] test plaintext::tests::test_indentation_normalization ... ok
[INFO] [stdout] test html::tests::test_extract_by_id ... ok
[INFO] [stdout] test resolver::tests::test_reference_parse_basic ... ok
[INFO] [stdout] test resolver::tests::test_reference_parse_noindent ... ok
[INFO] [stdout] test plaintext::tests::test_rust_id_block ... ok
[INFO] [stdout] test html::tests::test_div_element_gets_indentation ... ok
[INFO] [stdout] test html::tests::test_find_transclude_blocks ... ok
[INFO] [stdout] test html::tests::test_noindent_override_prevents_indent_on_div ... ok
[INFO] [stdout] test resolver::tests::test_reference_parse_indent ... ok
[INFO] [stdout] test resolver::tests::test_reference_parse_noindent_and_transform ... ok
[INFO] [stdout] test plaintext::tests::test_rust_transclude_block ... ok
[INFO] [stdout] test resolver::tests::test_reference_parse_transform_and_noindent ... ok
[INFO] [stdout] test resolver::tests::test_reference_parse_with_transform ... ok
[INFO] [stdout] test html::tests::test_replace_preserves_attributes ... ok
[INFO] [stdout] 
[INFO] [stdout] test result: ok. 21 passed; 0 failed; 0 ignored; 0 measured; 0 filtered out; finished in 0.01s
[INFO] [stdout] 
[INFO] [stderr]      Running tests/integration_test.rs (/opt/rustwide/target/release/deps/integration_test-e555daefa474ed7c)
[INFO] [stdout] 
[INFO] [stdout] running 14 tests
[INFO] [stdout] test test_check_flag_no_changes ... FAILED
[INFO] [stdout] test test_html_comment_indentation ... FAILED
[INFO] [stdout] test test_html_comment_transclude ... FAILED
[INFO] [stdout] test test_html_escaping_code_to_html ... FAILED
[INFO] [stdout] test test_html_attribute_order_preserved ... FAILED
[INFO] [stdout] test test_html_element_indentation ... FAILED
[INFO] [stdout] test test_html_no_escape_html_to_html ... FAILED
[INFO] [stdout] test test_reset_plaintext ... FAILED
[INFO] [stdout] test test_self_closing_tag_transclude ... FAILED
[INFO] [stdout] test test_recursive_html_to_html_with_comment ... FAILED
[INFO] [stdout] test test_reset_html ... FAILED
[INFO] [stdout] test test_html_transclude ... FAILED
[INFO] [stdout] test test_plaintext_transclude ... FAILED
[INFO] [stdout] test test_cycle_detection ... FAILED
[INFO] [stdout] 
[INFO] [stdout] failures:
[INFO] [stdout] 
[INFO] [stdout] ---- test_check_flag_no_changes stdout ----
[INFO] [stdout] 
[INFO] [stdout] thread 'test_check_flag_no_changes' (1474) panicked at tests/integration_test.rs:21:35:
[INFO] [stdout] called `Result::unwrap()` on an `Err` value: Os { code: 30, kind: ReadOnlyFilesystem, message: "Read-only file system" }
[INFO] [stdout] stack backtrace:
[INFO] [stdout]    0:     0x5a7cf1726a71 - <<std[70759c8f55707aa4]::sys::backtrace::BacktraceLock>::print::DisplayBacktrace as core[df12db4294e9bfd3]::fmt::Display>::fmt
[INFO] [stdout]    1:     0x5a7cf173b16a - core[df12db4294e9bfd3]::fmt::write
[INFO] [stdout]    2:     0x5a7cf172b14c - <alloc[2182bb758b4b3781]::vec::Vec<u8> as core[df12db4294e9bfd3]::io::write::Write>::write_fmt
[INFO] [stdout]    3:     0x5a7cf1702926 - std[70759c8f55707aa4]::panicking::default_hook::{closure#0}
[INFO] [stdout]    4:     0x5a7cf171eb99 - std[70759c8f55707aa4]::panicking::default_hook
[INFO] [stdout]    5:     0x5a7cf16ba920 - test[9d35eded1c95d3be]::test_main_inner::<test[9d35eded1c95d3be]::test_main_static::{closure#0}>::{closure#0}
[INFO] [stdout]    6:     0x5a7cf171ed52 - std[70759c8f55707aa4]::panicking::panic_with_hook
[INFO] [stdout]    7:     0x5a7cf17029d2 - std[70759c8f55707aa4]::panicking::panic_handler::{closure#0}
[INFO] [stdout]    8:     0x5a7cf16fb519 - std[70759c8f55707aa4]::sys::backtrace::__rust_end_short_backtrace::<std[70759c8f55707aa4]::panicking::panic_handler::{closure#0}, !>
[INFO] [stdout]    9:     0x5a7cf17035cd - __rustc[8fa7c3cbc660c2b3]::rust_begin_unwind
[INFO] [stdout]   10:     0x5a7cf173b89c - core[df12db4294e9bfd3]::panicking::panic_fmt
[INFO] [stdout]   11:     0x5a7cf173b672 - core[df12db4294e9bfd3]::result::unwrap_failed
[INFO] [stdout]   12:     0x5a7cf16aa4c2 - <integration_test[f031b7e96af9efab]::TempFile>::new
[INFO] [stdout]   13:     0x5a7cf16ac530 - <integration_test[f031b7e96af9efab]::test_check_flag_no_changes::{closure#0} as core[df12db4294e9bfd3]::ops::function::FnOnce<()>>::call_once
[INFO] [stdout]   14:     0x5a7cf16adc0b - test[9d35eded1c95d3be]::__rust_begin_short_backtrace::<core[df12db4294e9bfd3]::result::Result<(), alloc[2182bb758b4b3781]::string::String>, fn() -> core[df12db4294e9bfd3]::result::Result<(), alloc[2182bb758b4b3781]::string::String>>
[INFO] [stdout]   15:     0x5a7cf16bb275 - test[9d35eded1c95d3be]::run_test::{closure#0}
[INFO] [stdout]   16:     0x5a7cf16b4b34 - std[70759c8f55707aa4]::sys::backtrace::__rust_begin_short_backtrace::<test[9d35eded1c95d3be]::run_test::{closure#1}, ()>
[INFO] [stdout]   17:     0x5a7cf16be3d2 - <std[70759c8f55707aa4]::thread::lifecycle::spawn_unchecked<test[9d35eded1c95d3be]::run_test::{closure#1}, ()>::{closure#1} as core[df12db4294e9bfd3]::ops::function::FnOnce<()>>::call_once::{shim:vtable#0}
[INFO] [stdout]   18:     0x5a7cf1725de9 - <std[70759c8f55707aa4]::sys::thread::unix::Thread>::new::thread_start
[INFO] [stdout]   19:     0x7eb81d04fdfa - <unknown>
[INFO] [stdout]   20:     0x7eb81d0e33d4 - clone
[INFO] [stdout]   21:                0x0 - <unknown>
[INFO] [stdout] 
[INFO] [stdout] ---- test_html_comment_indentation stdout ----
[INFO] [stdout] 
[INFO] [stdout] thread 'test_html_comment_indentation' (1478) panicked at tests/integration_test.rs:21:35:
[INFO] [stdout] called `Result::unwrap()` on an `Err` value: Os { code: 30, kind: ReadOnlyFilesystem, message: "Read-only file system" }
[INFO] [stdout] stack backtrace:
[INFO] [stdout]    0:     0x5a7cf1726a71 - <<std[70759c8f55707aa4]::sys::backtrace::BacktraceLock>::print::DisplayBacktrace as core[df12db4294e9bfd3]::fmt::Display>::fmt
[INFO] [stdout]    1:     0x5a7cf173b16a - core[df12db4294e9bfd3]::fmt::write
[INFO] [stdout]    2:     0x5a7cf172b14c - <alloc[2182bb758b4b3781]::vec::Vec<u8> as core[df12db4294e9bfd3]::io::write::Write>::write_fmt
[INFO] [stdout]    3:     0x5a7cf1702926 - std[70759c8f55707aa4]::panicking::default_hook::{closure#0}
[INFO] [stdout]    4:     0x5a7cf171eb99 - std[70759c8f55707aa4]::panicking::default_hook
[INFO] [stdout]    5:     0x5a7cf16ba920 - test[9d35eded1c95d3be]::test_main_inner::<test[9d35eded1c95d3be]::test_main_static::{closure#0}>::{closure#0}
[INFO] [stdout]    6:     0x5a7cf171ed52 - std[70759c8f55707aa4]::panicking::panic_with_hook
[INFO] [stdout]    7:     0x5a7cf17029d2 - std[70759c8f55707aa4]::panicking::panic_handler::{closure#0}
[INFO] [stdout]    8:     0x5a7cf16fb519 - std[70759c8f55707aa4]::sys::backtrace::__rust_end_short_backtrace::<std[70759c8f55707aa4]::panicking::panic_handler::{closure#0}, !>
[INFO] [stdout]    9:     0x5a7cf17035cd - __rustc[8fa7c3cbc660c2b3]::rust_begin_unwind
[INFO] [stdout]   10:     0x5a7cf173b89c - core[df12db4294e9bfd3]::panicking::panic_fmt
[INFO] [stdout]   11:     0x5a7cf173b672 - core[df12db4294e9bfd3]::result::unwrap_failed
[INFO] [stdout]   12:     0x5a7cf16aa4c2 - <integration_test[f031b7e96af9efab]::TempFile>::new
[INFO] [stdout]   13:     0x5a7cf16ac9a4 - <integration_test[f031b7e96af9efab]::test_html_comment_indentation::{closure#0} as core[df12db4294e9bfd3]::ops::function::FnOnce<()>>::call_once
[INFO] [stdout]   14:     0x5a7cf16adc0b - test[9d35eded1c95d3be]::__rust_begin_short_backtrace::<core[df12db4294e9bfd3]::result::Result<(), alloc[2182bb758b4b3781]::string::String>, fn() -> core[df12db4294e9bfd3]::result::Result<(), alloc[2182bb758b4b3781]::string::String>>
[INFO] [stdout]   15:     0x5a7cf16bb275 - test[9d35eded1c95d3be]::run_test::{closure#0}
[INFO] [stdout]   16:     0x5a7cf16b4b34 - std[70759c8f55707aa4]::sys::backtrace::__rust_begin_short_backtrace::<test[9d35eded1c95d3be]::run_test::{closure#1}, ()>
[INFO] [stdout]   17:     0x5a7cf16be3d2 - <std[70759c8f55707aa4]::thread::lifecycle::spawn_unchecked<test[9d35eded1c95d3be]::run_test::{closure#1}, ()>::{closure#1} as core[df12db4294e9bfd3]::ops::function::FnOnce<()>>::call_once::{shim:vtable#0}
[INFO] [stdout]   18:     0x5a7cf1725de9 - <std[70759c8f55707aa4]::sys::thread::unix::Thread>::new::thread_start
[INFO] [stdout]   19:     0x7eb81d04fdfa - <unknown>
[INFO] [stdout]   20:     0x7eb81d0e33d4 - clone
[INFO] [stdout]   21:                0x0 - <unknown>
[INFO] [stdout] 
[INFO] [stdout] ---- test_html_comment_transclude stdout ----
[INFO] [stdout] 
[INFO] [stdout] thread 'test_html_comment_transclude' (1479) panicked at tests/integration_test.rs:21:35:
[INFO] [stdout] called `Result::unwrap()` on an `Err` value: Os { code: 30, kind: ReadOnlyFilesystem, message: "Read-only file system" }
[INFO] [stdout] stack backtrace:
[INFO] [stdout]    0:     0x5a7cf1726a71 - <<std[70759c8f55707aa4]::sys::backtrace::BacktraceLock>::print::DisplayBacktrace as core[df12db4294e9bfd3]::fmt::Display>::fmt
[INFO] [stdout]    1:     0x5a7cf173b16a - core[df12db4294e9bfd3]::fmt::write
[INFO] [stdout]    2:     0x5a7cf172b14c - <alloc[2182bb758b4b3781]::vec::Vec<u8> as core[df12db4294e9bfd3]::io::write::Write>::write_fmt
[INFO] [stdout]    3:     0x5a7cf1702926 - std[70759c8f55707aa4]::panicking::default_hook::{closure#0}
[INFO] [stdout]    4:     0x5a7cf171eb99 - std[70759c8f55707aa4]::panicking::default_hook
[INFO] [stdout]    5:     0x5a7cf16ba920 - test[9d35eded1c95d3be]::test_main_inner::<test[9d35eded1c95d3be]::test_main_static::{closure#0}>::{closure#0}
[INFO] [stdout]    6:     0x5a7cf171ed52 - std[70759c8f55707aa4]::panicking::panic_with_hook
[INFO] [stdout]    7:     0x5a7cf17029d2 - std[70759c8f55707aa4]::panicking::panic_handler::{closure#0}
[INFO] [stdout]    8:     0x5a7cf16fb519 - std[70759c8f55707aa4]::sys::backtrace::__rust_end_short_backtrace::<std[70759c8f55707aa4]::panicking::panic_handler::{closure#0}, !>
[INFO] [stdout]    9:     0x5a7cf17035cd - __rustc[8fa7c3cbc660c2b3]::rust_begin_unwind
[INFO] [stdout]   10:     0x5a7cf173b89c - core[df12db4294e9bfd3]::panicking::panic_fmt
[INFO] [stdout]   11:     0x5a7cf173b672 - core[df12db4294e9bfd3]::result::unwrap_failed
[INFO] [stdout]   12:     0x5a7cf16aa4c2 - <integration_test[f031b7e96af9efab]::TempFile>::new
[INFO] [stdout]   13:     0x5a7cf16ac763 - <integration_test[f031b7e96af9efab]::test_html_comment_transclude::{closure#0} as core[df12db4294e9bfd3]::ops::function::FnOnce<()>>::call_once
[INFO] [stdout]   14:     0x5a7cf16adc0b - test[9d35eded1c95d3be]::__rust_begin_short_backtrace::<core[df12db4294e9bfd3]::result::Result<(), alloc[2182bb758b4b3781]::string::String>, fn() -> core[df12db4294e9bfd3]::result::Result<(), alloc[2182bb758b4b3781]::string::String>>
[INFO] [stdout]   15:     0x5a7cf16bb275 - test[9d35eded1c95d3be]::run_test::{closure#0}
[INFO] [stdout]   16:     0x5a7cf16b4b34 - std[70759c8f55707aa4]::sys::backtrace::__rust_begin_short_backtrace::<test[9d35eded1c95d3be]::run_test::{closure#1}, ()>
[INFO] [stdout]   17:     0x5a7cf16be3d2 - <std[70759c8f55707aa4]::thread::lifecycle::spawn_unchecked<test[9d35eded1c95d3be]::run_test::{closure#1}, ()>::{closure#1} as core[df12db4294e9bfd3]::ops::function::FnOnce<()>>::call_once::{shim:vtable#0}
[INFO] [stdout]   18:     0x5a7cf1725de9 - <std[70759c8f55707aa4]::sys::thread::unix::Thread>::new::thread_start
[INFO] [stdout]   19:     0x7eb81d04fdfa - <unknown>
[INFO] [stdout]   20:     0x7eb81d0e33d4 - clone
[INFO] [stdout]   21:                0x0 - <unknown>
[INFO] [stdout] 
[INFO] [stdout] ---- test_html_escaping_code_to_html stdout ----
[INFO] [stdout] 
[INFO] [stdout] thread 'test_html_escaping_code_to_html' (1481) panicked at tests/integration_test.rs:21:35:
[INFO] [stdout] called `Result::unwrap()` on an `Err` value: Os { code: 30, kind: ReadOnlyFilesystem, message: "Read-only file system" }
[INFO] [stdout] stack backtrace:
[INFO] [stdout]    0:     0x5a7cf1726a71 - <<std[70759c8f55707aa4]::sys::backtrace::BacktraceLock>::print::DisplayBacktrace as core[df12db4294e9bfd3]::fmt::Display>::fmt
[INFO] [stdout]    1:     0x5a7cf173b16a - core[df12db4294e9bfd3]::fmt::write
[INFO] [stdout]    2:     0x5a7cf172b14c - <alloc[2182bb758b4b3781]::vec::Vec<u8> as core[df12db4294e9bfd3]::io::write::Write>::write_fmt
[INFO] [stdout]    3:     0x5a7cf1702926 - std[70759c8f55707aa4]::panicking::default_hook::{closure#0}
[INFO] [stdout]    4:     0x5a7cf171eb99 - std[70759c8f55707aa4]::panicking::default_hook
[INFO] [stdout]    5:     0x5a7cf16ba920 - test[9d35eded1c95d3be]::test_main_inner::<test[9d35eded1c95d3be]::test_main_static::{closure#0}>::{closure#0}
[INFO] [stdout]    6:     0x5a7cf171ed52 - std[70759c8f55707aa4]::panicking::panic_with_hook
[INFO] [stdout]    7:     0x5a7cf17029d2 - std[70759c8f55707aa4]::panicking::panic_handler::{closure#0}
[INFO] [stdout]    8:     0x5a7cf16fb519 - std[70759c8f55707aa4]::sys::backtrace::__rust_end_short_backtrace::<std[70759c8f55707aa4]::panicking::panic_handler::{closure#0}, !>
[INFO] [stdout]    9:     0x5a7cf17035cd - __rustc[8fa7c3cbc660c2b3]::rust_begin_unwind
[INFO] [stdout]   10:     0x5a7cf173b89c - core[df12db4294e9bfd3]::panicking::panic_fmt
[INFO] [stdout]   11:     0x5a7cf173b672 - core[df12db4294e9bfd3]::result::unwrap_failed
[INFO] [stdout]   12:     0x5a7cf16aa4c2 - <integration_test[f031b7e96af9efab]::TempFile>::new
[INFO] [stdout]   13:     0x5a7cf16acec4 - <integration_test[f031b7e96af9efab]::test_html_escaping_code_to_html::{closure#0} as core[df12db4294e9bfd3]::ops::function::FnOnce<()>>::call_once
[INFO] [stdout]   14:     0x5a7cf16adc0b - test[9d35eded1c95d3be]::__rust_begin_short_backtrace::<core[df12db4294e9bfd3]::result::Result<(), alloc[2182bb758b4b3781]::string::String>, fn() -> core[df12db4294e9bfd3]::result::Result<(), alloc[2182bb758b4b3781]::string::String>>
[INFO] [stdout]   15:     0x5a7cf16bb275 - test[9d35eded1c95d3be]::run_test::{closure#0}
[INFO] [stdout]   16:     0x5a7cf16b4b34 - std[70759c8f55707aa4]::sys::backtrace::__rust_begin_short_backtrace::<test[9d35eded1c95d3be]::run_test::{closure#1}, ()>
[INFO] [stdout]   17:     0x5a7cf16be3d2 - <std[70759c8f55707aa4]::thread::lifecycle::spawn_unchecked<test[9d35eded1c95d3be]::run_test::{closure#1}, ()>::{closure#1} as core[df12db4294e9bfd3]::ops::function::FnOnce<()>>::call_once::{shim:vtable#0}
[INFO] [stdout]   18:     0x5a7cf1725de9 - <std[70759c8f55707aa4]::sys::thread::unix::Thread>::new::thread_start
[INFO] [stdout]   19:     0x7eb81d04fdfa - <unknown>
[INFO] [stdout]   20:     0x7eb81d0e33d4 - clone
[INFO] [stdout]   21:                0x0 - <unknown>
[INFO] [stdout] 
[INFO] [stdout] ---- test_html_attribute_order_preserved stdout ----
[INFO] [stdout] 
[INFO] [stdout] thread 'test_html_attribute_order_preserved' (1477) panicked at tests/integration_test.rs:21:35:
[INFO] [stdout] called `Result::unwrap()` on an `Err` value: Os { code: 30, kind: ReadOnlyFilesystem, message: "Read-only file system" }
[INFO] [stdout] stack backtrace:
[INFO] [stdout]    0:     0x5a7cf1726a71 - <<std[70759c8f55707aa4]::sys::backtrace::BacktraceLock>::print::DisplayBacktrace as core[df12db4294e9bfd3]::fmt::Display>::fmt
[INFO] [stdout]    1:     0x5a7cf173b16a - core[df12db4294e9bfd3]::fmt::write
[INFO] [stdout]    2:     0x5a7cf172b14c - <alloc[2182bb758b4b3781]::vec::Vec<u8> as core[df12db4294e9bfd3]::io::write::Write>::write_fmt
[INFO] [stdout]    3:     0x5a7cf1702926 - std[70759c8f55707aa4]::panicking::default_hook::{closure#0}
[INFO] [stdout]    4:     0x5a7cf171eb99 - std[70759c8f55707aa4]::panicking::default_hook
[INFO] [stdout]    5:     0x5a7cf16ba920 - test[9d35eded1c95d3be]::test_main_inner::<test[9d35eded1c95d3be]::test_main_static::{closure#0}>::{closure#0}
[INFO] [stdout]    6:     0x5a7cf171ed52 - std[70759c8f55707aa4]::panicking::panic_with_hook
[INFO] [stdout]    7:     0x5a7cf17029d2 - std[70759c8f55707aa4]::panicking::panic_handler::{closure#0}
[INFO] [stdout]    8:     0x5a7cf16fb519 - std[70759c8f55707aa4]::sys::backtrace::__rust_end_short_backtrace::<std[70759c8f55707aa4]::panicking::panic_handler::{closure#0}, !>
[INFO] [stdout]    9:     0x5a7cf17035cd - __rustc[8fa7c3cbc660c2b3]::rust_begin_unwind
[INFO] [stdout]   10:     0x5a7cf173b89c - core[df12db4294e9bfd3]::panicking::panic_fmt
[INFO] [stdout]   11:     0x5a7cf173b672 - core[df12db4294e9bfd3]::result::unwrap_failed
[INFO] [stdout]   12:     0x5a7cf16aa4c2 - <integration_test[f031b7e96af9efab]::TempFile>::new
[INFO] [stdout]   13:     0x5a7cf16ad694 - <integration_test[f031b7e96af9efab]::test_html_attribute_order_preserved::{closure#0} as core[df12db4294e9bfd3]::ops::function::FnOnce<()>>::call_once
[INFO] [stdout]   14:     0x5a7cf16adc0b - test[9d35eded1c95d3be]::__rust_begin_short_backtrace::<core[df12db4294e9bfd3]::result::Result<(), alloc[2182bb758b4b3781]::string::String>, fn() -> core[df12db4294e9bfd3]::result::Result<(), alloc[2182bb758b4b3781]::string::String>>
[INFO] [stdout]   15:     0x5a7cf16bb275 - test[9d35eded1c95d3be]::run_test::{closure#0}
[INFO] [stdout]   16:     0x5a7cf16b4b34 - std[70759c8f55707aa4]::sys::backtrace::__rust_begin_short_backtrace::<test[9d35eded1c95d3be]::run_test::{closure#1}, ()>
[INFO] [stdout]   17:     0x5a7cf16be3d2 - <std[70759c8f55707aa4]::thread::lifecycle::spawn_unchecked<test[9d35eded1c95d3be]::run_test::{closure#1}, ()>::{closure#1} as core[df12db4294e9bfd3]::ops::function::FnOnce<()>>::call_once::{shim:vtable#0}
[INFO] [stdout]   18:     0x5a7cf1725de9 - <std[70759c8f55707aa4]::sys::thread::unix::Thread>::new::thread_start
[INFO] [stdout]   19:     0x7eb81d04fdfa - <unknown>
[INFO] [stdout]   20:     0x7eb81d0e33d4 - clone
[INFO] [stdout]   21:                0x0 - <unknown>
[INFO] [stdout] 
[INFO] [stdout] ---- test_html_element_indentation stdout ----
[INFO] [stdout] 
[INFO] [stdout] thread 'test_html_element_indentation' (1480) panicked at tests/integration_test.rs:21:35:
[INFO] [stdout] called `Result::unwrap()` on an `Err` value: Os { code: 30, kind: ReadOnlyFilesystem, message: "Read-only file system" }
[INFO] [stdout] stack backtrace:
[INFO] [stdout]    0:     0x5a7cf1726a71 - <<std[70759c8f55707aa4]::sys::backtrace::BacktraceLock>::print::DisplayBacktrace as core[df12db4294e9bfd3]::fmt::Display>::fmt
[INFO] [stdout]    1:     0x5a7cf173b16a - core[df12db4294e9bfd3]::fmt::write
[INFO] [stdout]    2:     0x5a7cf172b14c - <alloc[2182bb758b4b3781]::vec::Vec<u8> as core[df12db4294e9bfd3]::io::write::Write>::write_fmt
[INFO] [stdout]    3:     0x5a7cf1702926 - std[70759c8f55707aa4]::panicking::default_hook::{closure#0}
[INFO] [stdout]    4:     0x5a7cf171eb99 - std[70759c8f55707aa4]::panicking::default_hook
[INFO] [stdout]    5:     0x5a7cf16ba920 - test[9d35eded1c95d3be]::test_main_inner::<test[9d35eded1c95d3be]::test_main_static::{closure#0}>::{closure#0}
[INFO] [stdout]    6:     0x5a7cf171ed52 - std[70759c8f55707aa4]::panicking::panic_with_hook
[INFO] [stdout]    7:     0x5a7cf17029d2 - std[70759c8f55707aa4]::panicking::panic_handler::{closure#0}
[INFO] [stdout]    8:     0x5a7cf16fb519 - std[70759c8f55707aa4]::sys::backtrace::__rust_end_short_backtrace::<std[70759c8f55707aa4]::panicking::panic_handler::{closure#0}, !>
[INFO] [stdout]    9:     0x5a7cf17035cd - __rustc[8fa7c3cbc660c2b3]::rust_begin_unwind
[INFO] [stdout]   10:     0x5a7cf173b89c - core[df12db4294e9bfd3]::panicking::panic_fmt
[INFO] [stdout]   11:     0x5a7cf173b672 - core[df12db4294e9bfd3]::result::unwrap_failed
[INFO] [stdout]   12:     0x5a7cf16aa4c2 - <integration_test[f031b7e96af9efab]::TempFile>::new
[INFO] [stdout]   13:     0x5a7cf16acc06 - <integration_test[f031b7e96af9efab]::test_html_element_indentation::{closure#0} as core[df12db4294e9bfd3]::ops::function::FnOnce<()>>::call_once
[INFO] [stdout]   14:     0x5a7cf16adc0b - test[9d35eded1c95d3be]::__rust_begin_short_backtrace::<core[df12db4294e9bfd3]::result::Result<(), alloc[2182bb758b4b3781]::string::String>, fn() -> core[df12db4294e9bfd3]::result::Result<(), alloc[2182bb758b4b3781]::string::String>>
[INFO] [stdout]   15:     0x5a7cf16bb275 - test[9d35eded1c95d3be]::run_test::{closure#0}
[INFO] [stdout]   16:     0x5a7cf16b4b34 - std[70759c8f55707aa4]::sys::backtrace::__rust_begin_short_backtrace::<test[9d35eded1c95d3be]::run_test::{closure#1}, ()>
[INFO] [stdout]   17:     0x5a7cf16be3d2 - <std[70759c8f55707aa4]::thread::lifecycle::spawn_unchecked<test[9d35eded1c95d3be]::run_test::{closure#1}, ()>::{closure#1} as core[df12db4294e9bfd3]::ops::function::FnOnce<()>>::call_once::{shim:vtable#0}
[INFO] [stdout]   18:     0x5a7cf1725de9 - <std[70759c8f55707aa4]::sys::thread::unix::Thread>::new::thread_start
[INFO] [stdout]   19:     0x7eb81d04fdfa - <unknown>
[INFO] [stdout]   20:     0x7eb81d0e33d4 - clone
[INFO] [stdout]   21:                0x0 - <unknown>
[INFO] [stdout] 
[INFO] [stdout] ---- test_html_no_escape_html_to_html stdout ----
[INFO] [stdout] 
[INFO] [stdout] thread 'test_html_no_escape_html_to_html' (1482) panicked at tests/integration_test.rs:21:35:
[INFO] [stdout] called `Result::unwrap()` on an `Err` value: Os { code: 30, kind: ReadOnlyFilesystem, message: "Read-only file system" }
[INFO] [stdout] stack backtrace:
[INFO] [stdout]    0:     0x5a7cf1726a71 - <<std[70759c8f55707aa4]::sys::backtrace::BacktraceLock>::print::DisplayBacktrace as core[df12db4294e9bfd3]::fmt::Display>::fmt
[INFO] [stdout]    1:     0x5a7cf173b16a - core[df12db4294e9bfd3]::fmt::write
[INFO] [stdout]    2:     0x5a7cf172b14c - <alloc[2182bb758b4b3781]::vec::Vec<u8> as core[df12db4294e9bfd3]::io::write::Write>::write_fmt
[INFO] [stdout]    3:     0x5a7cf1702926 - std[70759c8f55707aa4]::panicking::default_hook::{closure#0}
[INFO] [stdout]    4:     0x5a7cf171eb99 - std[70759c8f55707aa4]::panicking::default_hook
[INFO] [stdout]    5:     0x5a7cf16ba920 - test[9d35eded1c95d3be]::test_main_inner::<test[9d35eded1c95d3be]::test_main_static::{closure#0}>::{closure#0}
[INFO] [stdout]    6:     0x5a7cf171ed52 - std[70759c8f55707aa4]::panicking::panic_with_hook
[INFO] [stdout]    7:     0x5a7cf17029d2 - std[70759c8f55707aa4]::panicking::panic_handler::{closure#0}
[INFO] [stdout]    8:     0x5a7cf16fb519 - std[70759c8f55707aa4]::sys::backtrace::__rust_end_short_backtrace::<std[70759c8f55707aa4]::panicking::panic_handler::{closure#0}, !>
[INFO] [stdout]    9:     0x5a7cf17035cd - __rustc[8fa7c3cbc660c2b3]::rust_begin_unwind
[INFO] [stdout]   10:     0x5a7cf173b89c - core[df12db4294e9bfd3]::panicking::panic_fmt
[INFO] [stdout]   11:     0x5a7cf173b672 - core[df12db4294e9bfd3]::result::unwrap_failed
[INFO] [stdout]   12:     0x5a7cf16aa4c2 - <integration_test[f031b7e96af9efab]::TempFile>::new
[INFO] [stdout]   13:     0x5a7cf16ad144 - <integration_test[f031b7e96af9efab]::test_html_no_escape_html_to_html::{closure#0} as core[df12db4294e9bfd3]::ops::function::FnOnce<()>>::call_once
[INFO] [stdout]   14:     0x5a7cf16adc0b - test[9d35eded1c95d3be]::__rust_begin_short_backtrace::<core[df12db4294e9bfd3]::result::Result<(), alloc[2182bb758b4b3781]::string::String>, fn() -> core[df12db4294e9bfd3]::result::Result<(), alloc[2182bb758b4b3781]::string::String>>
[INFO] [stdout]   15:     0x5a7cf16bb275 - test[9d35eded1c95d3be]::run_test::{closure#0}
[INFO] [stdout]   16:     0x5a7cf16b4b34 - std[70759c8f55707aa4]::sys::backtrace::__rust_begin_short_backtrace::<test[9d35eded1c95d3be]::run_test::{closure#1}, ()>
[INFO] [stdout]   17:     0x5a7cf16be3d2 - <std[70759c8f55707aa4]::thread::lifecycle::spawn_unchecked<test[9d35eded1c95d3be]::run_test::{closure#1}, ()>::{closure#1} as core[df12db4294e9bfd3]::ops::function::FnOnce<()>>::call_once::{shim:vtable#0}
[INFO] [stdout]   18:     0x5a7cf1725de9 - <std[70759c8f55707aa4]::sys::thread::unix::Thread>::new::thread_start
[INFO] [stdout]   19:     0x7eb81d04fdfa - <unknown>
[INFO] [stdout]   20:     0x7eb81d0e33d4 - clone
[INFO] [stdout]   21:                0x0 - <unknown>
[INFO] [stdout] 
[INFO] [stdout] ---- test_reset_plaintext stdout ----
[INFO] [stdout] 
[INFO] [stdout] thread 'test_reset_plaintext' (1489) panicked at tests/integration_test.rs:21:35:
[INFO] [stdout] called `Result::unwrap()` on an `Err` value: Os { code: 30, kind: ReadOnlyFilesystem, message: "Read-only file system" }
[INFO] [stdout] stack backtrace:
[INFO] [stdout]    0:     0x5a7cf1726a71 - <<std[70759c8f55707aa4]::sys::backtrace::BacktraceLock>::print::DisplayBacktrace as core[df12db4294e9bfd3]::fmt::Display>::fmt
[INFO] [stdout]    1:     0x5a7cf173b16a - core[df12db4294e9bfd3]::fmt::write
[INFO] [stdout]    2:     0x5a7cf172b14c - <alloc[2182bb758b4b3781]::vec::Vec<u8> as core[df12db4294e9bfd3]::io::write::Write>::write_fmt
[INFO] [stdout]    3:     0x5a7cf1702926 - std[70759c8f55707aa4]::panicking::default_hook::{closure#0}
[INFO] [stdout]    4:     0x5a7cf171eb99 - std[70759c8f55707aa4]::panicking::default_hook
[INFO] [stdout]    5:     0x5a7cf16ba920 - test[9d35eded1c95d3be]::test_main_inner::<test[9d35eded1c95d3be]::test_main_static::{closure#0}>::{closure#0}
[INFO] [stdout]    6:     0x5a7cf171ed52 - std[70759c8f55707aa4]::panicking::panic_with_hook
[INFO] [stdout]    7:     0x5a7cf17029d2 - std[70759c8f55707aa4]::panicking::panic_handler::{closure#0}
[INFO] [stdout]    8:     0x5a7cf16fb519 - std[70759c8f55707aa4]::sys::backtrace::__rust_end_short_backtrace::<std[70759c8f55707aa4]::panicking::panic_handler::{closure#0}, !>
[INFO] [stdout]    9:     0x5a7cf17035cd - __rustc[8fa7c3cbc660c2b3]::rust_begin_unwind
[INFO] [stdout]   10:     0x5a7cf173b89c - core[df12db4294e9bfd3]::panicking::panic_fmt
[INFO] [stdout]   11:     0x5a7cf173b672 - core[df12db4294e9bfd3]::result::unwrap_failed
[INFO] [stdout]   12:     0x5a7cf16aa4c2 - <integration_test[f031b7e96af9efab]::TempFile>::new
[INFO] [stdout]   13:     0x5a7cf16abc67 - <integration_test[f031b7e96af9efab]::test_reset_plaintext::{closure#0} as core[df12db4294e9bfd3]::ops::function::FnOnce<()>>::call_once
[INFO] [stdout]   14:     0x5a7cf16adc0b - test[9d35eded1c95d3be]::__rust_begin_short_backtrace::<core[df12db4294e9bfd3]::result::Result<(), alloc[2182bb758b4b3781]::string::String>, fn() -> core[df12db4294e9bfd3]::result::Result<(), alloc[2182bb758b4b3781]::string::String>>
[INFO] [stdout]   15:     0x5a7cf16bb275 - test[9d35eded1c95d3be]::run_test::{closure#0}
[INFO] [stdout]   16:     0x5a7cf16b4b34 - std[70759c8f55707aa4]::sys::backtrace::__rust_begin_short_backtrace::<test[9d35eded1c95d3be]::run_test::{closure#1}, ()>
[INFO] [stdout]   17:     0x5a7cf16be3d2 - <std[70759c8f55707aa4]::thread::lifecycle::spawn_unchecked<test[9d35eded1c95d3be]::run_test::{closure#1}, ()>::{closure#1} as core[df12db4294e9bfd3]::ops::function::FnOnce<()>>::call_once::{shim:vtable#0}
[INFO] [stdout]   18:     0x5a7cf1725de9 - <std[70759c8f55707aa4]::sys::thread::unix::Thread>::new::thread_start
[INFO] [stdout]   19:     0x7eb81d04fdfa - <unknown>
[INFO] [stdout]   20:     0x7eb81d0e33d4 - clone
[INFO] [stdout]   21:                0x0 - <unknown>
[INFO] [stdout] 
[INFO] [stdout] ---- test_self_closing_tag_transclude stdout ----
[INFO] [stdout] 
[INFO] [stdout] thread 'test_self_closing_tag_transclude' (1490) panicked at tests/integration_test.rs:21:35:
[INFO] [stdout] called `Result::unwrap()` on an `Err` value: Os { code: 30, kind: ReadOnlyFilesystem, message: "Read-only file system" }
[INFO] [stdout] stack backtrace:
[INFO] [stdout]    0:     0x5a7cf1726a71 - <<std[70759c8f55707aa4]::sys::backtrace::BacktraceLock>::print::DisplayBacktrace as core[df12db4294e9bfd3]::fmt::Display>::fmt
[INFO] [stdout]    1:     0x5a7cf173b16a - core[df12db4294e9bfd3]::fmt::write
[INFO] [stdout]    2:     0x5a7cf172b14c - <alloc[2182bb758b4b3781]::vec::Vec<u8> as core[df12db4294e9bfd3]::io::write::Write>::write_fmt
[INFO] [stdout]    3:     0x5a7cf1702926 - std[70759c8f55707aa4]::panicking::default_hook::{closure#0}
[INFO] [stdout]    4:     0x5a7cf171eb99 - std[70759c8f55707aa4]::panicking::default_hook
[INFO] [stdout]    5:     0x5a7cf16ba920 - test[9d35eded1c95d3be]::test_main_inner::<test[9d35eded1c95d3be]::test_main_static::{closure#0}>::{closure#0}
[INFO] [stdout]    6:     0x5a7cf171ed52 - std[70759c8f55707aa4]::panicking::panic_with_hook
[INFO] [stdout]    7:     0x5a7cf17029d2 - std[70759c8f55707aa4]::panicking::panic_handler::{closure#0}
[INFO] [stdout]    8:     0x5a7cf16fb519 - std[70759c8f55707aa4]::sys::backtrace::__rust_end_short_backtrace::<std[70759c8f55707aa4]::panicking::panic_handler::{closure#0}, !>
[INFO] [stdout]    9:     0x5a7cf17035cd - __rustc[8fa7c3cbc660c2b3]::rust_begin_unwind
[INFO] [stdout]   10:     0x5a7cf173b89c - core[df12db4294e9bfd3]::panicking::panic_fmt
[INFO] [stdout]   11:     0x5a7cf173b672 - core[df12db4294e9bfd3]::result::unwrap_failed
[INFO] [stdout]   12:     0x5a7cf16aa4c2 - <integration_test[f031b7e96af9efab]::TempFile>::new
[INFO] [stdout]   13:     0x5a7cf16ad3b4 - <integration_test[f031b7e96af9efab]::test_self_closing_tag_transclude::{closure#0} as core[df12db4294e9bfd3]::ops::function::FnOnce<()>>::call_once
[INFO] [stdout]   14:     0x5a7cf16adc0b - test[9d35eded1c95d3be]::__rust_begin_short_backtrace::<core[df12db4294e9bfd3]::result::Result<(), alloc[2182bb758b4b3781]::string::String>, fn() -> core[df12db4294e9bfd3]::result::Result<(), alloc[2182bb758b4b3781]::string::String>>
[INFO] [stdout]   15:     0x5a7cf16bb275 - test[9d35eded1c95d3be]::run_test::{closure#0}
[INFO] [stdout]   16:     0x5a7cf16b4b34 - std[70759c8f55707aa4]::sys::backtrace::__rust_begin_short_backtrace::<test[9d35eded1c95d3be]::run_test::{closure#1}, ()>
[INFO] [stdout]   17:     0x5a7cf16be3d2 - <std[70759c8f55707aa4]::thread::lifecycle::spawn_unchecked<test[9d35eded1c95d3be]::run_test::{closure#1}, ()>::{closure#1} as core[df12db4294e9bfd3]::ops::function::FnOnce<()>>::call_once::{shim:vtable#0}
[INFO] [stdout]   18:     0x5a7cf1725de9 - <std[70759c8f55707aa4]::sys::thread::unix::Thread>::new::thread_start
[INFO] [stdout]   19:     0x7eb81d04fdfa - <unknown>
[INFO] [stdout]   20:     0x7eb81d0e33d4 - clone
[INFO] [stdout]   21:                0x0 - <unknown>
[INFO] [stdout] 
[INFO] [stdout] ---- test_recursive_html_to_html_with_comment stdout ----
[INFO] [stdout] 
[INFO] [stdout] thread 'test_recursive_html_to_html_with_comment' (1487) panicked at tests/integration_test.rs:21:35:
[INFO] [stdout] called `Result::unwrap()` on an `Err` value: Os { code: 30, kind: ReadOnlyFilesystem, message: "Read-only file system" }
[INFO] [stdout] stack backtrace:
[INFO] [stdout]    0:     0x5a7cf1726a71 - <<std[70759c8f55707aa4]::sys::backtrace::BacktraceLock>::print::DisplayBacktrace as core[df12db4294e9bfd3]::fmt::Display>::fmt
[INFO] [stdout]    1:     0x5a7cf173b16a - core[df12db4294e9bfd3]::fmt::write
[INFO] [stdout]    2:     0x5a7cf172b14c - <alloc[2182bb758b4b3781]::vec::Vec<u8> as core[df12db4294e9bfd3]::io::write::Write>::write_fmt
[INFO] [stdout]    3:     0x5a7cf1702926 - std[70759c8f55707aa4]::panicking::default_hook::{closure#0}
[INFO] [stdout]    4:     0x5a7cf171eb99 - std[70759c8f55707aa4]::panicking::default_hook
[INFO] [stdout]    5:     0x5a7cf16ba920 - test[9d35eded1c95d3be]::test_main_inner::<test[9d35eded1c95d3be]::test_main_static::{closure#0}>::{closure#0}
[INFO] [stdout]    6:     0x5a7cf171ed52 - std[70759c8f55707aa4]::panicking::panic_with_hook
[INFO] [stdout]    7:     0x5a7cf17029d2 - std[70759c8f55707aa4]::panicking::panic_handler::{closure#0}
[INFO] [stdout]    8:     0x5a7cf16fb519 - std[70759c8f55707aa4]::sys::backtrace::__rust_end_short_backtrace::<std[70759c8f55707aa4]::panicking::panic_handler::{closure#0}, !>
[INFO] [stdout]    9:     0x5a7cf17035cd - __rustc[8fa7c3cbc660c2b3]::rust_begin_unwind
[INFO] [stdout]   10:     0x5a7cf173b89c - core[df12db4294e9bfd3]::panicking::panic_fmt
[INFO] [stdout]   11:     0x5a7cf173b672 - core[df12db4294e9bfd3]::result::unwrap_failed
[INFO] [stdout]   12:     0x5a7cf16aa4c2 - <integration_test[f031b7e96af9efab]::TempFile>::new
[INFO] [stdout]   13:     0x5a7cf16ad906 - <integration_test[f031b7e96af9efab]::test_recursive_html_to_html_with_comment::{closure#0} as core[df12db4294e9bfd3]::ops::function::FnOnce<()>>::call_once
[INFO] [stdout]   14:     0x5a7cf16adc0b - test[9d35eded1c95d3be]::__rust_begin_short_backtrace::<core[df12db4294e9bfd3]::result::Result<(), alloc[2182bb758b4b3781]::string::String>, fn() -> core[df12db4294e9bfd3]::result::Result<(), alloc[2182bb758b4b3781]::string::String>>
[INFO] [stdout]   15:     0x5a7cf16bb275 - test[9d35eded1c95d3be]::run_test::{closure#0}
[INFO] [stdout]   16:     0x5a7cf16b4b34 - std[70759c8f55707aa4]::sys::backtrace::__rust_begin_short_backtrace::<test[9d35eded1c95d3be]::run_test::{closure#1}, ()>
[INFO] [stdout]   17:     0x5a7cf16be3d2 - <std[70759c8f55707aa4]::thread::lifecycle::spawn_unchecked<test[9d35eded1c95d3be]::run_test::{closure#1}, ()>::{closure#1} as core[df12db4294e9bfd3]::ops::function::FnOnce<()>>::call_once::{shim:vtable#0}
[INFO] [stdout]   18:     0x5a7cf1725de9 - <std[70759c8f55707aa4]::sys::thread::unix::Thread>::new::thread_start
[INFO] [stdout]   19:     0x7eb81d04fdfa - <unknown>
[INFO] [stdout]   20:     0x7eb81d0e33d4 - clone
[INFO] [stdout]   21:                0x0 - <unknown>
[INFO] [stdout] 
[INFO] [stdout] ---- test_reset_html stdout ----
[INFO] [stdout] 
[INFO] [stdout] thread 'test_reset_html' (1488) panicked at tests/integration_test.rs:21:35:
[INFO] [stdout] called `Result::unwrap()` on an `Err` value: Os { code: 30, kind: ReadOnlyFilesystem, message: "Read-only file system" }
[INFO] [stdout] stack backtrace:
[INFO] [stdout]    0:     0x5a7cf1726a71 - <<std[70759c8f55707aa4]::sys::backtrace::BacktraceLock>::print::DisplayBacktrace as core[df12db4294e9bfd3]::fmt::Display>::fmt
[INFO] [stdout]    1:     0x5a7cf173b16a - core[df12db4294e9bfd3]::fmt::write
[INFO] [stdout]    2:     0x5a7cf172b14c - <alloc[2182bb758b4b3781]::vec::Vec<u8> as core[df12db4294e9bfd3]::io::write::Write>::write_fmt
[INFO] [stdout]    3:     0x5a7cf1702926 - std[70759c8f55707aa4]::panicking::default_hook::{closure#0}
[INFO] [stdout]    4:     0x5a7cf171eb99 - std[70759c8f55707aa4]::panicking::default_hook
[INFO] [stdout]    5:     0x5a7cf16ba920 - test[9d35eded1c95d3be]::test_main_inner::<test[9d35eded1c95d3be]::test_main_static::{closure#0}>::{closure#0}
[INFO] [stdout]    6:     0x5a7cf171ed52 - std[70759c8f55707aa4]::panicking::panic_with_hook
[INFO] [stdout]    7:     0x5a7cf17029d2 - std[70759c8f55707aa4]::panicking::panic_handler::{closure#0}
[INFO] [stdout]    8:     0x5a7cf16fb519 - std[70759c8f55707aa4]::sys::backtrace::__rust_end_short_backtrace::<std[70759c8f55707aa4]::panicking::panic_handler::{closure#0}, !>
[INFO] [stdout]    9:     0x5a7cf17035cd - __rustc[8fa7c3cbc660c2b3]::rust_begin_unwind
[INFO] [stdout]   10:     0x5a7cf173b89c - core[df12db4294e9bfd3]::panicking::panic_fmt
[INFO] [stdout]   11:     0x5a7cf173b672 - core[df12db4294e9bfd3]::result::unwrap_failed
[INFO] [stdout]   12:     0x5a7cf16aa4c2 - <integration_test[f031b7e96af9efab]::TempFile>::new
[INFO] [stdout]   13:     0x5a7cf16ab1b7 - <integration_test[f031b7e96af9efab]::test_reset_html::{closure#0} as core[df12db4294e9bfd3]::ops::function::FnOnce<()>>::call_once
[INFO] [stdout]   14:     0x5a7cf16adc0b - test[9d35eded1c95d3be]::__rust_begin_short_backtrace::<core[df12db4294e9bfd3]::result::Result<(), alloc[2182bb758b4b3781]::string::String>, fn() -> core[df12db4294e9bfd3]::result::Result<(), alloc[2182bb758b4b3781]::string::String>>
[INFO] [stdout]   15:     0x5a7cf16bb275 - test[9d35eded1c95d3be]::run_test::{closure#0}
[INFO] [stdout]   16:     0x5a7cf16b4b34 - std[70759c8f55707aa4]::sys::backtrace::__rust_begin_short_backtrace::<test[9d35eded1c95d3be]::run_test::{closure#1}, ()>
[INFO] [stdout]   17:     0x5a7cf16be3d2 - <std[70759c8f55707aa4]::thread::lifecycle::spawn_unchecked<test[9d35eded1c95d3be]::run_test::{closure#1}, ()>::{closure#1} as core[df12db4294e9bfd3]::ops::function::FnOnce<()>>::call_once::{shim:vtable#0}
[INFO] [stdout]   18:     0x5a7cf1725de9 - <std[70759c8f55707aa4]::sys::thread::unix::Thread>::new::thread_start
[INFO] [stdout]   19:     0x7eb81d04fdfa - <unknown>
[INFO] [stdout]   20:     0x7eb81d0e33d4 - clone
[INFO] [stdout]   21:                0x0 - <unknown>
[INFO] [stdout] 
[INFO] [stdout] ---- test_html_transclude stdout ----
[INFO] [stdout] 
[INFO] [stdout] thread 'test_html_transclude' (1483) panicked at tests/integration_test.rs:111:5:
[INFO] [stdout] liaison failed: Output { status: ExitStatus(unix_wait_status(256)), stdout: "", stderr: "Error: Path does not exist: \"tests/fixtures/target.html\"\n\nStack backtrace:\n   0: <anyhow::Error>::msg::<alloc::string::String>\n   1: liaison::main\n   2: std::sys::backtrace::__rust_begin_short_backtrace::<fn() -> core::result::Result<(), anyhow::Error>, core::result::Result<(), anyhow::Error>>\n   3: std::rt::lang_start::<core::result::Result<(), anyhow::Error>>::{closure#0}\n   4: std::rt::lang_start_internal\n   5: main\n   6: <unknown>\n   7: __libc_start_main\n   8: _start\n" }
[INFO] [stdout] stack backtrace:
[INFO] [stdout]    0:     0x5a7cf1726a71 - <<std[70759c8f55707aa4]::sys::backtrace::BacktraceLock>::print::DisplayBacktrace as core[df12db4294e9bfd3]::fmt::Display>::fmt
[INFO] [stdout]    1:     0x5a7cf173b16a - core[df12db4294e9bfd3]::fmt::write
[INFO] [stdout]    2:     0x5a7cf172b14c - <alloc[2182bb758b4b3781]::vec::Vec<u8> as core[df12db4294e9bfd3]::io::write::Write>::write_fmt
[INFO] [stdout]    3:     0x5a7cf1702926 - std[70759c8f55707aa4]::panicking::default_hook::{closure#0}
[INFO] [stdout]    4:     0x5a7cf171eb99 - std[70759c8f55707aa4]::panicking::default_hook
[INFO] [stdout]    5:     0x5a7cf16ba920 - test[9d35eded1c95d3be]::test_main_inner::<test[9d35eded1c95d3be]::test_main_static::{closure#0}>::{closure#0}
[INFO] [stdout]    6:     0x5a7cf171ed52 - std[70759c8f55707aa4]::panicking::panic_with_hook
[INFO] [stdout]    7:     0x5a7cf17029d2 - std[70759c8f55707aa4]::panicking::panic_handler::{closure#0}
[INFO] [stdout]    8:     0x5a7cf16fb519 - std[70759c8f55707aa4]::sys::backtrace::__rust_end_short_backtrace::<std[70759c8f55707aa4]::panicking::panic_handler::{closure#0}, !>
[INFO] [stdout]    9:     0x5a7cf17035cd - __rustc[8fa7c3cbc660c2b3]::rust_begin_unwind
[INFO] [stdout]   10:     0x5a7cf173b89c - core[df12db4294e9bfd3]::panicking::panic_fmt
[INFO] [stdout]   11:     0x5a7cf16aba7e - <integration_test[f031b7e96af9efab]::test_html_transclude::{closure#0} as core[df12db4294e9bfd3]::ops::function::FnOnce<()>>::call_once
[INFO] [stdout]   12:     0x5a7cf16adc0b - test[9d35eded1c95d3be]::__rust_begin_short_backtrace::<core[df12db4294e9bfd3]::result::Result<(), alloc[2182bb758b4b3781]::string::String>, fn() -> core[df12db4294e9bfd3]::result::Result<(), alloc[2182bb758b4b3781]::string::String>>
[INFO] [stdout]   13:     0x5a7cf16bb275 - test[9d35eded1c95d3be]::run_test::{closure#0}
[INFO] [stdout]   14:     0x5a7cf16b4b34 - std[70759c8f55707aa4]::sys::backtrace::__rust_begin_short_backtrace::<test[9d35eded1c95d3be]::run_test::{closure#1}, ()>
[INFO] [stdout]   15:     0x5a7cf16be3d2 - <std[70759c8f55707aa4]::thread::lifecycle::spawn_unchecked<test[9d35eded1c95d3be]::run_test::{closure#1}, ()>::{closure#1} as core[df12db4294e9bfd3]::ops::function::FnOnce<()>>::call_once::{shim:vtable#0}
[INFO] [stdout]   16:     0x5a7cf1725de9 - <std[70759c8f55707aa4]::sys::thread::unix::Thread>::new::thread_start
[INFO] [stdout]   17:     0x7eb81d04fdfa - <unknown>
[INFO] [stdout]   18:     0x7eb81d0e33d4 - clone
[INFO] [stdout]   19:                0x0 - <unknown>
[INFO] [stdout] 
[INFO] [stdout] ---- test_plaintext_transclude stdout ----
[INFO] [stdout] 
[INFO] [stdout] thread 'test_plaintext_transclude' (1484) panicked at tests/integration_test.rs:65:5:
[INFO] [stdout] liaison failed: Output { status: ExitStatus(unix_wait_status(256)), stdout: "", stderr: "Error: Path does not exist: \"tests/fixtures/target.rs\"\n\nStack backtrace:\n   0: <anyhow::Error>::msg::<alloc::string::String>\n   1: liaison::main\n   2: std::sys::backtrace::__rust_begin_short_backtrace::<fn() -> core::result::Result<(), anyhow::Error>, core::result::Result<(), anyhow::Error>>\n   3: std::rt::lang_start::<core::result::Result<(), anyhow::Error>>::{closure#0}\n   4: std::rt::lang_start_internal\n   5: main\n   6: <unknown>\n   7: __libc_start_main\n   8: _start\n" }
[INFO] [stdout] stack backtrace:
[INFO] [stdout]    0:     0x5a7cf1726a71 - <<std[70759c8f55707aa4]::sys::backtrace::BacktraceLock>::print::DisplayBacktrace as core[df12db4294e9bfd3]::fmt::Display>::fmt
[INFO] [stdout]    1:     0x5a7cf173b16a - core[df12db4294e9bfd3]::fmt::write
[INFO] [stdout]    2:     0x5a7cf172b14c - <alloc[2182bb758b4b3781]::vec::Vec<u8> as core[df12db4294e9bfd3]::io::write::Write>::write_fmt
[INFO] [stdout]    3:     0x5a7cf1702926 - std[70759c8f55707aa4]::panicking::default_hook::{closure#0}
[INFO] [stdout]    4:     0x5a7cf171eb99 - std[70759c8f55707aa4]::panicking::default_hook
[INFO] [stdout]    5:     0x5a7cf16ba920 - test[9d35eded1c95d3be]::test_main_inner::<test[9d35eded1c95d3be]::test_main_static::{closure#0}>::{closure#0}
[INFO] [stdout]    6:     0x5a7cf171ed52 - std[70759c8f55707aa4]::panicking::panic_with_hook
[INFO] [stdout]    7:     0x5a7cf17029d2 - std[70759c8f55707aa4]::panicking::panic_handler::{closure#0}
[INFO] [stdout]    8:     0x5a7cf16fb519 - std[70759c8f55707aa4]::sys::backtrace::__rust_end_short_backtrace::<std[70759c8f55707aa4]::panicking::panic_handler::{closure#0}, !>
[INFO] [stdout]    9:     0x5a7cf17035cd - __rustc[8fa7c3cbc660c2b3]::rust_begin_unwind
[INFO] [stdout]   10:     0x5a7cf173b89c - core[df12db4294e9bfd3]::panicking::panic_fmt
[INFO] [stdout]   11:     0x5a7cf16ac321 - <integration_test[f031b7e96af9efab]::test_plaintext_transclude::{closure#0} as core[df12db4294e9bfd3]::ops::function::FnOnce<()>>::call_once
[INFO] [stdout]   12:     0x5a7cf16adc0b - test[9d35eded1c95d3be]::__rust_begin_short_backtrace::<core[df12db4294e9bfd3]::result::Result<(), alloc[2182bb758b4b3781]::string::String>, fn() -> core[df12db4294e9bfd3]::result::Result<(), alloc[2182bb758b4b3781]::string::String>>
[INFO] [stdout]   13:     0x5a7cf16bb275 - test[9d35eded1c95d3be]::run_test::{closure#0}
[INFO] [stdout]   14:     0x5a7cf16b4b34 - std[70759c8f55707aa4]::sys::backtrace::__rust_begin_short_backtrace::<test[9d35eded1c95d3be]::run_test::{closure#1}, ()>
[INFO] [stdout]   15:     0x5a7cf16be3d2 - <std[70759c8f55707aa4]::thread::lifecycle::spawn_unchecked<test[9d35eded1c95d3be]::run_test::{closure#1}, ()>::{closure#1} as core[df12db4294e9bfd3]::ops::function::FnOnce<()>>::call_once::{shim:vtable#0}
[INFO] [stdout]   16:     0x5a7cf1725de9 - <std[70759c8f55707aa4]::sys::thread::unix::Thread>::new::thread_start
[INFO] [stdout]   17:     0x7eb81d04fdfa - <unknown>
[INFO] [stdout]   18:     0x7eb81d0e33d4 - clone
[INFO] [stdout]   19:                0x0 - <unknown>
[INFO] [stdout] 
[INFO] [stdout] ---- test_cycle_detection stdout ----
[INFO] [stdout] 
[INFO] [stdout] thread 'test_cycle_detection' (1475) panicked at tests/integration_test.rs:374:5:
[INFO] [stdout] assertion failed: stderr.contains("Cycle detected")
[INFO] [stdout] stack backtrace:
[INFO] [stdout]    0:     0x5a7cf1726a71 - <<std[70759c8f55707aa4]::sys::backtrace::BacktraceLock>::print::DisplayBacktrace as core[df12db4294e9bfd3]::fmt::Display>::fmt
[INFO] [stdout]    1:     0x5a7cf173b16a - core[df12db4294e9bfd3]::fmt::write
[INFO] [stdout]    2:     0x5a7cf172b14c - <alloc[2182bb758b4b3781]::vec::Vec<u8> as core[df12db4294e9bfd3]::io::write::Write>::write_fmt
[INFO] [stdout]    3:     0x5a7cf1702926 - std[70759c8f55707aa4]::panicking::default_hook::{closure#0}
[INFO] [stdout]    4:     0x5a7cf171eb99 - std[70759c8f55707aa4]::panicking::default_hook
[INFO] [stdout]    5:     0x5a7cf16ba920 - test[9d35eded1c95d3be]::test_main_inner::<test[9d35eded1c95d3be]::test_main_static::{closure#0}>::{closure#0}
[INFO] [stdout]    6:     0x5a7cf171ed52 - std[70759c8f55707aa4]::panicking::panic_with_hook
[INFO] [stdout]    7:     0x5a7cf1702a04 - std[70759c8f55707aa4]::panicking::panic_handler::{closure#0}
[INFO] [stdout]    8:     0x5a7cf16fb519 - std[70759c8f55707aa4]::sys::backtrace::__rust_end_short_backtrace::<std[70759c8f55707aa4]::panicking::panic_handler::{closure#0}, !>
[INFO] [stdout]    9:     0x5a7cf17035cd - __rustc[8fa7c3cbc660c2b3]::rust_begin_unwind
[INFO] [stdout]   10:     0x5a7cf173b89c - core[df12db4294e9bfd3]::panicking::panic_fmt
[INFO] [stdout]   11:     0x5a7cf173b862 - core[df12db4294e9bfd3]::panicking::panic
[INFO] [stdout]   12:     0x5a7cf16ab75d - <integration_test[f031b7e96af9efab]::test_cycle_detection::{closure#0} as core[df12db4294e9bfd3]::ops::function::FnOnce<()>>::call_once
[INFO] [stdout]   13:     0x5a7cf16adc0b - test[9d35eded1c95d3be]::__rust_begin_short_backtrace::<core[df12db4294e9bfd3]::result::Result<(), alloc[2182bb758b4b3781]::string::String>, fn() -> core[df12db4294e9bfd3]::result::Result<(), alloc[2182bb758b4b3781]::string::String>>
[INFO] [stdout]   14:     0x5a7cf16bb275 - test[9d35eded1c95d3be]::run_test::{closure#0}
[INFO] [stdout]   15:     0x5a7cf16b4b34 - std[70759c8f55707aa4]::sys::backtrace::__rust_begin_short_backtrace::<test[9d35eded1c95d3be]::run_test::{closure#1}, ()>
[INFO] [stdout]   16:     0x5a7cf16be3d2 - <std[70759c8f55707aa4]::thread::lifecycle::spawn_unchecked<test[9d35eded1c95d3be]::run_test::{closure#1}, ()>::{closure#1} as core[df12db4294e9bfd3]::ops::function::FnOnce<()>>::call_once::{shim:vtable#0}
[INFO] [stdout]   17:     0x5a7cf1725de9 - <std[70759c8f55707aa4]::sys::thread::unix::Thread>::new::thread_start
[INFO] [stdout]   18:     0x7eb81d04fdfa - <unknown>
[INFO] [stdout]   19:     0x7eb81d0e33d4 - clone
[INFO] [stdout]   20:                0x0 - <unknown>
[INFO] [stdout] 
[INFO] [stdout] 
[INFO] [stdout] failures:
[INFO] [stdout]     test_check_flag_no_changes
[INFO] [stdout]     test_cycle_detection
[INFO] [stdout]     test_html_attribute_order_preserved
[INFO] [stdout]     test_html_comment_indentation
[INFO] [stdout]     test_html_comment_transclude
[INFO] [stdout]     test_html_element_indentation
[INFO] [stdout]     test_html_escaping_code_to_html
[INFO] [stdout]     test_html_no_escape_html_to_html
[INFO] [stdout]     test_html_transclude
[INFO] [stdout]     test_plaintext_transclude
[INFO] [stdout]     test_recursive_html_to_html_with_comment
[INFO] [stdout]     test_reset_html
[INFO] [stdout]     test_reset_plaintext
[INFO] [stdout]     test_self_closing_tag_transclude
[INFO] [stdout] 
[INFO] [stdout] test result: FAILED. 0 passed; 14 failed; 0 ignored; 0 measured; 0 filtered out; finished in 0.05s
[INFO] [stdout] 
[INFO] [stderr] error: test failed, to rerun pass `--test integration_test`
[INFO] running `Command { std: "docker" "inspect" "5609a0c436aa7adf96dd9296ce33b0c87f140bef37f922b348a9c36d3c292521", kill_on_drop: false }`
[INFO] running `Command { std: "docker" "rm" "-f" "5609a0c436aa7adf96dd9296ce33b0c87f140bef37f922b348a9c36d3c292521", kill_on_drop: false }`
[INFO] [stdout] 5609a0c436aa7adf96dd9296ce33b0c87f140bef37f922b348a9c36d3c292521
