[INFO] fetching crate lh-adxl345 0.0.5...
[INFO] testing lh-adxl345-0.0.5 against 1.100.0-beta.1+cargoflags=--release for beta-release-1.100-2
[INFO] extracting crate lh-adxl345 0.0.5 into /workspace/builds/worker-6-tc2/source
[INFO] started tweaking crates.io crate lh-adxl345 0.0.5
[INFO] finished tweaking crates.io crate lh-adxl345 0.0.5
[INFO] tweaked toml for crates.io crate lh-adxl345 0.0.5 written to /workspace/builds/worker-6-tc2/source/Cargo.toml
[INFO] validating manifest of crates.io crate lh-adxl345 0.0.5 on toolchain 1.100.0-beta.1
[INFO] running `Command { std: CARGO_HOME="/workspace/cargo-home" RUSTUP_HOME="/workspace/rustup-home" "/workspace/cargo-home/bin/cargo" "+1.100.0-beta.1" "metadata" "--manifest-path" "Cargo.toml" "--no-deps", kill_on_drop: false }`
[INFO] crate crates.io crate lh-adxl345 0.0.5 already has a lockfile, it will not be regenerated
[INFO] running `Command { std: CARGO_HOME="/workspace/cargo-home" RUSTUP_HOME="/workspace/rustup-home" "/workspace/cargo-home/bin/cargo" "+1.100.0-beta.1" "fetch" "--manifest-path" "Cargo.toml", kill_on_drop: false }`
[INFO] running `Command { std: "docker" "create" "-v" "/var/lib/crater-agent-workspace/builds/worker-6-tc2/source:/opt/rustwide/workdir:ro,Z" "-v" "/var/lib/crater-agent-workspace/builds/worker-6-tc2/target:/opt/rustwide/target:rw,Z" "-v" "/var/lib/crater-agent-workspace/cargo-home:/opt/rustwide/cargo-home:ro,Z" "-v" "/var/lib/crater-agent-workspace/rustup-home:/opt/rustwide/rustup-home:ro,Z" "-m" "1610612736" "--network" "none" "ghcr.io/rust-lang/crates-build-env/linux@sha256:77db811e55d90add9212f6832c23229e3de5f1c1f9905e8cb07319ea15df73ac" "sleep" "infinity", kill_on_drop: false }`
[INFO] [stdout] bbad634170a18d93459e203c7164f762ea3d48f651835b3cb5f2ebaddb23410e
[INFO] running `Command { std: "docker" "start" "bbad634170a18d93459e203c7164f762ea3d48f651835b3cb5f2ebaddb23410e", kill_on_drop: false }`
[INFO] running `Command { std: "docker" "inspect" "bbad634170a18d93459e203c7164f762ea3d48f651835b3cb5f2ebaddb23410e", kill_on_drop: false }`
[INFO] running `Command { std: "docker" "exec" "-e" "SOURCE_DIR=/opt/rustwide/workdir" "-e" "CARGO_HOME=/opt/rustwide/cargo-home" "-e" "RUSTUP_HOME=/opt/rustwide/rustup-home" "-e" "CARGO_TARGET_DIR=/opt/rustwide/target" "-w" "/opt/rustwide/workdir" "--user" "0:0" "bbad634170a18d93459e203c7164f762ea3d48f651835b3cb5f2ebaddb23410e" "/opt/rustwide/cargo-home/bin/cargo" "+1.100.0-beta.1" "metadata" "--no-deps" "--format-version=1", kill_on_drop: false }`
[INFO] running `Command { std: "docker" "inspect" "bbad634170a18d93459e203c7164f762ea3d48f651835b3cb5f2ebaddb23410e", kill_on_drop: false }`
[INFO] running `Command { std: "docker" "exec" "-e" "SOURCE_DIR=/opt/rustwide/workdir" "-e" "CARGO_HOME=/opt/rustwide/cargo-home" "-e" "RUSTUP_HOME=/opt/rustwide/rustup-home" "-e" "CARGO_TARGET_DIR=/opt/rustwide/target" "-e" "CARGO_INCREMENTAL=0" "-e" "RUST_BACKTRACE=full" "-e" "RUSTFLAGS=--cap-lints=warn" "-e" "RUSTDOCFLAGS=--cap-lints=warn" "-w" "/opt/rustwide/workdir" "--user" "0:0" "bbad634170a18d93459e203c7164f762ea3d48f651835b3cb5f2ebaddb23410e" "/opt/rustwide/cargo-home/bin/cargo" "+1.100.0-beta.1" "build" "--frozen" "--message-format=json" "--release", kill_on_drop: false }`
[INFO] [stderr]    Compiling embedded-hal v1.0.0
[INFO] [stderr]    Compiling lh-adxl345 v0.0.5 (/opt/rustwide/workdir)
[INFO] [stderr]     Finished `release` profile [optimized] target(s) in 0.46s
[INFO] running `Command { std: "docker" "inspect" "bbad634170a18d93459e203c7164f762ea3d48f651835b3cb5f2ebaddb23410e", kill_on_drop: false }`
[INFO] running `Command { std: "docker" "exec" "-e" "SOURCE_DIR=/opt/rustwide/workdir" "-e" "CARGO_HOME=/opt/rustwide/cargo-home" "-e" "RUSTUP_HOME=/opt/rustwide/rustup-home" "-e" "CARGO_TARGET_DIR=/opt/rustwide/target" "-e" "CARGO_INCREMENTAL=0" "-e" "RUST_BACKTRACE=full" "-e" "RUSTFLAGS=--cap-lints=warn" "-e" "RUSTDOCFLAGS=--cap-lints=warn" "-w" "/opt/rustwide/workdir" "--user" "0:0" "bbad634170a18d93459e203c7164f762ea3d48f651835b3cb5f2ebaddb23410e" "/opt/rustwide/cargo-home/bin/cargo" "+1.100.0-beta.1" "test" "--frozen" "--no-run" "--message-format=json" "--release", kill_on_drop: false }`
[INFO] [stderr]    Compiling lh-adxl345 v0.0.5 (/opt/rustwide/workdir)
[INFO] [stderr]     Finished `release` profile [optimized] target(s) in 0.37s
[INFO] running `Command { std: "docker" "inspect" "bbad634170a18d93459e203c7164f762ea3d48f651835b3cb5f2ebaddb23410e", kill_on_drop: false }`
[INFO] running `Command { std: "docker" "exec" "-e" "SOURCE_DIR=/opt/rustwide/workdir" "-e" "CARGO_HOME=/opt/rustwide/cargo-home" "-e" "RUSTUP_HOME=/opt/rustwide/rustup-home" "-e" "CARGO_TARGET_DIR=/opt/rustwide/target" "-e" "CARGO_INCREMENTAL=0" "-e" "RUST_BACKTRACE=full" "-e" "RUSTFLAGS=--cap-lints=warn" "-e" "RUSTDOCFLAGS=--cap-lints=warn" "-w" "/opt/rustwide/workdir" "--user" "0:0" "bbad634170a18d93459e203c7164f762ea3d48f651835b3cb5f2ebaddb23410e" "/opt/rustwide/cargo-home/bin/cargo" "+1.100.0-beta.1" "test" "--frozen" "--release", kill_on_drop: false }`
[INFO] [stderr]     Finished `release` profile [optimized] target(s) in 0.05s
[INFO] [stderr]      Running unittests src/lib.rs (/opt/rustwide/target/release/build/lh-adxl345/ab7c566200d64edb/out/lh_adxl345-ab7c566200d64edb)
[INFO] [stdout] 
[INFO] [stdout] running 0 tests
[INFO] [stdout] 
[INFO] [stdout] test result: ok. 0 passed; 0 failed; 0 ignored; 0 measured; 0 filtered out; finished in 0.00s
[INFO] [stdout] 
[INFO] [stderr]    Doc-tests lh_adxl345
[INFO] [stdout] 
[INFO] [stdout] running 3 tests
[INFO] [stdout] test src/lib.rs - (line 71) ... FAILED
[INFO] [stdout] test src/reg_helper.rs - reg_helper (line 10) ... FAILED
[INFO] [stdout] test src/lib.rs - (line 9) ... FAILED
[INFO] [stdout] 
[INFO] [stdout] failures:
[INFO] [stdout] 
[INFO] [stdout] ---- src/lib.rs - (line 71) stdout ----
[INFO] [stdout] error: expected item, found `...`
[INFO] [stdout]   --> src/lib.rs:74:1
[INFO] [stdout]    |
[INFO] [stdout] 74 | ...
[INFO] [stdout]    | ^^^ expected item
[INFO] [stdout]    |
[INFO] [stdout]    = note: for a full list of items that can appear in modules, see <https://doc.rust-lang.org/reference/items.html>
[INFO] [stdout] 
[INFO] [stdout] error: aborting due to 1 previous error
[INFO] [stdout] 
[INFO] [stdout] Couldn't compile the test.
[INFO] [stdout] ---- src/reg_helper.rs - reg_helper (line 10) stdout ----
[INFO] [stdout] error: expected item, found `...`
[INFO] [stdout]   --> src/reg_helper.rs:13:1
[INFO] [stdout]    |
[INFO] [stdout] 13 | ...
[INFO] [stdout]    | ^^^ expected item
[INFO] [stdout]    |
[INFO] [stdout]    = note: for a full list of items that can appear in modules, see <https://doc.rust-lang.org/reference/items.html>
[INFO] [stdout] 
[INFO] [stdout] error: aborting due to 1 previous error
[INFO] [stdout] 
[INFO] [stdout] Couldn't compile the test.
[INFO] [stdout] ---- src/lib.rs - (line 9) stdout ----
[INFO] [stdout] error: unexpected token: `...`
[INFO] [stdout]   --> src/lib.rs:12:1
[INFO] [stdout]    |
[INFO] [stdout] 12 | ...
[INFO] [stdout]    | ^^^
[INFO] [stdout]    |
[INFO] [stdout] help: use `..` for an exclusive range
[INFO] [stdout]    |
[INFO] [stdout] 12 - ...
[INFO] [stdout] 12 + ..
[INFO] [stdout]    |
[INFO] [stdout] help: or `..=` for an inclusive range
[INFO] [stdout]    |
[INFO] [stdout] 12 - ...
[INFO] [stdout] 12 + ..=
[INFO] [stdout]    |
[INFO] [stdout] 
[INFO] [stdout] error: unexpected token: `...`
[INFO] [stdout]   --> src/lib.rs:15:1
[INFO] [stdout]    |
[INFO] [stdout] 15 | ...
[INFO] [stdout]    | ^^^
[INFO] [stdout]    |
[INFO] [stdout] help: use `..` for an exclusive range
[INFO] [stdout]    |
[INFO] [stdout] 15 - ...
[INFO] [stdout] 15 + ..
[INFO] [stdout]    |
[INFO] [stdout] help: or `..=` for an inclusive range
[INFO] [stdout]    |
[INFO] [stdout] 15 - ...
[INFO] [stdout] 15 + ..=
[INFO] [stdout]    |
[INFO] [stdout] 
[INFO] [stdout] error: expected expression, found `let` statement
[INFO] [stdout]   --> src/lib.rs:18:1
[INFO] [stdout]    |
[INFO] [stdout] 18 | let sda_pin: gpio::Pin<_, gpio::FunctionI2c, _> = pins.gpio4.reconfigure();
[INFO] [stdout]    | ^^^
[INFO] [stdout]    |
[INFO] [stdout]    = note: only supported directly in conditions of `if` and `while` expressions
[INFO] [stdout] 
[INFO] [stdout] error: expected one of `@` or `|`, found `:`
[INFO] [stdout]   --> src/lib.rs:18:12
[INFO] [stdout]    |
[INFO] [stdout] 18 | let sda_pin: gpio::Pin<_, gpio::FunctionI2c, _> = pins.gpio4.reconfigure();
[INFO] [stdout]    |            ^ ---------------------------------- specifying the type of a pattern isn't supported
[INFO] [stdout]    |            |
[INFO] [stdout]    |            expected one of `@` or `|`
[INFO] [stdout]    |
[INFO] [stdout] help: maybe write a path separator here
[INFO] [stdout]    |
[INFO] [stdout] 18 | let sda_pin::gpio::Pin<_, gpio::FunctionI2c, _> = pins.gpio4.reconfigure();
[INFO] [stdout]    |            ~~
[INFO] [stdout] 
[INFO] [stdout] error[E0433]: cannot find module or crate `hal` in this scope
[INFO] [stdout]   --> src/lib.rs:22:11
[INFO] [stdout]    |
[INFO] [stdout] 22 | let i2c = hal::I2C::i2c0(
[INFO] [stdout]    |           ^^^ use of unresolved module or unlinked crate `hal`
[INFO] [stdout]    |
[INFO] [stdout]    = help: if you wanted to use a crate named `hal`, use `cargo add hal` to add it to your `Cargo.toml`
[INFO] [stdout] 
[INFO] [stdout] error[E0425]: cannot find value `pins` in this scope
[INFO] [stdout]   --> src/lib.rs:18:51
[INFO] [stdout]    |
[INFO] [stdout] 18 | let sda_pin: gpio::Pin<_, gpio::FunctionI2c, _> = pins.gpio4.reconfigure();
[INFO] [stdout]    |                                                   ^^^^ not found in this scope
[INFO] [stdout] 
[INFO] [stdout] error[E0425]: cannot find value `pins` in this scope
[INFO] [stdout]   --> src/lib.rs:19:51
[INFO] [stdout]    |
[INFO] [stdout] 19 | let scl_pin: gpio::Pin<_, gpio::FunctionI2c, _> = pins.gpio5.reconfigure();
[INFO] [stdout]    |                                                   ^^^^ not found in this scope
[INFO] [stdout] 
[INFO] [stdout] error[E0425]: cannot find value `pac` in this scope
[INFO] [stdout]   --> src/lib.rs:23:5
[INFO] [stdout]    |
[INFO] [stdout] 23 |     pac.I2C0,
[INFO] [stdout]    |     ^^^ not found in this scope
[INFO] [stdout] 
[INFO] [stdout] error[E0425]: cannot find value `sda_pin` in this scope
[INFO] [stdout]   --> src/lib.rs:24:5
[INFO] [stdout]    |
[INFO] [stdout] 24 |     sda_pin,
[INFO] [stdout]    |     ^^^^^^^ not found in this scope
[INFO] [stdout]    |
[INFO] [stdout] help: a local variable with a similar name exists
[INFO] [stdout]    |
[INFO] [stdout] 24 -     sda_pin,
[INFO] [stdout] 24 +     scl_pin,
[INFO] [stdout]    |
[INFO] [stdout] 
[INFO] [stdout] error[E0425]: cannot find value `pac` in this scope
[INFO] [stdout]   --> src/lib.rs:27:10
[INFO] [stdout]    |
[INFO] [stdout] 27 |     &mut pac.RESETS,
[INFO] [stdout]    |          ^^^ not found in this scope
[INFO] [stdout] 
[INFO] [stdout] error[E0425]: cannot find value `clocks` in this scope
[INFO] [stdout]   --> src/lib.rs:28:6
[INFO] [stdout]    |
[INFO] [stdout] 28 |     &clocks.system_clock,
[INFO] [stdout]    |      ^^^^^^ not found in this scope
[INFO] [stdout] 
[INFO] [stdout] error[E0599]: no method named `kHz` found for type `{integer}` in the current scope
[INFO] [stdout]   --> src/lib.rs:26:9
[INFO] [stdout]    |
[INFO] [stdout] 26 |     400.kHz(),
[INFO] [stdout]    |         ^^^ method not found in `{integer}`
[INFO] [stdout] 
[INFO] [stdout] error[E0433]: cannot find module or crate `gpio` in this scope
[INFO] [stdout]   --> src/lib.rs:19:14
[INFO] [stdout]    |
[INFO] [stdout] 19 | let scl_pin: gpio::Pin<_, gpio::FunctionI2c, _> = pins.gpio5.reconfigure();
[INFO] [stdout]    |              ^^^^ use of unresolved module or unlinked crate `gpio`
[INFO] [stdout]    |
[INFO] [stdout]    = help: if you wanted to use a crate named `gpio`, use `cargo add gpio` to add it to your `Cargo.toml`
[INFO] [stdout] 
[INFO] [stdout] error[E0433]: cannot find module or crate `gpio` in this scope
[INFO] [stdout]   --> src/lib.rs:19:27
[INFO] [stdout]    |
[INFO] [stdout] 19 | let scl_pin: gpio::Pin<_, gpio::FunctionI2c, _> = pins.gpio5.reconfigure();
[INFO] [stdout]    |                           ^^^^ use of unresolved module or unlinked crate `gpio`
[INFO] [stdout]    |
[INFO] [stdout]    = help: if you wanted to use a crate named `gpio`, use `cargo add gpio` to add it to your `Cargo.toml`
[INFO] [stdout] 
[INFO] [stdout] error: aborting due to 14 previous errors
[INFO] [stdout] 
[INFO] [stdout] Some errors have detailed explanations: E0425, E0433, E0599.
[INFO] [stdout] For more information about an error, try `rustc --explain E0425`.
[INFO] [stdout] Couldn't compile the test.
[INFO] [stdout] 
[INFO] [stdout] failures:
[INFO] [stdout]     src/lib.rs - (line 71)
[INFO] [stdout]     src/lib.rs - (line 9)
[INFO] [stdout]     src/reg_helper.rs - reg_helper (line 10)
[INFO] [stdout] 
[INFO] [stdout] test result: FAILED. 0 passed; 3 failed; 0 ignored; 0 measured; 0 filtered out; finished in 0.16s
[INFO] [stdout] 
[INFO] [stdout] all doctests ran in 0.39s; merged doctests compilation took 0.22s
[INFO] [stderr] error: doctest failed, to rerun pass `--doc`
[INFO] running `Command { std: "docker" "inspect" "bbad634170a18d93459e203c7164f762ea3d48f651835b3cb5f2ebaddb23410e", kill_on_drop: false }`
[INFO] running `Command { std: "docker" "rm" "-f" "bbad634170a18d93459e203c7164f762ea3d48f651835b3cb5f2ebaddb23410e", kill_on_drop: false }`
[INFO] [stdout] bbad634170a18d93459e203c7164f762ea3d48f651835b3cb5f2ebaddb23410e
