[INFO] fetching crate lexe-tls 0.1.26...
[INFO] testing lexe-tls-0.1.26 against 1.100.0-beta.1+cargoflags=--release for beta-release-1.100-2
[INFO] extracting crate lexe-tls 0.1.26 into /workspace/builds/worker-0-tc2/source
[INFO] started tweaking crates.io crate lexe-tls 0.1.26
[INFO] finished tweaking crates.io crate lexe-tls 0.1.26
[INFO] tweaked toml for crates.io crate lexe-tls 0.1.26 written to /workspace/builds/worker-0-tc2/source/Cargo.toml
[INFO] validating manifest of crates.io crate lexe-tls 0.1.26 on toolchain 1.100.0-beta.1
[INFO] running `Command { std: CARGO_HOME="/workspace/cargo-home" RUSTUP_HOME="/workspace/rustup-home" "/workspace/cargo-home/bin/cargo" "+1.100.0-beta.1" "metadata" "--manifest-path" "Cargo.toml" "--no-deps", kill_on_drop: false }`
[INFO] crate crates.io crate lexe-tls 0.1.26 already has a lockfile, it will not be regenerated
[INFO] running `Command { std: CARGO_HOME="/workspace/cargo-home" RUSTUP_HOME="/workspace/rustup-home" "/workspace/cargo-home/bin/cargo" "+1.100.0-beta.1" "fetch" "--manifest-path" "Cargo.toml", kill_on_drop: false }`
[INFO] running `Command { std: "docker" "create" "-v" "/var/lib/crater-agent-workspace/builds/worker-0-tc2/source:/opt/rustwide/workdir:ro,Z" "-v" "/var/lib/crater-agent-workspace/builds/worker-0-tc2/target:/opt/rustwide/target:rw,Z" "-v" "/var/lib/crater-agent-workspace/cargo-home:/opt/rustwide/cargo-home:ro,Z" "-v" "/var/lib/crater-agent-workspace/rustup-home:/opt/rustwide/rustup-home:ro,Z" "-m" "1610612736" "--network" "none" "ghcr.io/rust-lang/crates-build-env/linux@sha256:77db811e55d90add9212f6832c23229e3de5f1c1f9905e8cb07319ea15df73ac" "sleep" "infinity", kill_on_drop: false }`
[INFO] [stdout] 4d52399de82eed668eeb69f0fd466ac102ea978fd709e1edcc7dfb25b2658ee0
[INFO] running `Command { std: "docker" "start" "4d52399de82eed668eeb69f0fd466ac102ea978fd709e1edcc7dfb25b2658ee0", kill_on_drop: false }`
[INFO] running `Command { std: "docker" "inspect" "4d52399de82eed668eeb69f0fd466ac102ea978fd709e1edcc7dfb25b2658ee0", kill_on_drop: false }`
[INFO] running `Command { std: "docker" "exec" "-e" "SOURCE_DIR=/opt/rustwide/workdir" "-e" "CARGO_HOME=/opt/rustwide/cargo-home" "-e" "RUSTUP_HOME=/opt/rustwide/rustup-home" "-e" "CARGO_TARGET_DIR=/opt/rustwide/target" "-w" "/opt/rustwide/workdir" "--user" "0:0" "4d52399de82eed668eeb69f0fd466ac102ea978fd709e1edcc7dfb25b2658ee0" "/opt/rustwide/cargo-home/bin/cargo" "+1.100.0-beta.1" "metadata" "--no-deps" "--format-version=1", kill_on_drop: false }`
[INFO] running `Command { std: "docker" "inspect" "4d52399de82eed668eeb69f0fd466ac102ea978fd709e1edcc7dfb25b2658ee0", kill_on_drop: false }`
[INFO] running `Command { std: "docker" "exec" "-e" "SOURCE_DIR=/opt/rustwide/workdir" "-e" "CARGO_HOME=/opt/rustwide/cargo-home" "-e" "RUSTUP_HOME=/opt/rustwide/rustup-home" "-e" "CARGO_TARGET_DIR=/opt/rustwide/target" "-e" "CARGO_INCREMENTAL=0" "-e" "RUST_BACKTRACE=full" "-e" "RUSTFLAGS=--cap-lints=warn" "-e" "RUSTDOCFLAGS=--cap-lints=warn" "-w" "/opt/rustwide/workdir" "--user" "0:0" "4d52399de82eed668eeb69f0fd466ac102ea978fd709e1edcc7dfb25b2658ee0" "/opt/rustwide/cargo-home/bin/cargo" "+1.100.0-beta.1" "build" "--frozen" "--message-format=json" "--release", kill_on_drop: false }`
[INFO] [stderr]    Compiling syn v2.0.119
[INFO] [stderr]    Compiling serde_core v1.0.229
[INFO] [stderr]    Compiling syn v3.0.6
[INFO] [stderr]    Compiling serde v1.0.229
[INFO] [stderr]    Compiling itoa v1.0.17
[INFO] [stderr]    Compiling bitcoin-io v0.1.4
[INFO] [stderr]    Compiling arrayvec v0.7.6
[INFO] [stderr]    Compiling bitcoin-internals v0.3.0
[INFO] [stderr]    Compiling time-core v0.1.8
[INFO] [stderr]    Compiling num-conv v0.2.0
[INFO] [stderr]    Compiling num-traits v0.2.19
[INFO] [stderr]    Compiling memchr v2.8.0
[INFO] [stderr]    Compiling deranged v0.5.8
[INFO] [stderr]    Compiling ring v0.17.14
[INFO] [stderr]    Compiling secp256k1-sys v0.10.1
[INFO] [stderr]    Compiling getrandom v0.2.17
[INFO] [stderr]    Compiling thiserror v2.0.17
[INFO] [stderr]    Compiling hex_lit v0.1.1
[INFO] [stderr]    Compiling ref-cast v1.0.22
[INFO] [stderr]    Compiling time-macros v0.2.27
[INFO] [stderr]    Compiling num-bigint v0.4.4
[INFO] [stderr]    Compiling lexe-hex v0.1.26
[INFO] [stderr]    Compiling hex-conservative v0.2.2
[INFO] [stderr]    Compiling bitcoin v0.32.8
[INFO] [stderr]    Compiling minimal-lexical v0.2.1
[INFO] [stderr]    Compiling fnv v1.0.7
[INFO] [stderr]    Compiling bech32 v0.11.1
[INFO] [stderr]    Compiling lexe-byte-array v0.1.26
[INFO] [stderr]    Compiling base64 v0.21.7
[INFO] [stderr]    Compiling anyhow v1.0.103
[INFO] [stderr]    Compiling libm v0.2.16
[INFO] [stderr]    Compiling oid-registry v0.8.1
[INFO] [stderr]    Compiling rust_decimal v1.39.0
[INFO] [stderr]    Compiling rustls v0.23.45
[INFO] [stderr]    Compiling semver v1.0.25
[INFO] [stderr]    Compiling nom v7.1.3
[INFO] [stderr]    Compiling sgx-isa v0.4.1
[INFO] [stderr]    Compiling possiblyrandom v0.2.1
[INFO] [stderr]    Compiling chacha20-poly1305 v0.2.0
[INFO] [stderr]    Compiling rand_core v0.6.4
[INFO] [stderr]    Compiling dnssec-prover v0.6.8
[INFO] [stderr]    Compiling hashbrown v0.13.2
[INFO] [stderr]    Compiling sgx-isa v0.6.0
[INFO] [stderr]    Compiling num-integer v0.1.47
[INFO] [stderr]    Compiling byteorder v1.5.0
[INFO] [stderr]    Compiling data-encoding v2.5.0
[INFO] [stderr]    Compiling dotenvy v0.15.7
[INFO] [stderr]    Compiling tokio v1.53.2
[INFO] [stderr]    Compiling time v0.3.47
[INFO] [stderr]    Compiling serde_derive v1.0.229
[INFO] [stderr]    Compiling lexe-serde v0.1.26
[INFO] [stderr]    Compiling bcs v0.2.1
[INFO] [stderr]    Compiling serde_json v1.0.145
[INFO] [stderr]    Compiling rusticata-macros v4.1.0
[INFO] [stderr]    Compiling yasna v0.5.2
[INFO] [stderr]    Compiling darling_core v0.20.11
[INFO] [stderr]    Compiling synstructure v0.13.2
[INFO] [stderr]    Compiling zeroize_derive v1.5.0
[INFO] [stderr]    Compiling ref-cast-impl v1.0.22
[INFO] [stderr]    Compiling thiserror-impl v2.0.17
[INFO] [stderr]    Compiling asn1-rs-impl v0.2.0
[INFO] [stderr]    Compiling displaydoc v0.2.5
[INFO] [stderr]    Compiling asn1-rs-derive v0.6.0
[INFO] [stderr]    Compiling lightning-macros v0.2.1
[INFO] [stderr]    Compiling strum_macros v0.26.4
[INFO] [stderr]    Compiling tracing-attributes v0.1.31
[INFO] [stderr]    Compiling num-derive v0.4.2
[INFO] [stderr]    Compiling async-trait v0.1.89
[INFO] [stderr]    Compiling bitcoin_hashes v0.14.1
[INFO] [stderr]    Compiling bytes v1.11.1
[INFO] [stderr]    Compiling zeroize v1.9.0
[INFO] [stderr]    Compiling bitcoin-units v0.1.2
[INFO] [stderr]    Compiling lexe-std v0.1.26
[INFO] [stderr]    Compiling rustls-pki-types v1.14.0
[INFO] [stderr]    Compiling secrecy v0.8.0
[INFO] [stderr]    Compiling webpki-roots v1.0.9
[INFO] [stderr]    Compiling rcgen v0.14.5
[INFO] [stderr]    Compiling http v1.1.0
[INFO] [stderr]    Compiling dcap-ql v0.4.3
[INFO] [stderr]    Compiling tracing v0.1.44
[INFO] [stderr]    Compiling asn1-rs v0.7.1
[INFO] [stderr]    Compiling strum v0.26.3
[INFO] [stderr]    Compiling base58ck v0.1.0
[INFO] [stderr]    Compiling bip39 v2.2.2
[INFO] [stderr]    Compiling darling_macro v0.20.11
[INFO] [stderr]    Compiling darling v0.20.11
[INFO] [stderr]    Compiling serde_with_macros v3.5.1
[INFO] [stderr]    Compiling http-body v1.0.0
[INFO] [stderr]    Compiling http-body-util v0.1.1
[INFO] [stderr]    Compiling serde_with v3.5.1
[INFO] [stderr]    Compiling secp256k1 v0.29.1
[INFO] [stderr]    Compiling der-parser v10.0.0
[INFO] [stderr]    Compiling x509-parser v0.18.0
[INFO] [stderr]    Compiling lexe-sha256 v0.1.26
[INFO] [stderr]    Compiling rustls-webpki v0.103.15
[INFO] [stderr]    Compiling lexe-crypto v0.1.26
[INFO] [stderr]    Compiling lexe-enclave v0.1.26
[INFO] [stderr]    Compiling lightning-types v0.4.0-rc3
[INFO] [stderr]    Compiling lightning-invoice v0.35.0-rc3
[INFO] [stderr]    Compiling lexe-tls-core v0.1.26
[INFO] [stderr]    Compiling lightning v0.3.0-rc3
[INFO] [stderr]    Compiling lexe-common v0.1.26
[INFO] [stderr]    Compiling lexe-tls v0.1.26 (/opt/rustwide/workdir)
[INFO] [stderr] warning: unused dependency `tokio`
[INFO] [stderr]   --> Cargo.toml:85:15
[INFO] [stderr]    |
[INFO] [stderr] 85 | [dependencies.tokio]
[INFO] [stderr]    |               ^^^^^^
[INFO] [stderr]    |
[INFO] [stderr]    = note: `cargo::unused_dependencies` is set to `warn` by default
[INFO] [stderr] help: consider removing the dependency on `tokio`
[INFO] [stderr] warning: unused dependency `webpki-roots`
[INFO] [stderr]   --> Cargo.toml:95:15
[INFO] [stderr]    |
[INFO] [stderr] 95 | [dependencies.webpki-roots]
[INFO] [stderr]    |               ^^^^^^^^^^^^^
[INFO] [stderr]    |
[INFO] [stderr] help: consider removing the dependency on `webpki-roots`
[INFO] [stderr] warning: `lexe-tls` (manifest) generated 2 warnings
[INFO] [stderr]     Finished `release` profile [optimized] target(s) in 2m 11s
[INFO] running `Command { std: "docker" "inspect" "4d52399de82eed668eeb69f0fd466ac102ea978fd709e1edcc7dfb25b2658ee0", kill_on_drop: false }`
[INFO] running `Command { std: "docker" "exec" "-e" "SOURCE_DIR=/opt/rustwide/workdir" "-e" "CARGO_HOME=/opt/rustwide/cargo-home" "-e" "RUSTUP_HOME=/opt/rustwide/rustup-home" "-e" "CARGO_TARGET_DIR=/opt/rustwide/target" "-e" "CARGO_INCREMENTAL=0" "-e" "RUST_BACKTRACE=full" "-e" "RUSTFLAGS=--cap-lints=warn" "-e" "RUSTDOCFLAGS=--cap-lints=warn" "-w" "/opt/rustwide/workdir" "--user" "0:0" "4d52399de82eed668eeb69f0fd466ac102ea978fd709e1edcc7dfb25b2658ee0" "/opt/rustwide/cargo-home/bin/cargo" "+1.100.0-beta.1" "test" "--frozen" "--no-run" "--message-format=json" "--release", kill_on_drop: false }`
[INFO] [stderr]    Compiling serde_core v1.0.229
[INFO] [stderr]    Compiling serde v1.0.229
[INFO] [stderr]    Compiling zerocopy v0.8.59
[INFO] [stderr]    Compiling num-traits v0.2.19
[INFO] [stderr]    Compiling syn v3.0.6
[INFO] [stderr]    Compiling getrandom v0.2.17
[INFO] [stderr]    Compiling nom v7.1.3
[INFO] [stderr]    Compiling unarray v0.1.4
[INFO] [stderr]    Compiling bitflags v2.11.0
[INFO] [stderr]    Compiling regex-syntax v0.8.8
[INFO] [stderr]    Compiling futures-sink v0.3.31
[INFO] [stderr]    Compiling futures-macro v0.3.31
[INFO] [stderr]    Compiling proptest-derive v0.5.0
[INFO] [stderr]    Compiling futures-task v0.3.31
[INFO] [stderr]    Compiling iana-time-zone v0.1.64
[INFO] [stderr]    Compiling pin-utils v0.1.0
[INFO] [stderr]    Compiling futures-channel v0.3.31
[INFO] [stderr]    Compiling ring v0.17.14
[INFO] [stderr]    Compiling rand_core v0.6.4
[INFO] [stderr]    Compiling possiblyrandom v0.2.1
[INFO] [stderr]    Compiling rand_xorshift v0.3.0
[INFO] [stderr]    Compiling futures-util v0.3.31
[INFO] [stderr]    Compiling num-integer v0.1.47
[INFO] [stderr]    Compiling chrono v0.4.42
[INFO] [stderr]    Compiling dcap-ql v0.4.3
[INFO] [stderr]    Compiling num-bigint v0.4.4
[INFO] [stderr]    Compiling lexe-sha256 v0.1.26
[INFO] [stderr]    Compiling rustls-webpki v0.103.15
[INFO] [stderr]    Compiling rustls v0.23.45
[INFO] [stderr]    Compiling rusticata-macros v4.1.0
[INFO] [stderr]    Compiling lexe-serde v0.1.26
[INFO] [stderr]    Compiling asn1-rs v0.7.1
[INFO] [stderr]    Compiling bcs v0.2.1
[INFO] [stderr]    Compiling serde_json v1.0.145
[INFO] [stderr]    Compiling yasna v0.5.2
[INFO] [stderr]    Compiling serde_derive v1.0.229
[INFO] [stderr]    Compiling tokio-macros v2.7.2
[INFO] [stderr]    Compiling rcgen v0.14.5
[INFO] [stderr]    Compiling der-parser v10.0.0
[INFO] [stderr]    Compiling oid-registry v0.8.1
[INFO] [stderr]    Compiling futures-executor v0.3.31
[INFO] [stderr]    Compiling futures v0.3.31
[INFO] [stderr]    Compiling x509-parser v0.18.0
[INFO] [stderr]    Compiling ppv-lite86 v0.2.21
[INFO] [stderr]    Compiling rand_chacha v0.3.1
[INFO] [stderr]    Compiling rand v0.8.8
[INFO] [stderr]    Compiling proptest v1.5.0
[INFO] [stderr]    Compiling bitcoin_hashes v0.14.1
[INFO] [stderr]    Compiling bitcoin-internals v0.3.0
[INFO] [stderr]    Compiling bytes v1.11.1
[INFO] [stderr]    Compiling serde_urlencoded v0.7.1
[INFO] [stderr]    Compiling serde_with v3.5.1
[INFO] [stderr]    Compiling rust_decimal v1.39.0
[INFO] [stderr]    Compiling semver v1.0.25
[INFO] [stderr]    Compiling bitcoin-units v0.1.2
[INFO] [stderr]    Compiling lexe-tls-core v0.1.26
[INFO] [stderr]    Compiling base58ck v0.1.0
[INFO] [stderr]    Compiling secp256k1 v0.29.1
[INFO] [stderr]    Compiling http v1.1.0
[INFO] [stderr]    Compiling bip39 v2.2.2
[INFO] [stderr]    Compiling tokio v1.53.2
[INFO] [stderr]    Compiling bitcoin v0.32.8
[INFO] [stderr]    Compiling http-body v1.0.0
[INFO] [stderr]    Compiling http-body-util v0.1.1
[INFO] [stderr]    Compiling lexe-crypto v0.1.26
[INFO] [stderr]    Compiling lexe-enclave v0.1.26
[INFO] [stderr]    Compiling tokio-rustls v0.26.4
[INFO] [stderr]    Compiling lightning-types v0.4.0-rc3
[INFO] [stderr]    Compiling lightning-invoice v0.35.0-rc3
[INFO] [stderr]    Compiling lightning v0.3.0-rc3
[INFO] [stderr]    Compiling lexe-common v0.1.26
[INFO] [stderr]    Compiling lexe-api-core v0.1.26
[INFO] [stderr]    Compiling lexe-tls v0.1.26 (/opt/rustwide/workdir)
[INFO] [stderr] warning: unused dependency `tokio`
[INFO] [stderr]   --> Cargo.toml:85:15
[INFO] [stderr]    |
[INFO] [stderr] 85 | [dependencies.tokio]
[INFO] [stderr]    |               ^^^^^^
[INFO] [stderr]    |
[INFO] [stderr]    = note: `cargo::unused_dependencies` is set to `warn` by default
[INFO] [stderr] help: consider removing the dependency on `tokio`
[INFO] [stderr] help: to still use for development builds, move to `dev-dependencies`
[INFO] [stderr] warning: unused dependency `tokio`
[INFO] [stderr]    --> Cargo.toml:130:19
[INFO] [stderr]     |
[INFO] [stderr] 130 | [dev-dependencies.tokio]
[INFO] [stderr]     |                   ^^^^^^
[INFO] [stderr]     |
[INFO] [stderr] help: consider removing the dependency on `tokio`
[INFO] [stderr] help: to still use for development builds, move to `dev-dependencies`
[INFO] [stderr] warning: unused dependency `webpki-roots`
[INFO] [stderr]   --> Cargo.toml:95:15
[INFO] [stderr]    |
[INFO] [stderr] 95 | [dependencies.webpki-roots]
[INFO] [stderr]    |               ^^^^^^^^^^^^^
[INFO] [stderr]    |
[INFO] [stderr] help: consider removing the dependency on `webpki-roots`
[INFO] [stderr] warning: `lexe-tls` (manifest) generated 3 warnings
[INFO] [stderr]     Finished `release` profile [optimized] target(s) in 2m 36s
[INFO] running `Command { std: "docker" "inspect" "4d52399de82eed668eeb69f0fd466ac102ea978fd709e1edcc7dfb25b2658ee0", kill_on_drop: false }`
[INFO] running `Command { std: "docker" "exec" "-e" "SOURCE_DIR=/opt/rustwide/workdir" "-e" "CARGO_HOME=/opt/rustwide/cargo-home" "-e" "RUSTUP_HOME=/opt/rustwide/rustup-home" "-e" "CARGO_TARGET_DIR=/opt/rustwide/target" "-e" "CARGO_INCREMENTAL=0" "-e" "RUST_BACKTRACE=full" "-e" "RUSTFLAGS=--cap-lints=warn" "-e" "RUSTDOCFLAGS=--cap-lints=warn" "-w" "/opt/rustwide/workdir" "--user" "0:0" "4d52399de82eed668eeb69f0fd466ac102ea978fd709e1edcc7dfb25b2658ee0" "/opt/rustwide/cargo-home/bin/cargo" "+1.100.0-beta.1" "test" "--frozen" "--release", kill_on_drop: false }`
[INFO] [stderr] warning: unused dependency `tokio`
[INFO] [stderr]   --> Cargo.toml:85:15
[INFO] [stderr]    |
[INFO] [stderr] 85 | [dependencies.tokio]
[INFO] [stderr]    |               ^^^^^^
[INFO] [stderr]    |
[INFO] [stderr]    = note: `cargo::unused_dependencies` is set to `warn` by default
[INFO] [stderr] help: consider removing the dependency on `tokio`
[INFO] [stderr] help: to still use for development builds, move to `dev-dependencies`
[INFO] [stderr] warning: unused dependency `tokio`
[INFO] [stderr]    --> Cargo.toml:130:19
[INFO] [stderr]     |
[INFO] [stderr] 130 | [dev-dependencies.tokio]
[INFO] [stderr]     |                   ^^^^^^
[INFO] [stderr]     |
[INFO] [stderr] help: consider removing the dependency on `tokio`
[INFO] [stderr] help: to still use for development builds, move to `dev-dependencies`
[INFO] [stderr] warning: unused dependency `webpki-roots`
[INFO] [stderr]   --> Cargo.toml:95:15
[INFO] [stderr]    |
[INFO] [stderr] 95 | [dependencies.webpki-roots]
[INFO] [stderr]    |               ^^^^^^^^^^^^^
[INFO] [stderr]    |
[INFO] [stderr] help: consider removing the dependency on `webpki-roots`
[INFO] [stderr] warning: `lexe-tls` (manifest) generated 3 warnings
[INFO] [stderr]     Finished `release` profile [optimized] target(s) in 0.72s
[INFO] [stderr]      Running unittests src/lib.rs (/opt/rustwide/target/release/build/lexe-tls/a5aef2472416c73d/out/lexe_tls-a5aef2472416c73d)
[INFO] [stdout] 
[INFO] [stdout] running 22 tests
[INFO] [stdout] test attest_client::verifier::test::dump_cpu_fmspc_blocklist ... ignored
[INFO] [stdout] test attest_client::verifier::test::pretty_print_cpu_fmspc ... ignored
[INFO] [stdout] test lexe_ca::test::dump_dummy_lexe_ca_cert ... ignored
[INFO] [stdout] test shared_seed::certs::test::ca_cert_snapshot_test ... ok
[INFO] [stdout] test attest_client::cert::test::test_sgx_attestation_ext_oid_der_bytes ... ok
[INFO] [stdout] test attest_client::cert::test::test_sgx_attestation_ext_serde ... ok
[INFO] [stdout] test lexe_ca::test::verifier_helpers_dont_panic ... ok
[INFO] [stdout] test p256::test::test_keypair_pkcs8_der_roundtrip ... ok
[INFO] [stdout] test p256::test::test_keypair_pkcs8_pem_roundtrip ... ok
[INFO] [stdout] test shared_seed::certs::test::derived_ca_keypair_snapshot_test ... ok
[INFO] [stdout] test lexe_ca::test::test_dummy_lexe_ca_cert_eq ... FAILED
[INFO] [stdout] test attest_client::verifier::test::test_intel_sgx_trust_anchor_der_pem_equal ... FAILED
[INFO] [stdout] test attest_client::verifier::test::test_verify_sgx_server_cert ... FAILED
[INFO] [stdout] test shared_seed::certs::test::test_certs_parse_successfully ... ok
[INFO] [stdout] test attest_client::cert::test::test_sgx_pck_extensions_parse ... FAILED
[INFO] [stdout] test attest_client::verifier::test::test_verify_sgx_server_quote ... FAILED
[INFO] [stdout] test attest_client::verifier::test::test_intel_sgx_tcb_level_supported ... FAILED
[INFO] [stdout] test shared_seed::test::user_node_run_handshake_fails_with_different_seeds ... ok
[INFO] [stdout] test types::test::test_parse_cert_with_key_pem ... ok
[INFO] [stdout] test shared_seed::test::user_node_run_handshake_succeeds ... ok
[INFO] [stdout] test shared_seed::test::sdk_node_run_handshake ... ok
[INFO] [stdout] test ed25519_ext::test::test_keypair_pkcs8_pem_roundtrip ... ok
[INFO] [stdout] 
[INFO] [stdout] failures:
[INFO] [stdout] 
[INFO] [stdout] ---- lexe_ca::test::test_dummy_lexe_ca_cert_eq stdout ----
[INFO] [stdout] 
[INFO] [stdout] thread 'lexe_ca::test::test_dummy_lexe_ca_cert_eq' (3939) panicked at src/lexe_ca.rs:165:18:
[INFO] [stdout] called `Result::unwrap()` on an `Err` value: Os { code: 2, kind: NotFound, message: "No such file or directory" }
[INFO] [stdout] stack backtrace:
[INFO] [stdout]    0:     0x611dda9e92e1 - <<std[617be2ca0a6fd877]::sys::backtrace::BacktraceLock>::print::DisplayBacktrace as core[a373ad73a504971]::fmt::Display>::fmt
[INFO] [stdout]    1:     0x611dda9fed9a - core[a373ad73a504971]::fmt::write
[INFO] [stdout]    2:     0x611dda9edb5c - <alloc[2e1b2a31b91974c5]::vec::Vec<u8> as core[a373ad73a504971]::io::write::Write>::write_fmt
[INFO] [stdout]    3:     0x611dda9c3bc6 - std[617be2ca0a6fd877]::panicking::default_hook::{closure#0}
[INFO] [stdout]    4:     0x611dda9e10c9 - std[617be2ca0a6fd877]::panicking::default_hook
[INFO] [stdout]    5:     0x611dda837c90 - test[aada8e7e76ba119b]::test_main_inner::{closure#0}
[INFO] [stdout]    6:     0x611dda9e1282 - std[617be2ca0a6fd877]::panicking::panic_with_hook
[INFO] [stdout]    7:     0x611dda9c3c72 - std[617be2ca0a6fd877]::panicking::panic_handler::{closure#0}
[INFO] [stdout]    8:     0x611dda9bc119 - std[617be2ca0a6fd877]::sys::backtrace::__rust_end_short_backtrace::<std[617be2ca0a6fd877]::panicking::panic_handler::{closure#0}, !>
[INFO] [stdout]    9:     0x611dda9c498d - __rustc[ea4f61d10b84890b]::rust_begin_unwind
[INFO] [stdout]   10:     0x611dda9ff4fc - core[a373ad73a504971]::panicking::panic_fmt
[INFO] [stdout]   11:     0x611dda9ff2d2 - core[a373ad73a504971]::result::unwrap_failed
[INFO] [stdout]   12:     0x611dda822580 - <lexe_tls[757de5c452d45faf]::lexe_ca::test::test_dummy_lexe_ca_cert_eq::{closure#0} as core[a373ad73a504971]::ops::function::FnOnce<()>>::call_once
[INFO] [stdout]   13:     0x611dda82b0db - test[aada8e7e76ba119b]::__rust_begin_short_backtrace::<core[a373ad73a504971]::result::Result<(), alloc[2e1b2a31b91974c5]::string::String>, fn() -> core[a373ad73a504971]::result::Result<(), alloc[2e1b2a31b91974c5]::string::String>>
[INFO] [stdout]   14:     0x611dda8382b5 - test[aada8e7e76ba119b]::run_test::{closure#0}
[INFO] [stdout]   15:     0x611dda831ba4 - std[617be2ca0a6fd877]::sys::backtrace::__rust_begin_short_backtrace::<test[aada8e7e76ba119b]::run_test::{closure#1}, ()>
[INFO] [stdout]   16:     0x611dda83b342 - <std[617be2ca0a6fd877]::thread::lifecycle::spawn_unchecked<test[aada8e7e76ba119b]::run_test::{closure#1}, ()>::{closure#1} as core[a373ad73a504971]::ops::function::FnOnce<()>>::call_once::{shim:vtable#0}
[INFO] [stdout]   17:     0x611dda9e82ef - <std[617be2ca0a6fd877]::sys::thread::unix::Thread>::new::thread_start
[INFO] [stdout]   18:     0x72e3c7632dfa - <unknown>
[INFO] [stdout]   19:     0x72e3c76c63d4 - clone
[INFO] [stdout]   20:                0x0 - <unknown>
[INFO] [stdout] 
[INFO] [stdout] ---- attest_client::verifier::test::test_intel_sgx_trust_anchor_der_pem_equal stdout ----
[INFO] [stdout] 
[INFO] [stdout] thread 'attest_client::verifier::test::test_intel_sgx_trust_anchor_der_pem_equal' (3935) panicked at src/attest_client/verifier.rs:913:67:
[INFO] [stdout] called `Result::unwrap()` on an `Err` value: Os { code: 2, kind: NotFound, message: "No such file or directory" }
[INFO] [stdout] stack backtrace:
[INFO] [stdout]    0:     0x611dda9e92e1 - <<std[617be2ca0a6fd877]::sys::backtrace::BacktraceLock>::print::DisplayBacktrace as core[a373ad73a504971]::fmt::Display>::fmt
[INFO] [stdout]    1:     0x611dda9fed9a - core[a373ad73a504971]::fmt::write
[INFO] [stdout]    2:     0x611dda9edb5c - <alloc[2e1b2a31b91974c5]::vec::Vec<u8> as core[a373ad73a504971]::io::write::Write>::write_fmt
[INFO] [stdout]    3:     0x611dda9c3bc6 - std[617be2ca0a6fd877]::panicking::default_hook::{closure#0}
[INFO] [stdout]    4:     0x611dda9e10c9 - std[617be2ca0a6fd877]::panicking::default_hook
[INFO] [stdout]    5:     0x611dda837c90 - test[aada8e7e76ba119b]::test_main_inner::{closure#0}
[INFO] [stdout]    6:     0x611dda9e1282 - std[617be2ca0a6fd877]::panicking::panic_with_hook
[INFO] [stdout]    7:     0x611dda9c3c72 - std[617be2ca0a6fd877]::panicking::panic_handler::{closure#0}
[INFO] [stdout]    8:     0x611dda9bc119 - std[617be2ca0a6fd877]::sys::backtrace::__rust_end_short_backtrace::<std[617be2ca0a6fd877]::panicking::panic_handler::{closure#0}, !>
[INFO] [stdout]    9:     0x611dda9c498d - __rustc[ea4f61d10b84890b]::rust_begin_unwind
[INFO] [stdout]   10:     0x611dda9ff4fc - core[a373ad73a504971]::panicking::panic_fmt
[INFO] [stdout]   11:     0x611dda9ff2d2 - core[a373ad73a504971]::result::unwrap_failed
[INFO] [stdout]   12:     0x611dda82771d - <lexe_tls[757de5c452d45faf]::attest_client::verifier::test::test_intel_sgx_trust_anchor_der_pem_equal::{closure#0} as core[a373ad73a504971]::ops::function::FnOnce<()>>::call_once
[INFO] [stdout]   13:     0x611dda82b0db - test[aada8e7e76ba119b]::__rust_begin_short_backtrace::<core[a373ad73a504971]::result::Result<(), alloc[2e1b2a31b91974c5]::string::String>, fn() -> core[a373ad73a504971]::result::Result<(), alloc[2e1b2a31b91974c5]::string::String>>
[INFO] [stdout]   14:     0x611dda8382b5 - test[aada8e7e76ba119b]::run_test::{closure#0}
[INFO] [stdout]   15:     0x611dda831ba4 - std[617be2ca0a6fd877]::sys::backtrace::__rust_begin_short_backtrace::<test[aada8e7e76ba119b]::run_test::{closure#1}, ()>
[INFO] [stdout]   16:     0x611dda83b342 - <std[617be2ca0a6fd877]::thread::lifecycle::spawn_unchecked<test[aada8e7e76ba119b]::run_test::{closure#1}, ()>::{closure#1} as core[a373ad73a504971]::ops::function::FnOnce<()>>::call_once::{shim:vtable#0}
[INFO] [stdout]   17:     0x611dda9e82ef - <std[617be2ca0a6fd877]::sys::thread::unix::Thread>::new::thread_start
[INFO] [stdout]   18:     0x72e3c7632dfa - <unknown>
[INFO] [stdout]   19:     0x72e3c76c63d4 - clone
[INFO] [stdout]   20:                0x0 - <unknown>
[INFO] [stdout] 
[INFO] [stdout] ---- attest_client::verifier::test::test_verify_sgx_server_cert stdout ----
[INFO] [stdout] 
[INFO] [stdout] thread 'attest_client::verifier::test::test_verify_sgx_server_cert' (3936) panicked at src/attest_client/verifier.rs:900:72:
[INFO] [stdout] called `Result::unwrap()` on an `Err` value: Os { code: 2, kind: NotFound, message: "No such file or directory" }
[INFO] [stdout] stack backtrace:
[INFO] [stdout]    0:     0x611dda9e92e1 - <<std[617be2ca0a6fd877]::sys::backtrace::BacktraceLock>::print::DisplayBacktrace as core[a373ad73a504971]::fmt::Display>::fmt
[INFO] [stdout]    1:     0x611dda9fed9a - core[a373ad73a504971]::fmt::write
[INFO] [stdout]    2:     0x611dda9edb5c - <alloc[2e1b2a31b91974c5]::vec::Vec<u8> as core[a373ad73a504971]::io::write::Write>::write_fmt
[INFO] [stdout]    3:     0x611dda9c3bc6 - std[617be2ca0a6fd877]::panicking::default_hook::{closure#0}
[INFO] [stdout]    4:     0x611dda9e10c9 - std[617be2ca0a6fd877]::panicking::default_hook
[INFO] [stdout]    5:     0x611dda837c90 - test[aada8e7e76ba119b]::test_main_inner::{closure#0}
[INFO] [stdout]    6:     0x611dda9e1282 - std[617be2ca0a6fd877]::panicking::panic_with_hook
[INFO] [stdout]    7:     0x611dda9c3c72 - std[617be2ca0a6fd877]::panicking::panic_handler::{closure#0}
[INFO] [stdout]    8:     0x611dda9bc119 - std[617be2ca0a6fd877]::sys::backtrace::__rust_end_short_backtrace::<std[617be2ca0a6fd877]::panicking::panic_handler::{closure#0}, !>
[INFO] [stdout]    9:     0x611dda9c498d - __rustc[ea4f61d10b84890b]::rust_begin_unwind
[INFO] [stdout]   10:     0x611dda9ff4fc - core[a373ad73a504971]::panicking::panic_fmt
[INFO] [stdout]   11:     0x611dda9ff2d2 - core[a373ad73a504971]::result::unwrap_failed
[INFO] [stdout]   12:     0x611dda8244ea - lexe_tls[757de5c452d45faf]::attest_client::verifier::test::attest_cert_fixture
[INFO] [stdout]   13:     0x611dda825cfa - <lexe_tls[757de5c452d45faf]::attest_client::verifier::test::test_verify_sgx_server_cert::{closure#0} as core[a373ad73a504971]::ops::function::FnOnce<()>>::call_once
[INFO] [stdout]   14:     0x611dda82b0db - test[aada8e7e76ba119b]::__rust_begin_short_backtrace::<core[a373ad73a504971]::result::Result<(), alloc[2e1b2a31b91974c5]::string::String>, fn() -> core[a373ad73a504971]::result::Result<(), alloc[2e1b2a31b91974c5]::string::String>>
[INFO] [stdout]   15:     0x611dda8382b5 - test[aada8e7e76ba119b]::run_test::{closure#0}
[INFO] [stdout]   16:     0x611dda831ba4 - std[617be2ca0a6fd877]::sys::backtrace::__rust_begin_short_backtrace::<test[aada8e7e76ba119b]::run_test::{closure#1}, ()>
[INFO] [stdout]   17:     0x611dda83b342 - <std[617be2ca0a6fd877]::thread::lifecycle::spawn_unchecked<test[aada8e7e76ba119b]::run_test::{closure#1}, ()>::{closure#1} as core[a373ad73a504971]::ops::function::FnOnce<()>>::call_once::{shim:vtable#0}
[INFO] [stdout]   18:     0x611dda9e82ef - <std[617be2ca0a6fd877]::sys::thread::unix::Thread>::new::thread_start
[INFO] [stdout]   19:     0x72e3c7632dfa - <unknown>
[INFO] [stdout]   20:     0x72e3c76c63d4 - clone
[INFO] [stdout]   21:                0x0 - <unknown>
[INFO] [stdout] 
[INFO] [stdout] ---- attest_client::cert::test::test_sgx_pck_extensions_parse stdout ----
[INFO] [stdout] 
[INFO] [stdout] thread 'attest_client::cert::test::test_sgx_pck_extensions_parse' (3933) panicked at src/attest_client/cert.rs:359:69:
[INFO] [stdout] called `Result::unwrap()` on an `Err` value: Os { code: 2, kind: NotFound, message: "No such file or directory" }
[INFO] [stdout] stack backtrace:
[INFO] [stdout]    0:     0x611dda9e92e1 - <<std[617be2ca0a6fd877]::sys::backtrace::BacktraceLock>::print::DisplayBacktrace as core[a373ad73a504971]::fmt::Display>::fmt
[INFO] [stdout]    1:     0x611dda9fed9a - core[a373ad73a504971]::fmt::write
[INFO] [stdout]    2:     0x611dda9edb5c - <alloc[2e1b2a31b91974c5]::vec::Vec<u8> as core[a373ad73a504971]::io::write::Write>::write_fmt
[INFO] [stdout]    3:     0x611dda9c3bc6 - std[617be2ca0a6fd877]::panicking::default_hook::{closure#0}
[INFO] [stdout]    4:     0x611dda9e10c9 - std[617be2ca0a6fd877]::panicking::default_hook
[INFO] [stdout]    5:     0x611dda837c90 - test[aada8e7e76ba119b]::test_main_inner::{closure#0}
[INFO] [stdout]    6:     0x611dda9e1282 - std[617be2ca0a6fd877]::panicking::panic_with_hook
[INFO] [stdout]    7:     0x611dda9c3c72 - std[617be2ca0a6fd877]::panicking::panic_handler::{closure#0}
[INFO] [stdout]    8:     0x611dda9bc119 - std[617be2ca0a6fd877]::sys::backtrace::__rust_end_short_backtrace::<std[617be2ca0a6fd877]::panicking::panic_handler::{closure#0}, !>
[INFO] [stdout]    9:     0x611dda9c498d - __rustc[ea4f61d10b84890b]::rust_begin_unwind
[INFO] [stdout]   10:     0x611dda9ff4fc - core[a373ad73a504971]::panicking::panic_fmt
[INFO] [stdout]   11:     0x611dda9ff2d2 - core[a373ad73a504971]::result::unwrap_failed
[INFO] [stdout]   12:     0x611dda82abb8 - <lexe_tls[757de5c452d45faf]::attest_client::cert::test::test_sgx_pck_extensions_parse::{closure#0} as core[a373ad73a504971]::ops::function::FnOnce<()>>::call_once
[INFO] [stdout]   13:     0x611dda82b0db - test[aada8e7e76ba119b]::__rust_begin_short_backtrace::<core[a373ad73a504971]::result::Result<(), alloc[2e1b2a31b91974c5]::string::String>, fn() -> core[a373ad73a504971]::result::Result<(), alloc[2e1b2a31b91974c5]::string::String>>
[INFO] [stdout]   14:     0x611dda8382b5 - test[aada8e7e76ba119b]::run_test::{closure#0}
[INFO] [stdout]   15:     0x611dda831ba4 - std[617be2ca0a6fd877]::sys::backtrace::__rust_begin_short_backtrace::<test[aada8e7e76ba119b]::run_test::{closure#1}, ()>
[INFO] [stdout]   16:     0x611dda83b342 - <std[617be2ca0a6fd877]::thread::lifecycle::spawn_unchecked<test[aada8e7e76ba119b]::run_test::{closure#1}, ()>::{closure#1} as core[a373ad73a504971]::ops::function::FnOnce<()>>::call_once::{shim:vtable#0}
[INFO] [stdout]   17:     0x611dda9e82ef - <std[617be2ca0a6fd877]::sys::thread::unix::Thread>::new::thread_start
[INFO] [stdout]   18:     0x72e3c7632dfa - <unknown>
[INFO] [stdout]   19:     0x72e3c76c63d4 - clone
[INFO] [stdout]   20:                0x0 - <unknown>
[INFO] [stdout] 
[INFO] [stdout] ---- attest_client::verifier::test::test_verify_sgx_server_quote stdout ----
[INFO] [stdout] 
[INFO] [stdout] thread 'attest_client::verifier::test::test_verify_sgx_server_quote' (3937) panicked at src/attest_client/verifier.rs:900:72:
[INFO] [stdout] called `Result::unwrap()` on an `Err` value: Os { code: 2, kind: NotFound, message: "No such file or directory" }
[INFO] [stdout] stack backtrace:
[INFO] [stdout]    0:     0x611dda9e92e1 - <<std[617be2ca0a6fd877]::sys::backtrace::BacktraceLock>::print::DisplayBacktrace as core[a373ad73a504971]::fmt::Display>::fmt
[INFO] [stdout]    1:     0x611dda9fed9a - core[a373ad73a504971]::fmt::write
[INFO] [stdout]    2:     0x611dda9edb5c - <alloc[2e1b2a31b91974c5]::vec::Vec<u8> as core[a373ad73a504971]::io::write::Write>::write_fmt
[INFO] [stdout]    3:     0x611dda9c3bc6 - std[617be2ca0a6fd877]::panicking::default_hook::{closure#0}
[INFO] [stdout]    4:     0x611dda9e10c9 - std[617be2ca0a6fd877]::panicking::default_hook
[INFO] [stdout]    5:     0x611dda837c90 - test[aada8e7e76ba119b]::test_main_inner::{closure#0}
[INFO] [stdout]    6:     0x611dda9e1282 - std[617be2ca0a6fd877]::panicking::panic_with_hook
[INFO] [stdout]    7:     0x611dda9c3c72 - std[617be2ca0a6fd877]::panicking::panic_handler::{closure#0}
[INFO] [stdout]    8:     0x611dda9bc119 - std[617be2ca0a6fd877]::sys::backtrace::__rust_end_short_backtrace::<std[617be2ca0a6fd877]::panicking::panic_handler::{closure#0}, !>
[INFO] [stdout]    9:     0x611dda9c498d - __rustc[ea4f61d10b84890b]::rust_begin_unwind
[INFO] [stdout]   10:     0x611dda9ff4fc - core[a373ad73a504971]::panicking::panic_fmt
[INFO] [stdout]   11:     0x611dda9ff2d2 - core[a373ad73a504971]::result::unwrap_failed
[INFO] [stdout]   12:     0x611dda8244ea - lexe_tls[757de5c452d45faf]::attest_client::verifier::test::attest_cert_fixture
[INFO] [stdout]   13:     0x611dda825fbb - <lexe_tls[757de5c452d45faf]::attest_client::verifier::test::test_verify_sgx_server_quote::{closure#0} as core[a373ad73a504971]::ops::function::FnOnce<()>>::call_once
[INFO] [stdout]   14:     0x611dda82b0db - test[aada8e7e76ba119b]::__rust_begin_short_backtrace::<core[a373ad73a504971]::result::Result<(), alloc[2e1b2a31b91974c5]::string::String>, fn() -> core[a373ad73a504971]::result::Result<(), alloc[2e1b2a31b91974c5]::string::String>>
[INFO] [stdout]   15:     0x611dda8382b5 - test[aada8e7e76ba119b]::run_test::{closure#0}
[INFO] [stdout]   16:     0x611dda831ba4 - std[617be2ca0a6fd877]::sys::backtrace::__rust_begin_short_backtrace::<test[aada8e7e76ba119b]::run_test::{closure#1}, ()>
[INFO] [stdout]   17:     0x611dda83b342 - <std[617be2ca0a6fd877]::thread::lifecycle::spawn_unchecked<test[aada8e7e76ba119b]::run_test::{closure#1}, ()>::{closure#1} as core[a373ad73a504971]::ops::function::FnOnce<()>>::call_once::{shim:vtable#0}
[INFO] [stdout]   18:     0x611dda9e82ef - <std[617be2ca0a6fd877]::sys::thread::unix::Thread>::new::thread_start
[INFO] [stdout]   19:     0x72e3c7632dfa - <unknown>
[INFO] [stdout]   20:     0x72e3c76c63d4 - clone
[INFO] [stdout]   21:                0x0 - <unknown>
[INFO] [stdout] 
[INFO] [stdout] ---- attest_client::verifier::test::test_intel_sgx_tcb_level_supported stdout ----
[INFO] [stdout] 
[INFO] [stdout] thread 'attest_client::verifier::test::test_intel_sgx_tcb_level_supported' (3934) panicked at src/attest_client/verifier.rs:900:72:
[INFO] [stdout] called `Result::unwrap()` on an `Err` value: Os { code: 2, kind: NotFound, message: "No such file or directory" }
[INFO] [stdout] stack backtrace:
[INFO] [stdout]    0:     0x611dda9e92e1 - <<std[617be2ca0a6fd877]::sys::backtrace::BacktraceLock>::print::DisplayBacktrace as core[a373ad73a504971]::fmt::Display>::fmt
[INFO] [stdout]    1:     0x611dda9fed9a - core[a373ad73a504971]::fmt::write
[INFO] [stdout]    2:     0x611dda9edb5c - <alloc[2e1b2a31b91974c5]::vec::Vec<u8> as core[a373ad73a504971]::io::write::Write>::write_fmt
[INFO] [stdout]    3:     0x611dda9c3bc6 - std[617be2ca0a6fd877]::panicking::default_hook::{closure#0}
[INFO] [stdout]    4:     0x611dda9e10c9 - std[617be2ca0a6fd877]::panicking::default_hook
[INFO] [stdout]    5:     0x611dda837c90 - test[aada8e7e76ba119b]::test_main_inner::{closure#0}
[INFO] [stdout]    6:     0x611dda9e1282 - std[617be2ca0a6fd877]::panicking::panic_with_hook
[INFO] [stdout]    7:     0x611dda9c3c72 - std[617be2ca0a6fd877]::panicking::panic_handler::{closure#0}
[INFO] [stdout]    8:     0x611dda9bc119 - std[617be2ca0a6fd877]::sys::backtrace::__rust_end_short_backtrace::<std[617be2ca0a6fd877]::panicking::panic_handler::{closure#0}, !>
[INFO] [stdout]    9:     0x611dda9c498d - __rustc[ea4f61d10b84890b]::rust_begin_unwind
[INFO] [stdout]   10:     0x611dda9ff4fc - core[a373ad73a504971]::panicking::panic_fmt
[INFO] [stdout]   11:     0x611dda9ff2d2 - core[a373ad73a504971]::result::unwrap_failed
[INFO] [stdout]   12:     0x611dda8244ea - lexe_tls[757de5c452d45faf]::attest_client::verifier::test::attest_cert_fixture
[INFO] [stdout]   13:     0x611dda826323 - <lexe_tls[757de5c452d45faf]::attest_client::verifier::test::test_intel_sgx_tcb_level_supported::{closure#0} as core[a373ad73a504971]::ops::function::FnOnce<()>>::call_once
[INFO] [stdout]   14:     0x611dda82b0db - test[aada8e7e76ba119b]::__rust_begin_short_backtrace::<core[a373ad73a504971]::result::Result<(), alloc[2e1b2a31b91974c5]::string::String>, fn() -> core[a373ad73a504971]::result::Result<(), alloc[2e1b2a31b91974c5]::string::String>>
[INFO] [stdout]   15:     0x611dda8382b5 - test[aada8e7e76ba119b]::run_test::{closure#0}
[INFO] [stdout]   16:     0x611dda831ba4 - std[617be2ca0a6fd877]::sys::backtrace::__rust_begin_short_backtrace::<test[aada8e7e76ba119b]::run_test::{closure#1}, ()>
[INFO] [stdout]   17:     0x611dda83b342 - <std[617be2ca0a6fd877]::thread::lifecycle::spawn_unchecked<test[aada8e7e76ba119b]::run_test::{closure#1}, ()>::{closure#1} as core[a373ad73a504971]::ops::function::FnOnce<()>>::call_once::{shim:vtable#0}
[INFO] [stdout]   18:     0x611dda9e82ef - <std[617be2ca0a6fd877]::sys::thread::unix::Thread>::new::thread_start
[INFO] [stdout]   19:     0x72e3c7632dfa - <unknown>
[INFO] [stdout]   20:     0x72e3c76c63d4 - clone
[INFO] [stdout]   21:                0x0 - <unknown>
[INFO] [stdout] 
[INFO] [stdout] 
[INFO] [stdout] failures:
[INFO] [stdout]     attest_client::cert::test::test_sgx_pck_extensions_parse
[INFO] [stdout]     attest_client::verifier::test::test_intel_sgx_tcb_level_supported
[INFO] [stdout]     attest_client::verifier::test::test_intel_sgx_trust_anchor_der_pem_equal
[INFO] [stdout]     attest_client::verifier::test::test_verify_sgx_server_cert
[INFO] [stdout]     attest_client::verifier::test::test_verify_sgx_server_quote
[INFO] [stdout]     lexe_ca::test::test_dummy_lexe_ca_cert_eq
[INFO] [stdout] 
[INFO] [stdout] test result: FAILED. 13 passed; 6 failed; 3 ignored; 0 measured; 0 filtered out; finished in 0.04s
[INFO] [stdout] 
[INFO] [stderr] error: test failed, to rerun pass `--lib`
[INFO] running `Command { std: "docker" "inspect" "4d52399de82eed668eeb69f0fd466ac102ea978fd709e1edcc7dfb25b2658ee0", kill_on_drop: false }`
[INFO] running `Command { std: "docker" "rm" "-f" "4d52399de82eed668eeb69f0fd466ac102ea978fd709e1edcc7dfb25b2658ee0", kill_on_drop: false }`
[INFO] [stdout] 4d52399de82eed668eeb69f0fd466ac102ea978fd709e1edcc7dfb25b2658ee0
