[INFO] fetching crate lex-lsp 0.7.0...
[INFO] testing lex-lsp-0.7.0 against 1.99.0-beta.8+cargoflags=--release for beta-release-1.100-2
[INFO] extracting crate lex-lsp 0.7.0 into /workspace/builds/worker-1-tc1/source
[INFO] started tweaking crates.io crate lex-lsp 0.7.0
[INFO] removed 0 missing tests
[INFO] finished tweaking crates.io crate lex-lsp 0.7.0
[INFO] tweaked toml for crates.io crate lex-lsp 0.7.0 written to /workspace/builds/worker-1-tc1/source/Cargo.toml
[INFO] validating manifest of crates.io crate lex-lsp 0.7.0 on toolchain 1.99.0-beta.8
[INFO] running `Command { std: CARGO_HOME="/workspace/cargo-home" RUSTUP_HOME="/workspace/rustup-home" "/workspace/cargo-home/bin/cargo" "+1.99.0-beta.8" "metadata" "--manifest-path" "Cargo.toml" "--no-deps", kill_on_drop: false }`
[INFO] crate crates.io crate lex-lsp 0.7.0 already has a lockfile, it will not be regenerated
[INFO] running `Command { std: CARGO_HOME="/workspace/cargo-home" RUSTUP_HOME="/workspace/rustup-home" "/workspace/cargo-home/bin/cargo" "+1.99.0-beta.8" "fetch" "--manifest-path" "Cargo.toml", kill_on_drop: false }`
[INFO] [stderr]     Updating crates.io index
[INFO] [stderr]  Downloading crates ...
[INFO] [stderr]   Downloaded tower-lsp-macros v0.9.0
[INFO] [stderr]   Downloaded lsp-types v0.94.1
[INFO] [stderr]   Downloaded polymath-rs v0.1.2
[INFO] [stderr]   Downloaded tower-lsp v0.20.0
[INFO] [stderr]   Downloaded lex-core v0.7.0
[INFO] [stderr]   Downloaded lex-config v0.7.0
[INFO] [stderr]   Downloaded roxmltree v0.19.0
[INFO] [stderr]   Downloaded markup5ever v0.35.0
[INFO] [stderr]   Downloaded web_atoms v0.1.3
[INFO] [stderr]   Downloaded match_token v0.35.0
[INFO] [stderr]   Downloaded xml5ever v0.35.0
[INFO] [stderr]   Downloaded html5ever v0.35.0
[INFO] [stderr]   Downloaded lex-babel v0.7.0
[INFO] [stderr]   Downloaded plist v1.8.0
[INFO] [stderr]   Downloaded comrak v0.29.0
[INFO] [stderr]   Downloaded markup5ever_rcdom v0.35.0+unofficial
[INFO] [stderr]   Downloaded confique v0.4.0
[INFO] [stderr]   Downloaded confique-macro v0.0.13
[INFO] [stderr]   Downloaded clapfig v0.12.0
[INFO] [stderr]   Downloaded lex-analysis v0.7.0
[INFO] running `Command { std: "docker" "create" "-v" "/var/lib/crater-agent-workspace/builds/worker-1-tc1/source:/opt/rustwide/workdir:ro,Z" "-v" "/var/lib/crater-agent-workspace/builds/worker-1-tc1/target:/opt/rustwide/target:rw,Z" "-v" "/var/lib/crater-agent-workspace/cargo-home:/opt/rustwide/cargo-home:ro,Z" "-v" "/var/lib/crater-agent-workspace/rustup-home:/opt/rustwide/rustup-home:ro,Z" "-m" "1610612736" "--network" "none" "ghcr.io/rust-lang/crates-build-env/linux@sha256:77db811e55d90add9212f6832c23229e3de5f1c1f9905e8cb07319ea15df73ac" "sleep" "infinity", kill_on_drop: false }`
[INFO] [stdout] 5c0561a554ad1bdeecd6759121933508dfe5ca677df0a5685004bfde8a9840d9
[INFO] running `Command { std: "docker" "start" "5c0561a554ad1bdeecd6759121933508dfe5ca677df0a5685004bfde8a9840d9", kill_on_drop: false }`
[INFO] running `Command { std: "docker" "inspect" "5c0561a554ad1bdeecd6759121933508dfe5ca677df0a5685004bfde8a9840d9", kill_on_drop: false }`
[INFO] running `Command { std: "docker" "exec" "-e" "SOURCE_DIR=/opt/rustwide/workdir" "-e" "CARGO_HOME=/opt/rustwide/cargo-home" "-e" "RUSTUP_HOME=/opt/rustwide/rustup-home" "-e" "CARGO_TARGET_DIR=/opt/rustwide/target" "-w" "/opt/rustwide/workdir" "--user" "0:0" "5c0561a554ad1bdeecd6759121933508dfe5ca677df0a5685004bfde8a9840d9" "/opt/rustwide/cargo-home/bin/cargo" "+1.99.0-beta.8" "metadata" "--no-deps" "--format-version=1", kill_on_drop: false }`
[INFO] running `Command { std: "docker" "inspect" "5c0561a554ad1bdeecd6759121933508dfe5ca677df0a5685004bfde8a9840d9", kill_on_drop: false }`
[INFO] running `Command { std: "docker" "exec" "-e" "SOURCE_DIR=/opt/rustwide/workdir" "-e" "CARGO_HOME=/opt/rustwide/cargo-home" "-e" "RUSTUP_HOME=/opt/rustwide/rustup-home" "-e" "CARGO_TARGET_DIR=/opt/rustwide/target" "-e" "CARGO_INCREMENTAL=0" "-e" "RUST_BACKTRACE=full" "-e" "RUSTFLAGS=--cap-lints=warn" "-e" "RUSTDOCFLAGS=--cap-lints=warn" "-w" "/opt/rustwide/workdir" "--user" "0:0" "5c0561a554ad1bdeecd6759121933508dfe5ca677df0a5685004bfde8a9840d9" "/opt/rustwide/cargo-home/bin/cargo" "+1.99.0-beta.8" "build" "--frozen" "--message-format=json" "--release", kill_on_drop: false }`
[INFO] [stderr]    Compiling libc v0.2.183
[INFO] [stderr]    Compiling zerovec-derive v0.11.2
[INFO] [stderr]    Compiling serde v1.0.228
[INFO] [stderr]    Compiling zerofrom-derive v0.1.6
[INFO] [stderr]    Compiling yoke-derive v0.8.1
[INFO] [stderr]    Compiling siphasher v1.0.2
[INFO] [stderr]    Compiling bitflags v2.11.0
[INFO] [stderr]    Compiling rand_core v0.6.4
[INFO] [stderr]    Compiling rand v0.8.5
[INFO] [stderr]    Compiling phf_shared v0.11.3
[INFO] [stderr]    Compiling rustix v1.1.4
[INFO] [stderr]    Compiling aho-corasick v1.1.4
[INFO] [stderr]    Compiling phf_generator v0.11.3
[INFO] [stderr]    Compiling darling_core v0.20.11
[INFO] [stderr]    Compiling phf_codegen v0.11.3
[INFO] [stderr]    Compiling string_cache_codegen v0.5.4
[INFO] [stderr]    Compiling cc v1.2.56
[INFO] [stderr]    Compiling mac v0.1.1
[INFO] [stderr]    Compiling futf v0.1.5
[INFO] [stderr]    Compiling phf v0.11.3
[INFO] [stderr]    Compiling web_atoms v0.1.3
[INFO] [stderr]    Compiling beef v0.5.2
[INFO] [stderr]    Compiling zerofrom v0.1.6
[INFO] [stderr]    Compiling parking_lot_core v0.9.12
[INFO] [stderr]    Compiling either v1.15.0
[INFO] [stderr]    Compiling yoke v0.8.1
[INFO] [stderr]    Compiling parking_lot v0.12.5
[INFO] [stderr]    Compiling zerovec v0.11.5
[INFO] [stderr]    Compiling zerotrie v0.2.3
[INFO] [stderr]    Compiling string_cache v0.8.9
[INFO] [stderr]    Compiling regex-syntax v0.8.10
[INFO] [stderr]    Compiling regex-automata v0.4.14
[INFO] [stderr]    Compiling tinystr v0.8.2
[INFO] [stderr]    Compiling potential_utf v0.1.4
[INFO] [stderr]    Compiling icu_locale_core v2.1.1
[INFO] [stderr]    Compiling icu_collections v2.1.1
[INFO] [stderr]    Compiling onig_sys v69.9.1
[INFO] [stderr]    Compiling anstyle-query v1.1.5
[INFO] [stderr]    Compiling anstream v0.6.21
[INFO] [stderr]    Compiling terminal_size v0.4.3
[INFO] [stderr]    Compiling darling_macro v0.20.11
[INFO] [stderr]    Compiling icu_provider v2.1.1
[INFO] [stderr]    Compiling icu_normalizer v2.1.1
[INFO] [stderr]    Compiling icu_properties v2.1.2
[INFO] [stderr]    Compiling logos-codegen v0.14.4
[INFO] [stderr]    Compiling darling v0.20.11
[INFO] [stderr]    Compiling tendril v0.4.3
[INFO] [stderr]    Compiling tracing v0.1.44
[INFO] [stderr]    Compiling serde_json v1.0.149
[INFO] [stderr]    Compiling thiserror-impl v2.0.18
[INFO] [stderr]    Compiling clap_lex v1.0.0
[INFO] [stderr]    Compiling simd-adler32 v0.3.8
[INFO] [stderr]    Compiling idna_adapter v1.2.1
[INFO] [stderr]    Compiling idna v1.1.0
[INFO] [stderr]    Compiling logos-derive v0.14.4
[INFO] [stderr]    Compiling miniz_oxide v0.8.9
[INFO] [stderr]    Compiling thiserror v2.0.18
[INFO] [stderr]    Compiling clap_builder v4.5.60
[INFO] [stderr]    Compiling tinyvec v1.10.0
[INFO] [stderr]    Compiling url v2.5.8
[INFO] [stderr]    Compiling markup5ever v0.35.0
[INFO] [stderr]    Compiling derive_builder_core v0.20.2
[INFO] [stderr]    Compiling regex v1.12.3
[INFO] [stderr]    Compiling itertools v0.12.1
[INFO] [stderr]    Compiling clap_derive v4.5.55
[INFO] [stderr]    Compiling serde_yaml v0.9.34+deprecated
[INFO] [stderr]    Compiling rustix v0.38.44
[INFO] [stderr]    Compiling derive_builder_macro v0.20.2
[INFO] [stderr]    Compiling flate2 v1.1.9
[INFO] [stderr]    Compiling unicode-normalization v0.1.25
[INFO] [stderr]    Compiling polymath-rs v0.1.2
[INFO] [stderr]    Compiling clap v4.5.60
[INFO] [stderr]    Compiling logos v0.14.4
[INFO] [stderr]    Compiling futures-channel v0.3.32
[INFO] [stderr]    Compiling toml_parser v1.0.9+spec-1.1.0
[INFO] [stderr]    Compiling errno v0.3.14
[INFO] [stderr]    Compiling bincode v1.3.3
[INFO] [stderr]    Compiling match_token v0.35.0
[INFO] [stderr]    Compiling futures-macro v0.3.32
[INFO] [stderr]    Compiling futures-io v0.3.32
[INFO] [stderr]    Compiling futures-util v0.3.32
[INFO] [stderr]    Compiling slug v0.1.6
[INFO] [stderr]    Compiling toml v0.9.12+spec-1.1.0
[INFO] [stderr]    Compiling html5ever v0.35.0
[INFO] [stderr]    Compiling lex-core v0.7.0
[INFO] [stderr]    Compiling signal-hook-registry v1.4.8
[INFO] [stderr]    Compiling crossbeam-epoch v0.9.18
[INFO] [stderr]    Compiling caseless v0.2.2
[INFO] [stderr]    Compiling derive_builder v0.20.2
[INFO] [stderr]    Compiling getrandom v0.4.2
[INFO] [stderr]    Compiling xml5ever v0.35.0
[INFO] [stderr]    Compiling socket2 v0.6.3
[INFO] [stderr]    Compiling mio v1.1.1
[INFO] [stderr]    Compiling confique-macro v0.0.13
[INFO] [stderr]    Compiling toml_datetime v0.6.11
[INFO] [stderr]    Compiling serde_spanned v0.6.9
[INFO] [stderr]    Compiling bstr v1.12.1
[INFO] [stderr]    Compiling tokio-macros v2.6.1
[INFO] [stderr]    Compiling serde_repr v0.1.20
[INFO] [stderr]    Compiling pin-project-internal v1.1.11
[INFO] [stderr]    Compiling onig v6.5.1
[INFO] [stderr]    Compiling entities v1.0.1
[INFO] [stderr]    Compiling xdg v2.5.2
[INFO] [stderr]    Compiling typed-arena v2.0.2
[INFO] [stderr]    Compiling pathdiff v0.2.3
[INFO] [stderr]    Compiling unicode_categories v0.1.1
[INFO] [stderr]    Compiling home v0.5.12
[INFO] [stderr]    Compiling shell-words v1.1.1
[INFO] [stderr]    Compiling dirs-sys v0.5.0
[INFO] [stderr]    Compiling syntect v5.3.0
[INFO] [stderr]    Compiling which v4.4.2
[INFO] [stderr]    Compiling pin-project v1.1.11
[INFO] [stderr]    Compiling toml_edit v0.22.27
[INFO] [stderr]    Compiling tokio v1.50.0
[INFO] [stderr]    Compiling lsp-types v0.94.1
[INFO] [stderr]    Compiling tempfile v3.27.0
[INFO] [stderr]    Compiling globset v0.4.18
[INFO] [stderr]    Compiling confique v0.4.0
[INFO] [stderr]    Compiling comrak v0.29.0
[INFO] [stderr]    Compiling markup5ever_rcdom v0.35.0+unofficial
[INFO] [stderr]    Compiling crossbeam-deque v0.8.6
[INFO] [stderr]    Compiling roxmltree v0.19.0
[INFO] [stderr]    Compiling dashmap v5.5.3
[INFO] [stderr]    Compiling tower v0.4.13
[INFO] [stderr]    Compiling lex-babel v0.7.0
[INFO] [stderr]    Compiling tokio-util v0.7.18
[INFO] [stderr]    Compiling ignore v0.4.25
[INFO] [stderr]    Compiling toml v0.8.23
[INFO] [stderr]    Compiling directories v6.0.0
[INFO] [stderr]    Compiling futures v0.3.32
[INFO] [stderr]    Compiling serde_ignored v0.1.14
[INFO] [stderr]    Compiling auto_impl v1.3.0
[INFO] [stderr]    Compiling async-trait v0.1.89
[INFO] [stderr]    Compiling tower-lsp-macros v0.9.0
[INFO] [stderr]    Compiling clapfig v0.12.0
[INFO] [stderr]    Compiling lex-config v0.7.0
[INFO] [stderr]    Compiling tower-lsp v0.20.0
[INFO] [stderr]    Compiling lex-analysis v0.7.0
[INFO] [stderr]    Compiling lex-lsp v0.7.0 (/opt/rustwide/workdir)
[INFO] [stderr]     Finished `release` profile [optimized] target(s) in 5m 17s
[INFO] running `Command { std: "docker" "inspect" "5c0561a554ad1bdeecd6759121933508dfe5ca677df0a5685004bfde8a9840d9", kill_on_drop: false }`
[INFO] running `Command { std: "docker" "exec" "-e" "SOURCE_DIR=/opt/rustwide/workdir" "-e" "CARGO_HOME=/opt/rustwide/cargo-home" "-e" "RUSTUP_HOME=/opt/rustwide/rustup-home" "-e" "CARGO_TARGET_DIR=/opt/rustwide/target" "-e" "CARGO_INCREMENTAL=0" "-e" "RUST_BACKTRACE=full" "-e" "RUSTFLAGS=--cap-lints=warn" "-e" "RUSTDOCFLAGS=--cap-lints=warn" "-w" "/opt/rustwide/workdir" "--user" "0:0" "5c0561a554ad1bdeecd6759121933508dfe5ca677df0a5685004bfde8a9840d9" "/opt/rustwide/cargo-home/bin/cargo" "+1.99.0-beta.8" "test" "--frozen" "--no-run" "--message-format=json" "--release", kill_on_drop: false }`
[INFO] [stderr]    Compiling getrandom v0.3.4
[INFO] [stderr]    Compiling zerocopy v0.8.42
[INFO] [stderr]    Compiling lex-analysis v0.7.0
[INFO] [stderr]    Compiling wait-timeout v0.2.1
[INFO] [stderr]    Compiling rusty-fork v0.3.1
[INFO] [stderr]    Compiling rand_core v0.9.5
[INFO] [stderr]    Compiling rand v0.9.2
[INFO] [stderr]    Compiling rand_xorshift v0.4.0
[INFO] [stderr]    Compiling lex-lsp v0.7.0 (/opt/rustwide/workdir)
[INFO] [stderr]    Compiling ppv-lite86 v0.2.21
[INFO] [stderr]    Compiling rand_chacha v0.9.0
[INFO] [stderr]    Compiling proptest v1.10.0
[INFO] [stderr]     Finished `release` profile [optimized] target(s) in 1m 42s
[INFO] running `Command { std: "docker" "inspect" "5c0561a554ad1bdeecd6759121933508dfe5ca677df0a5685004bfde8a9840d9", kill_on_drop: false }`
[INFO] running `Command { std: "docker" "exec" "-e" "SOURCE_DIR=/opt/rustwide/workdir" "-e" "CARGO_HOME=/opt/rustwide/cargo-home" "-e" "RUSTUP_HOME=/opt/rustwide/rustup-home" "-e" "CARGO_TARGET_DIR=/opt/rustwide/target" "-e" "CARGO_INCREMENTAL=0" "-e" "RUST_BACKTRACE=full" "-e" "RUSTFLAGS=--cap-lints=warn" "-e" "RUSTDOCFLAGS=--cap-lints=warn" "-w" "/opt/rustwide/workdir" "--user" "0:0" "5c0561a554ad1bdeecd6759121933508dfe5ca677df0a5685004bfde8a9840d9" "/opt/rustwide/cargo-home/bin/cargo" "+1.99.0-beta.8" "test" "--frozen" "--release", kill_on_drop: false }`
[INFO] [stderr]     Finished `release` profile [optimized] target(s) in 0.26s
[INFO] [stderr]      Running unittests src/lib.rs (/opt/rustwide/target/release/deps/lex_lsp-86f7087448ac94b7)
[INFO] [stdout] 
[INFO] [stdout] running 35 tests
[INFO] [stdout] test features::commands::tests::test_import_missing_args ... ok
[INFO] [stdout] test features::commands::tests::test_export_markdown ... ok
[INFO] [stdout] test features::footnotes::tests::keeps_correct_order_for_repeated_refs ... ok
[INFO] [stdout] test features::commands::tests::test_import_invalid_format ... ok
[INFO] [stdout] test features::commands::tests::test_import_markdown ... ok
[INFO] [stdout] test features::formatting::tests::format_with_custom_rules ... ok
[INFO] [stdout] test features::commands::tests::test_export_binary_with_output_path ... ok
[INFO] [stdout] test features::document_links::tests::collects_links ... ok
[INFO] [stdout] test features::formatting::tests::no_edits_when_already_formatted ... ok
[INFO] [stdout] test features::table_format::tests::formats_table_at_cursor_position ... ok
[INFO] [stdout] test features::table_format::tests::no_edit_when_already_aligned ... ok
[INFO] [stdout] test features::table_format::tests::formats_table_with_merge_markers ... ok
[INFO] [stdout] test server::tests::apply_formatting_overrides_applies_lex_properties ... ok
[INFO] [stdout] test server::tests::apply_formatting_overrides_noop_without_lex_properties ... ok
[INFO] [stdout] test features::table_format::tests::preserves_separator_lines ... ok
[INFO] [stdout] test server::tests::encode_semantic_tokens_splits_multi_line_ranges ... FAILED
[INFO] [stdout] test features::footnotes::tests::reorders_list_items_and_legacy_sessions ... ok
[INFO] [stdout] test features::table_format::tests::formats_unaligned_table ... ok
[INFO] [stdout] test features::footnotes::tests::reorders_references_and_definitions ... ok
[INFO] [stdout] test features::formatting::tests::formats_entire_document ... ok
[INFO] [stdout] test server::tests::document_symbols_call_feature_layer ... FAILED
[INFO] [stdout] test server::tests::execute_command_uses_feature_provider ... ok
[INFO] [stdout] test server::tests::formatting_uses_feature_provider ... FAILED
[INFO] [stdout] test server::tests::hover_uses_feature_provider_position ... FAILED
[INFO] [stdout] test server::tests::hover_returns_none_without_document_entry ... ok
[INFO] [stdout] test server::tests::range_formatting_uses_feature_provider ... FAILED
[INFO] [stdout] test server::tests::semantic_tokens_call_feature_layer ... FAILED
[INFO] [stdout] test server::tests::references_use_feature_provider ... FAILED
[INFO] [stdout] test server::tests::goto_definition_uses_feature_provider ... FAILED
[INFO] [stdout] test server::tests::semantic_tokens_returns_none_when_document_missing ... ok
[INFO] [stdout] test features::formatting::tests::range_formatting_does_full_replacement ... ok
[INFO] [stdout] test server::tests::execute_insert_commands ... FAILED
[INFO] [stdout] test server::tests::folding_range_uses_feature_provider ... FAILED
[INFO] [stdout] test server::tests::document_links_use_feature_provider ... FAILED
[INFO] [stdout] test server::tests::execute_annotation_navigation_commands ... ok
[INFO] [stdout] 
[INFO] [stdout] failures:
[INFO] [stdout] 
[INFO] [stdout] ---- server::tests::encode_semantic_tokens_splits_multi_line_ranges stdout ----
[INFO] [stdout] 
[INFO] [stdout] thread 'server::tests::encode_semantic_tokens_splits_multi_line_ranges' (3018) panicked at /opt/rustwide/cargo-home/registry/src/index.crates.io-1949cf8c6b5b557f/lex-core-0.7.0/src/lex/testing/lexplore/loader.rs:147:33:
[INFO] [stdout] Failed to find Benchmark #50: IO error: No such file or directory (os error 2)
[INFO] [stdout] stack backtrace:
[INFO] [stdout]    0:     0x5b8a9dcdff31 - <<std[70759c8f55707aa4]::sys::backtrace::BacktraceLock>::print::DisplayBacktrace as core[df12db4294e9bfd3]::fmt::Display>::fmt
[INFO] [stdout]    1:     0x5b8a9dcf84da - core[df12db4294e9bfd3]::fmt::write
[INFO] [stdout]    2:     0x5b8a9dce4d5c - <alloc[2182bb758b4b3781]::vec::Vec<u8> as core[df12db4294e9bfd3]::io::write::Write>::write_fmt
[INFO] [stdout]    3:     0x5b8a9dcb9da6 - std[70759c8f55707aa4]::panicking::default_hook::{closure#0}
[INFO] [stdout]    4:     0x5b8a9dcd72f9 - std[70759c8f55707aa4]::panicking::default_hook
[INFO] [stdout]    5:     0x5b8a9da04a60 - test[9d35eded1c95d3be]::test_main_inner::<test[9d35eded1c95d3be]::test_main_static::{closure#0}>::{closure#0}
[INFO] [stdout]    6:     0x5b8a9dcd74b2 - std[70759c8f55707aa4]::panicking::panic_with_hook
[INFO] [stdout]    7:     0x5b8a9dcb9e52 - std[70759c8f55707aa4]::panicking::panic_handler::{closure#0}
[INFO] [stdout]    8:     0x5b8a9dcb2859 - std[70759c8f55707aa4]::sys::backtrace::__rust_end_short_backtrace::<std[70759c8f55707aa4]::panicking::panic_handler::{closure#0}, !>
[INFO] [stdout]    9:     0x5b8a9dcbaa4d - __rustc[8fa7c3cbc660c2b3]::rust_begin_unwind
[INFO] [stdout]   10:     0x5b8a9dcf8cfc - core[df12db4294e9bfd3]::panicking::panic_fmt
[INFO] [stdout]   11:     0x5b8a9dbbea06 - <lex_core[2be0ef091af39a2e]::lex::testing::lexplore::loader::Lexplore>::load_document::{closure#0}
[INFO] [stdout]   12:     0x5b8a9dbbf0ef - <lex_core[2be0ef091af39a2e]::lex::testing::lexplore::loader::Lexplore>::load_document
[INFO] [stdout]   13:     0x5b8a9da93e73 - <std[70759c8f55707aa4]::sync::once::Once>::call_once_force::<<std[70759c8f55707aa4]::sync::once_lock::OnceLock<lex_analysis[c0109b4570f859a5]::test_support::SampleFixture>>::initialize<<std[70759c8f55707aa4]::sync::once_lock::OnceLock<lex_analysis[c0109b4570f859a5]::test_support::SampleFixture>>::get_or_init<lex_analysis[c0109b4570f859a5]::test_support::sample_fixture::{closure#0}>::{closure#0}, !>::{closure#0}>::{closure#0}
[INFO] [stdout]   14:     0x5b8a9dcbfa29 - <std[70759c8f55707aa4]::sys::sync::once::futex::Once>::call
[INFO] [stdout]   15:     0x5b8a9da939e9 - <std[70759c8f55707aa4]::sync::once_lock::OnceLock<lex_analysis[c0109b4570f859a5]::test_support::SampleFixture>>::initialize::<<std[70759c8f55707aa4]::sync::once_lock::OnceLock<lex_analysis[c0109b4570f859a5]::test_support::SampleFixture>>::get_or_init<lex_analysis[c0109b4570f859a5]::test_support::sample_fixture::{closure#0}>::{closure#0}, !>
[INFO] [stdout]   16:     0x5b8a9da969e6 - lex_analysis[c0109b4570f859a5]::test_support::sample_source
[INFO] [stdout]   17:     0x5b8a9d99edd2 - lex_lsp[8f89ad5789c9f37f]::server::tests::encode_semantic_tokens_splits_multi_line_ranges
[INFO] [stdout]   18:     0x5b8a9d9a8c99 - <lex_lsp[8f89ad5789c9f37f]::server::tests::encode_semantic_tokens_splits_multi_line_ranges::{closure#0} as core[df12db4294e9bfd3]::ops::function::FnOnce<()>>::call_once
[INFO] [stdout]   19:     0x5b8a9d9f7d4b - test[9d35eded1c95d3be]::__rust_begin_short_backtrace::<core[df12db4294e9bfd3]::result::Result<(), alloc[2182bb758b4b3781]::string::String>, fn() -> core[df12db4294e9bfd3]::result::Result<(), alloc[2182bb758b4b3781]::string::String>>
[INFO] [stdout]   20:     0x5b8a9da053b5 - test[9d35eded1c95d3be]::run_test::{closure#0}
[INFO] [stdout]   21:     0x5b8a9d9fec74 - std[70759c8f55707aa4]::sys::backtrace::__rust_begin_short_backtrace::<test[9d35eded1c95d3be]::run_test::{closure#1}, ()>
[INFO] [stdout]   22:     0x5b8a9da08512 - <std[70759c8f55707aa4]::thread::lifecycle::spawn_unchecked<test[9d35eded1c95d3be]::run_test::{closure#1}, ()>::{closure#1} as core[df12db4294e9bfd3]::ops::function::FnOnce<()>>::call_once::{shim:vtable#0}
[INFO] [stdout]   23:     0x5b8a9dcdef59 - <std[70759c8f55707aa4]::sys::thread::unix::Thread>::new::thread_start
[INFO] [stdout]   24:     0x720d28347dfa - <unknown>
[INFO] [stdout]   25:     0x720d283db3d4 - clone
[INFO] [stdout]   26:                0x0 - <unknown>
[INFO] [stdout] 
[INFO] [stdout] ---- server::tests::document_symbols_call_feature_layer stdout ----
[INFO] [stdout] 
[INFO] [stdout] thread 'server::tests::document_symbols_call_feature_layer' (3017) panicked at /opt/rustwide/cargo-home/registry/src/index.crates.io-1949cf8c6b5b557f/lex-core-0.7.0/src/lex/testing/lexplore/loader.rs:147:33:
[INFO] [stdout] Failed to find Benchmark #50: IO error: No such file or directory (os error 2)
[INFO] [stdout] stack backtrace:
[INFO] [stdout]    0:     0x5b8a9dcdff31 - <<std[70759c8f55707aa4]::sys::backtrace::BacktraceLock>::print::DisplayBacktrace as core[df12db4294e9bfd3]::fmt::Display>::fmt
[INFO] [stdout]    1:     0x5b8a9dcf84da - core[df12db4294e9bfd3]::fmt::write
[INFO] [stdout]    2:     0x5b8a9dce4d5c - <alloc[2182bb758b4b3781]::vec::Vec<u8> as core[df12db4294e9bfd3]::io::write::Write>::write_fmt
[INFO] [stdout]    3:     0x5b8a9dcb9da6 - std[70759c8f55707aa4]::panicking::default_hook::{closure#0}
[INFO] [stdout]    4:     0x5b8a9dcd72f9 - std[70759c8f55707aa4]::panicking::default_hook
[INFO] [stdout]    5:     0x5b8a9da04a60 - test[9d35eded1c95d3be]::test_main_inner::<test[9d35eded1c95d3be]::test_main_static::{closure#0}>::{closure#0}
[INFO] [stdout]    6:     0x5b8a9dcd74b2 - std[70759c8f55707aa4]::panicking::panic_with_hook
[INFO] [stdout]    7:     0x5b8a9dcb9e52 - std[70759c8f55707aa4]::panicking::panic_handler::{closure#0}
[INFO] [stdout]    8:     0x5b8a9dcb2859 - std[70759c8f55707aa4]::sys::backtrace::__rust_end_short_backtrace::<std[70759c8f55707aa4]::panicking::panic_handler::{closure#0}, !>
[INFO] [stdout]    9:     0x5b8a9dcbaa4d - __rustc[8fa7c3cbc660c2b3]::rust_begin_unwind
[INFO] [stdout]   10:     0x5b8a9dcf8cfc - core[df12db4294e9bfd3]::panicking::panic_fmt
[INFO] [stdout]   11:     0x5b8a9dbbea06 - <lex_core[2be0ef091af39a2e]::lex::testing::lexplore::loader::Lexplore>::load_document::{closure#0}
[INFO] [stdout]   12:     0x5b8a9dbbf0ef - <lex_core[2be0ef091af39a2e]::lex::testing::lexplore::loader::Lexplore>::load_document
[INFO] [stdout]   13:     0x5b8a9da93e73 - <std[70759c8f55707aa4]::sync::once::Once>::call_once_force::<<std[70759c8f55707aa4]::sync::once_lock::OnceLock<lex_analysis[c0109b4570f859a5]::test_support::SampleFixture>>::initialize<<std[70759c8f55707aa4]::sync::once_lock::OnceLock<lex_analysis[c0109b4570f859a5]::test_support::SampleFixture>>::get_or_init<lex_analysis[c0109b4570f859a5]::test_support::sample_fixture::{closure#0}>::{closure#0}, !>::{closure#0}>::{closure#0}
[INFO] [stdout]   14:     0x5b8a9dcbfa29 - <std[70759c8f55707aa4]::sys::sync::once::futex::Once>::call
[INFO] [stdout]   15:     0x5b8a9da939e9 - <std[70759c8f55707aa4]::sync::once_lock::OnceLock<lex_analysis[c0109b4570f859a5]::test_support::SampleFixture>>::initialize::<<std[70759c8f55707aa4]::sync::once_lock::OnceLock<lex_analysis[c0109b4570f859a5]::test_support::SampleFixture>>::get_or_init<lex_analysis[c0109b4570f859a5]::test_support::sample_fixture::{closure#0}>::{closure#0}, !>
[INFO] [stdout]   16:     0x5b8a9da969e6 - lex_analysis[c0109b4570f859a5]::test_support::sample_source
[INFO] [stdout]   17:     0x5b8a9d9954be - lex_lsp[8f89ad5789c9f37f]::server::tests::open_sample_document::{closure#0}
[INFO] [stdout]   18:     0x5b8a9d998dcd - lex_lsp[8f89ad5789c9f37f]::server::tests::document_symbols_call_feature_layer::{closure#0}
[INFO] [stdout]   19:     0x5b8a9d9eea33 - <tokio[18f1da3a4686a3e5]::runtime::scheduler::current_thread::Context>::enter::<core[df12db4294e9bfd3]::task::poll::Poll<()>, <tokio[18f1da3a4686a3e5]::runtime::scheduler::current_thread::CoreGuard>::block_on<core[df12db4294e9bfd3]::pin::Pin<&mut core[df12db4294e9bfd3]::pin::Pin<&mut dyn core[df12db4294e9bfd3]::future::future::Future<Output = ()>>>>::{closure#0}::{closure#0}>
[INFO] [stdout]   20:     0x5b8a9d9c3c7c - <tokio[18f1da3a4686a3e5]::runtime::context::scoped::Scoped<tokio[18f1da3a4686a3e5]::runtime::scheduler::Context>>::set::<<tokio[18f1da3a4686a3e5]::runtime::scheduler::current_thread::CoreGuard>::enter<<tokio[18f1da3a4686a3e5]::runtime::scheduler::current_thread::CoreGuard>::block_on<core[df12db4294e9bfd3]::pin::Pin<&mut core[df12db4294e9bfd3]::pin::Pin<&mut dyn core[df12db4294e9bfd3]::future::future::Future<Output = ()>>>>::{closure#0}, core[df12db4294e9bfd3]::option::Option<()>>::{closure#0}, (alloc[2182bb758b4b3781]::boxed::Box<tokio[18f1da3a4686a3e5]::runtime::scheduler::current_thread::Core>, core[df12db4294e9bfd3]::option::Option<()>)>
[INFO] [stdout]   21:     0x5b8a9d9ee56c - <tokio[18f1da3a4686a3e5]::runtime::runtime::Runtime>::block_on::<core[df12db4294e9bfd3]::pin::Pin<&mut dyn core[df12db4294e9bfd3]::future::future::Future<Output = ()>>>
[INFO] [stdout]   22:     0x5b8a9d99e3bb - lex_lsp[8f89ad5789c9f37f]::server::tests::document_symbols_call_feature_layer
[INFO] [stdout]   23:     0x5b8a9d9a8b99 - <lex_lsp[8f89ad5789c9f37f]::server::tests::document_symbols_call_feature_layer::{closure#0} as core[df12db4294e9bfd3]::ops::function::FnOnce<()>>::call_once
[INFO] [stdout]   24:     0x5b8a9d9f7d4b - test[9d35eded1c95d3be]::__rust_begin_short_backtrace::<core[df12db4294e9bfd3]::result::Result<(), alloc[2182bb758b4b3781]::string::String>, fn() -> core[df12db4294e9bfd3]::result::Result<(), alloc[2182bb758b4b3781]::string::String>>
[INFO] [stdout]   25:     0x5b8a9da053b5 - test[9d35eded1c95d3be]::run_test::{closure#0}
[INFO] [stdout]   26:     0x5b8a9d9fec74 - std[70759c8f55707aa4]::sys::backtrace::__rust_begin_short_backtrace::<test[9d35eded1c95d3be]::run_test::{closure#1}, ()>
[INFO] [stdout]   27:     0x5b8a9da08512 - <std[70759c8f55707aa4]::thread::lifecycle::spawn_unchecked<test[9d35eded1c95d3be]::run_test::{closure#1}, ()>::{closure#1} as core[df12db4294e9bfd3]::ops::function::FnOnce<()>>::call_once::{shim:vtable#0}
[INFO] [stdout]   28:     0x5b8a9dcdef59 - <std[70759c8f55707aa4]::sys::thread::unix::Thread>::new::thread_start
[INFO] [stdout]   29:     0x720d28347dfa - <unknown>
[INFO] [stdout]   30:     0x720d283db3d4 - clone
[INFO] [stdout]   31:                0x0 - <unknown>
[INFO] [stdout] 
[INFO] [stdout] ---- server::tests::formatting_uses_feature_provider stdout ----
[INFO] [stdout] 
[INFO] [stdout] thread 'server::tests::formatting_uses_feature_provider' (3023) panicked at /opt/rustwide/cargo-home/registry/src/index.crates.io-1949cf8c6b5b557f/lex-core-0.7.0/src/lex/testing/lexplore/loader.rs:147:33:
[INFO] [stdout] Failed to find Benchmark #50: IO error: No such file or directory (os error 2)
[INFO] [stdout] stack backtrace:
[INFO] [stdout]    0:     0x5b8a9dcdff31 - <<std[70759c8f55707aa4]::sys::backtrace::BacktraceLock>::print::DisplayBacktrace as core[df12db4294e9bfd3]::fmt::Display>::fmt
[INFO] [stdout]    1:     0x5b8a9dcf84da - core[df12db4294e9bfd3]::fmt::write
[INFO] [stdout]    2:     0x5b8a9dce4d5c - <alloc[2182bb758b4b3781]::vec::Vec<u8> as core[df12db4294e9bfd3]::io::write::Write>::write_fmt
[INFO] [stdout]    3:     0x5b8a9dcb9da6 - std[70759c8f55707aa4]::panicking::default_hook::{closure#0}
[INFO] [stdout]    4:     0x5b8a9dcd72f9 - std[70759c8f55707aa4]::panicking::default_hook
[INFO] [stdout]    5:     0x5b8a9da04a60 - test[9d35eded1c95d3be]::test_main_inner::<test[9d35eded1c95d3be]::test_main_static::{closure#0}>::{closure#0}
[INFO] [stdout]    6:     0x5b8a9dcd74b2 - std[70759c8f55707aa4]::panicking::panic_with_hook
[INFO] [stdout]    7:     0x5b8a9dcb9e52 - std[70759c8f55707aa4]::panicking::panic_handler::{closure#0}
[INFO] [stdout]    8:     0x5b8a9dcb2859 - std[70759c8f55707aa4]::sys::backtrace::__rust_end_short_backtrace::<std[70759c8f55707aa4]::panicking::panic_handler::{closure#0}, !>
[INFO] [stdout]    9:     0x5b8a9dcbaa4d - __rustc[8fa7c3cbc660c2b3]::rust_begin_unwind
[INFO] [stdout]   10:     0x5b8a9dcf8cfc - core[df12db4294e9bfd3]::panicking::panic_fmt
[INFO] [stdout]   11:     0x5b8a9dbbea06 - <lex_core[2be0ef091af39a2e]::lex::testing::lexplore::loader::Lexplore>::load_document::{closure#0}
[INFO] [stdout]   12:     0x5b8a9dbbf0ef - <lex_core[2be0ef091af39a2e]::lex::testing::lexplore::loader::Lexplore>::load_document
[INFO] [stdout]   13:     0x5b8a9da93e73 - <std[70759c8f55707aa4]::sync::once::Once>::call_once_force::<<std[70759c8f55707aa4]::sync::once_lock::OnceLock<lex_analysis[c0109b4570f859a5]::test_support::SampleFixture>>::initialize<<std[70759c8f55707aa4]::sync::once_lock::OnceLock<lex_analysis[c0109b4570f859a5]::test_support::SampleFixture>>::get_or_init<lex_analysis[c0109b4570f859a5]::test_support::sample_fixture::{closure#0}>::{closure#0}, !>::{closure#0}>::{closure#0}
[INFO] [stdout]   14:     0x5b8a9dcbfa29 - <std[70759c8f55707aa4]::sys::sync::once::futex::Once>::call
[INFO] [stdout]   15:     0x5b8a9da939e9 - <std[70759c8f55707aa4]::sync::once_lock::OnceLock<lex_analysis[c0109b4570f859a5]::test_support::SampleFixture>>::initialize::<<std[70759c8f55707aa4]::sync::once_lock::OnceLock<lex_analysis[c0109b4570f859a5]::test_support::SampleFixture>>::get_or_init<lex_analysis[c0109b4570f859a5]::test_support::sample_fixture::{closure#0}>::{closure#0}, !>
[INFO] [stdout]   16:     0x5b8a9da969e6 - lex_analysis[c0109b4570f859a5]::test_support::sample_source
[INFO] [stdout]   17:     0x5b8a9d9954be - lex_lsp[8f89ad5789c9f37f]::server::tests::open_sample_document::{closure#0}
[INFO] [stdout]   18:     0x5b8a9d99799d - lex_lsp[8f89ad5789c9f37f]::server::tests::formatting_uses_feature_provider::{closure#0}
[INFO] [stdout]   19:     0x5b8a9d9eea33 - <tokio[18f1da3a4686a3e5]::runtime::scheduler::current_thread::Context>::enter::<core[df12db4294e9bfd3]::task::poll::Poll<()>, <tokio[18f1da3a4686a3e5]::runtime::scheduler::current_thread::CoreGuard>::block_on<core[df12db4294e9bfd3]::pin::Pin<&mut core[df12db4294e9bfd3]::pin::Pin<&mut dyn core[df12db4294e9bfd3]::future::future::Future<Output = ()>>>>::{closure#0}::{closure#0}>
[INFO] [stdout]   20:     0x5b8a9d9c3c7c - <tokio[18f1da3a4686a3e5]::runtime::context::scoped::Scoped<tokio[18f1da3a4686a3e5]::runtime::scheduler::Context>>::set::<<tokio[18f1da3a4686a3e5]::runtime::scheduler::current_thread::CoreGuard>::enter<<tokio[18f1da3a4686a3e5]::runtime::scheduler::current_thread::CoreGuard>::block_on<core[df12db4294e9bfd3]::pin::Pin<&mut core[df12db4294e9bfd3]::pin::Pin<&mut dyn core[df12db4294e9bfd3]::future::future::Future<Output = ()>>>>::{closure#0}, core[df12db4294e9bfd3]::option::Option<()>>::{closure#0}, (alloc[2182bb758b4b3781]::boxed::Box<tokio[18f1da3a4686a3e5]::runtime::scheduler::current_thread::Core>, core[df12db4294e9bfd3]::option::Option<()>)>
[INFO] [stdout]   21:     0x5b8a9d9ee56c - <tokio[18f1da3a4686a3e5]::runtime::runtime::Runtime>::block_on::<core[df12db4294e9bfd3]::pin::Pin<&mut dyn core[df12db4294e9bfd3]::future::future::Future<Output = ()>>>
[INFO] [stdout]   22:     0x5b8a9d99dfcb - lex_lsp[8f89ad5789c9f37f]::server::tests::formatting_uses_feature_provider
[INFO] [stdout]   23:     0x5b8a9d9a8b39 - <lex_lsp[8f89ad5789c9f37f]::server::tests::formatting_uses_feature_provider::{closure#0} as core[df12db4294e9bfd3]::ops::function::FnOnce<()>>::call_once
[INFO] [stdout]   24:     0x5b8a9d9f7d4b - test[9d35eded1c95d3be]::__rust_begin_short_backtrace::<core[df12db4294e9bfd3]::result::Result<(), alloc[2182bb758b4b3781]::string::String>, fn() -> core[df12db4294e9bfd3]::result::Result<(), alloc[2182bb758b4b3781]::string::String>>
[INFO] [stdout]   25:     0x5b8a9da053b5 - test[9d35eded1c95d3be]::run_test::{closure#0}
[INFO] [stdout]   26:     0x5b8a9d9fec74 - std[70759c8f55707aa4]::sys::backtrace::__rust_begin_short_backtrace::<test[9d35eded1c95d3be]::run_test::{closure#1}, ()>
[INFO] [stdout]   27:     0x5b8a9da08512 - <std[70759c8f55707aa4]::thread::lifecycle::spawn_unchecked<test[9d35eded1c95d3be]::run_test::{closure#1}, ()>::{closure#1} as core[df12db4294e9bfd3]::ops::function::FnOnce<()>>::call_once::{shim:vtable#0}
[INFO] [stdout]   28:     0x5b8a9dcdef59 - <std[70759c8f55707aa4]::sys::thread::unix::Thread>::new::thread_start
[INFO] [stdout]   29:     0x720d28347dfa - <unknown>
[INFO] [stdout]   30:     0x720d283db3d4 - clone
[INFO] [stdout]   31:                0x0 - <unknown>
[INFO] [stdout] 
[INFO] [stdout] ---- server::tests::hover_uses_feature_provider_position stdout ----
[INFO] [stdout] 
[INFO] [stdout] thread 'server::tests::hover_uses_feature_provider_position' (3026) panicked at /opt/rustwide/cargo-home/registry/src/index.crates.io-1949cf8c6b5b557f/lex-core-0.7.0/src/lex/testing/lexplore/loader.rs:147:33:
[INFO] [stdout] Failed to find Benchmark #50: IO error: No such file or directory (os error 2)
[INFO] [stdout] stack backtrace:
[INFO] [stdout]    0:     0x5b8a9dcdff31 - <<std[70759c8f55707aa4]::sys::backtrace::BacktraceLock>::print::DisplayBacktrace as core[df12db4294e9bfd3]::fmt::Display>::fmt
[INFO] [stdout]    1:     0x5b8a9dcf84da - core[df12db4294e9bfd3]::fmt::write
[INFO] [stdout]    2:     0x5b8a9dce4d5c - <alloc[2182bb758b4b3781]::vec::Vec<u8> as core[df12db4294e9bfd3]::io::write::Write>::write_fmt
[INFO] [stdout]    3:     0x5b8a9dcb9da6 - std[70759c8f55707aa4]::panicking::default_hook::{closure#0}
[INFO] [stdout]    4:     0x5b8a9dcd72f9 - std[70759c8f55707aa4]::panicking::default_hook
[INFO] [stdout]    5:     0x5b8a9da04a60 - test[9d35eded1c95d3be]::test_main_inner::<test[9d35eded1c95d3be]::test_main_static::{closure#0}>::{closure#0}
[INFO] [stdout]    6:     0x5b8a9dcd74b2 - std[70759c8f55707aa4]::panicking::panic_with_hook
[INFO] [stdout]    7:     0x5b8a9dcb9e52 - std[70759c8f55707aa4]::panicking::panic_handler::{closure#0}
[INFO] [stdout]    8:     0x5b8a9dcb2859 - std[70759c8f55707aa4]::sys::backtrace::__rust_end_short_backtrace::<std[70759c8f55707aa4]::panicking::panic_handler::{closure#0}, !>
[INFO] [stdout]    9:     0x5b8a9dcbaa4d - __rustc[8fa7c3cbc660c2b3]::rust_begin_unwind
[INFO] [stdout]   10:     0x5b8a9dcf8cfc - core[df12db4294e9bfd3]::panicking::panic_fmt
[INFO] [stdout]   11:     0x5b8a9dbbea06 - <lex_core[2be0ef091af39a2e]::lex::testing::lexplore::loader::Lexplore>::load_document::{closure#0}
[INFO] [stdout]   12:     0x5b8a9dbbf0ef - <lex_core[2be0ef091af39a2e]::lex::testing::lexplore::loader::Lexplore>::load_document
[INFO] [stdout]   13:     0x5b8a9da93e73 - <std[70759c8f55707aa4]::sync::once::Once>::call_once_force::<<std[70759c8f55707aa4]::sync::once_lock::OnceLock<lex_analysis[c0109b4570f859a5]::test_support::SampleFixture>>::initialize<<std[70759c8f55707aa4]::sync::once_lock::OnceLock<lex_analysis[c0109b4570f859a5]::test_support::SampleFixture>>::get_or_init<lex_analysis[c0109b4570f859a5]::test_support::sample_fixture::{closure#0}>::{closure#0}, !>::{closure#0}>::{closure#0}
[INFO] [stdout]   14:     0x5b8a9dcbfa29 - <std[70759c8f55707aa4]::sys::sync::once::futex::Once>::call
[INFO] [stdout]   15:     0x5b8a9da939e9 - <std[70759c8f55707aa4]::sync::once_lock::OnceLock<lex_analysis[c0109b4570f859a5]::test_support::SampleFixture>>::initialize::<<std[70759c8f55707aa4]::sync::once_lock::OnceLock<lex_analysis[c0109b4570f859a5]::test_support::SampleFixture>>::get_or_init<lex_analysis[c0109b4570f859a5]::test_support::sample_fixture::{closure#0}>::{closure#0}, !>
[INFO] [stdout]   16:     0x5b8a9da969e6 - lex_analysis[c0109b4570f859a5]::test_support::sample_source
[INFO] [stdout]   17:     0x5b8a9d9954be - lex_lsp[8f89ad5789c9f37f]::server::tests::open_sample_document::{closure#0}
[INFO] [stdout]   18:     0x5b8a9d999a3d - lex_lsp[8f89ad5789c9f37f]::server::tests::hover_uses_feature_provider_position::{closure#0}
[INFO] [stdout]   19:     0x5b8a9d9eea33 - <tokio[18f1da3a4686a3e5]::runtime::scheduler::current_thread::Context>::enter::<core[df12db4294e9bfd3]::task::poll::Poll<()>, <tokio[18f1da3a4686a3e5]::runtime::scheduler::current_thread::CoreGuard>::block_on<core[df12db4294e9bfd3]::pin::Pin<&mut core[df12db4294e9bfd3]::pin::Pin<&mut dyn core[df12db4294e9bfd3]::future::future::Future<Output = ()>>>>::{closure#0}::{closure#0}>
[INFO] [stdout]   20:     0x5b8a9d9c3c7c - <tokio[18f1da3a4686a3e5]::runtime::context::scoped::Scoped<tokio[18f1da3a4686a3e5]::runtime::scheduler::Context>>::set::<<tokio[18f1da3a4686a3e5]::runtime::scheduler::current_thread::CoreGuard>::enter<<tokio[18f1da3a4686a3e5]::runtime::scheduler::current_thread::CoreGuard>::block_on<core[df12db4294e9bfd3]::pin::Pin<&mut core[df12db4294e9bfd3]::pin::Pin<&mut dyn core[df12db4294e9bfd3]::future::future::Future<Output = ()>>>>::{closure#0}, core[df12db4294e9bfd3]::option::Option<()>>::{closure#0}, (alloc[2182bb758b4b3781]::boxed::Box<tokio[18f1da3a4686a3e5]::runtime::scheduler::current_thread::Core>, core[df12db4294e9bfd3]::option::Option<()>)>
[INFO] [stdout]   21:     0x5b8a9d9ee56c - <tokio[18f1da3a4686a3e5]::runtime::runtime::Runtime>::block_on::<core[df12db4294e9bfd3]::pin::Pin<&mut dyn core[df12db4294e9bfd3]::future::future::Future<Output = ()>>>
[INFO] [stdout]   22:     0x5b8a9d99e65b - lex_lsp[8f89ad5789c9f37f]::server::tests::hover_uses_feature_provider_position
[INFO] [stdout]   23:     0x5b8a9d9a8bd9 - <lex_lsp[8f89ad5789c9f37f]::server::tests::hover_uses_feature_provider_position::{closure#0} as core[df12db4294e9bfd3]::ops::function::FnOnce<()>>::call_once
[INFO] [stdout]   24:     0x5b8a9d9f7d4b - test[9d35eded1c95d3be]::__rust_begin_short_backtrace::<core[df12db4294e9bfd3]::result::Result<(), alloc[2182bb758b4b3781]::string::String>, fn() -> core[df12db4294e9bfd3]::result::Result<(), alloc[2182bb758b4b3781]::string::String>>
[INFO] [stdout]   25:     0x5b8a9da053b5 - test[9d35eded1c95d3be]::run_test::{closure#0}
[INFO] [stdout]   26:     0x5b8a9d9fec74 - std[70759c8f55707aa4]::sys::backtrace::__rust_begin_short_backtrace::<test[9d35eded1c95d3be]::run_test::{closure#1}, ()>
[INFO] [stdout]   27:     0x5b8a9da08512 - <std[70759c8f55707aa4]::thread::lifecycle::spawn_unchecked<test[9d35eded1c95d3be]::run_test::{closure#1}, ()>::{closure#1} as core[df12db4294e9bfd3]::ops::function::FnOnce<()>>::call_once::{shim:vtable#0}
[INFO] [stdout]   28:     0x5b8a9dcdef59 - <std[70759c8f55707aa4]::sys::thread::unix::Thread>::new::thread_start
[INFO] [stdout]   29:     0x720d28347dfa - <unknown>
[INFO] [stdout]   30:     0x720d283db3d4 - clone
[INFO] [stdout]   31:                0x0 - <unknown>
[INFO] [stdout] 
[INFO] [stdout] ---- server::tests::range_formatting_uses_feature_provider stdout ----
[INFO] [stdout] 
[INFO] [stdout] thread 'server::tests::range_formatting_uses_feature_provider' (3027) panicked at /opt/rustwide/cargo-home/registry/src/index.crates.io-1949cf8c6b5b557f/lex-core-0.7.0/src/lex/testing/lexplore/loader.rs:147:33:
[INFO] [stdout] Failed to find Benchmark #50: IO error: No such file or directory (os error 2)
[INFO] [stdout] stack backtrace:
[INFO] [stdout]    0:     0x5b8a9dcdff31 - <<std[70759c8f55707aa4]::sys::backtrace::BacktraceLock>::print::DisplayBacktrace as core[df12db4294e9bfd3]::fmt::Display>::fmt
[INFO] [stdout]    1:     0x5b8a9dcf84da - core[df12db4294e9bfd3]::fmt::write
[INFO] [stdout]    2:     0x5b8a9dce4d5c - <alloc[2182bb758b4b3781]::vec::Vec<u8> as core[df12db4294e9bfd3]::io::write::Write>::write_fmt
[INFO] [stdout]    3:     0x5b8a9dcb9da6 - std[70759c8f55707aa4]::panicking::default_hook::{closure#0}
[INFO] [stdout]    4:     0x5b8a9dcd72f9 - std[70759c8f55707aa4]::panicking::default_hook
[INFO] [stdout]    5:     0x5b8a9da04a60 - test[9d35eded1c95d3be]::test_main_inner::<test[9d35eded1c95d3be]::test_main_static::{closure#0}>::{closure#0}
[INFO] [stdout]    6:     0x5b8a9dcd74b2 - std[70759c8f55707aa4]::panicking::panic_with_hook
[INFO] [stdout]    7:     0x5b8a9dcb9e52 - std[70759c8f55707aa4]::panicking::panic_handler::{closure#0}
[INFO] [stdout]    8:     0x5b8a9dcb2859 - std[70759c8f55707aa4]::sys::backtrace::__rust_end_short_backtrace::<std[70759c8f55707aa4]::panicking::panic_handler::{closure#0}, !>
[INFO] [stdout]    9:     0x5b8a9dcbaa4d - __rustc[8fa7c3cbc660c2b3]::rust_begin_unwind
[INFO] [stdout]   10:     0x5b8a9dcf8cfc - core[df12db4294e9bfd3]::panicking::panic_fmt
[INFO] [stdout]   11:     0x5b8a9dbbea06 - <lex_core[2be0ef091af39a2e]::lex::testing::lexplore::loader::Lexplore>::load_document::{closure#0}
[INFO] [stdout]   12:     0x5b8a9dbbf0ef - <lex_core[2be0ef091af39a2e]::lex::testing::lexplore::loader::Lexplore>::load_document
[INFO] [stdout]   13:     0x5b8a9da93e73 - <std[70759c8f55707aa4]::sync::once::Once>::call_once_force::<<std[70759c8f55707aa4]::sync::once_lock::OnceLock<lex_analysis[c0109b4570f859a5]::test_support::SampleFixture>>::initialize<<std[70759c8f55707aa4]::sync::once_lock::OnceLock<lex_analysis[c0109b4570f859a5]::test_support::SampleFixture>>::get_or_init<lex_analysis[c0109b4570f859a5]::test_support::sample_fixture::{closure#0}>::{closure#0}, !>::{closure#0}>::{closure#0}
[INFO] [stdout]   14:     0x5b8a9dcbfa29 - <std[70759c8f55707aa4]::sys::sync::once::futex::Once>::call
[INFO] [stdout]   15:     0x5b8a9da939e9 - <std[70759c8f55707aa4]::sync::once_lock::OnceLock<lex_analysis[c0109b4570f859a5]::test_support::SampleFixture>>::initialize::<<std[70759c8f55707aa4]::sync::once_lock::OnceLock<lex_analysis[c0109b4570f859a5]::test_support::SampleFixture>>::get_or_init<lex_analysis[c0109b4570f859a5]::test_support::sample_fixture::{closure#0}>::{closure#0}, !>
[INFO] [stdout]   16:     0x5b8a9da969e6 - lex_analysis[c0109b4570f859a5]::test_support::sample_source
[INFO] [stdout]   17:     0x5b8a9d9954be - lex_lsp[8f89ad5789c9f37f]::server::tests::open_sample_document::{closure#0}
[INFO] [stdout]   18:     0x5b8a9d99cb3d - lex_lsp[8f89ad5789c9f37f]::server::tests::range_formatting_uses_feature_provider::{closure#0}
[INFO] [stdout]   19:     0x5b8a9d9eea33 - <tokio[18f1da3a4686a3e5]::runtime::scheduler::current_thread::Context>::enter::<core[df12db4294e9bfd3]::task::poll::Poll<()>, <tokio[18f1da3a4686a3e5]::runtime::scheduler::current_thread::CoreGuard>::block_on<core[df12db4294e9bfd3]::pin::Pin<&mut core[df12db4294e9bfd3]::pin::Pin<&mut dyn core[df12db4294e9bfd3]::future::future::Future<Output = ()>>>>::{closure#0}::{closure#0}>
[INFO] [stdout]   20:     0x5b8a9d9c3c7c - <tokio[18f1da3a4686a3e5]::runtime::context::scoped::Scoped<tokio[18f1da3a4686a3e5]::runtime::scheduler::Context>>::set::<<tokio[18f1da3a4686a3e5]::runtime::scheduler::current_thread::CoreGuard>::enter<<tokio[18f1da3a4686a3e5]::runtime::scheduler::current_thread::CoreGuard>::block_on<core[df12db4294e9bfd3]::pin::Pin<&mut core[df12db4294e9bfd3]::pin::Pin<&mut dyn core[df12db4294e9bfd3]::future::future::Future<Output = ()>>>>::{closure#0}, core[df12db4294e9bfd3]::option::Option<()>>::{closure#0}, (alloc[2182bb758b4b3781]::boxed::Box<tokio[18f1da3a4686a3e5]::runtime::scheduler::current_thread::Core>, core[df12db4294e9bfd3]::option::Option<()>)>
[INFO] [stdout]   21:     0x5b8a9d9ee56c - <tokio[18f1da3a4686a3e5]::runtime::runtime::Runtime>::block_on::<core[df12db4294e9bfd3]::pin::Pin<&mut dyn core[df12db4294e9bfd3]::future::future::Future<Output = ()>>>
[INFO] [stdout]   22:     0x5b8a9d99eb9b - lex_lsp[8f89ad5789c9f37f]::server::tests::range_formatting_uses_feature_provider
[INFO] [stdout]   23:     0x5b8a9d9a8c59 - <lex_lsp[8f89ad5789c9f37f]::server::tests::range_formatting_uses_feature_provider::{closure#0} as core[df12db4294e9bfd3]::ops::function::FnOnce<()>>::call_once
[INFO] [stdout]   24:     0x5b8a9d9f7d4b - test[9d35eded1c95d3be]::__rust_begin_short_backtrace::<core[df12db4294e9bfd3]::result::Result<(), alloc[2182bb758b4b3781]::string::String>, fn() -> core[df12db4294e9bfd3]::result::Result<(), alloc[2182bb758b4b3781]::string::String>>
[INFO] [stdout]   25:     0x5b8a9da053b5 - test[9d35eded1c95d3be]::run_test::{closure#0}
[INFO] [stdout]   26:     0x5b8a9d9fec74 - std[70759c8f55707aa4]::sys::backtrace::__rust_begin_short_backtrace::<test[9d35eded1c95d3be]::run_test::{closure#1}, ()>
[INFO] [stdout]   27:     0x5b8a9da08512 - <std[70759c8f55707aa4]::thread::lifecycle::spawn_unchecked<test[9d35eded1c95d3be]::run_test::{closure#1}, ()>::{closure#1} as core[df12db4294e9bfd3]::ops::function::FnOnce<()>>::call_once::{shim:vtable#0}
[INFO] [stdout]   28:     0x5b8a9dcdef59 - <std[70759c8f55707aa4]::sys::thread::unix::Thread>::new::thread_start
[INFO] [stdout]   29:     0x720d28347dfa - <unknown>
[INFO] [stdout]   30:     0x720d283db3d4 - clone
[INFO] [stdout]   31:                0x0 - <unknown>
[INFO] [stdout] 
[INFO] [stdout] ---- server::tests::semantic_tokens_call_feature_layer stdout ----
[INFO] [stdout] 
[INFO] [stdout] thread 'server::tests::semantic_tokens_call_feature_layer' (3029) panicked at /opt/rustwide/cargo-home/registry/src/index.crates.io-1949cf8c6b5b557f/lex-core-0.7.0/src/lex/testing/lexplore/loader.rs:147:33:
[INFO] [stdout] Failed to find Benchmark #50: IO error: No such file or directory (os error 2)
[INFO] [stdout] stack backtrace:
[INFO] [stdout]    0:     0x5b8a9dcdff31 - <<std[70759c8f55707aa4]::sys::backtrace::BacktraceLock>::print::DisplayBacktrace as core[df12db4294e9bfd3]::fmt::Display>::fmt
[INFO] [stdout]    1:     0x5b8a9dcf84da - core[df12db4294e9bfd3]::fmt::write
[INFO] [stdout]    2:     0x5b8a9dce4d5c - <alloc[2182bb758b4b3781]::vec::Vec<u8> as core[df12db4294e9bfd3]::io::write::Write>::write_fmt
[INFO] [stdout]    3:     0x5b8a9dcb9da6 - std[70759c8f55707aa4]::panicking::default_hook::{closure#0}
[INFO] [stdout]    4:     0x5b8a9dcd72f9 - std[70759c8f55707aa4]::panicking::default_hook
[INFO] [stdout]    5:     0x5b8a9da04a60 - test[9d35eded1c95d3be]::test_main_inner::<test[9d35eded1c95d3be]::test_main_static::{closure#0}>::{closure#0}
[INFO] [stdout]    6:     0x5b8a9dcd74b2 - std[70759c8f55707aa4]::panicking::panic_with_hook
[INFO] [stdout]    7:     0x5b8a9dcb9e52 - std[70759c8f55707aa4]::panicking::panic_handler::{closure#0}
[INFO] [stdout]    8:     0x5b8a9dcb2859 - std[70759c8f55707aa4]::sys::backtrace::__rust_end_short_backtrace::<std[70759c8f55707aa4]::panicking::panic_handler::{closure#0}, !>
[INFO] [stdout]    9:     0x5b8a9dcbaa4d - __rustc[8fa7c3cbc660c2b3]::rust_begin_unwind
[INFO] [stdout]   10:     0x5b8a9dcf8cfc - core[df12db4294e9bfd3]::panicking::panic_fmt
[INFO] [stdout]   11:     0x5b8a9dbbea06 - <lex_core[2be0ef091af39a2e]::lex::testing::lexplore::loader::Lexplore>::load_document::{closure#0}
[INFO] [stdout]   12:     0x5b8a9dbbf0ef - <lex_core[2be0ef091af39a2e]::lex::testing::lexplore::loader::Lexplore>::load_document
[INFO] [stdout]   13:     0x5b8a9da93e73 - <std[70759c8f55707aa4]::sync::once::Once>::call_once_force::<<std[70759c8f55707aa4]::sync::once_lock::OnceLock<lex_analysis[c0109b4570f859a5]::test_support::SampleFixture>>::initialize<<std[70759c8f55707aa4]::sync::once_lock::OnceLock<lex_analysis[c0109b4570f859a5]::test_support::SampleFixture>>::get_or_init<lex_analysis[c0109b4570f859a5]::test_support::sample_fixture::{closure#0}>::{closure#0}, !>::{closure#0}>::{closure#0}
[INFO] [stdout]   14:     0x5b8a9dcbfa29 - <std[70759c8f55707aa4]::sys::sync::once::futex::Once>::call
[INFO] [stdout]   15:     0x5b8a9da939e9 - <std[70759c8f55707aa4]::sync::once_lock::OnceLock<lex_analysis[c0109b4570f859a5]::test_support::SampleFixture>>::initialize::<<std[70759c8f55707aa4]::sync::once_lock::OnceLock<lex_analysis[c0109b4570f859a5]::test_support::SampleFixture>>::get_or_init<lex_analysis[c0109b4570f859a5]::test_support::sample_fixture::{closure#0}>::{closure#0}, !>
[INFO] [stdout]   16:     0x5b8a9da969e6 - lex_analysis[c0109b4570f859a5]::test_support::sample_source
[INFO] [stdout]   17:     0x5b8a9d9954be - lex_lsp[8f89ad5789c9f37f]::server::tests::open_sample_document::{closure#0}
[INFO] [stdout]   18:     0x5b8a9d9980ed - lex_lsp[8f89ad5789c9f37f]::server::tests::semantic_tokens_call_feature_layer::{closure#0}
[INFO] [stdout]   19:     0x5b8a9d9eea33 - <tokio[18f1da3a4686a3e5]::runtime::scheduler::current_thread::Context>::enter::<core[df12db4294e9bfd3]::task::poll::Poll<()>, <tokio[18f1da3a4686a3e5]::runtime::scheduler::current_thread::CoreGuard>::block_on<core[df12db4294e9bfd3]::pin::Pin<&mut core[df12db4294e9bfd3]::pin::Pin<&mut dyn core[df12db4294e9bfd3]::future::future::Future<Output = ()>>>>::{closure#0}::{closure#0}>
[INFO] [stdout]   20:     0x5b8a9d9c3c7c - <tokio[18f1da3a4686a3e5]::runtime::context::scoped::Scoped<tokio[18f1da3a4686a3e5]::runtime::scheduler::Context>>::set::<<tokio[18f1da3a4686a3e5]::runtime::scheduler::current_thread::CoreGuard>::enter<<tokio[18f1da3a4686a3e5]::runtime::scheduler::current_thread::CoreGuard>::block_on<core[df12db4294e9bfd3]::pin::Pin<&mut core[df12db4294e9bfd3]::pin::Pin<&mut dyn core[df12db4294e9bfd3]::future::future::Future<Output = ()>>>>::{closure#0}, core[df12db4294e9bfd3]::option::Option<()>>::{closure#0}, (alloc[2182bb758b4b3781]::boxed::Box<tokio[18f1da3a4686a3e5]::runtime::scheduler::current_thread::Core>, core[df12db4294e9bfd3]::option::Option<()>)>
[INFO] [stdout]   21:     0x5b8a9d9ee56c - <tokio[18f1da3a4686a3e5]::runtime::runtime::Runtime>::block_on::<core[df12db4294e9bfd3]::pin::Pin<&mut dyn core[df12db4294e9bfd3]::future::future::Future<Output = ()>>>
[INFO] [stdout]   22:     0x5b8a9d99e11b - lex_lsp[8f89ad5789c9f37f]::server::tests::semantic_tokens_call_feature_layer
[INFO] [stdout]   23:     0x5b8a9d9a8b59 - <lex_lsp[8f89ad5789c9f37f]::server::tests::semantic_tokens_call_feature_layer::{closure#0} as core[df12db4294e9bfd3]::ops::function::FnOnce<()>>::call_once
[INFO] [stdout]   24:     0x5b8a9d9f7d4b - test[9d35eded1c95d3be]::__rust_begin_short_backtrace::<core[df12db4294e9bfd3]::result::Result<(), alloc[2182bb758b4b3781]::string::String>, fn() -> core[df12db4294e9bfd3]::result::Result<(), alloc[2182bb758b4b3781]::string::String>>
[INFO] [stdout]   25:     0x5b8a9da053b5 - test[9d35eded1c95d3be]::run_test::{closure#0}
[INFO] [stdout]   26:     0x5b8a9d9fec74 - std[70759c8f55707aa4]::sys::backtrace::__rust_begin_short_backtrace::<test[9d35eded1c95d3be]::run_test::{closure#1}, ()>
[INFO] [stdout]   27:     0x5b8a9da08512 - <std[70759c8f55707aa4]::thread::lifecycle::spawn_unchecked<test[9d35eded1c95d3be]::run_test::{closure#1}, ()>::{closure#1} as core[df12db4294e9bfd3]::ops::function::FnOnce<()>>::call_once::{shim:vtable#0}
[INFO] [stdout]   28:     0x5b8a9dcdef59 - <std[70759c8f55707aa4]::sys::thread::unix::Thread>::new::thread_start
[INFO] [stdout]   29:     0x720d28347dfa - <unknown>
[INFO] [stdout]   30:     0x720d283db3d4 - clone
[INFO] [stdout]   31:                0x0 - <unknown>
[INFO] [stdout] 
[INFO] [stdout] ---- server::tests::references_use_feature_provider stdout ----
[INFO] [stdout] 
[INFO] [stdout] thread 'server::tests::references_use_feature_provider' (3028) panicked at /opt/rustwide/cargo-home/registry/src/index.crates.io-1949cf8c6b5b557f/lex-core-0.7.0/src/lex/testing/lexplore/loader.rs:147:33:
[INFO] [stdout] Failed to find Benchmark #50: IO error: No such file or directory (os error 2)
[INFO] [stdout] stack backtrace:
[INFO] [stdout]    0:     0x5b8a9dcdff31 - <<std[70759c8f55707aa4]::sys::backtrace::BacktraceLock>::print::DisplayBacktrace as core[df12db4294e9bfd3]::fmt::Display>::fmt
[INFO] [stdout]    1:     0x5b8a9dcf84da - core[df12db4294e9bfd3]::fmt::write
[INFO] [stdout]    2:     0x5b8a9dce4d5c - <alloc[2182bb758b4b3781]::vec::Vec<u8> as core[df12db4294e9bfd3]::io::write::Write>::write_fmt
[INFO] [stdout]    3:     0x5b8a9dcb9da6 - std[70759c8f55707aa4]::panicking::default_hook::{closure#0}
[INFO] [stdout]    4:     0x5b8a9dcd72f9 - std[70759c8f55707aa4]::panicking::default_hook
[INFO] [stdout]    5:     0x5b8a9da04a60 - test[9d35eded1c95d3be]::test_main_inner::<test[9d35eded1c95d3be]::test_main_static::{closure#0}>::{closure#0}
[INFO] [stdout]    6:     0x5b8a9dcd74b2 - std[70759c8f55707aa4]::panicking::panic_with_hook
[INFO] [stdout]    7:     0x5b8a9dcb9e52 - std[70759c8f55707aa4]::panicking::panic_handler::{closure#0}
[INFO] [stdout]    8:     0x5b8a9dcb2859 - std[70759c8f55707aa4]::sys::backtrace::__rust_end_short_backtrace::<std[70759c8f55707aa4]::panicking::panic_handler::{closure#0}, !>
[INFO] [stdout]    9:     0x5b8a9dcbaa4d - __rustc[8fa7c3cbc660c2b3]::rust_begin_unwind
[INFO] [stdout]   10:     0x5b8a9dcf8cfc - core[df12db4294e9bfd3]::panicking::panic_fmt
[INFO] [stdout]   11:     0x5b8a9dbbea06 - <lex_core[2be0ef091af39a2e]::lex::testing::lexplore::loader::Lexplore>::load_document::{closure#0}
[INFO] [stdout]   12:     0x5b8a9dbbf0ef - <lex_core[2be0ef091af39a2e]::lex::testing::lexplore::loader::Lexplore>::load_document
[INFO] [stdout]   13:     0x5b8a9da93e73 - <std[70759c8f55707aa4]::sync::once::Once>::call_once_force::<<std[70759c8f55707aa4]::sync::once_lock::OnceLock<lex_analysis[c0109b4570f859a5]::test_support::SampleFixture>>::initialize<<std[70759c8f55707aa4]::sync::once_lock::OnceLock<lex_analysis[c0109b4570f859a5]::test_support::SampleFixture>>::get_or_init<lex_analysis[c0109b4570f859a5]::test_support::sample_fixture::{closure#0}>::{closure#0}, !>::{closure#0}>::{closure#0}
[INFO] [stdout]   14:     0x5b8a9dcbfa29 - <std[70759c8f55707aa4]::sys::sync::once::futex::Once>::call
[INFO] [stdout]   15:     0x5b8a9da939e9 - <std[70759c8f55707aa4]::sync::once_lock::OnceLock<lex_analysis[c0109b4570f859a5]::test_support::SampleFixture>>::initialize::<<std[70759c8f55707aa4]::sync::once_lock::OnceLock<lex_analysis[c0109b4570f859a5]::test_support::SampleFixture>>::get_or_init<lex_analysis[c0109b4570f859a5]::test_support::sample_fixture::{closure#0}>::{closure#0}, !>
[INFO] [stdout]   16:     0x5b8a9da969e6 - lex_analysis[c0109b4570f859a5]::test_support::sample_source
[INFO] [stdout]   17:     0x5b8a9d9954be - lex_lsp[8f89ad5789c9f37f]::server::tests::open_sample_document::{closure#0}
[INFO] [stdout]   18:     0x5b8a9d99723d - lex_lsp[8f89ad5789c9f37f]::server::tests::references_use_feature_provider::{closure#0}
[INFO] [stdout]   19:     0x5b8a9d9eea33 - <tokio[18f1da3a4686a3e5]::runtime::scheduler::current_thread::Context>::enter::<core[df12db4294e9bfd3]::task::poll::Poll<()>, <tokio[18f1da3a4686a3e5]::runtime::scheduler::current_thread::CoreGuard>::block_on<core[df12db4294e9bfd3]::pin::Pin<&mut core[df12db4294e9bfd3]::pin::Pin<&mut dyn core[df12db4294e9bfd3]::future::future::Future<Output = ()>>>>::{closure#0}::{closure#0}>
[INFO] [stdout]   20:     0x5b8a9d9c3c7c - <tokio[18f1da3a4686a3e5]::runtime::context::scoped::Scoped<tokio[18f1da3a4686a3e5]::runtime::scheduler::Context>>::set::<<tokio[18f1da3a4686a3e5]::runtime::scheduler::current_thread::CoreGuard>::enter<<tokio[18f1da3a4686a3e5]::runtime::scheduler::current_thread::CoreGuard>::block_on<core[df12db4294e9bfd3]::pin::Pin<&mut core[df12db4294e9bfd3]::pin::Pin<&mut dyn core[df12db4294e9bfd3]::future::future::Future<Output = ()>>>>::{closure#0}, core[df12db4294e9bfd3]::option::Option<()>>::{closure#0}, (alloc[2182bb758b4b3781]::boxed::Box<tokio[18f1da3a4686a3e5]::runtime::scheduler::current_thread::Core>, core[df12db4294e9bfd3]::option::Option<()>)>
[INFO] [stdout]   21:     0x5b8a9d9ee56c - <tokio[18f1da3a4686a3e5]::runtime::runtime::Runtime>::block_on::<core[df12db4294e9bfd3]::pin::Pin<&mut dyn core[df12db4294e9bfd3]::future::future::Future<Output = ()>>>
[INFO] [stdout]   22:     0x5b8a9d99de7b - lex_lsp[8f89ad5789c9f37f]::server::tests::references_use_feature_provider
[INFO] [stdout]   23:     0x5b8a9d9a8b19 - <lex_lsp[8f89ad5789c9f37f]::server::tests::references_use_feature_provider::{closure#0} as core[df12db4294e9bfd3]::ops::function::FnOnce<()>>::call_once
[INFO] [stdout]   24:     0x5b8a9d9f7d4b - test[9d35eded1c95d3be]::__rust_begin_short_backtrace::<core[df12db4294e9bfd3]::result::Result<(), alloc[2182bb758b4b3781]::string::String>, fn() -> core[df12db4294e9bfd3]::result::Result<(), alloc[2182bb758b4b3781]::string::String>>
[INFO] [stdout]   25:     0x5b8a9da053b5 - test[9d35eded1c95d3be]::run_test::{closure#0}
[INFO] [stdout]   26:     0x5b8a9d9fec74 - std[70759c8f55707aa4]::sys::backtrace::__rust_begin_short_backtrace::<test[9d35eded1c95d3be]::run_test::{closure#1}, ()>
[INFO] [stdout]   27:     0x5b8a9da08512 - <std[70759c8f55707aa4]::thread::lifecycle::spawn_unchecked<test[9d35eded1c95d3be]::run_test::{closure#1}, ()>::{closure#1} as core[df12db4294e9bfd3]::ops::function::FnOnce<()>>::call_once::{shim:vtable#0}
[INFO] [stdout]   28:     0x5b8a9dcdef59 - <std[70759c8f55707aa4]::sys::thread::unix::Thread>::new::thread_start
[INFO] [stdout]   29:     0x720d28347dfa - <unknown>
[INFO] [stdout]   30:     0x720d283db3d4 - clone
[INFO] [stdout]   31:                0x0 - <unknown>
[INFO] [stdout] 
[INFO] [stdout] ---- server::tests::goto_definition_uses_feature_provider stdout ----
[INFO] [stdout] 
[INFO] [stdout] thread 'server::tests::goto_definition_uses_feature_provider' (3024) panicked at /opt/rustwide/cargo-home/registry/src/index.crates.io-1949cf8c6b5b557f/lex-core-0.7.0/src/lex/testing/lexplore/loader.rs:147:33:
[INFO] [stdout] Failed to find Benchmark #50: IO error: No such file or directory (os error 2)
[INFO] [stdout] stack backtrace:
[INFO] [stdout]    0:     0x5b8a9dcdff31 - <<std[70759c8f55707aa4]::sys::backtrace::BacktraceLock>::print::DisplayBacktrace as core[df12db4294e9bfd3]::fmt::Display>::fmt
[INFO] [stdout]    1:     0x5b8a9dcf84da - core[df12db4294e9bfd3]::fmt::write
[INFO] [stdout]    2:     0x5b8a9dce4d5c - <alloc[2182bb758b4b3781]::vec::Vec<u8> as core[df12db4294e9bfd3]::io::write::Write>::write_fmt
[INFO] [stdout]    3:     0x5b8a9dcb9da6 - std[70759c8f55707aa4]::panicking::default_hook::{closure#0}
[INFO] [stdout]    4:     0x5b8a9dcd72f9 - std[70759c8f55707aa4]::panicking::default_hook
[INFO] [stdout]    5:     0x5b8a9da04a60 - test[9d35eded1c95d3be]::test_main_inner::<test[9d35eded1c95d3be]::test_main_static::{closure#0}>::{closure#0}
[INFO] [stdout]    6:     0x5b8a9dcd74b2 - std[70759c8f55707aa4]::panicking::panic_with_hook
[INFO] [stdout]    7:     0x5b8a9dcb9e52 - std[70759c8f55707aa4]::panicking::panic_handler::{closure#0}
[INFO] [stdout]    8:     0x5b8a9dcb2859 - std[70759c8f55707aa4]::sys::backtrace::__rust_end_short_backtrace::<std[70759c8f55707aa4]::panicking::panic_handler::{closure#0}, !>
[INFO] [stdout]    9:     0x5b8a9dcbaa4d - __rustc[8fa7c3cbc660c2b3]::rust_begin_unwind
[INFO] [stdout]   10:     0x5b8a9dcf8cfc - core[df12db4294e9bfd3]::panicking::panic_fmt
[INFO] [stdout]   11:     0x5b8a9dbbea06 - <lex_core[2be0ef091af39a2e]::lex::testing::lexplore::loader::Lexplore>::load_document::{closure#0}
[INFO] [stdout]   12:     0x5b8a9dbbf0ef - <lex_core[2be0ef091af39a2e]::lex::testing::lexplore::loader::Lexplore>::load_document
[INFO] [stdout]   13:     0x5b8a9da93e73 - <std[70759c8f55707aa4]::sync::once::Once>::call_once_force::<<std[70759c8f55707aa4]::sync::once_lock::OnceLock<lex_analysis[c0109b4570f859a5]::test_support::SampleFixture>>::initialize<<std[70759c8f55707aa4]::sync::once_lock::OnceLock<lex_analysis[c0109b4570f859a5]::test_support::SampleFixture>>::get_or_init<lex_analysis[c0109b4570f859a5]::test_support::sample_fixture::{closure#0}>::{closure#0}, !>::{closure#0}>::{closure#0}
[INFO] [stdout]   14:     0x5b8a9dcbfa29 - <std[70759c8f55707aa4]::sys::sync::once::futex::Once>::call
[INFO] [stdout]   15:     0x5b8a9da939e9 - <std[70759c8f55707aa4]::sync::once_lock::OnceLock<lex_analysis[c0109b4570f859a5]::test_support::SampleFixture>>::initialize::<<std[70759c8f55707aa4]::sync::once_lock::OnceLock<lex_analysis[c0109b4570f859a5]::test_support::SampleFixture>>::get_or_init<lex_analysis[c0109b4570f859a5]::test_support::sample_fixture::{closure#0}>::{closure#0}, !>
[INFO] [stdout]   16:     0x5b8a9da969e6 - lex_analysis[c0109b4570f859a5]::test_support::sample_source
[INFO] [stdout]   17:     0x5b8a9d9954be - lex_lsp[8f89ad5789c9f37f]::server::tests::open_sample_document::{closure#0}
[INFO] [stdout]   18:     0x5b8a9d99a6dd - lex_lsp[8f89ad5789c9f37f]::server::tests::goto_definition_uses_feature_provider::{closure#0}
[INFO] [stdout]   19:     0x5b8a9d9eea33 - <tokio[18f1da3a4686a3e5]::runtime::scheduler::current_thread::Context>::enter::<core[df12db4294e9bfd3]::task::poll::Poll<()>, <tokio[18f1da3a4686a3e5]::runtime::scheduler::current_thread::CoreGuard>::block_on<core[df12db4294e9bfd3]::pin::Pin<&mut core[df12db4294e9bfd3]::pin::Pin<&mut dyn core[df12db4294e9bfd3]::future::future::Future<Output = ()>>>>::{closure#0}::{closure#0}>
[INFO] [stdout]   20:     0x5b8a9d9c3c7c - <tokio[18f1da3a4686a3e5]::runtime::context::scoped::Scoped<tokio[18f1da3a4686a3e5]::runtime::scheduler::Context>>::set::<<tokio[18f1da3a4686a3e5]::runtime::scheduler::current_thread::CoreGuard>::enter<<tokio[18f1da3a4686a3e5]::runtime::scheduler::current_thread::CoreGuard>::block_on<core[df12db4294e9bfd3]::pin::Pin<&mut core[df12db4294e9bfd3]::pin::Pin<&mut dyn core[df12db4294e9bfd3]::future::future::Future<Output = ()>>>>::{closure#0}, core[df12db4294e9bfd3]::option::Option<()>>::{closure#0}, (alloc[2182bb758b4b3781]::boxed::Box<tokio[18f1da3a4686a3e5]::runtime::scheduler::current_thread::Core>, core[df12db4294e9bfd3]::option::Option<()>)>
[INFO] [stdout]   21:     0x5b8a9d9ee56c - <tokio[18f1da3a4686a3e5]::runtime::runtime::Runtime>::block_on::<core[df12db4294e9bfd3]::pin::Pin<&mut dyn core[df12db4294e9bfd3]::future::future::Future<Output = ()>>>
[INFO] [stdout]   22:     0x5b8a9d99e8fb - lex_lsp[8f89ad5789c9f37f]::server::tests::goto_definition_uses_feature_provider
[INFO] [stdout]   23:     0x5b8a9d9a8c19 - <lex_lsp[8f89ad5789c9f37f]::server::tests::goto_definition_uses_feature_provider::{closure#0} as core[df12db4294e9bfd3]::ops::function::FnOnce<()>>::call_once
[INFO] [stdout]   24:     0x5b8a9d9f7d4b - test[9d35eded1c95d3be]::__rust_begin_short_backtrace::<core[df12db4294e9bfd3]::result::Result<(), alloc[2182bb758b4b3781]::string::String>, fn() -> core[df12db4294e9bfd3]::result::Result<(), alloc[2182bb758b4b3781]::string::String>>
[INFO] [stdout]   25:     0x5b8a9da053b5 - test[9d35eded1c95d3be]::run_test::{closure#0}
[INFO] [stdout]   26:     0x5b8a9d9fec74 - std[70759c8f55707aa4]::sys::backtrace::__rust_begin_short_backtrace::<test[9d35eded1c95d3be]::run_test::{closure#1}, ()>
[INFO] [stdout]   27:     0x5b8a9da08512 - <std[70759c8f55707aa4]::thread::lifecycle::spawn_unchecked<test[9d35eded1c95d3be]::run_test::{closure#1}, ()>::{closure#1} as core[df12db4294e9bfd3]::ops::function::FnOnce<()>>::call_once::{shim:vtable#0}
[INFO] [stdout]   28:     0x5b8a9dcdef59 - <std[70759c8f55707aa4]::sys::thread::unix::Thread>::new::thread_start
[INFO] [stdout]   29:     0x720d28347dfa - <unknown>
[INFO] [stdout]   30:     0x720d283db3d4 - clone
[INFO] [stdout]   31:                0x0 - <unknown>
[INFO] [stdout] 
[INFO] [stdout] ---- server::tests::execute_insert_commands stdout ----
[INFO] [stdout] 
[INFO] [stdout] thread 'server::tests::execute_insert_commands' (3021) panicked at /opt/rustwide/cargo-home/registry/src/index.crates.io-1949cf8c6b5b557f/lex-core-0.7.0/src/lex/testing/lexplore/loader.rs:147:33:
[INFO] [stdout] Failed to find Benchmark #50: IO error: No such file or directory (os error 2)
[INFO] [stdout] stack backtrace:
[INFO] [stdout]    0:     0x5b8a9dcdff31 - <<std[70759c8f55707aa4]::sys::backtrace::BacktraceLock>::print::DisplayBacktrace as core[df12db4294e9bfd3]::fmt::Display>::fmt
[INFO] [stdout]    1:     0x5b8a9dcf84da - core[df12db4294e9bfd3]::fmt::write
[INFO] [stdout]    2:     0x5b8a9dce4d5c - <alloc[2182bb758b4b3781]::vec::Vec<u8> as core[df12db4294e9bfd3]::io::write::Write>::write_fmt
[INFO] [stdout]    3:     0x5b8a9dcb9da6 - std[70759c8f55707aa4]::panicking::default_hook::{closure#0}
[INFO] [stdout]    4:     0x5b8a9dcd72f9 - std[70759c8f55707aa4]::panicking::default_hook
[INFO] [stdout]    5:     0x5b8a9da04a60 - test[9d35eded1c95d3be]::test_main_inner::<test[9d35eded1c95d3be]::test_main_static::{closure#0}>::{closure#0}
[INFO] [stdout]    6:     0x5b8a9dcd74b2 - std[70759c8f55707aa4]::panicking::panic_with_hook
[INFO] [stdout]    7:     0x5b8a9dcb9e52 - std[70759c8f55707aa4]::panicking::panic_handler::{closure#0}
[INFO] [stdout]    8:     0x5b8a9dcb2859 - std[70759c8f55707aa4]::sys::backtrace::__rust_end_short_backtrace::<std[70759c8f55707aa4]::panicking::panic_handler::{closure#0}, !>
[INFO] [stdout]    9:     0x5b8a9dcbaa4d - __rustc[8fa7c3cbc660c2b3]::rust_begin_unwind
[INFO] [stdout]   10:     0x5b8a9dcf8cfc - core[df12db4294e9bfd3]::panicking::panic_fmt
[INFO] [stdout]   11:     0x5b8a9dbbea06 - <lex_core[2be0ef091af39a2e]::lex::testing::lexplore::loader::Lexplore>::load_document::{closure#0}
[INFO] [stdout]   12:     0x5b8a9dbbf0ef - <lex_core[2be0ef091af39a2e]::lex::testing::lexplore::loader::Lexplore>::load_document
[INFO] [stdout]   13:     0x5b8a9da93e73 - <std[70759c8f55707aa4]::sync::once::Once>::call_once_force::<<std[70759c8f55707aa4]::sync::once_lock::OnceLock<lex_analysis[c0109b4570f859a5]::test_support::SampleFixture>>::initialize<<std[70759c8f55707aa4]::sync::once_lock::OnceLock<lex_analysis[c0109b4570f859a5]::test_support::SampleFixture>>::get_or_init<lex_analysis[c0109b4570f859a5]::test_support::sample_fixture::{closure#0}>::{closure#0}, !>::{closure#0}>::{closure#0}
[INFO] [stdout]   14:     0x5b8a9dcbfa29 - <std[70759c8f55707aa4]::sys::sync::once::futex::Once>::call
[INFO] [stdout]   15:     0x5b8a9da939e9 - <std[70759c8f55707aa4]::sync::once_lock::OnceLock<lex_analysis[c0109b4570f859a5]::test_support::SampleFixture>>::initialize::<<std[70759c8f55707aa4]::sync::once_lock::OnceLock<lex_analysis[c0109b4570f859a5]::test_support::SampleFixture>>::get_or_init<lex_analysis[c0109b4570f859a5]::test_support::sample_fixture::{closure#0}>::{closure#0}, !>
[INFO] [stdout]   16:     0x5b8a9da969e6 - lex_analysis[c0109b4570f859a5]::test_support::sample_source
[INFO] [stdout]   17:     0x5b8a9d9954be - lex_lsp[8f89ad5789c9f37f]::server::tests::open_sample_document::{closure#0}
[INFO] [stdout]   18:     0x5b8a9d995856 - lex_lsp[8f89ad5789c9f37f]::server::tests::execute_insert_commands::{closure#0}
[INFO] [stdout]   19:     0x5b8a9d9eea33 - <tokio[18f1da3a4686a3e5]::runtime::scheduler::current_thread::Context>::enter::<core[df12db4294e9bfd3]::task::poll::Poll<()>, <tokio[18f1da3a4686a3e5]::runtime::scheduler::current_thread::CoreGuard>::block_on<core[df12db4294e9bfd3]::pin::Pin<&mut core[df12db4294e9bfd3]::pin::Pin<&mut dyn core[df12db4294e9bfd3]::future::future::Future<Output = ()>>>>::{closure#0}::{closure#0}>
[INFO] [stdout]   20:     0x5b8a9d9c3c7c - <tokio[18f1da3a4686a3e5]::runtime::context::scoped::Scoped<tokio[18f1da3a4686a3e5]::runtime::scheduler::Context>>::set::<<tokio[18f1da3a4686a3e5]::runtime::scheduler::current_thread::CoreGuard>::enter<<tokio[18f1da3a4686a3e5]::runtime::scheduler::current_thread::CoreGuard>::block_on<core[df12db4294e9bfd3]::pin::Pin<&mut core[df12db4294e9bfd3]::pin::Pin<&mut dyn core[df12db4294e9bfd3]::future::future::Future<Output = ()>>>>::{closure#0}, core[df12db4294e9bfd3]::option::Option<()>>::{closure#0}, (alloc[2182bb758b4b3781]::boxed::Box<tokio[18f1da3a4686a3e5]::runtime::scheduler::current_thread::Core>, core[df12db4294e9bfd3]::option::Option<()>)>
[INFO] [stdout]   21:     0x5b8a9d9ee56c - <tokio[18f1da3a4686a3e5]::runtime::runtime::Runtime>::block_on::<core[df12db4294e9bfd3]::pin::Pin<&mut dyn core[df12db4294e9bfd3]::future::future::Future<Output = ()>>>
[INFO] [stdout]   22:     0x5b8a9d99dd2b - lex_lsp[8f89ad5789c9f37f]::server::tests::execute_insert_commands
[INFO] [stdout]   23:     0x5b8a9d9a8af9 - <lex_lsp[8f89ad5789c9f37f]::server::tests::execute_insert_commands::{closure#0} as core[df12db4294e9bfd3]::ops::function::FnOnce<()>>::call_once
[INFO] [stdout]   24:     0x5b8a9d9f7d4b - test[9d35eded1c95d3be]::__rust_begin_short_backtrace::<core[df12db4294e9bfd3]::result::Result<(), alloc[2182bb758b4b3781]::string::String>, fn() -> core[df12db4294e9bfd3]::result::Result<(), alloc[2182bb758b4b3781]::string::String>>
[INFO] [stdout]   25:     0x5b8a9da053b5 - test[9d35eded1c95d3be]::run_test::{closure#0}
[INFO] [stdout]   26:     0x5b8a9d9fec74 - std[70759c8f55707aa4]::sys::backtrace::__rust_begin_short_backtrace::<test[9d35eded1c95d3be]::run_test::{closure#1}, ()>
[INFO] [stdout]   27:     0x5b8a9da08512 - <std[70759c8f55707aa4]::thread::lifecycle::spawn_unchecked<test[9d35eded1c95d3be]::run_test::{closure#1}, ()>::{closure#1} as core[df12db4294e9bfd3]::ops::function::FnOnce<()>>::call_once::{shim:vtable#0}
[INFO] [stdout]   28:     0x5b8a9dcdef59 - <std[70759c8f55707aa4]::sys::thread::unix::Thread>::new::thread_start
[INFO] [stdout]   29:     0x720d28347dfa - <unknown>
[INFO] [stdout]   30:     0x720d283db3d4 - clone
[INFO] [stdout]   31:                0x0 - <unknown>
[INFO] [stdout] 
[INFO] [stdout] ---- server::tests::folding_range_uses_feature_provider stdout ----
[INFO] [stdout] 
[INFO] [stdout] thread 'server::tests::folding_range_uses_feature_provider' (3022) panicked at /opt/rustwide/cargo-home/registry/src/index.crates.io-1949cf8c6b5b557f/lex-core-0.7.0/src/lex/testing/lexplore/loader.rs:147:33:
[INFO] [stdout] Failed to find Benchmark #50: IO error: No such file or directory (os error 2)
[INFO] [stdout] stack backtrace:
[INFO] [stdout]    0:     0x5b8a9dcdff31 - <<std[70759c8f55707aa4]::sys::backtrace::BacktraceLock>::print::DisplayBacktrace as core[df12db4294e9bfd3]::fmt::Display>::fmt
[INFO] [stdout]    1:     0x5b8a9dcf84da - core[df12db4294e9bfd3]::fmt::write
[INFO] [stdout]    2:     0x5b8a9dce4d5c - <alloc[2182bb758b4b3781]::vec::Vec<u8> as core[df12db4294e9bfd3]::io::write::Write>::write_fmt
[INFO] [stdout]    3:     0x5b8a9dcb9da6 - std[70759c8f55707aa4]::panicking::default_hook::{closure#0}
[INFO] [stdout]    4:     0x5b8a9dcd72f9 - std[70759c8f55707aa4]::panicking::default_hook
[INFO] [stdout]    5:     0x5b8a9da04a60 - test[9d35eded1c95d3be]::test_main_inner::<test[9d35eded1c95d3be]::test_main_static::{closure#0}>::{closure#0}
[INFO] [stdout]    6:     0x5b8a9dcd74b2 - std[70759c8f55707aa4]::panicking::panic_with_hook
[INFO] [stdout]    7:     0x5b8a9dcb9e52 - std[70759c8f55707aa4]::panicking::panic_handler::{closure#0}
[INFO] [stdout]    8:     0x5b8a9dcb2859 - std[70759c8f55707aa4]::sys::backtrace::__rust_end_short_backtrace::<std[70759c8f55707aa4]::panicking::panic_handler::{closure#0}, !>
[INFO] [stdout]    9:     0x5b8a9dcbaa4d - __rustc[8fa7c3cbc660c2b3]::rust_begin_unwind
[INFO] [stdout]   10:     0x5b8a9dcf8cfc - core[df12db4294e9bfd3]::panicking::panic_fmt
[INFO] [stdout]   11:     0x5b8a9dbbea06 - <lex_core[2be0ef091af39a2e]::lex::testing::lexplore::loader::Lexplore>::load_document::{closure#0}
[INFO] [stdout]   12:     0x5b8a9dbbf0ef - <lex_core[2be0ef091af39a2e]::lex::testing::lexplore::loader::Lexplore>::load_document
[INFO] [stdout]   13:     0x5b8a9da93e73 - <std[70759c8f55707aa4]::sync::once::Once>::call_once_force::<<std[70759c8f55707aa4]::sync::once_lock::OnceLock<lex_analysis[c0109b4570f859a5]::test_support::SampleFixture>>::initialize<<std[70759c8f55707aa4]::sync::once_lock::OnceLock<lex_analysis[c0109b4570f859a5]::test_support::SampleFixture>>::get_or_init<lex_analysis[c0109b4570f859a5]::test_support::sample_fixture::{closure#0}>::{closure#0}, !>::{closure#0}>::{closure#0}
[INFO] [stdout]   14:     0x5b8a9dcbfa29 - <std[70759c8f55707aa4]::sys::sync::once::futex::Once>::call
[INFO] [stdout]   15:     0x5b8a9da939e9 - <std[70759c8f55707aa4]::sync::once_lock::OnceLock<lex_analysis[c0109b4570f859a5]::test_support::SampleFixture>>::initialize::<<std[70759c8f55707aa4]::sync::once_lock::OnceLock<lex_analysis[c0109b4570f859a5]::test_support::SampleFixture>>::get_or_init<lex_analysis[c0109b4570f859a5]::test_support::sample_fixture::{closure#0}>::{closure#0}, !>
[INFO] [stdout]   16:     0x5b8a9da969e6 - lex_analysis[c0109b4570f859a5]::test_support::sample_source
[INFO] [stdout]   17:     0x5b8a9d9954be - lex_lsp[8f89ad5789c9f37f]::server::tests::open_sample_document::{closure#0}
[INFO] [stdout]   18:     0x5b8a9d99944d - lex_lsp[8f89ad5789c9f37f]::server::tests::folding_range_uses_feature_provider::{closure#0}
[INFO] [stdout]   19:     0x5b8a9d9eea33 - <tokio[18f1da3a4686a3e5]::runtime::scheduler::current_thread::Context>::enter::<core[df12db4294e9bfd3]::task::poll::Poll<()>, <tokio[18f1da3a4686a3e5]::runtime::scheduler::current_thread::CoreGuard>::block_on<core[df12db4294e9bfd3]::pin::Pin<&mut core[df12db4294e9bfd3]::pin::Pin<&mut dyn core[df12db4294e9bfd3]::future::future::Future<Output = ()>>>>::{closure#0}::{closure#0}>
[INFO] [stdout]   20:     0x5b8a9d9c3c7c - <tokio[18f1da3a4686a3e5]::runtime::context::scoped::Scoped<tokio[18f1da3a4686a3e5]::runtime::scheduler::Context>>::set::<<tokio[18f1da3a4686a3e5]::runtime::scheduler::current_thread::CoreGuard>::enter<<tokio[18f1da3a4686a3e5]::runtime::scheduler::current_thread::CoreGuard>::block_on<core[df12db4294e9bfd3]::pin::Pin<&mut core[df12db4294e9bfd3]::pin::Pin<&mut dyn core[df12db4294e9bfd3]::future::future::Future<Output = ()>>>>::{closure#0}, core[df12db4294e9bfd3]::option::Option<()>>::{closure#0}, (alloc[2182bb758b4b3781]::boxed::Box<tokio[18f1da3a4686a3e5]::runtime::scheduler::current_thread::Core>, core[df12db4294e9bfd3]::option::Option<()>)>
[INFO] [stdout]   21:     0x5b8a9d9ee56c - <tokio[18f1da3a4686a3e5]::runtime::runtime::Runtime>::block_on::<core[df12db4294e9bfd3]::pin::Pin<&mut dyn core[df12db4294e9bfd3]::future::future::Future<Output = ()>>>
[INFO] [stdout]   22:     0x5b8a9d99e50b - lex_lsp[8f89ad5789c9f37f]::server::tests::folding_range_uses_feature_provider
[INFO] [stdout]   23:     0x5b8a9d9a8bb9 - <lex_lsp[8f89ad5789c9f37f]::server::tests::folding_range_uses_feature_provider::{closure#0} as core[df12db4294e9bfd3]::ops::function::FnOnce<()>>::call_once
[INFO] [stdout]   24:     0x5b8a9d9f7d4b - test[9d35eded1c95d3be]::__rust_begin_short_backtrace::<core[df12db4294e9bfd3]::result::Result<(), alloc[2182bb758b4b3781]::string::String>, fn() -> core[df12db4294e9bfd3]::result::Result<(), alloc[2182bb758b4b3781]::string::String>>
[INFO] [stdout]   25:     0x5b8a9da053b5 - test[9d35eded1c95d3be]::run_test::{closure#0}
[INFO] [stdout]   26:     0x5b8a9d9fec74 - std[70759c8f55707aa4]::sys::backtrace::__rust_begin_short_backtrace::<test[9d35eded1c95d3be]::run_test::{closure#1}, ()>
[INFO] [stdout]   27:     0x5b8a9da08512 - <std[70759c8f55707aa4]::thread::lifecycle::spawn_unchecked<test[9d35eded1c95d3be]::run_test::{closure#1}, ()>::{closure#1} as core[df12db4294e9bfd3]::ops::function::FnOnce<()>>::call_once::{shim:vtable#0}
[INFO] [stdout]   28:     0x5b8a9dcdef59 - <std[70759c8f55707aa4]::sys::thread::unix::Thread>::new::thread_start
[INFO] [stdout]   29:     0x720d28347dfa - <unknown>
[INFO] [stdout]   30:     0x720d283db3d4 - clone
[INFO] [stdout]   31:                0x0 - <unknown>
[INFO] [stdout] 
[INFO] [stdout] ---- server::tests::document_links_use_feature_provider stdout ----
[INFO] [stdout] 
[INFO] [stdout] thread 'server::tests::document_links_use_feature_provider' (3016) panicked at /opt/rustwide/cargo-home/registry/src/index.crates.io-1949cf8c6b5b557f/lex-core-0.7.0/src/lex/testing/lexplore/loader.rs:147:33:
[INFO] [stdout] Failed to find Benchmark #50: IO error: No such file or directory (os error 2)
[INFO] [stdout] stack backtrace:
[INFO] [stdout]    0:     0x5b8a9dcdff31 - <<std[70759c8f55707aa4]::sys::backtrace::BacktraceLock>::print::DisplayBacktrace as core[df12db4294e9bfd3]::fmt::Display>::fmt
[INFO] [stdout]    1:     0x5b8a9dcf84da - core[df12db4294e9bfd3]::fmt::write
[INFO] [stdout]    2:     0x5b8a9dce4d5c - <alloc[2182bb758b4b3781]::vec::Vec<u8> as core[df12db4294e9bfd3]::io::write::Write>::write_fmt
[INFO] [stdout]    3:     0x5b8a9dcb9da6 - std[70759c8f55707aa4]::panicking::default_hook::{closure#0}
[INFO] [stdout]    4:     0x5b8a9dcd72f9 - std[70759c8f55707aa4]::panicking::default_hook
[INFO] [stdout]    5:     0x5b8a9da04a60 - test[9d35eded1c95d3be]::test_main_inner::<test[9d35eded1c95d3be]::test_main_static::{closure#0}>::{closure#0}
[INFO] [stdout]    6:     0x5b8a9dcd74b2 - std[70759c8f55707aa4]::panicking::panic_with_hook
[INFO] [stdout]    7:     0x5b8a9dcb9e52 - std[70759c8f55707aa4]::panicking::panic_handler::{closure#0}
[INFO] [stdout]    8:     0x5b8a9dcb2859 - std[70759c8f55707aa4]::sys::backtrace::__rust_end_short_backtrace::<std[70759c8f55707aa4]::panicking::panic_handler::{closure#0}, !>
[INFO] [stdout]    9:     0x5b8a9dcbaa4d - __rustc[8fa7c3cbc660c2b3]::rust_begin_unwind
[INFO] [stdout]   10:     0x5b8a9dcf8cfc - core[df12db4294e9bfd3]::panicking::panic_fmt
[INFO] [stdout]   11:     0x5b8a9dbbea06 - <lex_core[2be0ef091af39a2e]::lex::testing::lexplore::loader::Lexplore>::load_document::{closure#0}
[INFO] [stdout]   12:     0x5b8a9dbbf0ef - <lex_core[2be0ef091af39a2e]::lex::testing::lexplore::loader::Lexplore>::load_document
[INFO] [stdout]   13:     0x5b8a9da93e73 - <std[70759c8f55707aa4]::sync::once::Once>::call_once_force::<<std[70759c8f55707aa4]::sync::once_lock::OnceLock<lex_analysis[c0109b4570f859a5]::test_support::SampleFixture>>::initialize<<std[70759c8f55707aa4]::sync::once_lock::OnceLock<lex_analysis[c0109b4570f859a5]::test_support::SampleFixture>>::get_or_init<lex_analysis[c0109b4570f859a5]::test_support::sample_fixture::{closure#0}>::{closure#0}, !>::{closure#0}>::{closure#0}
[INFO] [stdout]   14:     0x5b8a9dcbfa29 - <std[70759c8f55707aa4]::sys::sync::once::futex::Once>::call
[INFO] [stdout]   15:     0x5b8a9da939e9 - <std[70759c8f55707aa4]::sync::once_lock::OnceLock<lex_analysis[c0109b4570f859a5]::test_support::SampleFixture>>::initialize::<<std[70759c8f55707aa4]::sync::once_lock::OnceLock<lex_analysis[c0109b4570f859a5]::test_support::SampleFixture>>::get_or_init<lex_analysis[c0109b4570f859a5]::test_support::sample_fixture::{closure#0}>::{closure#0}, !>
[INFO] [stdout]   16:     0x5b8a9da969e6 - lex_analysis[c0109b4570f859a5]::test_support::sample_source
[INFO] [stdout]   17:     0x5b8a9d9954be - lex_lsp[8f89ad5789c9f37f]::server::tests::open_sample_document::{closure#0}
[INFO] [stdout]   18:     0x5b8a9d998734 - lex_lsp[8f89ad5789c9f37f]::server::tests::document_links_use_feature_provider::{closure#0}
[INFO] [stdout]   19:     0x5b8a9d9eea33 - <tokio[18f1da3a4686a3e5]::runtime::scheduler::current_thread::Context>::enter::<core[df12db4294e9bfd3]::task::poll::Poll<()>, <tokio[18f1da3a4686a3e5]::runtime::scheduler::current_thread::CoreGuard>::block_on<core[df12db4294e9bfd3]::pin::Pin<&mut core[df12db4294e9bfd3]::pin::Pin<&mut dyn core[df12db4294e9bfd3]::future::future::Future<Output = ()>>>>::{closure#0}::{closure#0}>
[INFO] [stdout]   20:     0x5b8a9d9c3c7c - <tokio[18f1da3a4686a3e5]::runtime::context::scoped::Scoped<tokio[18f1da3a4686a3e5]::runtime::scheduler::Context>>::set::<<tokio[18f1da3a4686a3e5]::runtime::scheduler::current_thread::CoreGuard>::enter<<tokio[18f1da3a4686a3e5]::runtime::scheduler::current_thread::CoreGuard>::block_on<core[df12db4294e9bfd3]::pin::Pin<&mut core[df12db4294e9bfd3]::pin::Pin<&mut dyn core[df12db4294e9bfd3]::future::future::Future<Output = ()>>>>::{closure#0}, core[df12db4294e9bfd3]::option::Option<()>>::{closure#0}, (alloc[2182bb758b4b3781]::boxed::Box<tokio[18f1da3a4686a3e5]::runtime::scheduler::current_thread::Core>, core[df12db4294e9bfd3]::option::Option<()>)>
[INFO] [stdout]   21:     0x5b8a9d9ee56c - <tokio[18f1da3a4686a3e5]::runtime::runtime::Runtime>::block_on::<core[df12db4294e9bfd3]::pin::Pin<&mut dyn core[df12db4294e9bfd3]::future::future::Future<Output = ()>>>
[INFO] [stdout]   22:     0x5b8a9d99e26b - lex_lsp[8f89ad5789c9f37f]::server::tests::document_links_use_feature_provider
[INFO] [stdout]   23:     0x5b8a9d9a8b79 - <lex_lsp[8f89ad5789c9f37f]::server::tests::document_links_use_feature_provider::{closure#0} as core[df12db4294e9bfd3]::ops::function::FnOnce<()>>::call_once
[INFO] [stdout]   24:     0x5b8a9d9f7d4b - test[9d35eded1c95d3be]::__rust_begin_short_backtrace::<core[df12db4294e9bfd3]::result::Result<(), alloc[2182bb758b4b3781]::string::String>, fn() -> core[df12db4294e9bfd3]::result::Result<(), alloc[2182bb758b4b3781]::string::String>>
[INFO] [stdout]   25:     0x5b8a9da053b5 - test[9d35eded1c95d3be]::run_test::{closure#0}
[INFO] [stdout]   26:     0x5b8a9d9fec74 - std[70759c8f55707aa4]::sys::backtrace::__rust_begin_short_backtrace::<test[9d35eded1c95d3be]::run_test::{closure#1}, ()>
[INFO] [stdout]   27:     0x5b8a9da08512 - <std[70759c8f55707aa4]::thread::lifecycle::spawn_unchecked<test[9d35eded1c95d3be]::run_test::{closure#1}, ()>::{closure#1} as core[df12db4294e9bfd3]::ops::function::FnOnce<()>>::call_once::{shim:vtable#0}
[INFO] [stdout]   28:     0x5b8a9dcdef59 - <std[70759c8f55707aa4]::sys::thread::unix::Thread>::new::thread_start
[INFO] [stdout]   29:     0x720d28347dfa - <unknown>
[INFO] [stdout]   30:     0x720d283db3d4 - clone
[INFO] [stdout]   31:                0x0 - <unknown>
[INFO] [stdout] 
[INFO] [stdout] 
[INFO] [stdout] failures:
[INFO] [stdout]     server::tests::document_links_use_feature_provider
[INFO] [stdout]     server::tests::document_symbols_call_feature_layer
[INFO] [stdout]     server::tests::encode_semantic_tokens_splits_multi_line_ranges
[INFO] [stdout]     server::tests::execute_insert_commands
[INFO] [stdout]     server::tests::folding_range_uses_feature_provider
[INFO] [stdout]     server::tests::formatting_uses_feature_provider
[INFO] [stdout]     server::tests::goto_definition_uses_feature_provider
[INFO] [stdout]     server::tests::hover_uses_feature_provider_position
[INFO] [stdout]     server::tests::range_formatting_uses_feature_provider
[INFO] [stdout]     server::tests::references_use_feature_provider
[INFO] [stdout]     server::tests::semantic_tokens_call_feature_layer
[INFO] [stdout] 
[INFO] [stdout] test result: FAILED. 24 passed; 11 failed; 0 ignored; 0 measured; 0 filtered out; finished in 0.05s
[INFO] [stdout] 
[INFO] [stderr] error: test failed, to rerun pass `--lib`
[INFO] running `Command { std: "docker" "inspect" "5c0561a554ad1bdeecd6759121933508dfe5ca677df0a5685004bfde8a9840d9", kill_on_drop: false }`
[INFO] running `Command { std: "docker" "rm" "-f" "5c0561a554ad1bdeecd6759121933508dfe5ca677df0a5685004bfde8a9840d9", kill_on_drop: false }`
[INFO] [stdout] 5c0561a554ad1bdeecd6759121933508dfe5ca677df0a5685004bfde8a9840d9
