[INFO] fetching crate lettuce 0.1.3...
[INFO] testing lettuce-0.1.3 against 1.100.0-beta.1+cargoflags=--release for beta-release-1.100-2
[INFO] extracting crate lettuce 0.1.3 into /workspace/builds/worker-6-tc2/source
[INFO] started tweaking crates.io crate lettuce 0.1.3
[INFO] finished tweaking crates.io crate lettuce 0.1.3
[INFO] tweaked toml for crates.io crate lettuce 0.1.3 written to /workspace/builds/worker-6-tc2/source/Cargo.toml
[INFO] validating manifest of crates.io crate lettuce 0.1.3 on toolchain 1.100.0-beta.1
[INFO] running `Command { std: CARGO_HOME="/workspace/cargo-home" RUSTUP_HOME="/workspace/rustup-home" "/workspace/cargo-home/bin/cargo" "+1.100.0-beta.1" "metadata" "--manifest-path" "Cargo.toml" "--no-deps", kill_on_drop: false }`
[INFO] crate crates.io crate lettuce 0.1.3 already has a lockfile, it will not be regenerated
[INFO] running `Command { std: CARGO_HOME="/workspace/cargo-home" RUSTUP_HOME="/workspace/rustup-home" "/workspace/cargo-home/bin/cargo" "+1.100.0-beta.1" "fetch" "--manifest-path" "Cargo.toml", kill_on_drop: false }`
[INFO] running `Command { std: "docker" "create" "-v" "/var/lib/crater-agent-workspace/builds/worker-6-tc2/source:/opt/rustwide/workdir:ro,Z" "-v" "/var/lib/crater-agent-workspace/builds/worker-6-tc2/target:/opt/rustwide/target:rw,Z" "-v" "/var/lib/crater-agent-workspace/cargo-home:/opt/rustwide/cargo-home:ro,Z" "-v" "/var/lib/crater-agent-workspace/rustup-home:/opt/rustwide/rustup-home:ro,Z" "-m" "1610612736" "--network" "none" "ghcr.io/rust-lang/crates-build-env/linux@sha256:77db811e55d90add9212f6832c23229e3de5f1c1f9905e8cb07319ea15df73ac" "sleep" "infinity", kill_on_drop: false }`
[INFO] [stdout] 71151a9101cbdca3ba549319772c03d8a017a2e71bc8be304a5c057bd2753d85
[INFO] running `Command { std: "docker" "start" "71151a9101cbdca3ba549319772c03d8a017a2e71bc8be304a5c057bd2753d85", kill_on_drop: false }`
[INFO] running `Command { std: "docker" "inspect" "71151a9101cbdca3ba549319772c03d8a017a2e71bc8be304a5c057bd2753d85", kill_on_drop: false }`
[INFO] running `Command { std: "docker" "exec" "-e" "SOURCE_DIR=/opt/rustwide/workdir" "-e" "CARGO_HOME=/opt/rustwide/cargo-home" "-e" "RUSTUP_HOME=/opt/rustwide/rustup-home" "-e" "CARGO_TARGET_DIR=/opt/rustwide/target" "-w" "/opt/rustwide/workdir" "--user" "0:0" "71151a9101cbdca3ba549319772c03d8a017a2e71bc8be304a5c057bd2753d85" "/opt/rustwide/cargo-home/bin/cargo" "+1.100.0-beta.1" "metadata" "--no-deps" "--format-version=1", kill_on_drop: false }`
[INFO] running `Command { std: "docker" "inspect" "71151a9101cbdca3ba549319772c03d8a017a2e71bc8be304a5c057bd2753d85", kill_on_drop: false }`
[INFO] running `Command { std: "docker" "exec" "-e" "SOURCE_DIR=/opt/rustwide/workdir" "-e" "CARGO_HOME=/opt/rustwide/cargo-home" "-e" "RUSTUP_HOME=/opt/rustwide/rustup-home" "-e" "CARGO_TARGET_DIR=/opt/rustwide/target" "-e" "CARGO_INCREMENTAL=0" "-e" "RUST_BACKTRACE=full" "-e" "RUSTFLAGS=--cap-lints=warn" "-e" "RUSTDOCFLAGS=--cap-lints=warn" "-w" "/opt/rustwide/workdir" "--user" "0:0" "71151a9101cbdca3ba549319772c03d8a017a2e71bc8be304a5c057bd2753d85" "/opt/rustwide/cargo-home/bin/cargo" "+1.100.0-beta.1" "build" "--frozen" "--message-format=json" "--release", kill_on_drop: false }`
[INFO] [stderr]    Compiling libc v0.2.177
[INFO] [stderr]    Compiling zerocopy v0.8.27
[INFO] [stderr]    Compiling find-msvc-tools v0.1.4
[INFO] [stderr]    Compiling anstyle-query v1.1.4
[INFO] [stderr]    Compiling anyhow v1.0.100
[INFO] [stderr]    Compiling aho-corasick v1.1.4
[INFO] [stderr]    Compiling log v0.4.28
[INFO] [stderr]    Compiling jiff v0.2.15
[INFO] [stderr]    Compiling const-primes v0.10.5
[INFO] [stderr]    Compiling rayon v1.11.0
[INFO] [stderr]    Compiling anstream v0.6.21
[INFO] [stderr]    Compiling cc v1.2.44
[INFO] [stderr]    Compiling getrandom v0.3.4
[INFO] [stderr]    Compiling blake3 v1.8.2
[INFO] [stderr]    Compiling rand_core v0.9.3
[INFO] [stderr]    Compiling regex-automata v0.4.13
[INFO] [stderr]    Compiling ppv-lite86 v0.2.21
[INFO] [stderr]    Compiling rand_chacha v0.9.0
[INFO] [stderr]    Compiling rand v0.9.2
[INFO] [stderr]    Compiling regex v1.12.2
[INFO] [stderr]    Compiling env_filter v0.1.4
[INFO] [stderr]    Compiling env_logger v0.11.8
[INFO] [stderr]    Compiling lettuce v0.1.3 (/opt/rustwide/workdir)
[INFO] [stderr] warning: unused dependency `env_logger`
[INFO] [stderr]   --> Cargo.toml:20:15
[INFO] [stderr]    |
[INFO] [stderr] 20 | [dependencies.env_logger]
[INFO] [stderr]    |               ^^^^^^^^^^^
[INFO] [stderr]    |
[INFO] [stderr]    = note: `cargo::unused_dependencies` is set to `warn` by default
[INFO] [stderr] help: consider removing the dependency on `env_logger`
[INFO] [stderr] warning: `lettuce` (manifest) generated 1 warning
[INFO] [stderr]     Finished `release` profile [optimized] target(s) in 21.07s
[INFO] running `Command { std: "docker" "inspect" "71151a9101cbdca3ba549319772c03d8a017a2e71bc8be304a5c057bd2753d85", kill_on_drop: false }`
[INFO] running `Command { std: "docker" "exec" "-e" "SOURCE_DIR=/opt/rustwide/workdir" "-e" "CARGO_HOME=/opt/rustwide/cargo-home" "-e" "RUSTUP_HOME=/opt/rustwide/rustup-home" "-e" "CARGO_TARGET_DIR=/opt/rustwide/target" "-e" "CARGO_INCREMENTAL=0" "-e" "RUST_BACKTRACE=full" "-e" "RUSTFLAGS=--cap-lints=warn" "-e" "RUSTDOCFLAGS=--cap-lints=warn" "-w" "/opt/rustwide/workdir" "--user" "0:0" "71151a9101cbdca3ba549319772c03d8a017a2e71bc8be304a5c057bd2753d85" "/opt/rustwide/cargo-home/bin/cargo" "+1.100.0-beta.1" "test" "--frozen" "--no-run" "--message-format=json" "--release", kill_on_drop: false }`
[INFO] [stderr]    Compiling unicode-ident v1.0.20
[INFO] [stderr]    Compiling zerocopy v0.8.27
[INFO] [stderr]    Compiling clap_lex v0.7.6
[INFO] [stderr]    Compiling serde_json v1.0.145
[INFO] [stderr]    Compiling plotters v0.3.7
[INFO] [stderr]    Compiling criterion-plot v0.6.0
[INFO] [stderr]    Compiling rayon v1.11.0
[INFO] [stderr]    Compiling proc-macro2 v1.0.103
[INFO] [stderr]    Compiling clap_builder v4.5.51
[INFO] [stderr]    Compiling quote v1.0.41
[INFO] [stderr]    Compiling syn v2.0.108
[INFO] [stderr]    Compiling clap v4.5.51
[INFO] [stderr]    Compiling zerocopy-derive v0.8.27
[INFO] [stderr]    Compiling serde_derive v1.0.228
[INFO] [stderr]    Compiling serde v1.0.228
[INFO] [stderr]    Compiling tinytemplate v1.2.1
[INFO] [stderr]    Compiling ppv-lite86 v0.2.21
[INFO] [stderr]    Compiling half v2.7.1
[INFO] [stderr]    Compiling ciborium-ll v0.2.2
[INFO] [stderr]    Compiling rand_chacha v0.9.0
[INFO] [stderr]    Compiling ciborium v0.2.2
[INFO] [stderr]    Compiling rand v0.9.2
[INFO] [stderr]    Compiling criterion v0.7.0
[INFO] [stderr]    Compiling lettuce v0.1.3 (/opt/rustwide/workdir)
[INFO] [stdout] warning: glob import doesn't reexport anything with visibility `pub` because no imported item is public enough
[INFO] [stdout]  --> src/commitments/mod.rs:8:9
[INFO] [stdout]   |
[INFO] [stdout] 8 | pub use lwe_scalar::*;
[INFO] [stdout]   |         ^^^^^^^^^^^^^
[INFO] [stdout]   |
[INFO] [stdout] note: the most public imported item is `pub(crate)`
[INFO] [stdout]  --> src/commitments/mod.rs:8:9
[INFO] [stdout]   |
[INFO] [stdout] 8 | pub use lwe_scalar::*;
[INFO] [stdout]   |         ^^^^^^^^^^^^^
[INFO] [stdout]   = help: reduce the glob import's visibility or increase visibility of imported items
[INFO] [stdout]   = note: `#[warn(unused_imports)]` (part of `#[warn(unused)]`) on by default
[INFO] [stdout] 
[INFO] [stdout] 
[INFO] [stdout] warning: unused import: `lwe_scalar::*`
[INFO] [stdout]  --> src/commitments/mod.rs:8:9
[INFO] [stdout]   |
[INFO] [stdout] 8 | pub use lwe_scalar::*;
[INFO] [stdout]   |         ^^^^^^^^^^^^^
[INFO] [stdout] 
[INFO] [stdout] 
[INFO] [stdout] warning: unused import: `crate::*`
[INFO] [stdout]  --> src/traits/ring_element.rs:2:5
[INFO] [stdout]   |
[INFO] [stdout] 2 | use crate::*;
[INFO] [stdout]   |     ^^^^^^^^
[INFO] [stdout] 
[INFO] [stdout] 
[INFO] [stdout] warning: unreachable statement
[INFO] [stdout]   --> src/commitments/innerprod/mat_innerprod.rs:27:9
[INFO] [stdout]    |
[INFO] [stdout] 26 |           panic!();
[INFO] [stdout]    |           -------- any code following this expression is unreachable
[INFO] [stdout] 27 | /         assert_eq!(
[INFO] [stdout] 28 | |             mat.width(),
[INFO] [stdout] 29 | |             vec.len(),
[INFO] [stdout] 30 | |             "TransparentMatInnerProd matrix/vector dimension mismatch"
[INFO] [stdout] 31 | |         );
[INFO] [stdout]    | |_________^ unreachable statement
[INFO] [stdout]    |
[INFO] [stdout]    = note: `#[warn(unreachable_code)]` (part of `#[warn(unused)]`) on by default
[INFO] [stdout] 
[INFO] [stdout] 
[INFO] [stdout] warning: unused variable: `mat`
[INFO] [stdout]   --> src/commitments/innerprod/mat_innerprod.rs:25:16
[INFO] [stdout]    |
[INFO] [stdout] 25 |     pub fn new(mat: &Matrix<E>, vec: Vector<E>) -> Result<Self> {
[INFO] [stdout]    |                ^^^ help: if this is intentional, prefix it with an underscore: `_mat`
[INFO] [stdout]    |
[INFO] [stdout]    = note: `#[warn(unused_variables)]` (part of `#[warn(unused)]`) on by default
[INFO] [stdout] 
[INFO] [stdout] 
[INFO] [stdout] warning: unused variable: `vec`
[INFO] [stdout]   --> src/commitments/innerprod/mat_innerprod.rs:25:33
[INFO] [stdout]    |
[INFO] [stdout] 25 |     pub fn new(mat: &Matrix<E>, vec: Vector<E>) -> Result<Self> {
[INFO] [stdout]    |                                 ^^^ help: if this is intentional, prefix it with an underscore: `_vec`
[INFO] [stdout] 
[INFO] [stdout] 
[INFO] [stdout] warning: constant `LEN` is never used
[INFO] [stdout]    --> src/commitments/innerprod/mod.rs:147:11
[INFO] [stdout]     |
[INFO] [stdout] 147 |     const LEN: usize = 20;
[INFO] [stdout]     |           ^^^
[INFO] [stdout]     |
[INFO] [stdout]     = note: `#[warn(dead_code)]` (part of `#[warn(unused)]`) on by default
[INFO] [stdout] 
[INFO] [stdout] 
[INFO] [stdout] warning: type alias `Field` is never used
[INFO] [stdout]    --> src/commitments/innerprod/mod.rs:148:10
[INFO] [stdout]     |
[INFO] [stdout] 148 |     type Field = MilliScalarMont;
[INFO] [stdout]     |          ^^^^^
[INFO] [stdout] 
[INFO] [stdout] 
[INFO] [stderr] warning: unused dependency `env_logger`
[INFO] [stderr]   --> Cargo.toml:20:15
[INFO] [stderr]    |
[INFO] [stderr] 20 | [dependencies.env_logger]
[INFO] [stderr]    |               ^^^^^^^^^^^
[INFO] [stderr]    |
[INFO] [stderr]    = note: `cargo::unused_dependencies` is set to `warn` by default
[INFO] [stderr] help: consider removing the dependency on `env_logger`
[INFO] [stderr] warning: `lettuce` (manifest) generated 1 warning
[INFO] [stderr]     Finished `release` profile [optimized] target(s) in 34.42s
[INFO] running `Command { std: "docker" "inspect" "71151a9101cbdca3ba549319772c03d8a017a2e71bc8be304a5c057bd2753d85", kill_on_drop: false }`
[INFO] running `Command { std: "docker" "exec" "-e" "SOURCE_DIR=/opt/rustwide/workdir" "-e" "CARGO_HOME=/opt/rustwide/cargo-home" "-e" "RUSTUP_HOME=/opt/rustwide/rustup-home" "-e" "CARGO_TARGET_DIR=/opt/rustwide/target" "-e" "CARGO_INCREMENTAL=0" "-e" "RUST_BACKTRACE=full" "-e" "RUSTFLAGS=--cap-lints=warn" "-e" "RUSTDOCFLAGS=--cap-lints=warn" "-w" "/opt/rustwide/workdir" "--user" "0:0" "71151a9101cbdca3ba549319772c03d8a017a2e71bc8be304a5c057bd2753d85" "/opt/rustwide/cargo-home/bin/cargo" "+1.100.0-beta.1" "test" "--frozen" "--release", kill_on_drop: false }`
[INFO] [stderr] warning: glob import doesn't reexport anything with visibility `pub` because no imported item is public enough
[INFO] [stderr]  --> src/commitments/mod.rs:8:9
[INFO] [stderr]   |
[INFO] [stderr] 8 | pub use lwe_scalar::*;
[INFO] [stderr]   |         ^^^^^^^^^^^^^
[INFO] [stderr]   |
[INFO] [stderr] note: the most public imported item is `pub(crate)`
[INFO] [stderr]  --> src/commitments/mod.rs:8:9
[INFO] [stderr]   |
[INFO] [stderr] 8 | pub use lwe_scalar::*;
[INFO] [stderr]   |         ^^^^^^^^^^^^^
[INFO] [stderr]   = help: reduce the glob import's visibility or increase visibility of imported items
[INFO] [stderr]   = note: `#[warn(unused_imports)]` (part of `#[warn(unused)]`) on by default
[INFO] [stderr] 
[INFO] [stderr] warning: unused import: `lwe_scalar::*`
[INFO] [stderr]  --> src/commitments/mod.rs:8:9
[INFO] [stderr]   |
[INFO] [stderr] 8 | pub use lwe_scalar::*;
[INFO] [stderr]   |         ^^^^^^^^^^^^^
[INFO] [stderr] 
[INFO] [stderr] warning: unused import: `crate::*`
[INFO] [stderr]  --> src/traits/ring_element.rs:2:5
[INFO] [stderr]   |
[INFO] [stderr] 2 | use crate::*;
[INFO] [stderr]   |     ^^^^^^^^
[INFO] [stderr] 
[INFO] [stderr] warning: unreachable statement
[INFO] [stderr]   --> src/commitments/innerprod/mat_innerprod.rs:27:9
[INFO] [stderr]    |
[INFO] [stderr] 26 |           panic!();
[INFO] [stderr]    |           -------- any code following this expression is unreachable
[INFO] [stderr] 27 | /         assert_eq!(
[INFO] [stderr] 28 | |             mat.width(),
[INFO] [stderr] 29 | |             vec.len(),
[INFO] [stderr] 30 | |             "TransparentMatInnerProd matrix/vector dimension mismatch"
[INFO] [stderr] 31 | |         );
[INFO] [stderr]    | |_________^ unreachable statement
[INFO] [stderr]    |
[INFO] [stderr]    = note: `#[warn(unreachable_code)]` (part of `#[warn(unused)]`) on by default
[INFO] [stderr] 
[INFO] [stderr] warning: unused variable: `mat`
[INFO] [stderr]   --> src/commitments/innerprod/mat_innerprod.rs:25:16
[INFO] [stderr]    |
[INFO] [stderr] 25 |     pub fn new(mat: &Matrix<E>, vec: Vector<E>) -> Result<Self> {
[INFO] [stderr]    |                ^^^ help: if this is intentional, prefix it with an underscore: `_mat`
[INFO] [stderr]    |
[INFO] [stderr]    = note: `#[warn(unused_variables)]` (part of `#[warn(unused)]`) on by default
[INFO] [stderr] 
[INFO] [stderr] warning: unused variable: `vec`
[INFO] [stderr]   --> src/commitments/innerprod/mat_innerprod.rs:25:33
[INFO] [stderr]    |
[INFO] [stderr] 25 |     pub fn new(mat: &Matrix<E>, vec: Vector<E>) -> Result<Self> {
[INFO] [stderr]    |                                 ^^^ help: if this is intentional, prefix it with an underscore: `_vec`
[INFO] [stderr] 
[INFO] [stderr] warning: constant `LEN` is never used
[INFO] [stderr]    --> src/commitments/innerprod/mod.rs:147:11
[INFO] [stderr]     |
[INFO] [stderr] 147 |     const LEN: usize = 20;
[INFO] [stderr]     |           ^^^
[INFO] [stderr]     |
[INFO] [stderr]     = note: `#[warn(dead_code)]` (part of `#[warn(unused)]`) on by default
[INFO] [stderr] 
[INFO] [stderr] warning: type alias `Field` is never used
[INFO] [stderr]    --> src/commitments/innerprod/mod.rs:148:10
[INFO] [stderr]     |
[INFO] [stderr] 148 |     type Field = MilliScalarMont;
[INFO] [stderr]     |          ^^^^^
[INFO] [stderr] 
[INFO] [stderr] warning: `lettuce` (lib test) generated 8 warnings (run `cargo fix --lib -p lettuce --tests` to apply 4 suggestions)
[INFO] [stderr] warning: unused dependency `env_logger`
[INFO] [stderr]   --> Cargo.toml:20:15
[INFO] [stderr]    |
[INFO] [stderr] 20 | [dependencies.env_logger]
[INFO] [stderr]    |               ^^^^^^^^^^^
[INFO] [stderr]    |
[INFO] [stderr]    = note: `cargo::unused_dependencies` is set to `warn` by default
[INFO] [stderr] help: consider removing the dependency on `env_logger`
[INFO] [stderr] warning: `lettuce` (manifest) generated 1 warning
[INFO] [stderr]     Finished `release` profile [optimized] target(s) in 0.13s
[INFO] [stderr]      Running unittests src/lib.rs (/opt/rustwide/target/release/build/lettuce/fc45025fc3ee0d26/out/lettuce-fc45025fc3ee0d26)
[INFO] [stdout] 
[INFO] [stdout] running 39 tests
[INFO] [stdout] test montgomery::mont_r_squared_check ... ok
[INFO] [stdout] test montgomery::mont_q_inv_check ... ok
[INFO] [stdout] test commitments::innerprod::innerprod_detect_comm_change ... ok
[INFO] [stdout] test montgomery::mont_adds ... ok
[INFO] [stdout] test montgomery::mont_muls ... ok
[INFO] [stdout] test montgomery::mont_basic_properties ... ok
[INFO] [stdout] test montgomery::mont_roundtrip ... ok
[INFO] [stdout] test montgomery::mont_subs ... ok
[INFO] [stdout] test ntt::ntt_negacyclic_mul ... ok
[INFO] [stdout] test ntt::ntt_negacyclic_roundtrip ... ok
[INFO] [stdout] test ntt::ntt_roundtrip ... ok
[INFO] [stdout] test precomputed::pollards_rho_factors ... ok
[INFO] [stdout] test ntt::ntt_field ... ok
[INFO] [stdout] test commitments::innerprod::innerprod ... FAILED
[INFO] [stdout] test structures::fields::generator_test ... ok
[INFO] [stdout] test structures::matrix::test::matrix_dimension ... ok
[INFO] [stdout] test commitments::innerprod::mat_innerprod::mat_innerprod ... FAILED
[INFO] [stdout] test commitments::sis::should_be_additively_homomorphic ... ok
[INFO] [stdout] test commitments::lwe_scalar::should_be_additively_homomorphic ... ok
[INFO] [stdout] test structures::polynomial::test::polynomial_associative_add ... ok
[INFO] [stdout] test structures::polynomial::test::polynomial_identity_add ... ok
[INFO] [stdout] test structures::polynomial::test::polynomial_identity_mul ... ok
[INFO] [stdout] test structures::polynomial::test::polynomial_associative_mul ... ok
[INFO] [stdout] test structures::polynomial::test::polynomial_distributive ... ok
[INFO] [stdout] test structures::polynomial::test::polynomial_evaluate ... ok
[INFO] [stdout] test test::identity_r1cs ... ok
[INFO] [stdout] test structures::matrix::test::matrix_compose_vertical ... ok
[INFO] [stdout] test structures::r1cs::random_r1cs ... ok
[INFO] [stdout] test ntt::intt_field ... ok
[INFO] [stdout] test structures::matrix::test::matrix_identity ... ok
[INFO] [stdout] test structures::matrix::test::matrix_compose_horizontal ... ok
[INFO] [stdout] test commitments::bdlop::bdlop_commit_var_dimension ... ok
[INFO] [stdout] test commitments::bdlop::bdlop_open_zk ... ok
[INFO] [stdout] test commitments::bdlop::nizk::bdlop_open_linear_zk ... ok
[INFO] [stdout] test precomputed::prime_factorize_test ... ok
[INFO] [stdout] test probability::gaussian::test::cdt_chi_squared_fit ... ok
[INFO] [stdout] test probability::gaussian::test::cdt_symmetry ... ok
[INFO] [stdout] test probability::gaussian::test::cdt_mean ... ok
[INFO] [stdout] test probability::gaussian::test::cdt_std_dev ... ok
[INFO] [stdout] 
[INFO] [stdout] failures:
[INFO] [stdout] 
[INFO] [stdout] ---- commitments::innerprod::innerprod stdout ----
[INFO] [stdout] 213459821 * 3557632863 = 1476476447
[INFO] [stdout] Error: mul constraint failed
[INFO] [stdout] 
[INFO] [stdout] Stack backtrace:
[INFO] [stdout]    0: <anyhow::Error>::msg::<&str>
[INFO] [stdout]    1: <lettuce::commitments::innerprod::nizk::TransparentInnerProdNIZKArg<lettuce::structures::milli_scalar_mont::MilliScalarMont>>::verify
[INFO] [stdout]    2: <lettuce::commitments::innerprod::innerprod::{closure#0} as core::ops::function::FnOnce<()>>::call_once
[INFO] [stdout]    3: test::__rust_begin_short_backtrace::<core::result::Result<(), alloc::string::String>, fn() -> core::result::Result<(), alloc::string::String>>
[INFO] [stdout]    4: test::run_test::{closure#0}
[INFO] [stdout]    5: std::sys::backtrace::__rust_begin_short_backtrace::<test::run_test::{closure#1}, ()>
[INFO] [stdout]    6: <std::thread::lifecycle::spawn_unchecked<test::run_test::{closure#1}, ()>::{closure#1} as core::ops::function::FnOnce<()>>::call_once::{shim:vtable#0}
[INFO] [stdout]    7: <std::sys::thread::unix::Thread>::new::thread_start
[INFO] [stdout]    8: <unknown>
[INFO] [stdout]    9: clone
[INFO] [stdout] 
[INFO] [stdout] ---- commitments::innerprod::mat_innerprod::mat_innerprod stdout ----
[INFO] [stdout] 
[INFO] [stdout] thread 'commitments::innerprod::mat_innerprod::mat_innerprod' (1086) panicked at src/commitments/innerprod/mat_innerprod.rs:26:9:
[INFO] [stdout] explicit panic
[INFO] [stdout] stack backtrace:
[INFO] [stdout]    0:     0x58ac5eaf1291 - <<std[617be2ca0a6fd877]::sys::backtrace::BacktraceLock>::print::DisplayBacktrace as core[a373ad73a504971]::fmt::Display>::fmt
[INFO] [stdout]    1:     0x58ac5eb0651a - core[a373ad73a504971]::fmt::write
[INFO] [stdout]    2:     0x58ac5eaf59fc - <alloc[2e1b2a31b91974c5]::vec::Vec<u8> as core[a373ad73a504971]::io::write::Write>::write_fmt
[INFO] [stdout]    3:     0x58ac5eacce46 - std[617be2ca0a6fd877]::panicking::default_hook::{closure#0}
[INFO] [stdout]    4:     0x58ac5eae9709 - std[617be2ca0a6fd877]::panicking::default_hook
[INFO] [stdout]    5:     0x58ac5ea79420 - test[aada8e7e76ba119b]::test_main_inner::{closure#0}
[INFO] [stdout]    6:     0x58ac5eae9a32 - std[617be2ca0a6fd877]::panicking::panic_with_hook
[INFO] [stdout]    7:     0x58ac5eaccf24 - std[617be2ca0a6fd877]::panicking::panic_handler::{closure#0}
[INFO] [stdout]    8:     0x58ac5eac5679 - std[617be2ca0a6fd877]::sys::backtrace::__rust_end_short_backtrace::<std[617be2ca0a6fd877]::panicking::panic_handler::{closure#0}, !>
[INFO] [stdout]    9:     0x58ac5eacdc0d - __rustc[ea4f61d10b84890b]::rust_begin_unwind
[INFO] [stdout]   10:     0x58ac5eb06c4c - core[a373ad73a504971]::panicking::panic_fmt
[INFO] [stdout]   11:     0x58ac5eb06c12 - core[a373ad73a504971]::panicking::panic
[INFO] [stdout]   12:     0x58ac5ea55a04 - <lettuce[714b50646ada52e]::commitments::innerprod::mat_innerprod::TransparentMatInnerProd<5usize, lettuce[714b50646ada52e]::structures::milli_scalar_mont::MilliScalarMont>>::new
[INFO] [stdout]   13:     0x58ac5ea58df1 - <lettuce[714b50646ada52e]::commitments::innerprod::mat_innerprod::mat_innerprod::{closure#0} as core[a373ad73a504971]::ops::function::FnOnce<()>>::call_once
[INFO] [stdout]   14:     0x58ac5ea6c86b - test[aada8e7e76ba119b]::__rust_begin_short_backtrace::<core[a373ad73a504971]::result::Result<(), alloc[2e1b2a31b91974c5]::string::String>, fn() -> core[a373ad73a504971]::result::Result<(), alloc[2e1b2a31b91974c5]::string::String>>
[INFO] [stdout]   15:     0x58ac5ea79a45 - test[aada8e7e76ba119b]::run_test::{closure#0}
[INFO] [stdout]   16:     0x58ac5ea73334 - std[617be2ca0a6fd877]::sys::backtrace::__rust_begin_short_backtrace::<test[aada8e7e76ba119b]::run_test::{closure#1}, ()>
[INFO] [stdout]   17:     0x58ac5ea7cad2 - <std[617be2ca0a6fd877]::thread::lifecycle::spawn_unchecked<test[aada8e7e76ba119b]::run_test::{closure#1}, ()>::{closure#1} as core[a373ad73a504971]::ops::function::FnOnce<()>>::call_once::{shim:vtable#0}
[INFO] [stdout]   18:     0x58ac5eaf0adf - <std[617be2ca0a6fd877]::sys::thread::unix::Thread>::new::thread_start
[INFO] [stdout]   19:     0x705dd704ddfa - <unknown>
[INFO] [stdout]   20:     0x705dd70e13d4 - clone
[INFO] [stdout]   21:                0x0 - <unknown>
[INFO] [stdout] 
[INFO] [stdout] 
[INFO] [stdout] failures:
[INFO] [stdout]     commitments::innerprod::innerprod
[INFO] [stdout]     commitments::innerprod::mat_innerprod::mat_innerprod
[INFO] [stdout] 
[INFO] [stdout] test result: FAILED. 37 passed; 2 failed; 0 ignored; 0 measured; 0 filtered out; finished in 9.27s
[INFO] [stdout] 
[INFO] [stderr] error: test failed, to rerun pass `--lib`
[INFO] running `Command { std: "docker" "inspect" "71151a9101cbdca3ba549319772c03d8a017a2e71bc8be304a5c057bd2753d85", kill_on_drop: false }`
[INFO] running `Command { std: "docker" "rm" "-f" "71151a9101cbdca3ba549319772c03d8a017a2e71bc8be304a5c057bd2753d85", kill_on_drop: false }`
[INFO] [stdout] 71151a9101cbdca3ba549319772c03d8a017a2e71bc8be304a5c057bd2753d85
