[INFO] fetching crate lessmark 0.1.6...
[INFO] testing lessmark-0.1.6 against 1.100.0-beta.1+cargoflags=--release for beta-release-1.100-2
[INFO] extracting crate lessmark 0.1.6 into /workspace/builds/worker-1-tc2/source
[INFO] started tweaking crates.io crate lessmark 0.1.6
[INFO] removed 0 missing tests
[INFO] finished tweaking crates.io crate lessmark 0.1.6
[INFO] tweaked toml for crates.io crate lessmark 0.1.6 written to /workspace/builds/worker-1-tc2/source/Cargo.toml
[INFO] validating manifest of crates.io crate lessmark 0.1.6 on toolchain 1.100.0-beta.1
[INFO] running `Command { std: CARGO_HOME="/workspace/cargo-home" RUSTUP_HOME="/workspace/rustup-home" "/workspace/cargo-home/bin/cargo" "+1.100.0-beta.1" "metadata" "--manifest-path" "Cargo.toml" "--no-deps", kill_on_drop: false }`
[INFO] crate crates.io crate lessmark 0.1.6 already has a lockfile, it will not be regenerated
[INFO] running `Command { std: CARGO_HOME="/workspace/cargo-home" RUSTUP_HOME="/workspace/rustup-home" "/workspace/cargo-home/bin/cargo" "+1.100.0-beta.1" "fetch" "--manifest-path" "Cargo.toml", kill_on_drop: false }`
[INFO] running `Command { std: "docker" "create" "-v" "/var/lib/crater-agent-workspace/builds/worker-1-tc2/source:/opt/rustwide/workdir:ro,Z" "-v" "/var/lib/crater-agent-workspace/builds/worker-1-tc2/target:/opt/rustwide/target:rw,Z" "-v" "/var/lib/crater-agent-workspace/cargo-home:/opt/rustwide/cargo-home:ro,Z" "-v" "/var/lib/crater-agent-workspace/rustup-home:/opt/rustwide/rustup-home:ro,Z" "-m" "1610612736" "--network" "none" "ghcr.io/rust-lang/crates-build-env/linux@sha256:77db811e55d90add9212f6832c23229e3de5f1c1f9905e8cb07319ea15df73ac" "sleep" "infinity", kill_on_drop: false }`
[INFO] [stdout] 4fa193d161f145503396bc1fa3f1b3e616f58b7737a67b590c44574244e76345
[INFO] running `Command { std: "docker" "start" "4fa193d161f145503396bc1fa3f1b3e616f58b7737a67b590c44574244e76345", kill_on_drop: false }`
[INFO] running `Command { std: "docker" "inspect" "4fa193d161f145503396bc1fa3f1b3e616f58b7737a67b590c44574244e76345", kill_on_drop: false }`
[INFO] running `Command { std: "docker" "exec" "-e" "SOURCE_DIR=/opt/rustwide/workdir" "-e" "CARGO_HOME=/opt/rustwide/cargo-home" "-e" "RUSTUP_HOME=/opt/rustwide/rustup-home" "-e" "CARGO_TARGET_DIR=/opt/rustwide/target" "-w" "/opt/rustwide/workdir" "--user" "0:0" "4fa193d161f145503396bc1fa3f1b3e616f58b7737a67b590c44574244e76345" "/opt/rustwide/cargo-home/bin/cargo" "+1.100.0-beta.1" "metadata" "--no-deps" "--format-version=1", kill_on_drop: false }`
[INFO] running `Command { std: "docker" "inspect" "4fa193d161f145503396bc1fa3f1b3e616f58b7737a67b590c44574244e76345", kill_on_drop: false }`
[INFO] running `Command { std: "docker" "exec" "-e" "SOURCE_DIR=/opt/rustwide/workdir" "-e" "CARGO_HOME=/opt/rustwide/cargo-home" "-e" "RUSTUP_HOME=/opt/rustwide/rustup-home" "-e" "CARGO_TARGET_DIR=/opt/rustwide/target" "-e" "CARGO_INCREMENTAL=0" "-e" "RUST_BACKTRACE=full" "-e" "RUSTFLAGS=--cap-lints=warn" "-e" "RUSTDOCFLAGS=--cap-lints=warn" "-w" "/opt/rustwide/workdir" "--user" "0:0" "4fa193d161f145503396bc1fa3f1b3e616f58b7737a67b590c44574244e76345" "/opt/rustwide/cargo-home/bin/cargo" "+1.100.0-beta.1" "build" "--frozen" "--message-format=json" "--release", kill_on_drop: false }`
[INFO] [stderr]    Compiling proc-macro2 v1.0.106
[INFO] [stderr]    Compiling quote v1.0.45
[INFO] [stderr]    Compiling syn v2.0.117
[INFO] [stderr]    Compiling serde_derive v1.0.228
[INFO] [stderr]    Compiling serde v1.0.228
[INFO] [stderr]    Compiling lessmark v0.1.6 (/opt/rustwide/workdir)
[INFO] [stderr]     Finished `release` profile [optimized] target(s) in 19.08s
[INFO] running `Command { std: "docker" "inspect" "4fa193d161f145503396bc1fa3f1b3e616f58b7737a67b590c44574244e76345", kill_on_drop: false }`
[INFO] running `Command { std: "docker" "exec" "-e" "SOURCE_DIR=/opt/rustwide/workdir" "-e" "CARGO_HOME=/opt/rustwide/cargo-home" "-e" "RUSTUP_HOME=/opt/rustwide/rustup-home" "-e" "CARGO_TARGET_DIR=/opt/rustwide/target" "-e" "CARGO_INCREMENTAL=0" "-e" "RUST_BACKTRACE=full" "-e" "RUSTFLAGS=--cap-lints=warn" "-e" "RUSTDOCFLAGS=--cap-lints=warn" "-w" "/opt/rustwide/workdir" "--user" "0:0" "4fa193d161f145503396bc1fa3f1b3e616f58b7737a67b590c44574244e76345" "/opt/rustwide/cargo-home/bin/cargo" "+1.100.0-beta.1" "test" "--frozen" "--no-run" "--message-format=json" "--release", kill_on_drop: false }`
[INFO] [stderr]    Compiling lessmark v0.1.6 (/opt/rustwide/workdir)
[INFO] [stderr]     Finished `release` profile [optimized] target(s) in 4.73s
[INFO] running `Command { std: "docker" "inspect" "4fa193d161f145503396bc1fa3f1b3e616f58b7737a67b590c44574244e76345", kill_on_drop: false }`
[INFO] running `Command { std: "docker" "exec" "-e" "SOURCE_DIR=/opt/rustwide/workdir" "-e" "CARGO_HOME=/opt/rustwide/cargo-home" "-e" "RUSTUP_HOME=/opt/rustwide/rustup-home" "-e" "CARGO_TARGET_DIR=/opt/rustwide/target" "-e" "CARGO_INCREMENTAL=0" "-e" "RUST_BACKTRACE=full" "-e" "RUSTFLAGS=--cap-lints=warn" "-e" "RUSTDOCFLAGS=--cap-lints=warn" "-w" "/opt/rustwide/workdir" "--user" "0:0" "4fa193d161f145503396bc1fa3f1b3e616f58b7737a67b590c44574244e76345" "/opt/rustwide/cargo-home/bin/cargo" "+1.100.0-beta.1" "test" "--frozen" "--release", kill_on_drop: false }`
[INFO] [stderr]     Finished `release` profile [optimized] target(s) in 0.07s
[INFO] [stderr]      Running unittests src/lib.rs (/opt/rustwide/target/release/build/lessmark/934f11b5f709a2be/out/lessmark-934f11b5f709a2be)
[INFO] [stderr]      Running unittests src/bin/lessmark.rs (/opt/rustwide/target/release/build/lessmark/227c487eec1ee624/out/lessmark-227c487eec1ee624)
[INFO] [stdout] 
[INFO] [stdout] running 0 tests
[INFO] [stdout] 
[INFO] [stdout] test result: ok. 0 passed; 0 failed; 0 ignored; 0 measured; 0 filtered out; finished in 0.00s
[INFO] [stdout] 
[INFO] [stdout] 
[INFO] [stdout] running 0 tests
[INFO] [stdout] 
[INFO] [stdout] test result: ok. 0 passed; 0 failed; 0 ignored; 0 measured; 0 filtered out; finished in 0.00s
[INFO] [stdout] 
[INFO] [stderr]      Running tests/cli.rs (/opt/rustwide/target/release/build/lessmark/3fa965db529f9778/out/cli-3fa965db529f9778)
[INFO] [stdout] 
[INFO] [stdout] running 16 tests
[INFO] [stdout] test cli_format_check_reports_formatting_status ... FAILED
[INFO] [stdout] test cli_converts_lessmark_to_markdown ... FAILED
[INFO] [stdout] test cli_check_text_matches_public_contract ... FAILED
[INFO] [stdout] test cli_converts_markdown_to_lessmark ... FAILED
[INFO] [stdout] test cli_parse_positions_and_init_docs ... FAILED
[INFO] [stdout] test cli_fix_is_formatter_alias ... FAILED
[INFO] [stdout] test cli_help_mentions_parse_positions ... ok
[INFO] [stdout] test cli_format_prints_normalized_source ... FAILED
[INFO] [stdout] test cli_format_check_json_reports_directory_formatting ... ok
[INFO] [stdout] test cli_parse_prints_document_ast ... FAILED
[INFO] [stdout] test cli_check_reads_stdin ... ok
[INFO] [stdout] test cli_info_text_hides_internal_ast_label ... ok
[INFO] [stdout] test cli_fix_write_formats_a_directory ... ok
[INFO] [stdout] test cli_check_json_reports_parse_errors ... FAILED
[INFO] [stdout] test cli_check_walks_lessmark_files_in_a_directory ... ok
[INFO] [stdout] test cli_parse_format_and_convert_inputs_read_stdin ... ok
[INFO] [stdout] 
[INFO] [stdout] failures:
[INFO] [stdout] 
[INFO] [stdout] ---- cli_format_check_reports_formatting_status stdout ----
[INFO] [stdout] 
[INFO] [stdout] thread 'cli_format_check_reports_formatting_status' (485) panicked at tests/cli.rs:245:6:
[INFO] [stdout] copy fixture: Os { code: 2, kind: NotFound, message: "No such file or directory" }
[INFO] [stdout] stack backtrace:
[INFO] [stdout]    0:     0x60198a5733e1 - <<std[617be2ca0a6fd877]::sys::backtrace::BacktraceLock>::print::DisplayBacktrace as core[a373ad73a504971]::fmt::Display>::fmt
[INFO] [stdout]    1:     0x60198a5880ea - core[a373ad73a504971]::fmt::write
[INFO] [stdout]    2:     0x60198a5778cc - <alloc[2e1b2a31b91974c5]::vec::Vec<u8> as core[a373ad73a504971]::io::write::Write>::write_fmt
[INFO] [stdout]    3:     0x60198a54cf16 - std[617be2ca0a6fd877]::panicking::default_hook::{closure#0}
[INFO] [stdout]    4:     0x60198a56a189 - std[617be2ca0a6fd877]::panicking::default_hook
[INFO] [stdout]    5:     0x60198a505060 - test[aada8e7e76ba119b]::test_main_inner::{closure#0}
[INFO] [stdout]    6:     0x60198a56a342 - std[617be2ca0a6fd877]::panicking::panic_with_hook
[INFO] [stdout]    7:     0x60198a54cfc2 - std[617be2ca0a6fd877]::panicking::panic_handler::{closure#0}
[INFO] [stdout]    8:     0x60198a545a29 - std[617be2ca0a6fd877]::sys::backtrace::__rust_end_short_backtrace::<std[617be2ca0a6fd877]::panicking::panic_handler::{closure#0}, !>
[INFO] [stdout]    9:     0x60198a54dbcd - __rustc[ea4f61d10b84890b]::rust_begin_unwind
[INFO] [stdout]   10:     0x60198a58881c - core[a373ad73a504971]::panicking::panic_fmt
[INFO] [stdout]   11:     0x60198a5885f2 - core[a373ad73a504971]::result::unwrap_failed
[INFO] [stdout]   12:     0x60198a4edbfa - <cli[a03f84c4474925c0]::cli_format_check_reports_formatting_status::{closure#0} as core[a373ad73a504971]::ops::function::FnOnce<()>>::call_once
[INFO] [stdout]   13:     0x60198a4f84ab - test[aada8e7e76ba119b]::__rust_begin_short_backtrace::<core[a373ad73a504971]::result::Result<(), alloc[2e1b2a31b91974c5]::string::String>, fn() -> core[a373ad73a504971]::result::Result<(), alloc[2e1b2a31b91974c5]::string::String>>
[INFO] [stdout]   14:     0x60198a505685 - test[aada8e7e76ba119b]::run_test::{closure#0}
[INFO] [stdout]   15:     0x60198a4fef74 - std[617be2ca0a6fd877]::sys::backtrace::__rust_begin_short_backtrace::<test[aada8e7e76ba119b]::run_test::{closure#1}, ()>
[INFO] [stdout]   16:     0x60198a508712 - <std[617be2ca0a6fd877]::thread::lifecycle::spawn_unchecked<test[aada8e7e76ba119b]::run_test::{closure#1}, ()>::{closure#1} as core[a373ad73a504971]::ops::function::FnOnce<()>>::call_once::{shim:vtable#0}
[INFO] [stdout]   17:     0x60198a57263f - <std[617be2ca0a6fd877]::sys::thread::unix::Thread>::new::thread_start
[INFO] [stdout]   18:     0x717efd2c3dfa - <unknown>
[INFO] [stdout]   19:     0x717efd3573d4 - clone
[INFO] [stdout]   20:                0x0 - <unknown>
[INFO] [stdout] 
[INFO] [stdout] ---- cli_converts_lessmark_to_markdown stdout ----
[INFO] [stdout] 
[INFO] [stdout] thread 'cli_converts_lessmark_to_markdown' (480) panicked at tests/cli.rs:407:5:
[INFO] [stdout] lessmark: Failed to read /opt/rustwide/workdir/../../fixtures/valid/project-context.lmk: No such file or directory (os error 2)
[INFO] [stdout] 
[INFO] [stdout] stack backtrace:
[INFO] [stdout]    0:     0x60198a5733e1 - <<std[617be2ca0a6fd877]::sys::backtrace::BacktraceLock>::print::DisplayBacktrace as core[a373ad73a504971]::fmt::Display>::fmt
[INFO] [stdout]    1:     0x60198a5880ea - core[a373ad73a504971]::fmt::write
[INFO] [stdout]    2:     0x60198a5778cc - <alloc[2e1b2a31b91974c5]::vec::Vec<u8> as core[a373ad73a504971]::io::write::Write>::write_fmt
[INFO] [stdout]    3:     0x60198a54cf16 - std[617be2ca0a6fd877]::panicking::default_hook::{closure#0}
[INFO] [stdout]    4:     0x60198a56a189 - std[617be2ca0a6fd877]::panicking::default_hook
[INFO] [stdout]    5:     0x60198a505060 - test[aada8e7e76ba119b]::test_main_inner::{closure#0}
[INFO] [stdout]    6:     0x60198a56a342 - std[617be2ca0a6fd877]::panicking::panic_with_hook
[INFO] [stdout]    7:     0x60198a54cfc2 - std[617be2ca0a6fd877]::panicking::panic_handler::{closure#0}
[INFO] [stdout]    8:     0x60198a545a29 - std[617be2ca0a6fd877]::sys::backtrace::__rust_end_short_backtrace::<std[617be2ca0a6fd877]::panicking::panic_handler::{closure#0}, !>
[INFO] [stdout]    9:     0x60198a54dbcd - __rustc[ea4f61d10b84890b]::rust_begin_unwind
[INFO] [stdout]   10:     0x60198a58881c - core[a373ad73a504971]::panicking::panic_fmt
[INFO] [stdout]   11:     0x60198a4ea102 - <cli[a03f84c4474925c0]::cli_converts_lessmark_to_markdown::{closure#0} as core[a373ad73a504971]::ops::function::FnOnce<()>>::call_once
[INFO] [stdout]   12:     0x60198a4f84ab - test[aada8e7e76ba119b]::__rust_begin_short_backtrace::<core[a373ad73a504971]::result::Result<(), alloc[2e1b2a31b91974c5]::string::String>, fn() -> core[a373ad73a504971]::result::Result<(), alloc[2e1b2a31b91974c5]::string::String>>
[INFO] [stdout]   13:     0x60198a505685 - test[aada8e7e76ba119b]::run_test::{closure#0}
[INFO] [stdout]   14:     0x60198a4fef74 - std[617be2ca0a6fd877]::sys::backtrace::__rust_begin_short_backtrace::<test[aada8e7e76ba119b]::run_test::{closure#1}, ()>
[INFO] [stdout]   15:     0x60198a508712 - <std[617be2ca0a6fd877]::thread::lifecycle::spawn_unchecked<test[aada8e7e76ba119b]::run_test::{closure#1}, ()>::{closure#1} as core[a373ad73a504971]::ops::function::FnOnce<()>>::call_once::{shim:vtable#0}
[INFO] [stdout]   16:     0x60198a57263f - <std[617be2ca0a6fd877]::sys::thread::unix::Thread>::new::thread_start
[INFO] [stdout]   17:     0x717efd2c3dfa - <unknown>
[INFO] [stdout]   18:     0x717efd3573d4 - clone
[INFO] [stdout]   19:                0x0 - <unknown>
[INFO] [stdout] 
[INFO] [stdout] ---- cli_check_text_matches_public_contract stdout ----
[INFO] [stdout] 
[INFO] [stdout] thread 'cli_check_text_matches_public_contract' (478) panicked at tests/cli.rs:146:5:
[INFO] [stdout] assertion failed: valid_output.status.success()
[INFO] [stdout] stack backtrace:
[INFO] [stdout]    0:     0x60198a5733e1 - <<std[617be2ca0a6fd877]::sys::backtrace::BacktraceLock>::print::DisplayBacktrace as core[a373ad73a504971]::fmt::Display>::fmt
[INFO] [stdout]    1:     0x60198a5880ea - core[a373ad73a504971]::fmt::write
[INFO] [stdout]    2:     0x60198a5778cc - <alloc[2e1b2a31b91974c5]::vec::Vec<u8> as core[a373ad73a504971]::io::write::Write>::write_fmt
[INFO] [stdout]    3:     0x60198a54cf16 - std[617be2ca0a6fd877]::panicking::default_hook::{closure#0}
[INFO] [stdout]    4:     0x60198a56a189 - std[617be2ca0a6fd877]::panicking::default_hook
[INFO] [stdout]    5:     0x60198a505060 - test[aada8e7e76ba119b]::test_main_inner::{closure#0}
[INFO] [stdout]    6:     0x60198a56a342 - std[617be2ca0a6fd877]::panicking::panic_with_hook
[INFO] [stdout]    7:     0x60198a54cff4 - std[617be2ca0a6fd877]::panicking::panic_handler::{closure#0}
[INFO] [stdout]    8:     0x60198a545a29 - std[617be2ca0a6fd877]::sys::backtrace::__rust_end_short_backtrace::<std[617be2ca0a6fd877]::panicking::panic_handler::{closure#0}, !>
[INFO] [stdout]    9:     0x60198a54dbcd - __rustc[ea4f61d10b84890b]::rust_begin_unwind
[INFO] [stdout]   10:     0x60198a58881c - core[a373ad73a504971]::panicking::panic_fmt
[INFO] [stdout]   11:     0x60198a5887e2 - core[a373ad73a504971]::panicking::panic
[INFO] [stdout]   12:     0x60198a4ecde5 - <cli[a03f84c4474925c0]::cli_check_text_matches_public_contract::{closure#0} as core[a373ad73a504971]::ops::function::FnOnce<()>>::call_once
[INFO] [stdout]   13:     0x60198a4f84ab - test[aada8e7e76ba119b]::__rust_begin_short_backtrace::<core[a373ad73a504971]::result::Result<(), alloc[2e1b2a31b91974c5]::string::String>, fn() -> core[a373ad73a504971]::result::Result<(), alloc[2e1b2a31b91974c5]::string::String>>
[INFO] [stdout]   14:     0x60198a505685 - test[aada8e7e76ba119b]::run_test::{closure#0}
[INFO] [stdout]   15:     0x60198a4fef74 - std[617be2ca0a6fd877]::sys::backtrace::__rust_begin_short_backtrace::<test[aada8e7e76ba119b]::run_test::{closure#1}, ()>
[INFO] [stdout]   16:     0x60198a508712 - <std[617be2ca0a6fd877]::thread::lifecycle::spawn_unchecked<test[aada8e7e76ba119b]::run_test::{closure#1}, ()>::{closure#1} as core[a373ad73a504971]::ops::function::FnOnce<()>>::call_once::{shim:vtable#0}
[INFO] [stdout]   17:     0x60198a57263f - <std[617be2ca0a6fd877]::sys::thread::unix::Thread>::new::thread_start
[INFO] [stdout]   18:     0x717efd2c3dfa - <unknown>
[INFO] [stdout]   19:     0x717efd3573d4 - clone
[INFO] [stdout]   20:                0x0 - <unknown>
[INFO] [stdout] 
[INFO] [stdout] ---- cli_converts_markdown_to_lessmark stdout ----
[INFO] [stdout] 
[INFO] [stdout] thread 'cli_converts_markdown_to_lessmark' (481) panicked at tests/cli.rs:390:5:
[INFO] [stdout] lessmark: Failed to read /opt/rustwide/workdir/../../fixtures/valid/markdown-import.fixture: No such file or directory (os error 2)
[INFO] [stdout] 
[INFO] [stdout] stack backtrace:
[INFO] [stdout]    0:     0x60198a5733e1 - <<std[617be2ca0a6fd877]::sys::backtrace::BacktraceLock>::print::DisplayBacktrace as core[a373ad73a504971]::fmt::Display>::fmt
[INFO] [stdout]    1:     0x60198a5880ea - core[a373ad73a504971]::fmt::write
[INFO] [stdout]    2:     0x60198a5778cc - <alloc[2e1b2a31b91974c5]::vec::Vec<u8> as core[a373ad73a504971]::io::write::Write>::write_fmt
[INFO] [stdout]    3:     0x60198a54cf16 - std[617be2ca0a6fd877]::panicking::default_hook::{closure#0}
[INFO] [stdout]    4:     0x60198a56a189 - std[617be2ca0a6fd877]::panicking::default_hook
[INFO] [stdout]    5:     0x60198a505060 - test[aada8e7e76ba119b]::test_main_inner::{closure#0}
[INFO] [stdout]    6:     0x60198a56a342 - std[617be2ca0a6fd877]::panicking::panic_with_hook
[INFO] [stdout]    7:     0x60198a54cfc2 - std[617be2ca0a6fd877]::panicking::panic_handler::{closure#0}
[INFO] [stdout]    8:     0x60198a545a29 - std[617be2ca0a6fd877]::sys::backtrace::__rust_end_short_backtrace::<std[617be2ca0a6fd877]::panicking::panic_handler::{closure#0}, !>
[INFO] [stdout]    9:     0x60198a54dbcd - __rustc[ea4f61d10b84890b]::rust_begin_unwind
[INFO] [stdout]   10:     0x60198a58881c - core[a373ad73a504971]::panicking::panic_fmt
[INFO] [stdout]   11:     0x60198a4ea512 - <cli[a03f84c4474925c0]::cli_converts_markdown_to_lessmark::{closure#0} as core[a373ad73a504971]::ops::function::FnOnce<()>>::call_once
[INFO] [stdout]   12:     0x60198a4f84ab - test[aada8e7e76ba119b]::__rust_begin_short_backtrace::<core[a373ad73a504971]::result::Result<(), alloc[2e1b2a31b91974c5]::string::String>, fn() -> core[a373ad73a504971]::result::Result<(), alloc[2e1b2a31b91974c5]::string::String>>
[INFO] [stdout]   13:     0x60198a505685 - test[aada8e7e76ba119b]::run_test::{closure#0}
[INFO] [stdout]   14:     0x60198a4fef74 - std[617be2ca0a6fd877]::sys::backtrace::__rust_begin_short_backtrace::<test[aada8e7e76ba119b]::run_test::{closure#1}, ()>
[INFO] [stdout]   15:     0x60198a508712 - <std[617be2ca0a6fd877]::thread::lifecycle::spawn_unchecked<test[aada8e7e76ba119b]::run_test::{closure#1}, ()>::{closure#1} as core[a373ad73a504971]::ops::function::FnOnce<()>>::call_once::{shim:vtable#0}
[INFO] [stdout]   16:     0x60198a57263f - <std[617be2ca0a6fd877]::sys::thread::unix::Thread>::new::thread_start
[INFO] [stdout]   17:     0x717efd2c3dfa - <unknown>
[INFO] [stdout]   18:     0x717efd3573d4 - clone
[INFO] [stdout]   19:                0x0 - <unknown>
[INFO] [stdout] 
[INFO] [stdout] ---- cli_parse_positions_and_init_docs stdout ----
[INFO] [stdout] 
[INFO] [stdout] thread 'cli_parse_positions_and_init_docs' (490) panicked at tests/cli.rs:106:5:
[INFO] [stdout] lessmark: Failed to read /opt/rustwide/workdir/../../fixtures/valid/project-context.lmk: No such file or directory (os error 2)
[INFO] [stdout] 
[INFO] [stdout] stack backtrace:
[INFO] [stdout]    0:     0x60198a5733e1 - <<std[617be2ca0a6fd877]::sys::backtrace::BacktraceLock>::print::DisplayBacktrace as core[a373ad73a504971]::fmt::Display>::fmt
[INFO] [stdout]    1:     0x60198a5880ea - core[a373ad73a504971]::fmt::write
[INFO] [stdout]    2:     0x60198a5778cc - <alloc[2e1b2a31b91974c5]::vec::Vec<u8> as core[a373ad73a504971]::io::write::Write>::write_fmt
[INFO] [stdout]    3:     0x60198a54cf16 - std[617be2ca0a6fd877]::panicking::default_hook::{closure#0}
[INFO] [stdout]    4:     0x60198a56a189 - std[617be2ca0a6fd877]::panicking::default_hook
[INFO] [stdout]    5:     0x60198a505060 - test[aada8e7e76ba119b]::test_main_inner::{closure#0}
[INFO] [stdout]    6:     0x60198a56a342 - std[617be2ca0a6fd877]::panicking::panic_with_hook
[INFO] [stdout]    7:     0x60198a54cfc2 - std[617be2ca0a6fd877]::panicking::panic_handler::{closure#0}
[INFO] [stdout]    8:     0x60198a545a29 - std[617be2ca0a6fd877]::sys::backtrace::__rust_end_short_backtrace::<std[617be2ca0a6fd877]::panicking::panic_handler::{closure#0}, !>
[INFO] [stdout]    9:     0x60198a54dbcd - __rustc[ea4f61d10b84890b]::rust_begin_unwind
[INFO] [stdout]   10:     0x60198a58881c - core[a373ad73a504971]::panicking::panic_fmt
[INFO] [stdout]   11:     0x60198a4eb9e9 - <cli[a03f84c4474925c0]::cli_parse_positions_and_init_docs::{closure#0} as core[a373ad73a504971]::ops::function::FnOnce<()>>::call_once
[INFO] [stdout]   12:     0x60198a4f84ab - test[aada8e7e76ba119b]::__rust_begin_short_backtrace::<core[a373ad73a504971]::result::Result<(), alloc[2e1b2a31b91974c5]::string::String>, fn() -> core[a373ad73a504971]::result::Result<(), alloc[2e1b2a31b91974c5]::string::String>>
[INFO] [stdout]   13:     0x60198a505685 - test[aada8e7e76ba119b]::run_test::{closure#0}
[INFO] [stdout]   14:     0x60198a4fef74 - std[617be2ca0a6fd877]::sys::backtrace::__rust_begin_short_backtrace::<test[aada8e7e76ba119b]::run_test::{closure#1}, ()>
[INFO] [stdout]   15:     0x60198a508712 - <std[617be2ca0a6fd877]::thread::lifecycle::spawn_unchecked<test[aada8e7e76ba119b]::run_test::{closure#1}, ()>::{closure#1} as core[a373ad73a504971]::ops::function::FnOnce<()>>::call_once::{shim:vtable#0}
[INFO] [stdout]   16:     0x60198a57263f - <std[617be2ca0a6fd877]::sys::thread::unix::Thread>::new::thread_start
[INFO] [stdout]   17:     0x717efd2c3dfa - <unknown>
[INFO] [stdout]   18:     0x717efd3573d4 - clone
[INFO] [stdout]   19:                0x0 - <unknown>
[INFO] [stdout] 
[INFO] [stdout] ---- cli_fix_is_formatter_alias stdout ----
[INFO] [stdout] 
[INFO] [stdout] thread 'cli_fix_is_formatter_alias' (482) panicked at tests/cli.rs:336:5:
[INFO] [stdout] lessmark: Failed to read /opt/rustwide/workdir/../../fixtures/valid/project-context.lmk: No such file or directory (os error 2)
[INFO] [stdout] 
[INFO] [stdout] stack backtrace:
[INFO] [stdout]    0:     0x60198a5733e1 - <<std[617be2ca0a6fd877]::sys::backtrace::BacktraceLock>::print::DisplayBacktrace as core[a373ad73a504971]::fmt::Display>::fmt
[INFO] [stdout]    1:     0x60198a5880ea - core[a373ad73a504971]::fmt::write
[INFO] [stdout]    2:     0x60198a5778cc - <alloc[2e1b2a31b91974c5]::vec::Vec<u8> as core[a373ad73a504971]::io::write::Write>::write_fmt
[INFO] [stdout]    3:     0x60198a54cf16 - std[617be2ca0a6fd877]::panicking::default_hook::{closure#0}
[INFO] [stdout]    4:     0x60198a56a189 - std[617be2ca0a6fd877]::panicking::default_hook
[INFO] [stdout]    5:     0x60198a505060 - test[aada8e7e76ba119b]::test_main_inner::{closure#0}
[INFO] [stdout]    6:     0x60198a56a342 - std[617be2ca0a6fd877]::panicking::panic_with_hook
[INFO] [stdout]    7:     0x60198a54cfc2 - std[617be2ca0a6fd877]::panicking::panic_handler::{closure#0}
[INFO] [stdout]    8:     0x60198a545a29 - std[617be2ca0a6fd877]::sys::backtrace::__rust_end_short_backtrace::<std[617be2ca0a6fd877]::panicking::panic_handler::{closure#0}, !>
[INFO] [stdout]    9:     0x60198a54dbcd - __rustc[ea4f61d10b84890b]::rust_begin_unwind
[INFO] [stdout]   10:     0x60198a58881c - core[a373ad73a504971]::panicking::panic_fmt
[INFO] [stdout]   11:     0x60198a4e9842 - <cli[a03f84c4474925c0]::cli_fix_is_formatter_alias::{closure#0} as core[a373ad73a504971]::ops::function::FnOnce<()>>::call_once
[INFO] [stdout]   12:     0x60198a4f84ab - test[aada8e7e76ba119b]::__rust_begin_short_backtrace::<core[a373ad73a504971]::result::Result<(), alloc[2e1b2a31b91974c5]::string::String>, fn() -> core[a373ad73a504971]::result::Result<(), alloc[2e1b2a31b91974c5]::string::String>>
[INFO] [stdout]   13:     0x60198a505685 - test[aada8e7e76ba119b]::run_test::{closure#0}
[INFO] [stdout]   14:     0x60198a4fef74 - std[617be2ca0a6fd877]::sys::backtrace::__rust_begin_short_backtrace::<test[aada8e7e76ba119b]::run_test::{closure#1}, ()>
[INFO] [stdout]   15:     0x60198a508712 - <std[617be2ca0a6fd877]::thread::lifecycle::spawn_unchecked<test[aada8e7e76ba119b]::run_test::{closure#1}, ()>::{closure#1} as core[a373ad73a504971]::ops::function::FnOnce<()>>::call_once::{shim:vtable#0}
[INFO] [stdout]   16:     0x60198a57263f - <std[617be2ca0a6fd877]::sys::thread::unix::Thread>::new::thread_start
[INFO] [stdout]   17:     0x717efd2c3dfa - <unknown>
[INFO] [stdout]   18:     0x717efd3573d4 - clone
[INFO] [stdout]   19:                0x0 - <unknown>
[INFO] [stdout] 
[INFO] [stdout] ---- cli_format_prints_normalized_source stdout ----
[INFO] [stdout] 
[INFO] [stdout] thread 'cli_format_prints_normalized_source' (486) panicked at tests/cli.rs:224:5:
[INFO] [stdout] lessmark: Failed to read /opt/rustwide/workdir/../../fixtures/valid/project-context.lmk: No such file or directory (os error 2)
[INFO] [stdout] 
[INFO] [stdout] stack backtrace:
[INFO] [stdout]    0:     0x60198a5733e1 - <<std[617be2ca0a6fd877]::sys::backtrace::BacktraceLock>::print::DisplayBacktrace as core[a373ad73a504971]::fmt::Display>::fmt
[INFO] [stdout]    1:     0x60198a5880ea - core[a373ad73a504971]::fmt::write
[INFO] [stdout]    2:     0x60198a5778cc - <alloc[2e1b2a31b91974c5]::vec::Vec<u8> as core[a373ad73a504971]::io::write::Write>::write_fmt
[INFO] [stdout]    3:     0x60198a54cf16 - std[617be2ca0a6fd877]::panicking::default_hook::{closure#0}
[INFO] [stdout]    4:     0x60198a56a189 - std[617be2ca0a6fd877]::panicking::default_hook
[INFO] [stdout]    5:     0x60198a505060 - test[aada8e7e76ba119b]::test_main_inner::{closure#0}
[INFO] [stdout]    6:     0x60198a56a342 - std[617be2ca0a6fd877]::panicking::panic_with_hook
[INFO] [stdout]    7:     0x60198a54cfc2 - std[617be2ca0a6fd877]::panicking::panic_handler::{closure#0}
[INFO] [stdout]    8:     0x60198a545a29 - std[617be2ca0a6fd877]::sys::backtrace::__rust_end_short_backtrace::<std[617be2ca0a6fd877]::panicking::panic_handler::{closure#0}, !>
[INFO] [stdout]    9:     0x60198a54dbcd - __rustc[ea4f61d10b84890b]::rust_begin_unwind
[INFO] [stdout]   10:     0x60198a58881c - core[a373ad73a504971]::panicking::panic_fmt
[INFO] [stdout]   11:     0x60198a4ec652 - <cli[a03f84c4474925c0]::cli_format_prints_normalized_source::{closure#0} as core[a373ad73a504971]::ops::function::FnOnce<()>>::call_once
[INFO] [stdout]   12:     0x60198a4f84ab - test[aada8e7e76ba119b]::__rust_begin_short_backtrace::<core[a373ad73a504971]::result::Result<(), alloc[2e1b2a31b91974c5]::string::String>, fn() -> core[a373ad73a504971]::result::Result<(), alloc[2e1b2a31b91974c5]::string::String>>
[INFO] [stdout]   13:     0x60198a505685 - test[aada8e7e76ba119b]::run_test::{closure#0}
[INFO] [stdout]   14:     0x60198a4fef74 - std[617be2ca0a6fd877]::sys::backtrace::__rust_begin_short_backtrace::<test[aada8e7e76ba119b]::run_test::{closure#1}, ()>
[INFO] [stdout]   15:     0x60198a508712 - <std[617be2ca0a6fd877]::thread::lifecycle::spawn_unchecked<test[aada8e7e76ba119b]::run_test::{closure#1}, ()>::{closure#1} as core[a373ad73a504971]::ops::function::FnOnce<()>>::call_once::{shim:vtable#0}
[INFO] [stdout]   16:     0x60198a57263f - <std[617be2ca0a6fd877]::sys::thread::unix::Thread>::new::thread_start
[INFO] [stdout]   17:     0x717efd2c3dfa - <unknown>
[INFO] [stdout]   18:     0x717efd3573d4 - clone
[INFO] [stdout]   19:                0x0 - <unknown>
[INFO] [stdout] 
[INFO] [stdout] ---- cli_parse_prints_document_ast stdout ----
[INFO] [stdout] 
[INFO] [stdout] thread 'cli_parse_prints_document_ast' (491) panicked at tests/cli.rs:38:5:
[INFO] [stdout] lessmark: Failed to read /opt/rustwide/workdir/../../fixtures/valid/project-context.lmk: No such file or directory (os error 2)
[INFO] [stdout] 
[INFO] [stdout] stack backtrace:
[INFO] [stdout]    0:     0x60198a5733e1 - <<std[617be2ca0a6fd877]::sys::backtrace::BacktraceLock>::print::DisplayBacktrace as core[a373ad73a504971]::fmt::Display>::fmt
[INFO] [stdout]    1:     0x60198a5880ea - core[a373ad73a504971]::fmt::write
[INFO] [stdout]    2:     0x60198a5778cc - <alloc[2e1b2a31b91974c5]::vec::Vec<u8> as core[a373ad73a504971]::io::write::Write>::write_fmt
[INFO] [stdout]    3:     0x60198a54cf16 - std[617be2ca0a6fd877]::panicking::default_hook::{closure#0}
[INFO] [stdout]    4:     0x60198a56a189 - std[617be2ca0a6fd877]::panicking::default_hook
[INFO] [stdout]    5:     0x60198a505060 - test[aada8e7e76ba119b]::test_main_inner::{closure#0}
[INFO] [stdout]    6:     0x60198a56a342 - std[617be2ca0a6fd877]::panicking::panic_with_hook
[INFO] [stdout]    7:     0x60198a54cfc2 - std[617be2ca0a6fd877]::panicking::panic_handler::{closure#0}
[INFO] [stdout]    8:     0x60198a545a29 - std[617be2ca0a6fd877]::sys::backtrace::__rust_end_short_backtrace::<std[617be2ca0a6fd877]::panicking::panic_handler::{closure#0}, !>
[INFO] [stdout]    9:     0x60198a54dbcd - __rustc[ea4f61d10b84890b]::rust_begin_unwind
[INFO] [stdout]   10:     0x60198a58881c - core[a373ad73a504971]::panicking::panic_fmt
[INFO] [stdout]   11:     0x60198a4e9d4d - <cli[a03f84c4474925c0]::cli_parse_prints_document_ast::{closure#0} as core[a373ad73a504971]::ops::function::FnOnce<()>>::call_once
[INFO] [stdout]   12:     0x60198a4f84ab - test[aada8e7e76ba119b]::__rust_begin_short_backtrace::<core[a373ad73a504971]::result::Result<(), alloc[2e1b2a31b91974c5]::string::String>, fn() -> core[a373ad73a504971]::result::Result<(), alloc[2e1b2a31b91974c5]::string::String>>
[INFO] [stdout]   13:     0x60198a505685 - test[aada8e7e76ba119b]::run_test::{closure#0}
[INFO] [stdout]   14:     0x60198a4fef74 - std[617be2ca0a6fd877]::sys::backtrace::__rust_begin_short_backtrace::<test[aada8e7e76ba119b]::run_test::{closure#1}, ()>
[INFO] [stdout]   15:     0x60198a508712 - <std[617be2ca0a6fd877]::thread::lifecycle::spawn_unchecked<test[aada8e7e76ba119b]::run_test::{closure#1}, ()>::{closure#1} as core[a373ad73a504971]::ops::function::FnOnce<()>>::call_once::{shim:vtable#0}
[INFO] [stdout]   16:     0x60198a57263f - <std[617be2ca0a6fd877]::sys::thread::unix::Thread>::new::thread_start
[INFO] [stdout]   17:     0x717efd2c3dfa - <unknown>
[INFO] [stdout]   18:     0x717efd3573d4 - clone
[INFO] [stdout]   19:                0x0 - <unknown>
[INFO] [stdout] 
[INFO] [stdout] ---- cli_check_json_reports_parse_errors stdout ----
[INFO] [stdout] 
[INFO] [stdout] thread 'cli_check_json_reports_parse_errors' (476) panicked at tests/cli.rs:58:48:
[INFO] [stdout] check output is json: Error("EOF while parsing a value", line: 1, column: 0)
[INFO] [stdout] stack backtrace:
[INFO] [stdout]    0:     0x60198a5733e1 - <<std[617be2ca0a6fd877]::sys::backtrace::BacktraceLock>::print::DisplayBacktrace as core[a373ad73a504971]::fmt::Display>::fmt
[INFO] [stdout]    1:     0x60198a5880ea - core[a373ad73a504971]::fmt::write
[INFO] [stdout]    2:     0x60198a5778cc - <alloc[2e1b2a31b91974c5]::vec::Vec<u8> as core[a373ad73a504971]::io::write::Write>::write_fmt
[INFO] [stdout]    3:     0x60198a54cf16 - std[617be2ca0a6fd877]::panicking::default_hook::{closure#0}
[INFO] [stdout]    4:     0x60198a56a189 - std[617be2ca0a6fd877]::panicking::default_hook
[INFO] [stdout]    5:     0x60198a505060 - test[aada8e7e76ba119b]::test_main_inner::{closure#0}
[INFO] [stdout]    6:     0x60198a56a342 - std[617be2ca0a6fd877]::panicking::panic_with_hook
[INFO] [stdout]    7:     0x60198a54cfc2 - std[617be2ca0a6fd877]::panicking::panic_handler::{closure#0}
[INFO] [stdout]    8:     0x60198a545a29 - std[617be2ca0a6fd877]::sys::backtrace::__rust_end_short_backtrace::<std[617be2ca0a6fd877]::panicking::panic_handler::{closure#0}, !>
[INFO] [stdout]    9:     0x60198a54dbcd - __rustc[ea4f61d10b84890b]::rust_begin_unwind
[INFO] [stdout]   10:     0x60198a58881c - core[a373ad73a504971]::panicking::panic_fmt
[INFO] [stdout]   11:     0x60198a5885f2 - core[a373ad73a504971]::result::unwrap_failed
[INFO] [stdout]   12:     0x60198a4ec27a - <cli[a03f84c4474925c0]::cli_check_json_reports_parse_errors::{closure#0} as core[a373ad73a504971]::ops::function::FnOnce<()>>::call_once
[INFO] [stdout]   13:     0x60198a4f84ab - test[aada8e7e76ba119b]::__rust_begin_short_backtrace::<core[a373ad73a504971]::result::Result<(), alloc[2e1b2a31b91974c5]::string::String>, fn() -> core[a373ad73a504971]::result::Result<(), alloc[2e1b2a31b91974c5]::string::String>>
[INFO] [stdout]   14:     0x60198a505685 - test[aada8e7e76ba119b]::run_test::{closure#0}
[INFO] [stdout]   15:     0x60198a4fef74 - std[617be2ca0a6fd877]::sys::backtrace::__rust_begin_short_backtrace::<test[aada8e7e76ba119b]::run_test::{closure#1}, ()>
[INFO] [stdout]   16:     0x60198a508712 - <std[617be2ca0a6fd877]::thread::lifecycle::spawn_unchecked<test[aada8e7e76ba119b]::run_test::{closure#1}, ()>::{closure#1} as core[a373ad73a504971]::ops::function::FnOnce<()>>::call_once::{shim:vtable#0}
[INFO] [stdout]   17:     0x60198a57263f - <std[617be2ca0a6fd877]::sys::thread::unix::Thread>::new::thread_start
[INFO] [stdout]   18:     0x717efd2c3dfa - <unknown>
[INFO] [stdout]   19:     0x717efd3573d4 - clone
[INFO] [stdout]   20:                0x0 - <unknown>
[INFO] [stdout] 
[INFO] [stdout] 
[INFO] [stdout] failures:
[INFO] [stdout]     cli_check_json_reports_parse_errors
[INFO] [stdout]     cli_check_text_matches_public_contract
[INFO] [stdout]     cli_converts_lessmark_to_markdown
[INFO] [stdout]     cli_converts_markdown_to_lessmark
[INFO] [stdout]     cli_fix_is_formatter_alias
[INFO] [stdout]     cli_format_check_reports_formatting_status
[INFO] [stdout]     cli_format_prints_normalized_source
[INFO] [stdout]     cli_parse_positions_and_init_docs
[INFO] [stdout]     cli_parse_prints_document_ast
[INFO] [stdout] 
[INFO] [stdout] test result: FAILED. 7 passed; 9 failed; 0 ignored; 0 measured; 0 filtered out; finished in 0.04s
[INFO] [stdout] 
[INFO] [stderr] error: test failed, to rerun pass `--test cli`
[INFO] running `Command { std: "docker" "inspect" "4fa193d161f145503396bc1fa3f1b3e616f58b7737a67b590c44574244e76345", kill_on_drop: false }`
[INFO] running `Command { std: "docker" "rm" "-f" "4fa193d161f145503396bc1fa3f1b3e616f58b7737a67b590c44574244e76345", kill_on_drop: false }`
[INFO] [stdout] 4fa193d161f145503396bc1fa3f1b3e616f58b7737a67b590c44574244e76345
