[INFO] fetching crate leptos_ui_kit_registry 0.1.0...
[INFO] testing leptos_ui_kit_registry-0.1.0 against 1.99.0-beta.8+cargoflags=--release for beta-release-1.100-2
[INFO] extracting crate leptos_ui_kit_registry 0.1.0 into /workspace/builds/worker-7-tc1/source
[INFO] started tweaking crates.io crate leptos_ui_kit_registry 0.1.0
[INFO] finished tweaking crates.io crate leptos_ui_kit_registry 0.1.0
[INFO] tweaked toml for crates.io crate leptos_ui_kit_registry 0.1.0 written to /workspace/builds/worker-7-tc1/source/Cargo.toml
[INFO] validating manifest of crates.io crate leptos_ui_kit_registry 0.1.0 on toolchain 1.99.0-beta.8
[INFO] running `Command { std: CARGO_HOME="/workspace/cargo-home" RUSTUP_HOME="/workspace/rustup-home" "/workspace/cargo-home/bin/cargo" "+1.99.0-beta.8" "metadata" "--manifest-path" "Cargo.toml" "--no-deps", kill_on_drop: false }`
[INFO] crate crates.io crate leptos_ui_kit_registry 0.1.0 already has a lockfile, it will not be regenerated
[INFO] running `Command { std: CARGO_HOME="/workspace/cargo-home" RUSTUP_HOME="/workspace/rustup-home" "/workspace/cargo-home/bin/cargo" "+1.99.0-beta.8" "fetch" "--manifest-path" "Cargo.toml", kill_on_drop: false }`
[INFO] [stderr]     Updating crates.io index
[INFO] [stderr]  Downloading crates ...
[INFO] [stderr]   Downloaded wasm_split_helpers v0.2.3
[INFO] [stderr]   Downloaded web_ui_primitives_core v0.1.0
[INFO] [stderr]   Downloaded web_ui_primitives v0.1.0
[INFO] [stderr]   Downloaded web_ui_primitives_leptos v0.1.0
[INFO] [stderr]   Downloaded leptos v0.9.0-alpha
[INFO] [stderr]   Downloaded either_of v0.1.9
[INFO] [stderr]   Downloaded reactive_stores_macro v0.5.0-alpha
[INFO] [stderr]   Downloaded leptos_dom v0.9.0-alpha
[INFO] [stderr]   Downloaded wasm_split_macros v0.2.2
[INFO] [stderr]   Downloaded server_fn_macro_default v0.9.0-alpha
[INFO] [stderr]   Downloaded convert_case_extras v0.2.0
[INFO] [stderr]   Downloaded hydration_context v0.3.1
[INFO] [stderr]   Downloaded html-escape v0.2.14
[INFO] [stderr]   Downloaded xxhash-rust v0.8.16
[INFO] [stderr]   Downloaded server_fn_macro v0.9.0-alpha
[INFO] [stderr]   Downloaded leptos_hot_reload v0.9.0-alpha
[INFO] [stderr]   Downloaded leptos_config v0.9.0-alpha
[INFO] [stderr]   Downloaded convert_case v0.11.0
[INFO] [stderr]   Downloaded leptos_server v0.9.0-alpha
[INFO] [stderr]   Downloaded leptos_macro v0.9.0-alpha
[INFO] [stderr]   Downloaded derive-where v1.6.1
[INFO] [stderr]   Downloaded camino v1.2.4
[INFO] [stderr]   Downloaded const-str v1.1.0
[INFO] [stderr]   Downloaded uuid v1.23.5
[INFO] [stderr]   Downloaded reactive_stores v0.5.0-alpha
[INFO] [stderr]   Downloaded config v0.15.25
[INFO] [stderr]   Downloaded toml v1.1.3+spec-1.1.0
[INFO] [stderr]   Downloaded server_fn v0.9.0-alpha
[INFO] [stderr]   Downloaded reactive_graph v0.3.0-alpha
[INFO] [stderr]   Downloaded serde_qs v1.1.2
[INFO] [stderr]   Downloaded tachys v0.3.0-alpha
[INFO] running `Command { std: "docker" "create" "-v" "/var/lib/crater-agent-workspace/builds/worker-7-tc1/source:/opt/rustwide/workdir:ro,Z" "-v" "/var/lib/crater-agent-workspace/builds/worker-7-tc1/target:/opt/rustwide/target:rw,Z" "-v" "/var/lib/crater-agent-workspace/cargo-home:/opt/rustwide/cargo-home:ro,Z" "-v" "/var/lib/crater-agent-workspace/rustup-home:/opt/rustwide/rustup-home:ro,Z" "-m" "1610612736" "--network" "none" "ghcr.io/rust-lang/crates-build-env/linux@sha256:77db811e55d90add9212f6832c23229e3de5f1c1f9905e8cb07319ea15df73ac" "sleep" "infinity", kill_on_drop: false }`
[INFO] [stdout] a525f7ddbc33b57dfed1482932198e6817e6f2b974228f73b2f9324e4ac2a700
[INFO] running `Command { std: "docker" "start" "a525f7ddbc33b57dfed1482932198e6817e6f2b974228f73b2f9324e4ac2a700", kill_on_drop: false }`
[INFO] running `Command { std: "docker" "inspect" "a525f7ddbc33b57dfed1482932198e6817e6f2b974228f73b2f9324e4ac2a700", kill_on_drop: false }`
[INFO] running `Command { std: "docker" "exec" "-e" "SOURCE_DIR=/opt/rustwide/workdir" "-e" "CARGO_HOME=/opt/rustwide/cargo-home" "-e" "RUSTUP_HOME=/opt/rustwide/rustup-home" "-e" "CARGO_TARGET_DIR=/opt/rustwide/target" "-w" "/opt/rustwide/workdir" "--user" "0:0" "a525f7ddbc33b57dfed1482932198e6817e6f2b974228f73b2f9324e4ac2a700" "/opt/rustwide/cargo-home/bin/cargo" "+1.99.0-beta.8" "metadata" "--no-deps" "--format-version=1", kill_on_drop: false }`
[INFO] running `Command { std: "docker" "inspect" "a525f7ddbc33b57dfed1482932198e6817e6f2b974228f73b2f9324e4ac2a700", kill_on_drop: false }`
[INFO] running `Command { std: "docker" "exec" "-e" "SOURCE_DIR=/opt/rustwide/workdir" "-e" "CARGO_HOME=/opt/rustwide/cargo-home" "-e" "RUSTUP_HOME=/opt/rustwide/rustup-home" "-e" "CARGO_TARGET_DIR=/opt/rustwide/target" "-e" "CARGO_INCREMENTAL=0" "-e" "RUST_BACKTRACE=full" "-e" "RUSTFLAGS=--cap-lints=warn" "-e" "RUSTDOCFLAGS=--cap-lints=warn" "-w" "/opt/rustwide/workdir" "--user" "0:0" "a525f7ddbc33b57dfed1482932198e6817e6f2b974228f73b2f9324e4ac2a700" "/opt/rustwide/cargo-home/bin/cargo" "+1.99.0-beta.8" "build" "--frozen" "--message-format=json" "--release", kill_on_drop: false }`
[INFO] [stderr]    Compiling proc-macro2 v1.0.106
[INFO] [stderr]    Compiling quote v1.0.46
[INFO] [stderr]    Compiling winnow v1.0.4
[INFO] [stderr]    Compiling toml_datetime v0.7.5+spec-1.1.0
[INFO] [stderr]    Compiling serde_spanned v1.1.1
[INFO] [stderr]    Compiling toml_writer v1.1.2+spec-1.1.0
[INFO] [stderr]    Compiling leptos_ui_kit_registry v0.1.0 (/opt/rustwide/workdir)
[INFO] [stderr]    Compiling serde_json v1.0.150
[INFO] [stderr]    Compiling toml_parser v1.1.2+spec-1.1.0
[INFO] [stderr]    Compiling syn v2.0.118
[INFO] [stderr]    Compiling toml v0.9.12+spec-1.1.0
[INFO] [stderr]    Compiling serde_derive v1.0.228
[INFO] [stderr]    Compiling serde v1.0.228
[INFO] [stderr]     Finished `release` profile [optimized] target(s) in 28.79s
[INFO] running `Command { std: "docker" "inspect" "a525f7ddbc33b57dfed1482932198e6817e6f2b974228f73b2f9324e4ac2a700", kill_on_drop: false }`
[INFO] running `Command { std: "docker" "exec" "-e" "SOURCE_DIR=/opt/rustwide/workdir" "-e" "CARGO_HOME=/opt/rustwide/cargo-home" "-e" "RUSTUP_HOME=/opt/rustwide/rustup-home" "-e" "CARGO_TARGET_DIR=/opt/rustwide/target" "-e" "CARGO_INCREMENTAL=0" "-e" "RUST_BACKTRACE=full" "-e" "RUSTFLAGS=--cap-lints=warn" "-e" "RUSTDOCFLAGS=--cap-lints=warn" "-w" "/opt/rustwide/workdir" "--user" "0:0" "a525f7ddbc33b57dfed1482932198e6817e6f2b974228f73b2f9324e4ac2a700" "/opt/rustwide/cargo-home/bin/cargo" "+1.99.0-beta.8" "test" "--frozen" "--no-run" "--message-format=json" "--release", kill_on_drop: false }`
[INFO] [stderr]    Compiling proc-macro2 v1.0.106
[INFO] [stderr]    Compiling serde_core v1.0.228
[INFO] [stderr]    Compiling semver v1.0.28
[INFO] [stderr]    Compiling wasm-bindgen-shared v0.2.126
[INFO] [stderr]    Compiling unicode-ident v1.0.24
[INFO] [stderr]    Compiling rustversion v1.0.23
[INFO] [stderr]    Compiling serde v1.0.228
[INFO] [stderr]    Compiling bumpalo v3.20.3
[INFO] [stderr]    Compiling once_cell v1.21.4
[INFO] [stderr]    Compiling unicode-segmentation v1.13.3
[INFO] [stderr]    Compiling rustc_version v0.4.1
[INFO] [stderr]    Compiling crossbeam-utils v0.8.22
[INFO] [stderr]    Compiling proc-macro2-diagnostics v0.10.1
[INFO] [stderr]    Compiling libc v0.2.186
[INFO] [stderr]    Compiling unicode-xid v0.2.6
[INFO] [stderr]    Compiling convert_case v0.11.0
[INFO] [stderr]    Compiling or_poisoned v0.1.0
[INFO] [stderr]    Compiling smallvec v1.15.2
[INFO] [stderr]    Compiling wasm-bindgen v0.2.126
[INFO] [stderr]    Compiling generic-array v0.14.7
[INFO] [stderr]    Compiling throw_error v0.3.1
[INFO] [stderr]    Compiling quote v1.0.46
[INFO] [stderr]    Compiling slotmap v1.1.1
[INFO] [stderr]    Compiling anyhow v1.0.103
[INFO] [stderr]    Compiling concurrent-queue v2.5.0
[INFO] [stderr]    Compiling camino v1.2.4
[INFO] [stderr]    Compiling typenum v1.20.1
[INFO] [stderr]    Compiling hashbrown v0.17.1
[INFO] [stderr]    Compiling syn v2.0.118
[INFO] [stderr]    Compiling proc-macro-utils v0.10.0
[INFO] [stderr]    Compiling konst_macro_rules v0.2.19
[INFO] [stderr]    Compiling proc-macro-error-attr2 v2.0.0
[INFO] [stderr]    Compiling const_format_proc_macros v0.2.34
[INFO] [stderr]    Compiling event-listener v5.4.1
[INFO] [stderr]    Compiling konst v0.2.20
[INFO] [stderr]    Compiling event-listener-strategy v0.5.4
[INFO] [stderr]    Compiling server_fn_macro v0.9.0-alpha
[INFO] [stderr]    Compiling reactive_graph v0.3.0-alpha
[INFO] [stderr]    Compiling send_wrapper v0.6.0
[INFO] [stderr]    Compiling winnow v1.0.4
[INFO] [stderr]    Compiling cfg-if v1.0.4
[INFO] [stderr]    Compiling indexmap v2.14.0
[INFO] [stderr]    Compiling const_format v0.2.36
[INFO] [stderr]    Compiling async-lock v3.4.2
[INFO] [stderr]    Compiling either v1.16.0
[INFO] [stderr]    Compiling guardian v1.3.0
[INFO] [stderr]    Compiling rustc-hash v2.1.3
[INFO] [stderr]    Compiling xxhash-rust v0.8.16
[INFO] [stderr]    Compiling itertools v0.14.0
[INFO] [stderr]    Compiling crypto-common v0.1.7
[INFO] [stderr]    Compiling block-buffer v0.10.4
[INFO] [stderr]    Compiling manyhow-macros v0.11.4
[INFO] [stderr]    Compiling toml_parser v1.1.2+spec-1.1.0
[INFO] [stderr]    Compiling serde_json v1.0.150
[INFO] [stderr]    Compiling serde_spanned v1.1.1
[INFO] [stderr]    Compiling tachys v0.3.0-alpha
[INFO] [stderr]    Compiling thiserror v2.0.18
[INFO] [stderr]    Compiling bytes v1.12.1
[INFO] [stderr]    Compiling yansi v1.0.1
[INFO] [stderr]    Compiling prettyplease v0.2.37
[INFO] [stderr]    Compiling toml_datetime v1.1.1+spec-1.1.0
[INFO] [stderr]    Compiling http v1.4.2
[INFO] [stderr]    Compiling digest v0.10.7
[INFO] [stderr]    Compiling synstructure v0.13.2
[INFO] [stderr]    Compiling wasm-bindgen-macro-support v0.2.126
[INFO] [stderr]    Compiling proc-macro-error2 v2.0.1
[INFO] [stderr]    Compiling manyhow v0.11.4
[INFO] [stderr]    Compiling form_urlencoded v1.2.2
[INFO] [stderr]    Compiling either_of v0.1.9
[INFO] [stderr]    Compiling getrandom v0.4.3
[INFO] [stderr]    Compiling server_fn v0.9.0-alpha
[INFO] [stderr]    Compiling interpolator v0.5.0
[INFO] [stderr]    Compiling next_tuple v0.1.0
[INFO] [stderr]    Compiling html-escape v0.2.14
[INFO] [stderr]    Compiling same-file v1.0.6
[INFO] [stderr]    Compiling const_str_slice_concat v0.1.0
[INFO] [stderr]    Compiling equivalent v1.0.2
[INFO] [stderr]    Compiling cpufeatures v0.2.17
[INFO] [stderr]    Compiling serde_derive v1.0.228
[INFO] [stderr]    Compiling futures-macro v0.3.32
[INFO] [stderr]    Compiling thiserror-impl v2.0.18
[INFO] [stderr]    Compiling futures-util v0.3.32
[INFO] [stderr]    Compiling zerofrom-derive v0.1.7
[INFO] [stderr]    Compiling yoke-derive v0.8.2
[INFO] [stderr]    Compiling zerovec-derive v0.11.3
[INFO] [stderr]    Compiling displaydoc v0.2.6
[INFO] [stderr]    Compiling zerofrom v0.1.8
[INFO] [stderr]    Compiling yoke v0.8.3
[INFO] [stderr]    Compiling derive-where v1.6.1
[INFO] [stderr]    Compiling syn_derive v0.2.0
[INFO] [stderr]    Compiling zerotrie v0.2.4
[INFO] [stderr]    Compiling thiserror-impl v1.0.69
[INFO] [stderr]    Compiling zerovec v0.11.6
[INFO] [stderr]    Compiling wasm-bindgen-macro v0.2.126
[INFO] [stderr]    Compiling pin-project-internal v1.1.13
[INFO] [stderr]    Compiling tinystr v0.8.3
[INFO] [stderr]    Compiling potential_utf v0.1.5
[INFO] [stderr]    Compiling icu_locale_core v2.2.0
[INFO] [stderr]    Compiling icu_collections v2.2.0
[INFO] [stderr]    Compiling reactive_stores_macro v0.5.0-alpha
[INFO] [stderr]    Compiling typed-builder-macro v0.23.2
[INFO] [stderr]    Compiling futures-executor v0.3.32
[INFO] [stderr]    Compiling quote-use-macros v0.8.4
[INFO] [stderr]    Compiling js-sys v0.3.103
[INFO] [stderr]    Compiling futures v0.3.32
[INFO] [stderr]    Compiling hydration_context v0.3.1
[INFO] [stderr]    Compiling oco_ref v0.2.1
[INFO] [stderr]    Compiling pin-project v1.1.13
[INFO] [stderr]    Compiling quote-use v0.8.4
[INFO] [stderr]    Compiling icu_provider v2.2.0
[INFO] [stderr]    Compiling thiserror v1.0.69
[INFO] [stderr]    Compiling async-trait v0.1.89
[INFO] [stderr]    Compiling icu_properties v2.2.0
[INFO] [stderr]    Compiling icu_normalizer v2.2.0
[INFO] [stderr]    Compiling typed-builder v0.23.2
[INFO] [stderr]    Compiling drain_filter_polyfill v0.1.3
[INFO] [stderr]    Compiling collection_literals v1.0.3
[INFO] [stderr]    Compiling erased v0.1.2
[INFO] [stderr]    Compiling attribute-derive-macro v0.10.5
[INFO] [stderr]    Compiling idna_adapter v1.2.2
[INFO] [stderr]    Compiling idna v1.1.0
[INFO] [stderr]    Compiling rstml v0.12.1
[INFO] [stderr]    Compiling serde_qs v1.1.2
[INFO] [stderr]    Compiling url v2.5.8
[INFO] [stderr]    Compiling convert_case v0.6.0
[INFO] [stderr]    Compiling server_fn_macro_default v0.9.0-alpha
[INFO] [stderr]    Compiling sha2 v0.10.9
[INFO] [stderr]    Compiling walkdir v2.5.0
[INFO] [stderr]    Compiling toml v1.1.3+spec-1.1.0
[INFO] [stderr]    Compiling leptos_macro v0.9.0-alpha
[INFO] [stderr]    Compiling const-str v1.1.0
[INFO] [stderr]    Compiling base16 v0.2.1
[INFO] [stderr]    Compiling pathdiff v0.2.3
[INFO] [stderr]    Compiling wasm_split_macros v0.2.2
[INFO] [stderr]    Compiling leptos_hot_reload v0.9.0-alpha
[INFO] [stderr]    Compiling config v0.15.25
[INFO] [stderr]    Compiling uuid v1.23.5
[INFO] [stderr]    Compiling attribute-derive v0.10.5
[INFO] [stderr]    Compiling codee v0.3.5
[INFO] [stderr]    Compiling convert_case_extras v0.2.0
[INFO] [stderr]    Compiling leptos v0.9.0-alpha
[INFO] [stderr]    Compiling async-once-cell v0.5.4
[INFO] [stderr]    Compiling wasm_split_helpers v0.2.3
[INFO] [stderr]    Compiling leptos_config v0.9.0-alpha
[INFO] [stderr]    Compiling toml_datetime v0.7.5+spec-1.1.0
[INFO] [stderr]    Compiling wasm-bindgen-futures v0.4.76
[INFO] [stderr]    Compiling web-sys v0.3.103
[INFO] [stderr]    Compiling any_spawner v0.3.0
[INFO] [stderr]    Compiling web_ui_primitives_core v0.1.0
[INFO] [stderr]    Compiling bitflags v2.13.0
[INFO] [stderr]    Compiling toml v0.9.12+spec-1.1.0
[INFO] [stderr]    Compiling rustix v1.1.4
[INFO] [stderr]    Compiling reactive_stores v0.5.0-alpha
[INFO] [stderr]    Compiling tempfile v3.27.0
[INFO] [stderr]    Compiling leptos_ui_kit_registry v0.1.0 (/opt/rustwide/workdir)
[INFO] [stderr]    Compiling gloo-utils v0.2.0
[INFO] [stderr]    Compiling gloo-net v0.6.0
[INFO] [stderr]    Compiling wasm-streams v0.5.0
[INFO] [stderr]    Compiling leptos_server v0.9.0-alpha
[INFO] [stderr]    Compiling leptos_dom v0.9.0-alpha
[INFO] [stderr]    Compiling web_ui_primitives_leptos v0.1.0
[INFO] [stderr]    Compiling web_ui_primitives v0.1.0
[INFO] [stderr]     Finished `release` profile [optimized] target(s) in 4m 40s
[INFO] [stderr] warning: the following packages contain code that will be rejected by a future version of Rust: proc-macro-error2 v2.0.1
[INFO] [stderr] note: to see what the problems were, use the option `--future-incompat-report`, or run `cargo report future-incompatibilities --id 1`
[INFO] running `Command { std: "docker" "inspect" "a525f7ddbc33b57dfed1482932198e6817e6f2b974228f73b2f9324e4ac2a700", kill_on_drop: false }`
[INFO] running `Command { std: "docker" "exec" "-e" "SOURCE_DIR=/opt/rustwide/workdir" "-e" "CARGO_HOME=/opt/rustwide/cargo-home" "-e" "RUSTUP_HOME=/opt/rustwide/rustup-home" "-e" "CARGO_TARGET_DIR=/opt/rustwide/target" "-e" "CARGO_INCREMENTAL=0" "-e" "RUST_BACKTRACE=full" "-e" "RUSTFLAGS=--cap-lints=warn" "-e" "RUSTDOCFLAGS=--cap-lints=warn" "-w" "/opt/rustwide/workdir" "--user" "0:0" "a525f7ddbc33b57dfed1482932198e6817e6f2b974228f73b2f9324e4ac2a700" "/opt/rustwide/cargo-home/bin/cargo" "+1.99.0-beta.8" "test" "--frozen" "--release", kill_on_drop: false }`
[INFO] [stderr]     Finished `release` profile [optimized] target(s) in 0.30s
[INFO] [stderr] warning: the following packages contain code that will be rejected by a future version of Rust: proc-macro-error2 v2.0.1
[INFO] [stderr] note: to see what the problems were, use the option `--future-incompat-report`, or run `cargo report future-incompatibilities --id 1`
[INFO] [stderr]      Running unittests src/lib.rs (/opt/rustwide/target/release/deps/leptos_ui_kit_registry-d5f6de16cbfe9d02)
[INFO] [stdout] 
[INFO] [stdout] running 58 tests
[INFO] [stdout] test config::tests::parses_canonical_kit_json ... FAILED
[INFO] [stdout] test config::tests::normalizes_canonical_install_roots ... FAILED
[INFO] [stdout] test config::tests::records_desired_builtin_button_item ... FAILED
[INFO] [stdout] test config::tests::accepts_explicit_safe_style_css_path ... FAILED
[INFO] [stdout] test config::tests::canonical_json_is_deterministic ... FAILED
[INFO] [stdout] test config::tests::rejects_css_paths_outside_styles_dir ... FAILED
[INFO] [stdout] test config::tests::rejects_duplicate_desired_items ... FAILED
[INFO] [stdout] test config::tests::desired_item_add_is_idempotent ... FAILED
[INFO] [stdout] test config::tests::rejects_forbidden_legacy_fields ... FAILED
[INFO] [stdout] test config::tests::rejects_hidden_style_css_paths ... FAILED
[INFO] [stdout] test config::tests::rejects_stale_style_prefix_fields ... FAILED
[INFO] [stdout] test config::tests::rejects_invalid_desired_item ... FAILED
[INFO] [stdout] test config::tests::rejects_wrong_leptos_version ... FAILED
[INFO] [stdout] test config::tests::rejects_unknown_top_level_field ... FAILED
[INFO] [stdout] test config::tests::rejects_invalid_tool_url ... FAILED
[INFO] [stdout] test config::tests::rejects_parent_traversal_in_paths ... FAILED
[INFO] [stdout] test config::tests::rejects_non_css_style_paths ... FAILED
[INFO] [stdout] test config::tests::rejects_non_csr_render_mode ... FAILED
[INFO] [stdout] test config::tests::rejects_invalid_tool_rev ... FAILED
[INFO] [stdout] test detect::tests::detects_homepage_trunk_csr_project_shape ... ok
[INFO] [stdout] test detect::tests::dependency_plan_reports_incompatible_versions_and_features ... ok
[INFO] [stdout] test detect::tests::dependency_requirement_reports_missing_required_version_dependency ... ok
[INFO] [stdout] test detect::tests::dependency_requirement_reports_satisfied_version_dependency ... ok
[INFO] [stdout] test detect::tests::detects_single_package_workspace_root_project_shape ... ok
[INFO] [stdout] test detect::tests::info_output_normalizes_kit_config_when_present ... FAILED
[INFO] [stdout] test item::tests::anchor_source_and_css_encode_native_anchor_contract ... ok
[INFO] [stdout] test detect::tests::detects_project_before_generated_stylesheet_link_exists ... ok
[INFO] [stdout] test detect::tests::dependency_plan_reports_missing_dependencies ... ok
[INFO] [stdout] test item::tests::accepts_nested_ui_target_paths ... ok
[INFO] [stdout] test item::tests::dialog_source_declares_overlay_accessibility_contract ... ok
[INFO] [stdout] test item::tests::accepts_web_ui_primitives_version_cargo_plan_entry ... ok
[INFO] [stdout] test detect::tests::info_output_uses_configured_css_path_when_present ... FAILED
[INFO] [stdout] test item::tests::form_field_source_and_css_encode_label_message_structure ... ok
[INFO] [stdout] test item::tests::graph_rejects_registry_dependency_cycles ... ok
[INFO] [stdout] test item::tests::graph_rejects_unknown_registry_dependencies ... ok
[INFO] [stdout] test item::tests::graph_validates_registry_dependency_order ... ok
[INFO] [stdout] test item::tests::button_source_and_css_are_mvp_pure_css ... ok
[INFO] [stdout] test item::tests::loads_built_in_registry_root ... ok
[INFO] [stdout] test item::tests::menu_model_keyboard_contract_closes_and_selects ... ok
[INFO] [stdout] test item::tests::menu_source_encodes_controlled_checked_state ... ok
[INFO] [stdout] test item::tests::registry_hash_is_stable_for_built_in_item ... ok
[INFO] [stdout] test item::tests::menu_attrs_expose_checked_indicator_state ... ok
[INFO] [stdout] test item::tests::menu_attrs_expose_trigger_and_item_open_state ... ok
[INFO] [stdout] test detect::tests::rejects_multi_member_workspace_roots ... ok
[INFO] [stdout] test item::tests::loads_built_in_registry_item ... ok
[INFO] [stdout] test item::tests::rejects_duplicate_registry_targets ... ok
[INFO] [stdout] test item::tests::built_in_router_dependency_metadata_matches_router_source_usage ... ok
[INFO] [stdout] test item::tests::router_link_source_reuses_anchor_style_contract ... ok
[INFO] [stdout] test item::tests::spinner_source_and_css_encode_status_loading_indicator ... ok
[INFO] [stdout] test item::tests::status_source_and_css_encode_live_region_contract ... ok
[INFO] [stdout] test item::tests::rejects_unsafe_or_noncanonical_ui_target_paths ... ok
[INFO] [stdout] test item::tests::rejects_unsafe_target_path ... ok
[INFO] [stdout] test item::tests::reads_built_in_registry_source ... ok
[INFO] [stdout] test item::tests::rejects_local_registry_item_sources ... ok
[INFO] [stdout] test item::tests::rejects_unknown_cargo_plan_source_field ... ok
[INFO] [stdout] test item::tests::tabs_source_declares_keyboard_accessibility_contract ... ok
[INFO] [stdout] test item::tests::rejects_unknown_built_in_item_field ... ok
[INFO] [stderr] error: test failed, to rerun pass `--lib`
[INFO] [stdout] test item::tests::built_in_rust_sources_are_rustfmt_clean ... FAILED
[INFO] [stdout] 
[INFO] [stdout] failures:
[INFO] [stdout] 
[INFO] [stdout] ---- config::tests::parses_canonical_kit_json stdout ----
[INFO] [stdout] 
[INFO] [stdout] thread 'config::tests::parses_canonical_kit_json' (3446) panicked at src/config.rs:706:30:
[INFO] [stdout] serialize config: MissingToolProvenance { package: "leptos_ui_kit_cli", binary: "leptos_ui_kit" }
[INFO] [stdout] stack backtrace:
[INFO] [stdout]    0:     0x5e63db9e9a31 - <<std[70759c8f55707aa4]::sys::backtrace::BacktraceLock>::print::DisplayBacktrace as core[df12db4294e9bfd3]::fmt::Display>::fmt
[INFO] [stdout]    1:     0x5e63db9ff9fa - core[df12db4294e9bfd3]::fmt::write
[INFO] [stdout]    2:     0x5e63db9ee14c - <alloc[2182bb758b4b3781]::vec::Vec<u8> as core[df12db4294e9bfd3]::io::write::Write>::write_fmt
[INFO] [stdout]    3:     0x5e63db9c4136 - std[70759c8f55707aa4]::panicking::default_hook::{closure#0}
[INFO] [stdout]    4:     0x5e63db9e1209 - std[70759c8f55707aa4]::panicking::default_hook
[INFO] [stdout]    5:     0x5e63db957740 - test[9d35eded1c95d3be]::test_main_inner::<test[9d35eded1c95d3be]::test_main_static::{closure#0}>::{closure#0}
[INFO] [stdout]    6:     0x5e63db9e13c2 - std[70759c8f55707aa4]::panicking::panic_with_hook
[INFO] [stdout]    7:     0x5e63db9c41e2 - std[70759c8f55707aa4]::panicking::panic_handler::{closure#0}
[INFO] [stdout]    8:     0x5e63db9bccb9 - std[70759c8f55707aa4]::sys::backtrace::__rust_end_short_backtrace::<std[70759c8f55707aa4]::panicking::panic_handler::{closure#0}, !>
[INFO] [stdout]    9:     0x5e63db9c4ddd - __rustc[8fa7c3cbc660c2b3]::rust_begin_unwind
[INFO] [stdout]   10:     0x5e63dba0016c - core[df12db4294e9bfd3]::panicking::panic_fmt
[INFO] [stdout]   11:     0x5e63db9fff42 - core[df12db4294e9bfd3]::result::unwrap_failed
[INFO] [stdout]   12:     0x5e63db92e0b3 - leptos_ui_kit_registry[a2a8eb5354db8c39]::config::tests::valid_config_json
[INFO] [stdout]   13:     0x5e63db92e0d6 - leptos_ui_kit_registry[a2a8eb5354db8c39]::config::tests::rejects_css_paths_outside_styles_dir
[INFO] [stdout]   14:     0x5e63db940d2e - <leptos_ui_kit_registry[a2a8eb5354db8c39]::config::tests::parses_canonical_kit_json::{closure#0} as core[df12db4294e9bfd3]::ops::function::FnOnce<()>>::call_once
[INFO] [stdout]   15:     0x5e63db94aa2b - test[9d35eded1c95d3be]::__rust_begin_short_backtrace::<core[df12db4294e9bfd3]::result::Result<(), alloc[2182bb758b4b3781]::string::String>, fn() -> core[df12db4294e9bfd3]::result::Result<(), alloc[2182bb758b4b3781]::string::String>>
[INFO] [stdout]   16:     0x5e63db958095 - test[9d35eded1c95d3be]::run_test::{closure#0}
[INFO] [stdout]   17:     0x5e63db951954 - std[70759c8f55707aa4]::sys::backtrace::__rust_begin_short_backtrace::<test[9d35eded1c95d3be]::run_test::{closure#1}, ()>
[INFO] [stdout]   18:     0x5e63db95b1f2 - <std[70759c8f55707aa4]::thread::lifecycle::spawn_unchecked<test[9d35eded1c95d3be]::run_test::{closure#1}, ()>::{closure#1} as core[df12db4294e9bfd3]::ops::function::FnOnce<()>>::call_once::{shim:vtable#0}
[INFO] [stdout]   19:     0x5e63db9e8a89 - <std[70759c8f55707aa4]::sys::thread::unix::Thread>::new::thread_start
[INFO] [stdout]   20:     0x7a44be91adfa - <unknown>
[INFO] [stdout]   21:     0x7a44be9ae3d4 - clone
[INFO] [stdout]   22:                0x0 - <unknown>
[INFO] [stdout] 
[INFO] [stdout] ---- config::tests::normalizes_canonical_install_roots stdout ----
[INFO] [stdout] 
[INFO] [stdout] thread 'config::tests::normalizes_canonical_install_roots' (3445) panicked at src/config.rs:706:30:
[INFO] [stdout] serialize config: MissingToolProvenance { package: "leptos_ui_kit_cli", binary: "leptos_ui_kit" }
[INFO] [stdout] stack backtrace:
[INFO] [stdout]    0:     0x5e63db9e9a31 - <<std[70759c8f55707aa4]::sys::backtrace::BacktraceLock>::print::DisplayBacktrace as core[df12db4294e9bfd3]::fmt::Display>::fmt
[INFO] [stdout]    1:     0x5e63db9ff9fa - core[df12db4294e9bfd3]::fmt::write
[INFO] [stdout]    2:     0x5e63db9ee14c - <alloc[2182bb758b4b3781]::vec::Vec<u8> as core[df12db4294e9bfd3]::io::write::Write>::write_fmt
[INFO] [stdout]    3:     0x5e63db9c4136 - std[70759c8f55707aa4]::panicking::default_hook::{closure#0}
[INFO] [stdout]    4:     0x5e63db9e1209 - std[70759c8f55707aa4]::panicking::default_hook
[INFO] [stdout]    5:     0x5e63db957740 - test[9d35eded1c95d3be]::test_main_inner::<test[9d35eded1c95d3be]::test_main_static::{closure#0}>::{closure#0}
[INFO] [stdout]    6:     0x5e63db9e13c2 - std[70759c8f55707aa4]::panicking::panic_with_hook
[INFO] [stdout]    7:     0x5e63db9c41e2 - std[70759c8f55707aa4]::panicking::panic_handler::{closure#0}
[INFO] [stdout]    8:     0x5e63db9bccb9 - std[70759c8f55707aa4]::sys::backtrace::__rust_end_short_backtrace::<std[70759c8f55707aa4]::panicking::panic_handler::{closure#0}, !>
[INFO] [stdout]    9:     0x5e63db9c4ddd - __rustc[8fa7c3cbc660c2b3]::rust_begin_unwind
[INFO] [stdout]   10:     0x5e63dba0016c - core[df12db4294e9bfd3]::panicking::panic_fmt
[INFO] [stdout]   11:     0x5e63db9fff42 - core[df12db4294e9bfd3]::result::unwrap_failed
[INFO] [stdout]   12:     0x5e63db92e0b3 - leptos_ui_kit_registry[a2a8eb5354db8c39]::config::tests::valid_config_json
[INFO] [stdout]   13:     0x5e63db92e0d6 - leptos_ui_kit_registry[a2a8eb5354db8c39]::config::tests::rejects_css_paths_outside_styles_dir
[INFO] [stdout]   14:     0x5e63db940d96 - <leptos_ui_kit_registry[a2a8eb5354db8c39]::config::tests::normalizes_canonical_install_roots::{closure#0} as core[df12db4294e9bfd3]::ops::function::FnOnce<()>>::call_once
[INFO] [stdout]   15:     0x5e63db94aa2b - test[9d35eded1c95d3be]::__rust_begin_short_backtrace::<core[df12db4294e9bfd3]::result::Result<(), alloc[2182bb758b4b3781]::string::String>, fn() -> core[df12db4294e9bfd3]::result::Result<(), alloc[2182bb758b4b3781]::string::String>>
[INFO] [stdout]   16:     0x5e63db958095 - test[9d35eded1c95d3be]::run_test::{closure#0}
[INFO] [stdout]   17:     0x5e63db951954 - std[70759c8f55707aa4]::sys::backtrace::__rust_begin_short_backtrace::<test[9d35eded1c95d3be]::run_test::{closure#1}, ()>
[INFO] [stdout]   18:     0x5e63db95b1f2 - <std[70759c8f55707aa4]::thread::lifecycle::spawn_unchecked<test[9d35eded1c95d3be]::run_test::{closure#1}, ()>::{closure#1} as core[df12db4294e9bfd3]::ops::function::FnOnce<()>>::call_once::{shim:vtable#0}
[INFO] [stdout]   19:     0x5e63db9e8a89 - <std[70759c8f55707aa4]::sys::thread::unix::Thread>::new::thread_start
[INFO] [stdout]   20:     0x7a44be91adfa - <unknown>
[INFO] [stdout]   21:     0x7a44be9ae3d4 - clone
[INFO] [stdout]   22:                0x0 - <unknown>
[INFO] [stdout] 
[INFO] [stdout] ---- config::tests::records_desired_builtin_button_item stdout ----
[INFO] [stdout] 
[INFO] [stdout] thread 'config::tests::records_desired_builtin_button_item' (3447) panicked at src/config.rs:706:30:
[INFO] [stdout] serialize config: MissingToolProvenance { package: "leptos_ui_kit_cli", binary: "leptos_ui_kit" }
[INFO] [stdout] stack backtrace:
[INFO] [stdout]    0:     0x5e63db9e9a31 - <<std[70759c8f55707aa4]::sys::backtrace::BacktraceLock>::print::DisplayBacktrace as core[df12db4294e9bfd3]::fmt::Display>::fmt
[INFO] [stdout]    1:     0x5e63db9ff9fa - core[df12db4294e9bfd3]::fmt::write
[INFO] [stdout]    2:     0x5e63db9ee14c - <alloc[2182bb758b4b3781]::vec::Vec<u8> as core[df12db4294e9bfd3]::io::write::Write>::write_fmt
[INFO] [stdout]    3:     0x5e63db9c4136 - std[70759c8f55707aa4]::panicking::default_hook::{closure#0}
[INFO] [stdout]    4:     0x5e63db9e1209 - std[70759c8f55707aa4]::panicking::default_hook
[INFO] [stdout]    5:     0x5e63db957740 - test[9d35eded1c95d3be]::test_main_inner::<test[9d35eded1c95d3be]::test_main_static::{closure#0}>::{closure#0}
[INFO] [stdout]    6:     0x5e63db9e13c2 - std[70759c8f55707aa4]::panicking::panic_with_hook
[INFO] [stdout]    7:     0x5e63db9c41e2 - std[70759c8f55707aa4]::panicking::panic_handler::{closure#0}
[INFO] [stdout]    8:     0x5e63db9bccb9 - std[70759c8f55707aa4]::sys::backtrace::__rust_end_short_backtrace::<std[70759c8f55707aa4]::panicking::panic_handler::{closure#0}, !>
[INFO] [stdout]    9:     0x5e63db9c4ddd - __rustc[8fa7c3cbc660c2b3]::rust_begin_unwind
[INFO] [stdout]   10:     0x5e63dba0016c - core[df12db4294e9bfd3]::panicking::panic_fmt
[INFO] [stdout]   11:     0x5e63db9fff42 - core[df12db4294e9bfd3]::result::unwrap_failed
[INFO] [stdout]   12:     0x5e63db92e0b3 - leptos_ui_kit_registry[a2a8eb5354db8c39]::config::tests::valid_config_json
[INFO] [stdout]   13:     0x5e63db92e0d6 - leptos_ui_kit_registry[a2a8eb5354db8c39]::config::tests::rejects_css_paths_outside_styles_dir
[INFO] [stdout]   14:     0x5e63db940d9e - <leptos_ui_kit_registry[a2a8eb5354db8c39]::config::tests::records_desired_builtin_button_item::{closure#0} as core[df12db4294e9bfd3]::ops::function::FnOnce<()>>::call_once
[INFO] [stdout]   15:     0x5e63db94aa2b - test[9d35eded1c95d3be]::__rust_begin_short_backtrace::<core[df12db4294e9bfd3]::result::Result<(), alloc[2182bb758b4b3781]::string::String>, fn() -> core[df12db4294e9bfd3]::result::Result<(), alloc[2182bb758b4b3781]::string::String>>
[INFO] [stdout]   16:     0x5e63db958095 - test[9d35eded1c95d3be]::run_test::{closure#0}
[INFO] [stdout]   17:     0x5e63db951954 - std[70759c8f55707aa4]::sys::backtrace::__rust_begin_short_backtrace::<test[9d35eded1c95d3be]::run_test::{closure#1}, ()>
[INFO] [stdout]   18:     0x5e63db95b1f2 - <std[70759c8f55707aa4]::thread::lifecycle::spawn_unchecked<test[9d35eded1c95d3be]::run_test::{closure#1}, ()>::{closure#1} as core[df12db4294e9bfd3]::ops::function::FnOnce<()>>::call_once::{shim:vtable#0}
[INFO] [stdout]   19:     0x5e63db9e8a89 - <std[70759c8f55707aa4]::sys::thread::unix::Thread>::new::thread_start
[INFO] [stdout]   20:     0x7a44be91adfa - <unknown>
[INFO] [stdout]   21:     0x7a44be9ae3d4 - clone
[INFO] [stdout]   22:                0x0 - <unknown>
[INFO] [stdout] 
[INFO] [stdout] ---- config::tests::accepts_explicit_safe_style_css_path stdout ----
[INFO] [stdout] 
[INFO] [stdout] thread 'config::tests::accepts_explicit_safe_style_css_path' (3442) panicked at src/config.rs:706:30:
[INFO] [stdout] serialize config: MissingToolProvenance { package: "leptos_ui_kit_cli", binary: "leptos_ui_kit" }
[INFO] [stdout] stack backtrace:
[INFO] [stdout]    0:     0x5e63db9e9a31 - <<std[70759c8f55707aa4]::sys::backtrace::BacktraceLock>::print::DisplayBacktrace as core[df12db4294e9bfd3]::fmt::Display>::fmt
[INFO] [stdout]    1:     0x5e63db9ff9fa - core[df12db4294e9bfd3]::fmt::write
[INFO] [stdout]    2:     0x5e63db9ee14c - <alloc[2182bb758b4b3781]::vec::Vec<u8> as core[df12db4294e9bfd3]::io::write::Write>::write_fmt
[INFO] [stdout]    3:     0x5e63db9c4136 - std[70759c8f55707aa4]::panicking::default_hook::{closure#0}
[INFO] [stdout]    4:     0x5e63db9e1209 - std[70759c8f55707aa4]::panicking::default_hook
[INFO] [stdout]    5:     0x5e63db957740 - test[9d35eded1c95d3be]::test_main_inner::<test[9d35eded1c95d3be]::test_main_static::{closure#0}>::{closure#0}
[INFO] [stdout]    6:     0x5e63db9e13c2 - std[70759c8f55707aa4]::panicking::panic_with_hook
[INFO] [stdout]    7:     0x5e63db9c41e2 - std[70759c8f55707aa4]::panicking::panic_handler::{closure#0}
[INFO] [stdout]    8:     0x5e63db9bccb9 - std[70759c8f55707aa4]::sys::backtrace::__rust_end_short_backtrace::<std[70759c8f55707aa4]::panicking::panic_handler::{closure#0}, !>
[INFO] [stdout]    9:     0x5e63db9c4ddd - __rustc[8fa7c3cbc660c2b3]::rust_begin_unwind
[INFO] [stdout]   10:     0x5e63dba0016c - core[df12db4294e9bfd3]::panicking::panic_fmt
[INFO] [stdout]   11:     0x5e63db9fff42 - core[df12db4294e9bfd3]::result::unwrap_failed
[INFO] [stdout]   12:     0x5e63db92e0b3 - leptos_ui_kit_registry[a2a8eb5354db8c39]::config::tests::valid_config_json
[INFO] [stdout]   13:     0x5e63db92e0d6 - leptos_ui_kit_registry[a2a8eb5354db8c39]::config::tests::rejects_css_paths_outside_styles_dir
[INFO] [stdout]   14:     0x5e63db940da6 - <leptos_ui_kit_registry[a2a8eb5354db8c39]::config::tests::accepts_explicit_safe_style_css_path::{closure#0} as core[df12db4294e9bfd3]::ops::function::FnOnce<()>>::call_once
[INFO] [stdout]   15:     0x5e63db94aa2b - test[9d35eded1c95d3be]::__rust_begin_short_backtrace::<core[df12db4294e9bfd3]::result::Result<(), alloc[2182bb758b4b3781]::string::String>, fn() -> core[df12db4294e9bfd3]::result::Result<(), alloc[2182bb758b4b3781]::string::String>>
[INFO] [stdout]   16:     0x5e63db958095 - test[9d35eded1c95d3be]::run_test::{closure#0}
[INFO] [stdout]   17:     0x5e63db951954 - std[70759c8f55707aa4]::sys::backtrace::__rust_begin_short_backtrace::<test[9d35eded1c95d3be]::run_test::{closure#1}, ()>
[INFO] [stdout]   18:     0x5e63db95b1f2 - <std[70759c8f55707aa4]::thread::lifecycle::spawn_unchecked<test[9d35eded1c95d3be]::run_test::{closure#1}, ()>::{closure#1} as core[df12db4294e9bfd3]::ops::function::FnOnce<()>>::call_once::{shim:vtable#0}
[INFO] [stdout]   19:     0x5e63db9e8a89 - <std[70759c8f55707aa4]::sys::thread::unix::Thread>::new::thread_start
[INFO] [stdout]   20:     0x7a44be91adfa - <unknown>
[INFO] [stdout]   21:     0x7a44be9ae3d4 - clone
[INFO] [stdout]   22:                0x0 - <unknown>
[INFO] [stdout] 
[INFO] [stdout] ---- config::tests::canonical_json_is_deterministic stdout ----
[INFO] [stdout] 
[INFO] [stdout] thread 'config::tests::canonical_json_is_deterministic' (3443) panicked at src/config.rs:727:42:
[INFO] [stdout] serialize first: MissingToolProvenance { package: "leptos_ui_kit_cli", binary: "leptos_ui_kit" }
[INFO] [stdout] stack backtrace:
[INFO] [stdout]    0:     0x5e63db9e9a31 - <<std[70759c8f55707aa4]::sys::backtrace::BacktraceLock>::print::DisplayBacktrace as core[df12db4294e9bfd3]::fmt::Display>::fmt
[INFO] [stdout]    1:     0x5e63db9ff9fa - core[df12db4294e9bfd3]::fmt::write
[INFO] [stdout]    2:     0x5e63db9ee14c - <alloc[2182bb758b4b3781]::vec::Vec<u8> as core[df12db4294e9bfd3]::io::write::Write>::write_fmt
[INFO] [stdout]    3:     0x5e63db9c4136 - std[70759c8f55707aa4]::panicking::default_hook::{closure#0}
[INFO] [stdout]    4:     0x5e63db9e1209 - std[70759c8f55707aa4]::panicking::default_hook
[INFO] [stdout]    5:     0x5e63db957740 - test[9d35eded1c95d3be]::test_main_inner::<test[9d35eded1c95d3be]::test_main_static::{closure#0}>::{closure#0}
[INFO] [stdout]    6:     0x5e63db9e13c2 - std[70759c8f55707aa4]::panicking::panic_with_hook
[INFO] [stdout]    7:     0x5e63db9c41e2 - std[70759c8f55707aa4]::panicking::panic_handler::{closure#0}
[INFO] [stdout]    8:     0x5e63db9bccb9 - std[70759c8f55707aa4]::sys::backtrace::__rust_end_short_backtrace::<std[70759c8f55707aa4]::panicking::panic_handler::{closure#0}, !>
[INFO] [stdout]    9:     0x5e63db9c4ddd - __rustc[8fa7c3cbc660c2b3]::rust_begin_unwind
[INFO] [stdout]   10:     0x5e63dba0016c - core[df12db4294e9bfd3]::panicking::panic_fmt
[INFO] [stdout]   11:     0x5e63db9fff42 - core[df12db4294e9bfd3]::result::unwrap_failed
[INFO] [stdout]   12:     0x5e63db92e143 - leptos_ui_kit_registry[a2a8eb5354db8c39]::config::tests::canonical_json_is_deterministic
[INFO] [stdout]   13:     0x5e63db940d66 - <leptos_ui_kit_registry[a2a8eb5354db8c39]::config::tests::canonical_json_is_deterministic::{closure#0} as core[df12db4294e9bfd3]::ops::function::FnOnce<()>>::call_once
[INFO] [stdout]   14:     0x5e63db94aa2b - test[9d35eded1c95d3be]::__rust_begin_short_backtrace::<core[df12db4294e9bfd3]::result::Result<(), alloc[2182bb758b4b3781]::string::String>, fn() -> core[df12db4294e9bfd3]::result::Result<(), alloc[2182bb758b4b3781]::string::String>>
[INFO] [stdout]   15:     0x5e63db958095 - test[9d35eded1c95d3be]::run_test::{closure#0}
[INFO] [stdout]   16:     0x5e63db951954 - std[70759c8f55707aa4]::sys::backtrace::__rust_begin_short_backtrace::<test[9d35eded1c95d3be]::run_test::{closure#1}, ()>
[INFO] [stdout]   17:     0x5e63db95b1f2 - <std[70759c8f55707aa4]::thread::lifecycle::spawn_unchecked<test[9d35eded1c95d3be]::run_test::{closure#1}, ()>::{closure#1} as core[df12db4294e9bfd3]::ops::function::FnOnce<()>>::call_once::{shim:vtable#0}
[INFO] [stdout]   18:     0x5e63db9e8a89 - <std[70759c8f55707aa4]::sys::thread::unix::Thread>::new::thread_start
[INFO] [stdout]   19:     0x7a44be91adfa - <unknown>
[INFO] [stdout]   20:     0x7a44be9ae3d4 - clone
[INFO] [stdout]   21:                0x0 - <unknown>
[INFO] [stdout] 
[INFO] [stdout] ---- config::tests::rejects_css_paths_outside_styles_dir stdout ----
[INFO] [stdout] 
[INFO] [stdout] thread 'config::tests::rejects_css_paths_outside_styles_dir' (3448) panicked at src/config.rs:706:30:
[INFO] [stdout] serialize config: MissingToolProvenance { package: "leptos_ui_kit_cli", binary: "leptos_ui_kit" }
[INFO] [stdout] stack backtrace:
[INFO] [stdout]    0:     0x5e63db9e9a31 - <<std[70759c8f55707aa4]::sys::backtrace::BacktraceLock>::print::DisplayBacktrace as core[df12db4294e9bfd3]::fmt::Display>::fmt
[INFO] [stdout]    1:     0x5e63db9ff9fa - core[df12db4294e9bfd3]::fmt::write
[INFO] [stdout]    2:     0x5e63db9ee14c - <alloc[2182bb758b4b3781]::vec::Vec<u8> as core[df12db4294e9bfd3]::io::write::Write>::write_fmt
[INFO] [stdout]    3:     0x5e63db9c4136 - std[70759c8f55707aa4]::panicking::default_hook::{closure#0}
[INFO] [stdout]    4:     0x5e63db9e1209 - std[70759c8f55707aa4]::panicking::default_hook
[INFO] [stdout]    5:     0x5e63db957740 - test[9d35eded1c95d3be]::test_main_inner::<test[9d35eded1c95d3be]::test_main_static::{closure#0}>::{closure#0}
[INFO] [stdout]    6:     0x5e63db9e13c2 - std[70759c8f55707aa4]::panicking::panic_with_hook
[INFO] [stdout]    7:     0x5e63db9c41e2 - std[70759c8f55707aa4]::panicking::panic_handler::{closure#0}
[INFO] [stdout]    8:     0x5e63db9bccb9 - std[70759c8f55707aa4]::sys::backtrace::__rust_end_short_backtrace::<std[70759c8f55707aa4]::panicking::panic_handler::{closure#0}, !>
[INFO] [stdout]    9:     0x5e63db9c4ddd - __rustc[8fa7c3cbc660c2b3]::rust_begin_unwind
[INFO] [stdout]   10:     0x5e63dba0016c - core[df12db4294e9bfd3]::panicking::panic_fmt
[INFO] [stdout]   11:     0x5e63db9fff42 - core[df12db4294e9bfd3]::result::unwrap_failed
[INFO] [stdout]   12:     0x5e63db92e0b3 - leptos_ui_kit_registry[a2a8eb5354db8c39]::config::tests::valid_config_json
[INFO] [stdout]   13:     0x5e63db92e0d6 - leptos_ui_kit_registry[a2a8eb5354db8c39]::config::tests::rejects_css_paths_outside_styles_dir
[INFO] [stdout]   14:     0x5e63db940dae - <leptos_ui_kit_registry[a2a8eb5354db8c39]::config::tests::rejects_css_paths_outside_styles_dir::{closure#0} as core[df12db4294e9bfd3]::ops::function::FnOnce<()>>::call_once
[INFO] [stdout]   15:     0x5e63db94aa2b - test[9d35eded1c95d3be]::__rust_begin_short_backtrace::<core[df12db4294e9bfd3]::result::Result<(), alloc[2182bb758b4b3781]::string::String>, fn() -> core[df12db4294e9bfd3]::result::Result<(), alloc[2182bb758b4b3781]::string::String>>
[INFO] [stdout]   16:     0x5e63db958095 - test[9d35eded1c95d3be]::run_test::{closure#0}
[INFO] [stdout]   17:     0x5e63db951954 - std[70759c8f55707aa4]::sys::backtrace::__rust_begin_short_backtrace::<test[9d35eded1c95d3be]::run_test::{closure#1}, ()>
[INFO] [stdout]   18:     0x5e63db95b1f2 - <std[70759c8f55707aa4]::thread::lifecycle::spawn_unchecked<test[9d35eded1c95d3be]::run_test::{closure#1}, ()>::{closure#1} as core[df12db4294e9bfd3]::ops::function::FnOnce<()>>::call_once::{shim:vtable#0}
[INFO] [stdout]   19:     0x5e63db9e8a89 - <std[70759c8f55707aa4]::sys::thread::unix::Thread>::new::thread_start
[INFO] [stdout]   20:     0x7a44be91adfa - <unknown>
[INFO] [stdout]   21:     0x7a44be9ae3d4 - clone
[INFO] [stdout]   22:                0x0 - <unknown>
[INFO] [stdout] 
[INFO] [stdout] ---- config::tests::rejects_duplicate_desired_items stdout ----
[INFO] [stdout] 
[INFO] [stdout] thread 'config::tests::rejects_duplicate_desired_items' (3449) panicked at src/config.rs:706:30:
[INFO] [stdout] serialize config: MissingToolProvenance { package: "leptos_ui_kit_cli", binary: "leptos_ui_kit" }
[INFO] [stdout] stack backtrace:
[INFO] [stdout]    0:     0x5e63db9e9a31 - <<std[70759c8f55707aa4]::sys::backtrace::BacktraceLock>::print::DisplayBacktrace as core[df12db4294e9bfd3]::fmt::Display>::fmt
[INFO] [stdout]    1:     0x5e63db9ff9fa - core[df12db4294e9bfd3]::fmt::write
[INFO] [stdout]    2:     0x5e63db9ee14c - <alloc[2182bb758b4b3781]::vec::Vec<u8> as core[df12db4294e9bfd3]::io::write::Write>::write_fmt
[INFO] [stdout]    3:     0x5e63db9c4136 - std[70759c8f55707aa4]::panicking::default_hook::{closure#0}
[INFO] [stdout]    4:     0x5e63db9e1209 - std[70759c8f55707aa4]::panicking::default_hook
[INFO] [stdout]    5:     0x5e63db957740 - test[9d35eded1c95d3be]::test_main_inner::<test[9d35eded1c95d3be]::test_main_static::{closure#0}>::{closure#0}
[INFO] [stdout]    6:     0x5e63db9e13c2 - std[70759c8f55707aa4]::panicking::panic_with_hook
[INFO] [stdout]    7:     0x5e63db9c41e2 - std[70759c8f55707aa4]::panicking::panic_handler::{closure#0}
[INFO] [stdout]    8:     0x5e63db9bccb9 - std[70759c8f55707aa4]::sys::backtrace::__rust_end_short_backtrace::<std[70759c8f55707aa4]::panicking::panic_handler::{closure#0}, !>
[INFO] [stdout]    9:     0x5e63db9c4ddd - __rustc[8fa7c3cbc660c2b3]::rust_begin_unwind
[INFO] [stdout]   10:     0x5e63dba0016c - core[df12db4294e9bfd3]::panicking::panic_fmt
[INFO] [stdout]   11:     0x5e63db9fff42 - core[df12db4294e9bfd3]::result::unwrap_failed
[INFO] [stdout]   12:     0x5e63db92e0b3 - leptos_ui_kit_registry[a2a8eb5354db8c39]::config::tests::valid_config_json
[INFO] [stdout]   13:     0x5e63db92e0d6 - leptos_ui_kit_registry[a2a8eb5354db8c39]::config::tests::rejects_css_paths_outside_styles_dir
[INFO] [stdout]   14:     0x5e63db940d6e - <leptos_ui_kit_registry[a2a8eb5354db8c39]::config::tests::rejects_duplicate_desired_items::{closure#0} as core[df12db4294e9bfd3]::ops::function::FnOnce<()>>::call_once
[INFO] [stdout]   15:     0x5e63db94aa2b - test[9d35eded1c95d3be]::__rust_begin_short_backtrace::<core[df12db4294e9bfd3]::result::Result<(), alloc[2182bb758b4b3781]::string::String>, fn() -> core[df12db4294e9bfd3]::result::Result<(), alloc[2182bb758b4b3781]::string::String>>
[INFO] [stdout]   16:     0x5e63db958095 - test[9d35eded1c95d3be]::run_test::{closure#0}
[INFO] [stdout]   17:     0x5e63db951954 - std[70759c8f55707aa4]::sys::backtrace::__rust_begin_short_backtrace::<test[9d35eded1c95d3be]::run_test::{closure#1}, ()>
[INFO] [stdout]   18:     0x5e63db95b1f2 - <std[70759c8f55707aa4]::thread::lifecycle::spawn_unchecked<test[9d35eded1c95d3be]::run_test::{closure#1}, ()>::{closure#1} as core[df12db4294e9bfd3]::ops::function::FnOnce<()>>::call_once::{shim:vtable#0}
[INFO] [stdout]   19:     0x5e63db9e8a89 - <std[70759c8f55707aa4]::sys::thread::unix::Thread>::new::thread_start
[INFO] [stdout]   20:     0x7a44be91adfa - <unknown>
[INFO] [stdout]   21:     0x7a44be9ae3d4 - clone
[INFO] [stdout]   22:                0x0 - <unknown>
[INFO] [stdout] 
[INFO] [stdout] ---- config::tests::desired_item_add_is_idempotent stdout ----
[INFO] [stdout] 
[INFO] [stdout] thread 'config::tests::desired_item_add_is_idempotent' (3444) panicked at src/config.rs:706:30:
[INFO] [stdout] serialize config: MissingToolProvenance { package: "leptos_ui_kit_cli", binary: "leptos_ui_kit" }
[INFO] [stdout] stack backtrace:
[INFO] [stdout]    0:     0x5e63db9e9a31 - <<std[70759c8f55707aa4]::sys::backtrace::BacktraceLock>::print::DisplayBacktrace as core[df12db4294e9bfd3]::fmt::Display>::fmt
[INFO] [stdout]    1:     0x5e63db9ff9fa - core[df12db4294e9bfd3]::fmt::write
[INFO] [stdout]    2:     0x5e63db9ee14c - <alloc[2182bb758b4b3781]::vec::Vec<u8> as core[df12db4294e9bfd3]::io::write::Write>::write_fmt
[INFO] [stdout]    3:     0x5e63db9c4136 - std[70759c8f55707aa4]::panicking::default_hook::{closure#0}
[INFO] [stdout]    4:     0x5e63db9e1209 - std[70759c8f55707aa4]::panicking::default_hook
[INFO] [stdout]    5:     0x5e63db957740 - test[9d35eded1c95d3be]::test_main_inner::<test[9d35eded1c95d3be]::test_main_static::{closure#0}>::{closure#0}
[INFO] [stdout]    6:     0x5e63db9e13c2 - std[70759c8f55707aa4]::panicking::panic_with_hook
[INFO] [stdout]    7:     0x5e63db9c41e2 - std[70759c8f55707aa4]::panicking::panic_handler::{closure#0}
[INFO] [stdout]    8:     0x5e63db9bccb9 - std[70759c8f55707aa4]::sys::backtrace::__rust_end_short_backtrace::<std[70759c8f55707aa4]::panicking::panic_handler::{closure#0}, !>
[INFO] [stdout]    9:     0x5e63db9c4ddd - __rustc[8fa7c3cbc660c2b3]::rust_begin_unwind
[INFO] [stdout]   10:     0x5e63dba0016c - core[df12db4294e9bfd3]::panicking::panic_fmt
[INFO] [stdout]   11:     0x5e63db9fff42 - core[df12db4294e9bfd3]::result::unwrap_failed
[INFO] [stdout]   12:     0x5e63db92e0b3 - leptos_ui_kit_registry[a2a8eb5354db8c39]::config::tests::valid_config_json
[INFO] [stdout]   13:     0x5e63db92e0d6 - leptos_ui_kit_registry[a2a8eb5354db8c39]::config::tests::rejects_css_paths_outside_styles_dir
[INFO] [stdout]   14:     0x5e63db940d56 - <leptos_ui_kit_registry[a2a8eb5354db8c39]::config::tests::desired_item_add_is_idempotent::{closure#0} as core[df12db4294e9bfd3]::ops::function::FnOnce<()>>::call_once
[INFO] [stdout]   15:     0x5e63db94aa2b - test[9d35eded1c95d3be]::__rust_begin_short_backtrace::<core[df12db4294e9bfd3]::result::Result<(), alloc[2182bb758b4b3781]::string::String>, fn() -> core[df12db4294e9bfd3]::result::Result<(), alloc[2182bb758b4b3781]::string::String>>
[INFO] [stdout]   16:     0x5e63db958095 - test[9d35eded1c95d3be]::run_test::{closure#0}
[INFO] [stdout]   17:     0x5e63db951954 - std[70759c8f55707aa4]::sys::backtrace::__rust_begin_short_backtrace::<test[9d35eded1c95d3be]::run_test::{closure#1}, ()>
[INFO] [stdout]   18:     0x5e63db95b1f2 - <std[70759c8f55707aa4]::thread::lifecycle::spawn_unchecked<test[9d35eded1c95d3be]::run_test::{closure#1}, ()>::{closure#1} as core[df12db4294e9bfd3]::ops::function::FnOnce<()>>::call_once::{shim:vtable#0}
[INFO] [stdout]   19:     0x5e63db9e8a89 - <std[70759c8f55707aa4]::sys::thread::unix::Thread>::new::thread_start
[INFO] [stdout]   20:     0x7a44be91adfa - <unknown>
[INFO] [stdout]   21:     0x7a44be9ae3d4 - clone
[INFO] [stdout]   22:                0x0 - <unknown>
[INFO] [stdout] 
[INFO] [stdout] ---- config::tests::rejects_forbidden_legacy_fields stdout ----
[INFO] [stdout] 
[INFO] [stdout] thread 'config::tests::rejects_forbidden_legacy_fields' (3450) panicked at src/config.rs:706:30:
[INFO] [stdout] serialize config: MissingToolProvenance { package: "leptos_ui_kit_cli", binary: "leptos_ui_kit" }
[INFO] [stdout] stack backtrace:
[INFO] [stdout]    0:     0x5e63db9e9a31 - <<std[70759c8f55707aa4]::sys::backtrace::BacktraceLock>::print::DisplayBacktrace as core[df12db4294e9bfd3]::fmt::Display>::fmt
[INFO] [stdout]    1:     0x5e63db9ff9fa - core[df12db4294e9bfd3]::fmt::write
[INFO] [stdout]    2:     0x5e63db9ee14c - <alloc[2182bb758b4b3781]::vec::Vec<u8> as core[df12db4294e9bfd3]::io::write::Write>::write_fmt
[INFO] [stdout]    3:     0x5e63db9c4136 - std[70759c8f55707aa4]::panicking::default_hook::{closure#0}
[INFO] [stdout]    4:     0x5e63db9e1209 - std[70759c8f55707aa4]::panicking::default_hook
[INFO] [stdout]    5:     0x5e63db957740 - test[9d35eded1c95d3be]::test_main_inner::<test[9d35eded1c95d3be]::test_main_static::{closure#0}>::{closure#0}
[INFO] [stdout]    6:     0x5e63db9e13c2 - std[70759c8f55707aa4]::panicking::panic_with_hook
[INFO] [stdout]    7:     0x5e63db9c41e2 - std[70759c8f55707aa4]::panicking::panic_handler::{closure#0}
[INFO] [stdout]    8:     0x5e63db9bccb9 - std[70759c8f55707aa4]::sys::backtrace::__rust_end_short_backtrace::<std[70759c8f55707aa4]::panicking::panic_handler::{closure#0}, !>
[INFO] [stdout]    9:     0x5e63db9c4ddd - __rustc[8fa7c3cbc660c2b3]::rust_begin_unwind
[INFO] [stdout]   10:     0x5e63dba0016c - core[df12db4294e9bfd3]::panicking::panic_fmt
[INFO] [stdout]   11:     0x5e63db9fff42 - core[df12db4294e9bfd3]::result::unwrap_failed
[INFO] [stdout]   12:     0x5e63db92e0b3 - leptos_ui_kit_registry[a2a8eb5354db8c39]::config::tests::valid_config_json
[INFO] [stdout]   13:     0x5e63db92e0d6 - leptos_ui_kit_registry[a2a8eb5354db8c39]::config::tests::rejects_css_paths_outside_styles_dir
[INFO] [stdout]   14:     0x5e63db940d76 - <leptos_ui_kit_registry[a2a8eb5354db8c39]::config::tests::rejects_forbidden_legacy_fields::{closure#0} as core[df12db4294e9bfd3]::ops::function::FnOnce<()>>::call_once
[INFO] [stdout]   15:     0x5e63db94aa2b - test[9d35eded1c95d3be]::__rust_begin_short_backtrace::<core[df12db4294e9bfd3]::result::Result<(), alloc[2182bb758b4b3781]::string::String>, fn() -> core[df12db4294e9bfd3]::result::Result<(), alloc[2182bb758b4b3781]::string::String>>
[INFO] [stdout]   16:     0x5e63db958095 - test[9d35eded1c95d3be]::run_test::{closure#0}
[INFO] [stdout]   17:     0x5e63db951954 - std[70759c8f55707aa4]::sys::backtrace::__rust_begin_short_backtrace::<test[9d35eded1c95d3be]::run_test::{closure#1}, ()>
[INFO] [stdout]   18:     0x5e63db95b1f2 - <std[70759c8f55707aa4]::thread::lifecycle::spawn_unchecked<test[9d35eded1c95d3be]::run_test::{closure#1}, ()>::{closure#1} as core[df12db4294e9bfd3]::ops::function::FnOnce<()>>::call_once::{shim:vtable#0}
[INFO] [stdout]   19:     0x5e63db9e8a89 - <std[70759c8f55707aa4]::sys::thread::unix::Thread>::new::thread_start
[INFO] [stdout]   20:     0x7a44be91adfa - <unknown>
[INFO] [stdout]   21:     0x7a44be9ae3d4 - clone
[INFO] [stdout]   22:                0x0 - <unknown>
[INFO] [stdout] 
[INFO] [stdout] ---- config::tests::rejects_hidden_style_css_paths stdout ----
[INFO] [stdout] 
[INFO] [stdout] thread 'config::tests::rejects_hidden_style_css_paths' (3451) panicked at src/config.rs:706:30:
[INFO] [stdout] serialize config: MissingToolProvenance { package: "leptos_ui_kit_cli", binary: "leptos_ui_kit" }
[INFO] [stdout] stack backtrace:
[INFO] [stdout]    0:     0x5e63db9e9a31 - <<std[70759c8f55707aa4]::sys::backtrace::BacktraceLock>::print::DisplayBacktrace as core[df12db4294e9bfd3]::fmt::Display>::fmt
[INFO] [stdout]    1:     0x5e63db9ff9fa - core[df12db4294e9bfd3]::fmt::write
[INFO] [stdout]    2:     0x5e63db9ee14c - <alloc[2182bb758b4b3781]::vec::Vec<u8> as core[df12db4294e9bfd3]::io::write::Write>::write_fmt
[INFO] [stdout]    3:     0x5e63db9c4136 - std[70759c8f55707aa4]::panicking::default_hook::{closure#0}
[INFO] [stdout]    4:     0x5e63db9e1209 - std[70759c8f55707aa4]::panicking::default_hook
[INFO] [stdout]    5:     0x5e63db957740 - test[9d35eded1c95d3be]::test_main_inner::<test[9d35eded1c95d3be]::test_main_static::{closure#0}>::{closure#0}
[INFO] [stdout]    6:     0x5e63db9e13c2 - std[70759c8f55707aa4]::panicking::panic_with_hook
[INFO] [stdout]    7:     0x5e63db9c41e2 - std[70759c8f55707aa4]::panicking::panic_handler::{closure#0}
[INFO] [stdout]    8:     0x5e63db9bccb9 - std[70759c8f55707aa4]::sys::backtrace::__rust_end_short_backtrace::<std[70759c8f55707aa4]::panicking::panic_handler::{closure#0}, !>
[INFO] [stdout]    9:     0x5e63db9c4ddd - __rustc[8fa7c3cbc660c2b3]::rust_begin_unwind
[INFO] [stdout]   10:     0x5e63dba0016c - core[df12db4294e9bfd3]::panicking::panic_fmt
[INFO] [stdout]   11:     0x5e63db9fff42 - core[df12db4294e9bfd3]::result::unwrap_failed
[INFO] [stdout]   12:     0x5e63db92e0b3 - leptos_ui_kit_registry[a2a8eb5354db8c39]::config::tests::valid_config_json
[INFO] [stdout]   13:     0x5e63db92e0d6 - leptos_ui_kit_registry[a2a8eb5354db8c39]::config::tests::rejects_css_paths_outside_styles_dir
[INFO] [stdout]   14:     0x5e63db940d5e - <leptos_ui_kit_registry[a2a8eb5354db8c39]::config::tests::rejects_hidden_style_css_paths::{closure#0} as core[df12db4294e9bfd3]::ops::function::FnOnce<()>>::call_once
[INFO] [stdout]   15:     0x5e63db94aa2b - test[9d35eded1c95d3be]::__rust_begin_short_backtrace::<core[df12db4294e9bfd3]::result::Result<(), alloc[2182bb758b4b3781]::string::String>, fn() -> core[df12db4294e9bfd3]::result::Result<(), alloc[2182bb758b4b3781]::string::String>>
[INFO] [stdout]   16:     0x5e63db958095 - test[9d35eded1c95d3be]::run_test::{closure#0}
[INFO] [stdout]   17:     0x5e63db951954 - std[70759c8f55707aa4]::sys::backtrace::__rust_begin_short_backtrace::<test[9d35eded1c95d3be]::run_test::{closure#1}, ()>
[INFO] [stdout]   18:     0x5e63db95b1f2 - <std[70759c8f55707aa4]::thread::lifecycle::spawn_unchecked<test[9d35eded1c95d3be]::run_test::{closure#1}, ()>::{closure#1} as core[df12db4294e9bfd3]::ops::function::FnOnce<()>>::call_once::{shim:vtable#0}
[INFO] [stdout]   19:     0x5e63db9e8a89 - <std[70759c8f55707aa4]::sys::thread::unix::Thread>::new::thread_start
[INFO] [stdout]   20:     0x7a44be91adfa - <unknown>
[INFO] [stdout]   21:     0x7a44be9ae3d4 - clone
[INFO] [stdout]   22:                0x0 - <unknown>
[INFO] [stdout] 
[INFO] [stdout] ---- config::tests::rejects_stale_style_prefix_fields stdout ----
[INFO] [stdout] 
[INFO] [stdout] thread 'config::tests::rejects_stale_style_prefix_fields' (3458) panicked at src/config.rs:706:30:
[INFO] [stdout] serialize config: MissingToolProvenance { package: "leptos_ui_kit_cli", binary: "leptos_ui_kit" }
[INFO] [stdout] stack backtrace:
[INFO] [stdout]    0:     0x5e63db9e9a31 - <<std[70759c8f55707aa4]::sys::backtrace::BacktraceLock>::print::DisplayBacktrace as core[df12db4294e9bfd3]::fmt::Display>::fmt
[INFO] [stdout]    1:     0x5e63db9ff9fa - core[df12db4294e9bfd3]::fmt::write
[INFO] [stdout]    2:     0x5e63db9ee14c - <alloc[2182bb758b4b3781]::vec::Vec<u8> as core[df12db4294e9bfd3]::io::write::Write>::write_fmt
[INFO] [stdout]    3:     0x5e63db9c4136 - std[70759c8f55707aa4]::panicking::default_hook::{closure#0}
[INFO] [stdout]    4:     0x5e63db9e1209 - std[70759c8f55707aa4]::panicking::default_hook
[INFO] [stdout]    5:     0x5e63db957740 - test[9d35eded1c95d3be]::test_main_inner::<test[9d35eded1c95d3be]::test_main_static::{closure#0}>::{closure#0}
[INFO] [stdout]    6:     0x5e63db9e13c2 - std[70759c8f55707aa4]::panicking::panic_with_hook
[INFO] [stdout]    7:     0x5e63db9c41e2 - std[70759c8f55707aa4]::panicking::panic_handler::{closure#0}
[INFO] [stdout]    8:     0x5e63db9bccb9 - std[70759c8f55707aa4]::sys::backtrace::__rust_end_short_backtrace::<std[70759c8f55707aa4]::panicking::panic_handler::{closure#0}, !>
[INFO] [stdout]    9:     0x5e63db9c4ddd - __rustc[8fa7c3cbc660c2b3]::rust_begin_unwind
[INFO] [stdout]   10:     0x5e63dba0016c - core[df12db4294e9bfd3]::panicking::panic_fmt
[INFO] [stdout]   11:     0x5e63db9fff42 - core[df12db4294e9bfd3]::result::unwrap_failed
[INFO] [stdout]   12:     0x5e63db92e0b3 - leptos_ui_kit_registry[a2a8eb5354db8c39]::config::tests::valid_config_json
[INFO] [stdout]   13:     0x5e63db92e0d6 - leptos_ui_kit_registry[a2a8eb5354db8c39]::config::tests::rejects_css_paths_outside_styles_dir
[INFO] [stdout]   14:     0x5e63db940d8e - <leptos_ui_kit_registry[a2a8eb5354db8c39]::config::tests::rejects_stale_style_prefix_fields::{closure#0} as core[df12db4294e9bfd3]::ops::function::FnOnce<()>>::call_once
[INFO] [stdout]   15:     0x5e63db94aa2b - test[9d35eded1c95d3be]::__rust_begin_short_backtrace::<core[df12db4294e9bfd3]::result::Result<(), alloc[2182bb758b4b3781]::string::String>, fn() -> core[df12db4294e9bfd3]::result::Result<(), alloc[2182bb758b4b3781]::string::String>>
[INFO] [stdout]   16:     0x5e63db958095 - test[9d35eded1c95d3be]::run_test::{closure#0}
[INFO] [stdout]   17:     0x5e63db951954 - std[70759c8f55707aa4]::sys::backtrace::__rust_begin_short_backtrace::<test[9d35eded1c95d3be]::run_test::{closure#1}, ()>
[INFO] [stdout]   18:     0x5e63db95b1f2 - <std[70759c8f55707aa4]::thread::lifecycle::spawn_unchecked<test[9d35eded1c95d3be]::run_test::{closure#1}, ()>::{closure#1} as core[df12db4294e9bfd3]::ops::function::FnOnce<()>>::call_once::{shim:vtable#0}
[INFO] [stdout]   19:     0x5e63db9e8a89 - <std[70759c8f55707aa4]::sys::thread::unix::Thread>::new::thread_start
[INFO] [stdout]   20:     0x7a44be91adfa - <unknown>
[INFO] [stdout]   21:     0x7a44be9ae3d4 - clone
[INFO] [stdout]   22:                0x0 - <unknown>
[INFO] [stdout] 
[INFO] [stdout] ---- config::tests::rejects_invalid_desired_item stdout ----
[INFO] [stdout] 
[INFO] [stdout] thread 'config::tests::rejects_invalid_desired_item' (3452) panicked at src/config.rs:706:30:
[INFO] [stdout] serialize config: MissingToolProvenance { package: "leptos_ui_kit_cli", binary: "leptos_ui_kit" }
[INFO] [stdout] stack backtrace:
[INFO] [stdout]    0:     0x5e63db9e9a31 - <<std[70759c8f55707aa4]::sys::backtrace::BacktraceLock>::print::DisplayBacktrace as core[df12db4294e9bfd3]::fmt::Display>::fmt
[INFO] [stdout]    1:     0x5e63db9ff9fa - core[df12db4294e9bfd3]::fmt::write
[INFO] [stdout]    2:     0x5e63db9ee14c - <alloc[2182bb758b4b3781]::vec::Vec<u8> as core[df12db4294e9bfd3]::io::write::Write>::write_fmt
[INFO] [stdout]    3:     0x5e63db9c4136 - std[70759c8f55707aa4]::panicking::default_hook::{closure#0}
[INFO] [stdout]    4:     0x5e63db9e1209 - std[70759c8f55707aa4]::panicking::default_hook
[INFO] [stdout]    5:     0x5e63db957740 - test[9d35eded1c95d3be]::test_main_inner::<test[9d35eded1c95d3be]::test_main_static::{closure#0}>::{closure#0}
[INFO] [stdout]    6:     0x5e63db9e13c2 - std[70759c8f55707aa4]::panicking::panic_with_hook
[INFO] [stdout]    7:     0x5e63db9c41e2 - std[70759c8f55707aa4]::panicking::panic_handler::{closure#0}
[INFO] [stdout]    8:     0x5e63db9bccb9 - std[70759c8f55707aa4]::sys::backtrace::__rust_end_short_backtrace::<std[70759c8f55707aa4]::panicking::panic_handler::{closure#0}, !>
[INFO] [stdout]    9:     0x5e63db9c4ddd - __rustc[8fa7c3cbc660c2b3]::rust_begin_unwind
[INFO] [stdout]   10:     0x5e63dba0016c - core[df12db4294e9bfd3]::panicking::panic_fmt
[INFO] [stdout]   11:     0x5e63db9fff42 - core[df12db4294e9bfd3]::result::unwrap_failed
[INFO] [stdout]   12:     0x5e63db92e0b3 - leptos_ui_kit_registry[a2a8eb5354db8c39]::config::tests::valid_config_json
[INFO] [stdout]   13:     0x5e63db92e0d6 - leptos_ui_kit_registry[a2a8eb5354db8c39]::config::tests::rejects_css_paths_outside_styles_dir
[INFO] [stdout]   14:     0x5e63db940d46 - <leptos_ui_kit_registry[a2a8eb5354db8c39]::config::tests::rejects_invalid_desired_item::{closure#0} as core[df12db4294e9bfd3]::ops::function::FnOnce<()>>::call_once
[INFO] [stdout]   15:     0x5e63db94aa2b - test[9d35eded1c95d3be]::__rust_begin_short_backtrace::<core[df12db4294e9bfd3]::result::Result<(), alloc[2182bb758b4b3781]::string::String>, fn() -> core[df12db4294e9bfd3]::result::Result<(), alloc[2182bb758b4b3781]::string::String>>
[INFO] [stdout]   16:     0x5e63db958095 - test[9d35eded1c95d3be]::run_test::{closure#0}
[INFO] [stdout]   17:     0x5e63db951954 - std[70759c8f55707aa4]::sys::backtrace::__rust_begin_short_backtrace::<test[9d35eded1c95d3be]::run_test::{closure#1}, ()>
[INFO] [stdout]   18:     0x5e63db95b1f2 - <std[70759c8f55707aa4]::thread::lifecycle::spawn_unchecked<test[9d35eded1c95d3be]::run_test::{closure#1}, ()>::{closure#1} as core[df12db4294e9bfd3]::ops::function::FnOnce<()>>::call_once::{shim:vtable#0}
[INFO] [stdout]   19:     0x5e63db9e8a89 - <std[70759c8f55707aa4]::sys::thread::unix::Thread>::new::thread_start
[INFO] [stdout]   20:     0x7a44be91adfa - <unknown>
[INFO] [stdout]   21:     0x7a44be9ae3d4 - clone
[INFO] [stdout]   22:                0x0 - <unknown>
[INFO] [stdout] 
[INFO] [stdout] ---- config::tests::rejects_wrong_leptos_version stdout ----
[INFO] [stdout] 
[INFO] [stdout] thread 'config::tests::rejects_wrong_leptos_version' (3460) panicked at src/config.rs:706:30:
[INFO] [stdout] serialize config: MissingToolProvenance { package: "leptos_ui_kit_cli", binary: "leptos_ui_kit" }
[INFO] [stdout] stack backtrace:
[INFO] [stdout]    0:     0x5e63db9e9a31 - <<std[70759c8f55707aa4]::sys::backtrace::BacktraceLock>::print::DisplayBacktrace as core[df12db4294e9bfd3]::fmt::Display>::fmt
[INFO] [stdout]    1:     0x5e63db9ff9fa - core[df12db4294e9bfd3]::fmt::write
[INFO] [stdout]    2:     0x5e63db9ee14c - <alloc[2182bb758b4b3781]::vec::Vec<u8> as core[df12db4294e9bfd3]::io::write::Write>::write_fmt
[INFO] [stdout]    3:     0x5e63db9c4136 - std[70759c8f55707aa4]::panicking::default_hook::{closure#0}
[INFO] [stdout]    4:     0x5e63db9e1209 - std[70759c8f55707aa4]::panicking::default_hook
[INFO] [stdout]    5:     0x5e63db957740 - test[9d35eded1c95d3be]::test_main_inner::<test[9d35eded1c95d3be]::test_main_static::{closure#0}>::{closure#0}
[INFO] [stdout]    6:     0x5e63db9e13c2 - std[70759c8f55707aa4]::panicking::panic_with_hook
[INFO] [stdout]    7:     0x5e63db9c41e2 - std[70759c8f55707aa4]::panicking::panic_handler::{closure#0}
[INFO] [stdout]    8:     0x5e63db9bccb9 - std[70759c8f55707aa4]::sys::backtrace::__rust_end_short_backtrace::<std[70759c8f55707aa4]::panicking::panic_handler::{closure#0}, !>
[INFO] [stdout]    9:     0x5e63db9c4ddd - __rustc[8fa7c3cbc660c2b3]::rust_begin_unwind
[INFO] [stdout]   10:     0x5e63dba0016c - core[df12db4294e9bfd3]::panicking::panic_fmt
[INFO] [stdout]   11:     0x5e63db9fff42 - core[df12db4294e9bfd3]::result::unwrap_failed
[INFO] [stdout]   12:     0x5e63db92e0b3 - leptos_ui_kit_registry[a2a8eb5354db8c39]::config::tests::valid_config_json
[INFO] [stdout]   13:     0x5e63db92e0d6 - leptos_ui_kit_registry[a2a8eb5354db8c39]::config::tests::rejects_css_paths_outside_styles_dir
[INFO] [stdout]   14:     0x5e63db940d4e - <leptos_ui_kit_registry[a2a8eb5354db8c39]::config::tests::rejects_wrong_leptos_version::{closure#0} as core[df12db4294e9bfd3]::ops::function::FnOnce<()>>::call_once
[INFO] [stdout]   15:     0x5e63db94aa2b - test[9d35eded1c95d3be]::__rust_begin_short_backtrace::<core[df12db4294e9bfd3]::result::Result<(), alloc[2182bb758b4b3781]::string::String>, fn() -> core[df12db4294e9bfd3]::result::Result<(), alloc[2182bb758b4b3781]::string::String>>
[INFO] [stdout]   16:     0x5e63db958095 - test[9d35eded1c95d3be]::run_test::{closure#0}
[INFO] [stdout]   17:     0x5e63db951954 - std[70759c8f55707aa4]::sys::backtrace::__rust_begin_short_backtrace::<test[9d35eded1c95d3be]::run_test::{closure#1}, ()>
[INFO] [stdout]   18:     0x5e63db95b1f2 - <std[70759c8f55707aa4]::thread::lifecycle::spawn_unchecked<test[9d35eded1c95d3be]::run_test::{closure#1}, ()>::{closure#1} as core[df12db4294e9bfd3]::ops::function::FnOnce<()>>::call_once::{shim:vtable#0}
[INFO] [stdout]   19:     0x5e63db9e8a89 - <std[70759c8f55707aa4]::sys::thread::unix::Thread>::new::thread_start
[INFO] [stdout]   20:     0x7a44be91adfa - <unknown>
[INFO] [stdout]   21:     0x7a44be9ae3d4 - clone
[INFO] [stdout]   22:                0x0 - <unknown>
[INFO] [stdout] 
[INFO] [stdout] ---- config::tests::rejects_unknown_top_level_field stdout ----
[INFO] [stdout] 
[INFO] [stdout] thread 'config::tests::rejects_unknown_top_level_field' (3459) panicked at src/config.rs:706:30:
[INFO] [stdout] serialize config: MissingToolProvenance { package: "leptos_ui_kit_cli", binary: "leptos_ui_kit" }
[INFO] [stdout] stack backtrace:
[INFO] [stdout]    0:     0x5e63db9e9a31 - <<std[70759c8f55707aa4]::sys::backtrace::BacktraceLock>::print::DisplayBacktrace as core[df12db4294e9bfd3]::fmt::Display>::fmt
[INFO] [stdout]    1:     0x5e63db9ff9fa - core[df12db4294e9bfd3]::fmt::write
[INFO] [stdout]    2:     0x5e63db9ee14c - <alloc[2182bb758b4b3781]::vec::Vec<u8> as core[df12db4294e9bfd3]::io::write::Write>::write_fmt
[INFO] [stdout]    3:     0x5e63db9c4136 - std[70759c8f55707aa4]::panicking::default_hook::{closure#0}
[INFO] [stdout]    4:     0x5e63db9e1209 - std[70759c8f55707aa4]::panicking::default_hook
[INFO] [stdout]    5:     0x5e63db957740 - test[9d35eded1c95d3be]::test_main_inner::<test[9d35eded1c95d3be]::test_main_static::{closure#0}>::{closure#0}
[INFO] [stdout]    6:     0x5e63db9e13c2 - std[70759c8f55707aa4]::panicking::panic_with_hook
[INFO] [stdout]    7:     0x5e63db9c41e2 - std[70759c8f55707aa4]::panicking::panic_handler::{closure#0}
[INFO] [stdout]    8:     0x5e63db9bccb9 - std[70759c8f55707aa4]::sys::backtrace::__rust_end_short_backtrace::<std[70759c8f55707aa4]::panicking::panic_handler::{closure#0}, !>
[INFO] [stdout]    9:     0x5e63db9c4ddd - __rustc[8fa7c3cbc660c2b3]::rust_begin_unwind
[INFO] [stdout]   10:     0x5e63dba0016c - core[df12db4294e9bfd3]::panicking::panic_fmt
[INFO] [stdout]   11:     0x5e63db9fff42 - core[df12db4294e9bfd3]::result::unwrap_failed
[INFO] [stdout]   12:     0x5e63db92e0b3 - leptos_ui_kit_registry[a2a8eb5354db8c39]::config::tests::valid_config_json
[INFO] [stdout]   13:     0x5e63db92e0d6 - leptos_ui_kit_registry[a2a8eb5354db8c39]::config::tests::rejects_css_paths_outside_styles_dir
[INFO] [stdout]   14:     0x5e63db940d7e - <leptos_ui_kit_registry[a2a8eb5354db8c39]::config::tests::rejects_unknown_top_level_field::{closure#0} as core[df12db4294e9bfd3]::ops::function::FnOnce<()>>::call_once
[INFO] [stdout]   15:     0x5e63db94aa2b - test[9d35eded1c95d3be]::__rust_begin_short_backtrace::<core[df12db4294e9bfd3]::result::Result<(), alloc[2182bb758b4b3781]::string::String>, fn() -> core[df12db4294e9bfd3]::result::Result<(), alloc[2182bb758b4b3781]::string::String>>
[INFO] [stdout]   16:     0x5e63db958095 - test[9d35eded1c95d3be]::run_test::{closure#0}
[INFO] [stdout]   17:     0x5e63db951954 - std[70759c8f55707aa4]::sys::backtrace::__rust_begin_short_backtrace::<test[9d35eded1c95d3be]::run_test::{closure#1}, ()>
[INFO] [stdout]   18:     0x5e63db95b1f2 - <std[70759c8f55707aa4]::thread::lifecycle::spawn_unchecked<test[9d35eded1c95d3be]::run_test::{closure#1}, ()>::{closure#1} as core[df12db4294e9bfd3]::ops::function::FnOnce<()>>::call_once::{shim:vtable#0}
[INFO] [stdout]   19:     0x5e63db9e8a89 - <std[70759c8f55707aa4]::sys::thread::unix::Thread>::new::thread_start
[INFO] [stdout]   20:     0x7a44be91adfa - <unknown>
[INFO] [stdout]   21:     0x7a44be9ae3d4 - clone
[INFO] [stdout]   22:                0x0 - <unknown>
[INFO] [stdout] 
[INFO] [stdout] ---- config::tests::rejects_invalid_tool_url stdout ----
[INFO] [stdout] 
[INFO] [stdout] thread 'config::tests::rejects_invalid_tool_url' (3454) panicked at src/config.rs:706:30:
[INFO] [stdout] serialize config: MissingToolProvenance { package: "leptos_ui_kit_cli", binary: "leptos_ui_kit" }
[INFO] [stdout] stack backtrace:
[INFO] [stdout]    0:     0x5e63db9e9a31 - <<std[70759c8f55707aa4]::sys::backtrace::BacktraceLock>::print::DisplayBacktrace as core[df12db4294e9bfd3]::fmt::Display>::fmt
[INFO] [stdout]    1:     0x5e63db9ff9fa - core[df12db4294e9bfd3]::fmt::write
[INFO] [stdout]    2:     0x5e63db9ee14c - <alloc[2182bb758b4b3781]::vec::Vec<u8> as core[df12db4294e9bfd3]::io::write::Write>::write_fmt
[INFO] [stdout]    3:     0x5e63db9c4136 - std[70759c8f55707aa4]::panicking::default_hook::{closure#0}
[INFO] [stdout]    4:     0x5e63db9e1209 - std[70759c8f55707aa4]::panicking::default_hook
[INFO] [stdout]    5:     0x5e63db957740 - test[9d35eded1c95d3be]::test_main_inner::<test[9d35eded1c95d3be]::test_main_static::{closure#0}>::{closure#0}
[INFO] [stdout]    6:     0x5e63db9e13c2 - std[70759c8f55707aa4]::panicking::panic_with_hook
[INFO] [stdout]    7:     0x5e63db9c41e2 - std[70759c8f55707aa4]::panicking::panic_handler::{closure#0}
[INFO] [stdout]    8:     0x5e63db9bccb9 - std[70759c8f55707aa4]::sys::backtrace::__rust_end_short_backtrace::<std[70759c8f55707aa4]::panicking::panic_handler::{closure#0}, !>
[INFO] [stdout]    9:     0x5e63db9c4ddd - __rustc[8fa7c3cbc660c2b3]::rust_begin_unwind
[INFO] [stdout]   10:     0x5e63dba0016c - core[df12db4294e9bfd3]::panicking::panic_fmt
[INFO] [stdout]   11:     0x5e63db9fff42 - core[df12db4294e9bfd3]::result::unwrap_failed
[INFO] [stdout]   12:     0x5e63db92e0b3 - leptos_ui_kit_registry[a2a8eb5354db8c39]::config::tests::valid_config_json
[INFO] [stdout]   13:     0x5e63db92e0d6 - leptos_ui_kit_registry[a2a8eb5354db8c39]::config::tests::rejects_css_paths_outside_styles_dir
[INFO] [stdout]   14:     0x5e63db940d26 - <leptos_ui_kit_registry[a2a8eb5354db8c39]::config::tests::rejects_invalid_tool_url::{closure#0} as core[df12db4294e9bfd3]::ops::function::FnOnce<()>>::call_once
[INFO] [stdout]   15:     0x5e63db94aa2b - test[9d35eded1c95d3be]::__rust_begin_short_backtrace::<core[df12db4294e9bfd3]::result::Result<(), alloc[2182bb758b4b3781]::string::String>, fn() -> core[df12db4294e9bfd3]::result::Result<(), alloc[2182bb758b4b3781]::string::String>>
[INFO] [stdout]   16:     0x5e63db958095 - test[9d35eded1c95d3be]::run_test::{closure#0}
[INFO] [stdout]   17:     0x5e63db951954 - std[70759c8f55707aa4]::sys::backtrace::__rust_begin_short_backtrace::<test[9d35eded1c95d3be]::run_test::{closure#1}, ()>
[INFO] [stdout]   18:     0x5e63db95b1f2 - <std[70759c8f55707aa4]::thread::lifecycle::spawn_unchecked<test[9d35eded1c95d3be]::run_test::{closure#1}, ()>::{closure#1} as core[df12db4294e9bfd3]::ops::function::FnOnce<()>>::call_once::{shim:vtable#0}
[INFO] [stdout]   19:     0x5e63db9e8a89 - <std[70759c8f55707aa4]::sys::thread::unix::Thread>::new::thread_start
[INFO] [stdout]   20:     0x7a44be91adfa - <unknown>
[INFO] [stdout]   21:     0x7a44be9ae3d4 - clone
[INFO] [stdout]   22:                0x0 - <unknown>
[INFO] [stdout] 
[INFO] [stdout] ---- config::tests::rejects_parent_traversal_in_paths stdout ----
[INFO] [stdout] 
[INFO] [stdout] thread 'config::tests::rejects_parent_traversal_in_paths' (3457) panicked at src/config.rs:706:30:
[INFO] [stdout] serialize config: MissingToolProvenance { package: "leptos_ui_kit_cli", binary: "leptos_ui_kit" }
[INFO] [stdout] stack backtrace:
[INFO] [stdout]    0:     0x5e63db9e9a31 - <<std[70759c8f55707aa4]::sys::backtrace::BacktraceLock>::print::DisplayBacktrace as core[df12db4294e9bfd3]::fmt::Display>::fmt
[INFO] [stdout]    1:     0x5e63db9ff9fa - core[df12db4294e9bfd3]::fmt::write
[INFO] [stdout]    2:     0x5e63db9ee14c - <alloc[2182bb758b4b3781]::vec::Vec<u8> as core[df12db4294e9bfd3]::io::write::Write>::write_fmt
[INFO] [stdout]    3:     0x5e63db9c4136 - std[70759c8f55707aa4]::panicking::default_hook::{closure#0}
[INFO] [stdout]    4:     0x5e63db9e1209 - std[70759c8f55707aa4]::panicking::default_hook
[INFO] [stdout]    5:     0x5e63db957740 - test[9d35eded1c95d3be]::test_main_inner::<test[9d35eded1c95d3be]::test_main_static::{closure#0}>::{closure#0}
[INFO] [stdout]    6:     0x5e63db9e13c2 - std[70759c8f55707aa4]::panicking::panic_with_hook
[INFO] [stdout]    7:     0x5e63db9c41e2 - std[70759c8f55707aa4]::panicking::panic_handler::{closure#0}
[INFO] [stdout]    8:     0x5e63db9bccb9 - std[70759c8f55707aa4]::sys::backtrace::__rust_end_short_backtrace::<std[70759c8f55707aa4]::panicking::panic_handler::{closure#0}, !>
[INFO] [stdout]    9:     0x5e63db9c4ddd - __rustc[8fa7c3cbc660c2b3]::rust_begin_unwind
[INFO] [stdout]   10:     0x5e63dba0016c - core[df12db4294e9bfd3]::panicking::panic_fmt
[INFO] [stdout]   11:     0x5e63db9fff42 - core[df12db4294e9bfd3]::result::unwrap_failed
[INFO] [stdout]   12:     0x5e63db92e0b3 - leptos_ui_kit_registry[a2a8eb5354db8c39]::config::tests::valid_config_json
[INFO] [stdout]   13:     0x5e63db92e0d6 - leptos_ui_kit_registry[a2a8eb5354db8c39]::config::tests::rejects_css_paths_outside_styles_dir
[INFO] [stdout]   14:     0x5e63db940d86 - <leptos_ui_kit_registry[a2a8eb5354db8c39]::config::tests::rejects_parent_traversal_in_paths::{closure#0} as core[df12db4294e9bfd3]::ops::function::FnOnce<()>>::call_once
[INFO] [stdout]   15:     0x5e63db94aa2b - test[9d35eded1c95d3be]::__rust_begin_short_backtrace::<core[df12db4294e9bfd3]::result::Result<(), alloc[2182bb758b4b3781]::string::String>, fn() -> core[df12db4294e9bfd3]::result::Result<(), alloc[2182bb758b4b3781]::string::String>>
[INFO] [stdout]   16:     0x5e63db958095 - test[9d35eded1c95d3be]::run_test::{closure#0}
[INFO] [stdout]   17:     0x5e63db951954 - std[70759c8f55707aa4]::sys::backtrace::__rust_begin_short_backtrace::<test[9d35eded1c95d3be]::run_test::{closure#1}, ()>
[INFO] [stdout]   18:     0x5e63db95b1f2 - <std[70759c8f55707aa4]::thread::lifecycle::spawn_unchecked<test[9d35eded1c95d3be]::run_test::{closure#1}, ()>::{closure#1} as core[df12db4294e9bfd3]::ops::function::FnOnce<()>>::call_once::{shim:vtable#0}
[INFO] [stdout]   19:     0x5e63db9e8a89 - <std[70759c8f55707aa4]::sys::thread::unix::Thread>::new::thread_start
[INFO] [stdout]   20:     0x7a44be91adfa - <unknown>
[INFO] [stdout]   21:     0x7a44be9ae3d4 - clone
[INFO] [stdout]   22:                0x0 - <unknown>
[INFO] [stdout] 
[INFO] [stdout] ---- config::tests::rejects_non_css_style_paths stdout ----
[INFO] [stdout] 
[INFO] [stdout] thread 'config::tests::rejects_non_css_style_paths' (3456) panicked at src/config.rs:706:30:
[INFO] [stdout] serialize config: MissingToolProvenance { package: "leptos_ui_kit_cli", binary: "leptos_ui_kit" }
[INFO] [stdout] stack backtrace:
[INFO] [stdout]    0:     0x5e63db9e9a31 - <<std[70759c8f55707aa4]::sys::backtrace::BacktraceLock>::print::DisplayBacktrace as core[df12db4294e9bfd3]::fmt::Display>::fmt
[INFO] [stdout]    1:     0x5e63db9ff9fa - core[df12db4294e9bfd3]::fmt::write
[INFO] [stdout]    2:     0x5e63db9ee14c - <alloc[2182bb758b4b3781]::vec::Vec<u8> as core[df12db4294e9bfd3]::io::write::Write>::write_fmt
[INFO] [stdout]    3:     0x5e63db9c4136 - std[70759c8f55707aa4]::panicking::default_hook::{closure#0}
[INFO] [stdout]    4:     0x5e63db9e1209 - std[70759c8f55707aa4]::panicking::default_hook
[INFO] [stdout]    5:     0x5e63db957740 - test[9d35eded1c95d3be]::test_main_inner::<test[9d35eded1c95d3be]::test_main_static::{closure#0}>::{closure#0}
[INFO] [stdout]    6:     0x5e63db9e13c2 - std[70759c8f55707aa4]::panicking::panic_with_hook
[INFO] [stdout]    7:     0x5e63db9c41e2 - std[70759c8f55707aa4]::panicking::panic_handler::{closure#0}
[INFO] [stdout]    8:     0x5e63db9bccb9 - std[70759c8f55707aa4]::sys::backtrace::__rust_end_short_backtrace::<std[70759c8f55707aa4]::panicking::panic_handler::{closure#0}, !>
[INFO] [stdout]    9:     0x5e63db9c4ddd - __rustc[8fa7c3cbc660c2b3]::rust_begin_unwind
[INFO] [stdout]   10:     0x5e63dba0016c - core[df12db4294e9bfd3]::panicking::panic_fmt
[INFO] [stdout]   11:     0x5e63db9fff42 - core[df12db4294e9bfd3]::result::unwrap_failed
[INFO] [stdout]   12:     0x5e63db92e0b3 - leptos_ui_kit_registry[a2a8eb5354db8c39]::config::tests::valid_config_json
[INFO] [stdout]   13:     0x5e63db92e0d6 - leptos_ui_kit_registry[a2a8eb5354db8c39]::config::tests::rejects_css_paths_outside_styles_dir
[INFO] [stdout]   14:     0x5e63db940d3e - <leptos_ui_kit_registry[a2a8eb5354db8c39]::config::tests::rejects_non_css_style_paths::{closure#0} as core[df12db4294e9bfd3]::ops::function::FnOnce<()>>::call_once
[INFO] [stdout]   15:     0x5e63db94aa2b - test[9d35eded1c95d3be]::__rust_begin_short_backtrace::<core[df12db4294e9bfd3]::result::Result<(), alloc[2182bb758b4b3781]::string::String>, fn() -> core[df12db4294e9bfd3]::result::Result<(), alloc[2182bb758b4b3781]::string::String>>
[INFO] [stdout]   16:     0x5e63db958095 - test[9d35eded1c95d3be]::run_test::{closure#0}
[INFO] [stdout]   17:     0x5e63db951954 - std[70759c8f55707aa4]::sys::backtrace::__rust_begin_short_backtrace::<test[9d35eded1c95d3be]::run_test::{closure#1}, ()>
[INFO] [stdout]   18:     0x5e63db95b1f2 - <std[70759c8f55707aa4]::thread::lifecycle::spawn_unchecked<test[9d35eded1c95d3be]::run_test::{closure#1}, ()>::{closure#1} as core[df12db4294e9bfd3]::ops::function::FnOnce<()>>::call_once::{shim:vtable#0}
[INFO] [stdout]   19:     0x5e63db9e8a89 - <std[70759c8f55707aa4]::sys::thread::unix::Thread>::new::thread_start
[INFO] [stdout]   20:     0x7a44be91adfa - <unknown>
[INFO] [stdout]   21:     0x7a44be9ae3d4 - clone
[INFO] [stdout]   22:                0x0 - <unknown>
[INFO] [stdout] 
[INFO] [stdout] ---- config::tests::rejects_non_csr_render_mode stdout ----
[INFO] [stdout] 
[INFO] [stdout] thread 'config::tests::rejects_non_csr_render_mode' (3455) panicked at src/config.rs:706:30:
[INFO] [stdout] serialize config: MissingToolProvenance { package: "leptos_ui_kit_cli", binary: "leptos_ui_kit" }
[INFO] [stdout] stack backtrace:
[INFO] [stdout]    0:     0x5e63db9e9a31 - <<std[70759c8f55707aa4]::sys::backtrace::BacktraceLock>::print::DisplayBacktrace as core[df12db4294e9bfd3]::fmt::Display>::fmt
[INFO] [stdout]    1:     0x5e63db9ff9fa - core[df12db4294e9bfd3]::fmt::write
[INFO] [stdout]    2:     0x5e63db9ee14c - <alloc[2182bb758b4b3781]::vec::Vec<u8> as core[df12db4294e9bfd3]::io::write::Write>::write_fmt
[INFO] [stdout]    3:     0x5e63db9c4136 - std[70759c8f55707aa4]::panicking::default_hook::{closure#0}
[INFO] [stdout]    4:     0x5e63db9e1209 - std[70759c8f55707aa4]::panicking::default_hook
[INFO] [stdout]    5:     0x5e63db957740 - test[9d35eded1c95d3be]::test_main_inner::<test[9d35eded1c95d3be]::test_main_static::{closure#0}>::{closure#0}
[INFO] [stdout]    6:     0x5e63db9e13c2 - std[70759c8f55707aa4]::panicking::panic_with_hook
[INFO] [stdout]    7:     0x5e63db9c41e2 - std[70759c8f55707aa4]::panicking::panic_handler::{closure#0}
[INFO] [stdout]    8:     0x5e63db9bccb9 - std[70759c8f55707aa4]::sys::backtrace::__rust_end_short_backtrace::<std[70759c8f55707aa4]::panicking::panic_handler::{closure#0}, !>
[INFO] [stdout]    9:     0x5e63db9c4ddd - __rustc[8fa7c3cbc660c2b3]::rust_begin_unwind
[INFO] [stdout]   10:     0x5e63dba0016c - core[df12db4294e9bfd3]::panicking::panic_fmt
[INFO] [stdout]   11:     0x5e63db9fff42 - core[df12db4294e9bfd3]::result::unwrap_failed
[INFO] [stdout]   12:     0x5e63db92e0b3 - leptos_ui_kit_registry[a2a8eb5354db8c39]::config::tests::valid_config_json
[INFO] [stdout]   13:     0x5e63db92e0d6 - leptos_ui_kit_registry[a2a8eb5354db8c39]::config::tests::rejects_css_paths_outside_styles_dir
[INFO] [stdout]   14:     0x5e63db940d36 - <leptos_ui_kit_registry[a2a8eb5354db8c39]::config::tests::rejects_non_csr_render_mode::{closure#0} as core[df12db4294e9bfd3]::ops::function::FnOnce<()>>::call_once
[INFO] [stdout]   15:     0x5e63db94aa2b - test[9d35eded1c95d3be]::__rust_begin_short_backtrace::<core[df12db4294e9bfd3]::result::Result<(), alloc[2182bb758b4b3781]::string::String>, fn() -> core[df12db4294e9bfd3]::result::Result<(), alloc[2182bb758b4b3781]::string::String>>
[INFO] [stdout]   16:     0x5e63db958095 - test[9d35eded1c95d3be]::run_test::{closure#0}
[INFO] [stdout]   17:     0x5e63db951954 - std[70759c8f55707aa4]::sys::backtrace::__rust_begin_short_backtrace::<test[9d35eded1c95d3be]::run_test::{closure#1}, ()>
[INFO] [stdout]   18:     0x5e63db95b1f2 - <std[70759c8f55707aa4]::thread::lifecycle::spawn_unchecked<test[9d35eded1c95d3be]::run_test::{closure#1}, ()>::{closure#1} as core[df12db4294e9bfd3]::ops::function::FnOnce<()>>::call_once::{shim:vtable#0}
[INFO] [stdout]   19:     0x5e63db9e8a89 - <std[70759c8f55707aa4]::sys::thread::unix::Thread>::new::thread_start
[INFO] [stdout]   20:     0x7a44be91adfa - <unknown>
[INFO] [stdout]   21:     0x7a44be9ae3d4 - clone
[INFO] [stdout]   22:                0x0 - <unknown>
[INFO] [stdout] 
[INFO] [stdout] ---- config::tests::rejects_invalid_tool_rev stdout ----
[INFO] [stdout] 
[INFO] [stdout] thread 'config::tests::rejects_invalid_tool_rev' (3453) panicked at src/config.rs:706:30:
[INFO] [stdout] serialize config: MissingToolProvenance { package: "leptos_ui_kit_cli", binary: "leptos_ui_kit" }
[INFO] [stdout] stack backtrace:
[INFO] [stdout]    0:     0x5e63db9e9a31 - <<std[70759c8f55707aa4]::sys::backtrace::BacktraceLock>::print::DisplayBacktrace as core[df12db4294e9bfd3]::fmt::Display>::fmt
[INFO] [stdout]    1:     0x5e63db9ff9fa - core[df12db4294e9bfd3]::fmt::write
[INFO] [stdout]    2:     0x5e63db9ee14c - <alloc[2182bb758b4b3781]::vec::Vec<u8> as core[df12db4294e9bfd3]::io::write::Write>::write_fmt
[INFO] [stdout]    3:     0x5e63db9c4136 - std[70759c8f55707aa4]::panicking::default_hook::{closure#0}
[INFO] [stdout]    4:     0x5e63db9e1209 - std[70759c8f55707aa4]::panicking::default_hook
[INFO] [stdout]    5:     0x5e63db957740 - test[9d35eded1c95d3be]::test_main_inner::<test[9d35eded1c95d3be]::test_main_static::{closure#0}>::{closure#0}
[INFO] [stdout]    6:     0x5e63db9e13c2 - std[70759c8f55707aa4]::panicking::panic_with_hook
[INFO] [stdout]    7:     0x5e63db9c41e2 - std[70759c8f55707aa4]::panicking::panic_handler::{closure#0}
[INFO] [stdout]    8:     0x5e63db9bccb9 - std[70759c8f55707aa4]::sys::backtrace::__rust_end_short_backtrace::<std[70759c8f55707aa4]::panicking::panic_handler::{closure#0}, !>
[INFO] [stdout]    9:     0x5e63db9c4ddd - __rustc[8fa7c3cbc660c2b3]::rust_begin_unwind
[INFO] [stdout]   10:     0x5e63dba0016c - core[df12db4294e9bfd3]::panicking::panic_fmt
[INFO] [stdout]   11:     0x5e63db9fff42 - core[df12db4294e9bfd3]::result::unwrap_failed
[INFO] [stdout]   12:     0x5e63db92e0b3 - leptos_ui_kit_registry[a2a8eb5354db8c39]::config::tests::valid_config_json
[INFO] [stdout]   13:     0x5e63db92e0d6 - leptos_ui_kit_registry[a2a8eb5354db8c39]::config::tests::rejects_css_paths_outside_styles_dir
[INFO] [stdout]   14:     0x5e63db940d1e - <leptos_ui_kit_registry[a2a8eb5354db8c39]::config::tests::rejects_invalid_tool_rev::{closure#0} as core[df12db4294e9bfd3]::ops::function::FnOnce<()>>::call_once
[INFO] [stdout]   15:     0x5e63db94aa2b - test[9d35eded1c95d3be]::__rust_begin_short_backtrace::<core[df12db4294e9bfd3]::result::Result<(), alloc[2182bb758b4b3781]::string::String>, fn() -> core[df12db4294e9bfd3]::result::Result<(), alloc[2182bb758b4b3781]::string::String>>
[INFO] [stdout]   16:     0x5e63db958095 - test[9d35eded1c95d3be]::run_test::{closure#0}
[INFO] [stdout]   17:     0x5e63db951954 - std[70759c8f55707aa4]::sys::backtrace::__rust_begin_short_backtrace::<test[9d35eded1c95d3be]::run_test::{closure#1}, ()>
[INFO] [stdout]   18:     0x5e63db95b1f2 - <std[70759c8f55707aa4]::thread::lifecycle::spawn_unchecked<test[9d35eded1c95d3be]::run_test::{closure#1}, ()>::{closure#1} as core[df12db4294e9bfd3]::ops::function::FnOnce<()>>::call_once::{shim:vtable#0}
[INFO] [stdout]   19:     0x5e63db9e8a89 - <std[70759c8f55707aa4]::sys::thread::unix::Thread>::new::thread_start
[INFO] [stdout]   20:     0x7a44be91adfa - <unknown>
[INFO] [stdout]   21:     0x7a44be9ae3d4 - clone
[INFO] [stdout]   22:                0x0 - <unknown>
[INFO] [stdout] 
[INFO] [stdout] ---- detect::tests::info_output_normalizes_kit_config_when_present stdout ----
[INFO] [stdout] 
[INFO] [stdout] thread 'detect::tests::info_output_normalizes_kit_config_when_present' (3468) panicked at src/detect.rs:637:53:
[INFO] [stdout] canonical config: MissingToolProvenance { package: "leptos_ui_kit_cli", binary: "leptos_ui_kit" }
[INFO] [stdout] stack backtrace:
[INFO] [stdout]    0:     0x5e63db9e9a31 - <<std[70759c8f55707aa4]::sys::backtrace::BacktraceLock>::print::DisplayBacktrace as core[df12db4294e9bfd3]::fmt::Display>::fmt
[INFO] [stdout]    1:     0x5e63db9ff9fa - core[df12db4294e9bfd3]::fmt::write
[INFO] [stdout]    2:     0x5e63db9ee14c - <alloc[2182bb758b4b3781]::vec::Vec<u8> as core[df12db4294e9bfd3]::io::write::Write>::write_fmt
[INFO] [stdout]    3:     0x5e63db9c4136 - std[70759c8f55707aa4]::panicking::default_hook::{closure#0}
[INFO] [stdout]    4:     0x5e63db9e1209 - std[70759c8f55707aa4]::panicking::default_hook
[INFO] [stdout]    5:     0x5e63db957740 - test[9d35eded1c95d3be]::test_main_inner::<test[9d35eded1c95d3be]::test_main_static::{closure#0}>::{closure#0}
[INFO] [stdout]    6:     0x5e63db9e13c2 - std[70759c8f55707aa4]::panicking::panic_with_hook
[INFO] [stdout]    7:     0x5e63db9c41e2 - std[70759c8f55707aa4]::panicking::panic_handler::{closure#0}
[INFO] [stdout]    8:     0x5e63db9bccb9 - std[70759c8f55707aa4]::sys::backtrace::__rust_end_short_backtrace::<std[70759c8f55707aa4]::panicking::panic_handler::{closure#0}, !>
[INFO] [stdout]    9:     0x5e63db9c4ddd - __rustc[8fa7c3cbc660c2b3]::rust_begin_unwind
[INFO] [stdout]   10:     0x5e63dba0016c - core[df12db4294e9bfd3]::panicking::panic_fmt
[INFO] [stdout]   11:     0x5e63db9fff42 - core[df12db4294e9bfd3]::result::unwrap_failed
[INFO] [stdout]   12:     0x5e63db942916 - leptos_ui_kit_registry[a2a8eb5354db8c39]::detect::tests::info_output_normalizes_kit_config_when_present
[INFO] [stdout]   13:     0x5e63db940e0e - <leptos_ui_kit_registry[a2a8eb5354db8c39]::detect::tests::info_output_normalizes_kit_config_when_present::{closure#0} as core[df12db4294e9bfd3]::ops::function::FnOnce<()>>::call_once
[INFO] [stdout]   14:     0x5e63db94aa2b - test[9d35eded1c95d3be]::__rust_begin_short_backtrace::<core[df12db4294e9bfd3]::result::Result<(), alloc[2182bb758b4b3781]::string::String>, fn() -> core[df12db4294e9bfd3]::result::Result<(), alloc[2182bb758b4b3781]::string::String>>
[INFO] [stdout]   15:     0x5e63db958095 - test[9d35eded1c95d3be]::run_test::{closure#0}
[INFO] [stdout]   16:     0x5e63db951954 - std[70759c8f55707aa4]::sys::backtrace::__rust_begin_short_backtrace::<test[9d35eded1c95d3be]::run_test::{closure#1}, ()>
[INFO] [stdout]   17:     0x5e63db95b1f2 - <std[70759c8f55707aa4]::thread::lifecycle::spawn_unchecked<test[9d35eded1c95d3be]::run_test::{closure#1}, ()>::{closure#1} as core[df12db4294e9bfd3]::ops::function::FnOnce<()>>::call_once::{shim:vtable#0}
[INFO] [stdout]   18:     0x5e63db9e8a89 - <std[70759c8f55707aa4]::sys::thread::unix::Thread>::new::thread_start
[INFO] [stdout]   19:     0x7a44be91adfa - <unknown>
[INFO] [stdout]   20:     0x7a44be9ae3d4 - clone
[INFO] [stdout]   21:                0x0 - <unknown>
[INFO] [stdout] 
[INFO] [stdout] ---- detect::tests::info_output_uses_configured_css_path_when_present stdout ----
[INFO] [stdout] 
[INFO] [stdout] thread 'detect::tests::info_output_uses_configured_css_path_when_present' (3469) panicked at src/detect.rs:655:43:
[INFO] [stdout] canonical config: MissingToolProvenance { package: "leptos_ui_kit_cli", binary: "leptos_ui_kit" }
[INFO] [stdout] stack backtrace:
[INFO] [stdout]    0:     0x5e63db9e9a31 - <<std[70759c8f55707aa4]::sys::backtrace::BacktraceLock>::print::DisplayBacktrace as core[df12db4294e9bfd3]::fmt::Display>::fmt
[INFO] [stdout]    1:     0x5e63db9ff9fa - core[df12db4294e9bfd3]::fmt::write
[INFO] [stdout]    2:     0x5e63db9ee14c - <alloc[2182bb758b4b3781]::vec::Vec<u8> as core[df12db4294e9bfd3]::io::write::Write>::write_fmt
[INFO] [stdout]    3:     0x5e63db9c4136 - std[70759c8f55707aa4]::panicking::default_hook::{closure#0}
[INFO] [stdout]    4:     0x5e63db9e1209 - std[70759c8f55707aa4]::panicking::default_hook
[INFO] [stdout]    5:     0x5e63db957740 - test[9d35eded1c95d3be]::test_main_inner::<test[9d35eded1c95d3be]::test_main_static::{closure#0}>::{closure#0}
[INFO] [stdout]    6:     0x5e63db9e13c2 - std[70759c8f55707aa4]::panicking::panic_with_hook
[INFO] [stdout]    7:     0x5e63db9c41e2 - std[70759c8f55707aa4]::panicking::panic_handler::{closure#0}
[INFO] [stdout]    8:     0x5e63db9bccb9 - std[70759c8f55707aa4]::sys::backtrace::__rust_end_short_backtrace::<std[70759c8f55707aa4]::panicking::panic_handler::{closure#0}, !>
[INFO] [stdout]    9:     0x5e63db9c4ddd - __rustc[8fa7c3cbc660c2b3]::rust_begin_unwind
[INFO] [stdout]   10:     0x5e63dba0016c - core[df12db4294e9bfd3]::panicking::panic_fmt
[INFO] [stdout]   11:     0x5e63db9fff42 - core[df12db4294e9bfd3]::result::unwrap_failed
[INFO] [stdout]   12:     0x5e63db942a76 - leptos_ui_kit_registry[a2a8eb5354db8c39]::detect::tests::info_output_uses_configured_css_path_when_present
[INFO] [stdout]   13:     0x5e63db940e16 - <leptos_ui_kit_registry[a2a8eb5354db8c39]::detect::tests::info_output_uses_configured_css_path_when_present::{closure#0} as core[df12db4294e9bfd3]::ops::function::FnOnce<()>>::call_once
[INFO] [stdout]   14:     0x5e63db94aa2b - test[9d35eded1c95d3be]::__rust_begin_short_backtrace::<core[df12db4294e9bfd3]::result::Result<(), alloc[2182bb758b4b3781]::string::String>, fn() -> core[df12db4294e9bfd3]::result::Result<(), alloc[2182bb758b4b3781]::string::String>>
[INFO] [stdout]   15:     0x5e63db958095 - test[9d35eded1c95d3be]::run_test::{closure#0}
[INFO] [stdout]   16:     0x5e63db951954 - std[70759c8f55707aa4]::sys::backtrace::__rust_begin_short_backtrace::<test[9d35eded1c95d3be]::run_test::{closure#1}, ()>
[INFO] [stdout]   17:     0x5e63db95b1f2 - <std[70759c8f55707aa4]::thread::lifecycle::spawn_unchecked<test[9d35eded1c95d3be]::run_test::{closure#1}, ()>::{closure#1} as core[df12db4294e9bfd3]::ops::function::FnOnce<()>>::call_once::{shim:vtable#0}
[INFO] [stdout]   18:     0x5e63db9e8a89 - <std[70759c8f55707aa4]::sys::thread::unix::Thread>::new::thread_start
[INFO] [stdout]   19:     0x7a44be91adfa - <unknown>
[INFO] [stdout]   20:     0x7a44be9ae3d4 - clone
[INFO] [stdout]   21:                0x0 - <unknown>
[INFO] [stdout] 
[INFO] [stdout] ---- item::tests::built_in_rust_sources_are_rustfmt_clean stdout ----
[INFO] [stdout] 
[INFO] [stdout] thread 'item::tests::built_in_rust_sources_are_rustfmt_clean' (3475) panicked at src/item.rs:1088:17:
[INFO] [stdout] registry source /opt/rustwide/workdir/registry/ui/anchor.rs is not rustfmt-clean
[INFO] [stdout] stdout:
[INFO] [stdout] 
[INFO] [stdout] stderr:
[INFO] [stdout] error: 'rustfmt' is not installed for the toolchain '1.99.0-beta.8-x86_64-unknown-linux-gnu'.
[INFO] [stdout] help: run `rustup component add --toolchain 1.99.0-beta.8-x86_64-unknown-linux-gnu rustfmt` to install it
[INFO] [stdout] 
[INFO] [stdout] stack backtrace:
[INFO] [stdout]    0:     0x5e63db9e9a31 - <<std[70759c8f55707aa4]::sys::backtrace::BacktraceLock>::print::DisplayBacktrace as core[df12db4294e9bfd3]::fmt::Display>::fmt
[INFO] [stdout]    1:     0x5e63db9ff9fa - core[df12db4294e9bfd3]::fmt::write
[INFO] [stdout]    2:     0x5e63db9ee14c - <alloc[2182bb758b4b3781]::vec::Vec<u8> as core[df12db4294e9bfd3]::io::write::Write>::write_fmt
[INFO] [stdout]    3:     0x5e63db9c4136 - std[70759c8f55707aa4]::panicking::default_hook::{closure#0}
[INFO] [stdout]    4:     0x5e63db9e1209 - std[70759c8f55707aa4]::panicking::default_hook
[INFO] [stdout]    5:     0x5e63db957740 - test[9d35eded1c95d3be]::test_main_inner::<test[9d35eded1c95d3be]::test_main_static::{closure#0}>::{closure#0}
[INFO] [stdout]    6:     0x5e63db9e13c2 - std[70759c8f55707aa4]::panicking::panic_with_hook
[INFO] [stdout]    7:     0x5e63db9c41e2 - std[70759c8f55707aa4]::panicking::panic_handler::{closure#0}
[INFO] [stdout]    8:     0x5e63db9bccb9 - std[70759c8f55707aa4]::sys::backtrace::__rust_end_short_backtrace::<std[70759c8f55707aa4]::panicking::panic_handler::{closure#0}, !>
[INFO] [stdout]    9:     0x5e63db9c4ddd - __rustc[8fa7c3cbc660c2b3]::rust_begin_unwind
[INFO] [stdout]   10:     0x5e63dba0016c - core[df12db4294e9bfd3]::panicking::panic_fmt
[INFO] [stdout]   11:     0x5e63db91efd3 - leptos_ui_kit_registry[a2a8eb5354db8c39]::item::tests::built_in_rust_sources_are_rustfmt_clean
[INFO] [stdout]   12:     0x5e63db940aa9 - <leptos_ui_kit_registry[a2a8eb5354db8c39]::item::tests::built_in_rust_sources_are_rustfmt_clean::{closure#0} as core[df12db4294e9bfd3]::ops::function::FnOnce<()>>::call_once
[INFO] [stdout]   13:     0x5e63db94aa2b - test[9d35eded1c95d3be]::__rust_begin_short_backtrace::<core[df12db4294e9bfd3]::result::Result<(), alloc[2182bb758b4b3781]::string::String>, fn() -> core[df12db4294e9bfd3]::result::Result<(), alloc[2182bb758b4b3781]::string::String>>
[INFO] [stdout]   14:     0x5e63db958095 - test[9d35eded1c95d3be]::run_test::{closure#0}
[INFO] [stdout]   15:     0x5e63db951954 - std[70759c8f55707aa4]::sys::backtrace::__rust_begin_short_backtrace::<test[9d35eded1c95d3be]::run_test::{closure#1}, ()>
[INFO] [stdout]   16:     0x5e63db95b1f2 - <std[70759c8f55707aa4]::thread::lifecycle::spawn_unchecked<test[9d35eded1c95d3be]::run_test::{closure#1}, ()>::{closure#1} as core[df12db4294e9bfd3]::ops::function::FnOnce<()>>::call_once::{shim:vtable#0}
[INFO] [stdout]   17:     0x5e63db9e8a89 - <std[70759c8f55707aa4]::sys::thread::unix::Thread>::new::thread_start
[INFO] [stdout]   18:     0x7a44be91adfa - <unknown>
[INFO] [stdout]   19:     0x7a44be9ae3d4 - clone
[INFO] [stdout]   20:                0x0 - <unknown>
[INFO] [stdout] 
[INFO] [stdout] 
[INFO] [stdout] failures:
[INFO] [stdout]     config::tests::accepts_explicit_safe_style_css_path
[INFO] [stdout]     config::tests::canonical_json_is_deterministic
[INFO] [stdout]     config::tests::desired_item_add_is_idempotent
[INFO] [stdout]     config::tests::normalizes_canonical_install_roots
[INFO] [stdout]     config::tests::parses_canonical_kit_json
[INFO] [stdout]     config::tests::records_desired_builtin_button_item
[INFO] [stdout]     config::tests::rejects_css_paths_outside_styles_dir
[INFO] [stdout]     config::tests::rejects_duplicate_desired_items
[INFO] [stdout]     config::tests::rejects_forbidden_legacy_fields
[INFO] [stdout]     config::tests::rejects_hidden_style_css_paths
[INFO] [stdout]     config::tests::rejects_invalid_desired_item
[INFO] [stdout]     config::tests::rejects_invalid_tool_rev
[INFO] [stdout]     config::tests::rejects_invalid_tool_url
[INFO] [stdout]     config::tests::rejects_non_csr_render_mode
[INFO] [stdout]     config::tests::rejects_non_css_style_paths
[INFO] [stdout]     config::tests::rejects_parent_traversal_in_paths
[INFO] [stdout]     config::tests::rejects_stale_style_prefix_fields
[INFO] [stdout]     config::tests::rejects_unknown_top_level_field
[INFO] [stdout]     config::tests::rejects_wrong_leptos_version
[INFO] [stdout]     detect::tests::info_output_normalizes_kit_config_when_present
[INFO] [stdout]     detect::tests::info_output_uses_configured_css_path_when_present
[INFO] [stdout]     item::tests::built_in_rust_sources_are_rustfmt_clean
[INFO] [stdout] 
[INFO] [stdout] test result: FAILED. 36 passed; 22 failed; 0 ignored; 0 measured; 0 filtered out; finished in 0.45s
[INFO] [stdout] 
[INFO] running `Command { std: "docker" "inspect" "a525f7ddbc33b57dfed1482932198e6817e6f2b974228f73b2f9324e4ac2a700", kill_on_drop: false }`
[INFO] running `Command { std: "docker" "rm" "-f" "a525f7ddbc33b57dfed1482932198e6817e6f2b974228f73b2f9324e4ac2a700", kill_on_drop: false }`
[INFO] [stdout] a525f7ddbc33b57dfed1482932198e6817e6f2b974228f73b2f9324e4ac2a700
