[INFO] fetching crate leptos_ui_kit_codegen 0.1.0...
[INFO] testing leptos_ui_kit_codegen-0.1.0 against 1.99.0-beta.8+cargoflags=--release for beta-release-1.100-2
[INFO] extracting crate leptos_ui_kit_codegen 0.1.0 into /workspace/builds/worker-7-tc1/source
[INFO] started tweaking crates.io crate leptos_ui_kit_codegen 0.1.0
[INFO] finished tweaking crates.io crate leptos_ui_kit_codegen 0.1.0
[INFO] tweaked toml for crates.io crate leptos_ui_kit_codegen 0.1.0 written to /workspace/builds/worker-7-tc1/source/Cargo.toml
[INFO] validating manifest of crates.io crate leptos_ui_kit_codegen 0.1.0 on toolchain 1.99.0-beta.8
[INFO] running `Command { std: CARGO_HOME="/workspace/cargo-home" RUSTUP_HOME="/workspace/rustup-home" "/workspace/cargo-home/bin/cargo" "+1.99.0-beta.8" "metadata" "--manifest-path" "Cargo.toml" "--no-deps", kill_on_drop: false }`
[INFO] crate crates.io crate leptos_ui_kit_codegen 0.1.0 already has a lockfile, it will not be regenerated
[INFO] running `Command { std: CARGO_HOME="/workspace/cargo-home" RUSTUP_HOME="/workspace/rustup-home" "/workspace/cargo-home/bin/cargo" "+1.99.0-beta.8" "fetch" "--manifest-path" "Cargo.toml", kill_on_drop: false }`
[INFO] [stderr]     Updating crates.io index
[INFO] [stderr]  Downloading crates ...
[INFO] [stderr]   Downloaded leptos_ui_kit_registry v0.1.0
[INFO] running `Command { std: "docker" "create" "-v" "/var/lib/crater-agent-workspace/builds/worker-7-tc1/source:/opt/rustwide/workdir:ro,Z" "-v" "/var/lib/crater-agent-workspace/builds/worker-7-tc1/target:/opt/rustwide/target:rw,Z" "-v" "/var/lib/crater-agent-workspace/cargo-home:/opt/rustwide/cargo-home:ro,Z" "-v" "/var/lib/crater-agent-workspace/rustup-home:/opt/rustwide/rustup-home:ro,Z" "-m" "1610612736" "--network" "none" "ghcr.io/rust-lang/crates-build-env/linux@sha256:77db811e55d90add9212f6832c23229e3de5f1c1f9905e8cb07319ea15df73ac" "sleep" "infinity", kill_on_drop: false }`
[INFO] [stdout] 5b8fc710fd463e8a60e46636ec526dcd306996851ea6c59b4fcb2e986bfb0ec7
[INFO] running `Command { std: "docker" "start" "5b8fc710fd463e8a60e46636ec526dcd306996851ea6c59b4fcb2e986bfb0ec7", kill_on_drop: false }`
[INFO] running `Command { std: "docker" "inspect" "5b8fc710fd463e8a60e46636ec526dcd306996851ea6c59b4fcb2e986bfb0ec7", kill_on_drop: false }`
[INFO] running `Command { std: "docker" "exec" "-e" "SOURCE_DIR=/opt/rustwide/workdir" "-e" "CARGO_HOME=/opt/rustwide/cargo-home" "-e" "RUSTUP_HOME=/opt/rustwide/rustup-home" "-e" "CARGO_TARGET_DIR=/opt/rustwide/target" "-w" "/opt/rustwide/workdir" "--user" "0:0" "5b8fc710fd463e8a60e46636ec526dcd306996851ea6c59b4fcb2e986bfb0ec7" "/opt/rustwide/cargo-home/bin/cargo" "+1.99.0-beta.8" "metadata" "--no-deps" "--format-version=1", kill_on_drop: false }`
[INFO] running `Command { std: "docker" "inspect" "5b8fc710fd463e8a60e46636ec526dcd306996851ea6c59b4fcb2e986bfb0ec7", kill_on_drop: false }`
[INFO] running `Command { std: "docker" "exec" "-e" "SOURCE_DIR=/opt/rustwide/workdir" "-e" "CARGO_HOME=/opt/rustwide/cargo-home" "-e" "RUSTUP_HOME=/opt/rustwide/rustup-home" "-e" "CARGO_TARGET_DIR=/opt/rustwide/target" "-e" "CARGO_INCREMENTAL=0" "-e" "RUST_BACKTRACE=full" "-e" "RUSTFLAGS=--cap-lints=warn" "-e" "RUSTDOCFLAGS=--cap-lints=warn" "-w" "/opt/rustwide/workdir" "--user" "0:0" "5b8fc710fd463e8a60e46636ec526dcd306996851ea6c59b4fcb2e986bfb0ec7" "/opt/rustwide/cargo-home/bin/cargo" "+1.99.0-beta.8" "build" "--frozen" "--message-format=json" "--release", kill_on_drop: false }`
[INFO] [stderr]    Compiling serde_core v1.0.228
[INFO] [stderr]    Compiling proc-macro2 v1.0.106
[INFO] [stderr]    Compiling quote v1.0.46
[INFO] [stderr]    Compiling winnow v1.0.4
[INFO] [stderr]    Compiling serde_json v1.0.150
[INFO] [stderr]    Compiling winnow v0.7.15
[INFO] [stderr]    Compiling leptos_ui_kit_registry v0.1.0
[INFO] [stderr]    Compiling toml_writer v1.1.2+spec-1.1.0
[INFO] [stderr]    Compiling digest v0.10.7
[INFO] [stderr]    Compiling sha2 v0.10.9
[INFO] [stderr]    Compiling toml_parser v1.1.2+spec-1.1.0
[INFO] [stderr]    Compiling syn v2.0.118
[INFO] [stderr]    Compiling toml_datetime v0.7.5+spec-1.1.0
[INFO] [stderr]    Compiling serde_spanned v1.1.1
[INFO] [stderr]    Compiling toml v0.9.12+spec-1.1.0
[INFO] [stderr]    Compiling serde_derive v1.0.228
[INFO] [stderr]    Compiling serde v1.0.228
[INFO] [stderr]    Compiling leptos_ui_kit_codegen v0.1.0 (/opt/rustwide/workdir)
[INFO] [stderr]     Finished `release` profile [optimized] target(s) in 24.57s
[INFO] running `Command { std: "docker" "inspect" "5b8fc710fd463e8a60e46636ec526dcd306996851ea6c59b4fcb2e986bfb0ec7", kill_on_drop: false }`
[INFO] running `Command { std: "docker" "exec" "-e" "SOURCE_DIR=/opt/rustwide/workdir" "-e" "CARGO_HOME=/opt/rustwide/cargo-home" "-e" "RUSTUP_HOME=/opt/rustwide/rustup-home" "-e" "CARGO_TARGET_DIR=/opt/rustwide/target" "-e" "CARGO_INCREMENTAL=0" "-e" "RUST_BACKTRACE=full" "-e" "RUSTFLAGS=--cap-lints=warn" "-e" "RUSTDOCFLAGS=--cap-lints=warn" "-w" "/opt/rustwide/workdir" "--user" "0:0" "5b8fc710fd463e8a60e46636ec526dcd306996851ea6c59b4fcb2e986bfb0ec7" "/opt/rustwide/cargo-home/bin/cargo" "+1.99.0-beta.8" "test" "--frozen" "--no-run" "--message-format=json" "--release", kill_on_drop: false }`
[INFO] [stderr]    Compiling libc v0.2.186
[INFO] [stderr]    Compiling getrandom v0.4.3
[INFO] [stderr]    Compiling tempfile v3.27.0
[INFO] [stderr]    Compiling leptos_ui_kit_codegen v0.1.0 (/opt/rustwide/workdir)
[INFO] [stderr]     Finished `release` profile [optimized] target(s) in 8.97s
[INFO] running `Command { std: "docker" "inspect" "5b8fc710fd463e8a60e46636ec526dcd306996851ea6c59b4fcb2e986bfb0ec7", kill_on_drop: false }`
[INFO] running `Command { std: "docker" "exec" "-e" "SOURCE_DIR=/opt/rustwide/workdir" "-e" "CARGO_HOME=/opt/rustwide/cargo-home" "-e" "RUSTUP_HOME=/opt/rustwide/rustup-home" "-e" "CARGO_TARGET_DIR=/opt/rustwide/target" "-e" "CARGO_INCREMENTAL=0" "-e" "RUST_BACKTRACE=full" "-e" "RUSTFLAGS=--cap-lints=warn" "-e" "RUSTDOCFLAGS=--cap-lints=warn" "-w" "/opt/rustwide/workdir" "--user" "0:0" "5b8fc710fd463e8a60e46636ec526dcd306996851ea6c59b4fcb2e986bfb0ec7" "/opt/rustwide/cargo-home/bin/cargo" "+1.99.0-beta.8" "test" "--frozen" "--release", kill_on_drop: false }`
[INFO] [stderr]     Finished `release` profile [optimized] target(s) in 0.07s
[INFO] [stderr]      Running unittests src/lib.rs (/opt/rustwide/target/release/deps/leptos_ui_kit_codegen-e83860c84671981f)
[INFO] [stdout] 
[INFO] [stdout] running 37 tests
[INFO] [stdout] test tests::component_module_patcher_rejects_private_conflict ... ok
[INFO] [stdout] test tests::add_plan_uses_configured_stylesheet_path ... FAILED
[INFO] [stdout] test tests::add_plan_rejects_tracked_local_edits ... FAILED
[INFO] [stdout] test tests::add_plan_rejects_untracked_existing_target ... FAILED
[INFO] [stdout] test tests::add_plan_reports_button_changes_without_writes ... FAILED
[INFO] [stdout] test tests::init_write_creates_expected_files_and_releases_lock ... FAILED
[INFO] [stdout] test tests::css_block_extractor_requires_exact_managed_markers ... ok
[INFO] [stdout] test tests::add_write_is_idempotent_when_tracked_files_are_unchanged ... FAILED
[INFO] [stdout] test tests::add_write_installs_button_state ... FAILED
[INFO] [stdout] test tests::init_plan_uses_configured_stylesheet_path ... FAILED
[INFO] [stdout] test tests::add_router_link_records_registry_dependencies_from_metadata ... FAILED
[INFO] [stdout] test tests::add_plan_records_generated_hashes ... FAILED
[INFO] [stdout] test tests::css_patcher_appends_managed_block ... ok
[INFO] [stdout] test tests::item_planner_supports_nested_ui_targets ... FAILED
[INFO] [stdout] test tests::init_plan_creates_missing_project_files_without_writes ... FAILED
[INFO] [stdout] test tests::init_plan_rejects_invalid_existing_config ... ok
[INFO] [stdout] test tests::css_patcher_is_idempotent_for_existing_matching_block ... ok
[INFO] [stdout] test tests::css_patcher_replaces_tracked_generated_block ... ok
[INFO] [stdout] test tests::css_patcher_rejects_edited_tracked_block ... ok
[INFO] [stdout] test tests::init_write_is_idempotent_when_files_are_unchanged ... FAILED
[INFO] [stdout] test tests::serializes_diagnostics_and_change_records_in_json_envelope ... ok
[INFO] [stdout] test tests::ui_module_patcher_emits_rustfmt_stable_single_exports ... ok
[INFO] [stdout] test tests::lock_rejects_malformed_hash_fields ... ok
[INFO] [stdout] test tests::ui_module_patcher_consolidates_stale_grouped_exports ... ok
[INFO] [stdout] test tests::path_safety_rejects_unsafe_paths ... ok
[INFO] [stdout] test tests::lock_round_trips_deterministically ... ok
[INFO] [stdout] test tests::module_patchers_insert_required_exports ... ok
[INFO] [stdout] test tests::sync_write_is_idempotent_when_declared_button_is_current ... FAILED
[INFO] [stdout] test tests::ui_module_patcher_removes_obsolete_grouped_exports ... ok
[INFO] [stdout] test tests::sync_plan_installs_declared_button_without_writes ... FAILED
[INFO] [stdout] test tests::transaction_lock_fails_when_lock_exists ... ok
[INFO] [stdout] test tests::ui_module_patcher_accepts_formatted_grouped_exports ... ok
[INFO] [stdout] test tests::path_safety_accepts_mvp_paths ... ok
[INFO] [stdout] test tests::path_safety_rejects_casefold_duplicate_paths ... ok
[INFO] [stdout] test tests::path_safety_rejects_symlink_escape ... ok
[INFO] [stdout] test tests::transaction_atomic_write_creates_file_and_releases_lock ... ok
[INFO] [stdout] test tests::ui_module_patcher_consolidates_stale_single_exports ... ok
[INFO] [stdout] 
[INFO] [stdout] failures:
[INFO] [stdout] 
[INFO] [stdout] ---- tests::add_plan_uses_configured_stylesheet_path stdout ----
[INFO] [stdout] 
[INFO] [stdout] thread 'tests::add_plan_uses_configured_stylesheet_path' (697) panicked at src/lib.rs:2347:43:
[INFO] [stdout] canonical config: MissingToolProvenance { package: "leptos_ui_kit_cli", binary: "leptos_ui_kit" }
[INFO] [stdout] stack backtrace:
[INFO] [stdout]    0:     0x624f09697041 - <<std[70759c8f55707aa4]::sys::backtrace::BacktraceLock>::print::DisplayBacktrace as core[df12db4294e9bfd3]::fmt::Display>::fmt
[INFO] [stdout]    1:     0x624f096ac42a - core[df12db4294e9bfd3]::fmt::write
[INFO] [stdout]    2:     0x624f0969b73c - <alloc[2182bb758b4b3781]::vec::Vec<u8> as core[df12db4294e9bfd3]::io::write::Write>::write_fmt
[INFO] [stdout]    3:     0x624f09671046 - std[70759c8f55707aa4]::panicking::default_hook::{closure#0}
[INFO] [stdout]    4:     0x624f0968e3d9 - std[70759c8f55707aa4]::panicking::default_hook
[INFO] [stdout]    5:     0x624f095df560 - test[9d35eded1c95d3be]::test_main_inner::<test[9d35eded1c95d3be]::test_main_static::{closure#0}>::{closure#0}
[INFO] [stdout]    6:     0x624f0968e592 - std[70759c8f55707aa4]::panicking::panic_with_hook
[INFO] [stdout]    7:     0x624f096710f2 - std[70759c8f55707aa4]::panicking::panic_handler::{closure#0}
[INFO] [stdout]    8:     0x624f09669b09 - std[70759c8f55707aa4]::sys::backtrace::__rust_end_short_backtrace::<std[70759c8f55707aa4]::panicking::panic_handler::{closure#0}, !>
[INFO] [stdout]    9:     0x624f09671ecd - __rustc[8fa7c3cbc660c2b3]::rust_begin_unwind
[INFO] [stdout]   10:     0x624f096acb5c - core[df12db4294e9bfd3]::panicking::panic_fmt
[INFO] [stdout]   11:     0x624f096ac932 - core[df12db4294e9bfd3]::result::unwrap_failed
[INFO] [stdout]   12:     0x624f095a74db - leptos_ui_kit_codegen[7df892bef1613e6d]::tests::add_plan_uses_configured_stylesheet_path
[INFO] [stdout]   13:     0x624f0959e0fe - <leptos_ui_kit_codegen[7df892bef1613e6d]::tests::add_plan_uses_configured_stylesheet_path::{closure#0} as core[df12db4294e9bfd3]::ops::function::FnOnce<()>>::call_once
[INFO] [stdout]   14:     0x624f095d284b - test[9d35eded1c95d3be]::__rust_begin_short_backtrace::<core[df12db4294e9bfd3]::result::Result<(), alloc[2182bb758b4b3781]::string::String>, fn() -> core[df12db4294e9bfd3]::result::Result<(), alloc[2182bb758b4b3781]::string::String>>
[INFO] [stdout]   15:     0x624f095dfeb5 - test[9d35eded1c95d3be]::run_test::{closure#0}
[INFO] [stdout]   16:     0x624f095d9774 - std[70759c8f55707aa4]::sys::backtrace::__rust_begin_short_backtrace::<test[9d35eded1c95d3be]::run_test::{closure#1}, ()>
[INFO] [stdout]   17:     0x624f095e3012 - <std[70759c8f55707aa4]::thread::lifecycle::spawn_unchecked<test[9d35eded1c95d3be]::run_test::{closure#1}, ()>::{closure#1} as core[df12db4294e9bfd3]::ops::function::FnOnce<()>>::call_once::{shim:vtable#0}
[INFO] [stdout]   18:     0x624f09696099 - <std[70759c8f55707aa4]::sys::thread::unix::Thread>::new::thread_start
[INFO] [stdout]   19:     0x7d1aa70c7dfa - <unknown>
[INFO] [stdout]   20:     0x7d1aa715b3d4 - clone
[INFO] [stdout]   21:                0x0 - <unknown>
[INFO] [stdout] 
[INFO] [stdout] ---- tests::add_plan_rejects_tracked_local_edits stdout ----
[INFO] [stdout] 
[INFO] [stdout] thread 'tests::add_plan_rejects_tracked_local_edits' (694) panicked at src/lib.rs:2608:26:
[INFO] [stdout] init: Config(MissingToolProvenance { package: "leptos_ui_kit_cli", binary: "leptos_ui_kit" })
[INFO] [stdout] stack backtrace:
[INFO] [stdout]    0:     0x624f09697041 - <<std[70759c8f55707aa4]::sys::backtrace::BacktraceLock>::print::DisplayBacktrace as core[df12db4294e9bfd3]::fmt::Display>::fmt
[INFO] [stdout]    1:     0x624f096ac42a - core[df12db4294e9bfd3]::fmt::write
[INFO] [stdout]    2:     0x624f0969b73c - <alloc[2182bb758b4b3781]::vec::Vec<u8> as core[df12db4294e9bfd3]::io::write::Write>::write_fmt
[INFO] [stdout]    3:     0x624f09671046 - std[70759c8f55707aa4]::panicking::default_hook::{closure#0}
[INFO] [stdout]    4:     0x624f0968e3d9 - std[70759c8f55707aa4]::panicking::default_hook
[INFO] [stdout]    5:     0x624f095df560 - test[9d35eded1c95d3be]::test_main_inner::<test[9d35eded1c95d3be]::test_main_static::{closure#0}>::{closure#0}
[INFO] [stdout]    6:     0x624f0968e592 - std[70759c8f55707aa4]::panicking::panic_with_hook
[INFO] [stdout]    7:     0x624f096710f2 - std[70759c8f55707aa4]::panicking::panic_handler::{closure#0}
[INFO] [stdout]    8:     0x624f09669b09 - std[70759c8f55707aa4]::sys::backtrace::__rust_end_short_backtrace::<std[70759c8f55707aa4]::panicking::panic_handler::{closure#0}, !>
[INFO] [stdout]    9:     0x624f09671ecd - __rustc[8fa7c3cbc660c2b3]::rust_begin_unwind
[INFO] [stdout]   10:     0x624f096acb5c - core[df12db4294e9bfd3]::panicking::panic_fmt
[INFO] [stdout]   11:     0x624f096ac932 - core[df12db4294e9bfd3]::result::unwrap_failed
[INFO] [stdout]   12:     0x624f095a49b3 - leptos_ui_kit_codegen[7df892bef1613e6d]::tests::add_plan_rejects_tracked_local_edits
[INFO] [stdout]   13:     0x624f0959e089 - <leptos_ui_kit_codegen[7df892bef1613e6d]::tests::add_plan_rejects_tracked_local_edits::{closure#0} as core[df12db4294e9bfd3]::ops::function::FnOnce<()>>::call_once
[INFO] [stdout]   14:     0x624f095d284b - test[9d35eded1c95d3be]::__rust_begin_short_backtrace::<core[df12db4294e9bfd3]::result::Result<(), alloc[2182bb758b4b3781]::string::String>, fn() -> core[df12db4294e9bfd3]::result::Result<(), alloc[2182bb758b4b3781]::string::String>>
[INFO] [stdout]   15:     0x624f095dfeb5 - test[9d35eded1c95d3be]::run_test::{closure#0}
[INFO] [stdout]   16:     0x624f095d9774 - std[70759c8f55707aa4]::sys::backtrace::__rust_begin_short_backtrace::<test[9d35eded1c95d3be]::run_test::{closure#1}, ()>
[INFO] [stdout]   17:     0x624f095e3012 - <std[70759c8f55707aa4]::thread::lifecycle::spawn_unchecked<test[9d35eded1c95d3be]::run_test::{closure#1}, ()>::{closure#1} as core[df12db4294e9bfd3]::ops::function::FnOnce<()>>::call_once::{shim:vtable#0}
[INFO] [stdout]   18:     0x624f09696099 - <std[70759c8f55707aa4]::sys::thread::unix::Thread>::new::thread_start
[INFO] [stdout]   19:     0x7d1aa70c7dfa - <unknown>
[INFO] [stdout]   20:     0x7d1aa715b3d4 - clone
[INFO] [stdout]   21:                0x0 - <unknown>
[INFO] [stdout] 
[INFO] [stdout] ---- tests::add_plan_rejects_untracked_existing_target stdout ----
[INFO] [stdout] 
[INFO] [stdout] thread 'tests::add_plan_rejects_untracked_existing_target' (695) panicked at src/lib.rs:2590:26:
[INFO] [stdout] init: Config(MissingToolProvenance { package: "leptos_ui_kit_cli", binary: "leptos_ui_kit" })
[INFO] [stdout] stack backtrace:
[INFO] [stdout]    0:     0x624f09697041 - <<std[70759c8f55707aa4]::sys::backtrace::BacktraceLock>::print::DisplayBacktrace as core[df12db4294e9bfd3]::fmt::Display>::fmt
[INFO] [stdout]    1:     0x624f096ac42a - core[df12db4294e9bfd3]::fmt::write
[INFO] [stdout]    2:     0x624f0969b73c - <alloc[2182bb758b4b3781]::vec::Vec<u8> as core[df12db4294e9bfd3]::io::write::Write>::write_fmt
[INFO] [stdout]    3:     0x624f09671046 - std[70759c8f55707aa4]::panicking::default_hook::{closure#0}
[INFO] [stdout]    4:     0x624f0968e3d9 - std[70759c8f55707aa4]::panicking::default_hook
[INFO] [stdout]    5:     0x624f095df560 - test[9d35eded1c95d3be]::test_main_inner::<test[9d35eded1c95d3be]::test_main_static::{closure#0}>::{closure#0}
[INFO] [stdout]    6:     0x624f0968e592 - std[70759c8f55707aa4]::panicking::panic_with_hook
[INFO] [stdout]    7:     0x624f096710f2 - std[70759c8f55707aa4]::panicking::panic_handler::{closure#0}
[INFO] [stdout]    8:     0x624f09669b09 - std[70759c8f55707aa4]::sys::backtrace::__rust_end_short_backtrace::<std[70759c8f55707aa4]::panicking::panic_handler::{closure#0}, !>
[INFO] [stdout]    9:     0x624f09671ecd - __rustc[8fa7c3cbc660c2b3]::rust_begin_unwind
[INFO] [stdout]   10:     0x624f096acb5c - core[df12db4294e9bfd3]::panicking::panic_fmt
[INFO] [stdout]   11:     0x624f096ac932 - core[df12db4294e9bfd3]::result::unwrap_failed
[INFO] [stdout]   12:     0x624f095a8137 - leptos_ui_kit_codegen[7df892bef1613e6d]::tests::add_plan_rejects_untracked_existing_target
[INFO] [stdout]   13:     0x624f0959e149 - <leptos_ui_kit_codegen[7df892bef1613e6d]::tests::add_plan_rejects_untracked_existing_target::{closure#0} as core[df12db4294e9bfd3]::ops::function::FnOnce<()>>::call_once
[INFO] [stdout]   14:     0x624f095d284b - test[9d35eded1c95d3be]::__rust_begin_short_backtrace::<core[df12db4294e9bfd3]::result::Result<(), alloc[2182bb758b4b3781]::string::String>, fn() -> core[df12db4294e9bfd3]::result::Result<(), alloc[2182bb758b4b3781]::string::String>>
[INFO] [stdout]   15:     0x624f095dfeb5 - test[9d35eded1c95d3be]::run_test::{closure#0}
[INFO] [stdout]   16:     0x624f095d9774 - std[70759c8f55707aa4]::sys::backtrace::__rust_begin_short_backtrace::<test[9d35eded1c95d3be]::run_test::{closure#1}, ()>
[INFO] [stdout]   17:     0x624f095e3012 - <std[70759c8f55707aa4]::thread::lifecycle::spawn_unchecked<test[9d35eded1c95d3be]::run_test::{closure#1}, ()>::{closure#1} as core[df12db4294e9bfd3]::ops::function::FnOnce<()>>::call_once::{shim:vtable#0}
[INFO] [stdout]   18:     0x624f09696099 - <std[70759c8f55707aa4]::sys::thread::unix::Thread>::new::thread_start
[INFO] [stdout]   19:     0x7d1aa70c7dfa - <unknown>
[INFO] [stdout]   20:     0x7d1aa715b3d4 - clone
[INFO] [stdout]   21:                0x0 - <unknown>
[INFO] [stdout] 
[INFO] [stdout] ---- tests::add_plan_reports_button_changes_without_writes stdout ----
[INFO] [stdout] 
[INFO] [stdout] thread 'tests::add_plan_reports_button_changes_without_writes' (696) panicked at src/lib.rs:2324:26:
[INFO] [stdout] init: Config(MissingToolProvenance { package: "leptos_ui_kit_cli", binary: "leptos_ui_kit" })
[INFO] [stdout] stack backtrace:
[INFO] [stdout]    0:     0x624f09697041 - <<std[70759c8f55707aa4]::sys::backtrace::BacktraceLock>::print::DisplayBacktrace as core[df12db4294e9bfd3]::fmt::Display>::fmt
[INFO] [stdout]    1:     0x624f096ac42a - core[df12db4294e9bfd3]::fmt::write
[INFO] [stdout]    2:     0x624f0969b73c - <alloc[2182bb758b4b3781]::vec::Vec<u8> as core[df12db4294e9bfd3]::io::write::Write>::write_fmt
[INFO] [stdout]    3:     0x624f09671046 - std[70759c8f55707aa4]::panicking::default_hook::{closure#0}
[INFO] [stdout]    4:     0x624f0968e3d9 - std[70759c8f55707aa4]::panicking::default_hook
[INFO] [stdout]    5:     0x624f095df560 - test[9d35eded1c95d3be]::test_main_inner::<test[9d35eded1c95d3be]::test_main_static::{closure#0}>::{closure#0}
[INFO] [stdout]    6:     0x624f0968e592 - std[70759c8f55707aa4]::panicking::panic_with_hook
[INFO] [stdout]    7:     0x624f096710f2 - std[70759c8f55707aa4]::panicking::panic_handler::{closure#0}
[INFO] [stdout]    8:     0x624f09669b09 - std[70759c8f55707aa4]::sys::backtrace::__rust_end_short_backtrace::<std[70759c8f55707aa4]::panicking::panic_handler::{closure#0}, !>
[INFO] [stdout]    9:     0x624f09671ecd - __rustc[8fa7c3cbc660c2b3]::rust_begin_unwind
[INFO] [stdout]   10:     0x624f096acb5c - core[df12db4294e9bfd3]::panicking::panic_fmt
[INFO] [stdout]   11:     0x624f096ac932 - core[df12db4294e9bfd3]::result::unwrap_failed
[INFO] [stdout]   12:     0x624f095a8e59 - leptos_ui_kit_codegen[7df892bef1613e6d]::tests::add_plan_reports_button_changes_without_writes
[INFO] [stdout]   13:     0x624f0959e1a9 - <leptos_ui_kit_codegen[7df892bef1613e6d]::tests::add_plan_reports_button_changes_without_writes::{closure#0} as core[df12db4294e9bfd3]::ops::function::FnOnce<()>>::call_once
[INFO] [stdout]   14:     0x624f095d284b - test[9d35eded1c95d3be]::__rust_begin_short_backtrace::<core[df12db4294e9bfd3]::result::Result<(), alloc[2182bb758b4b3781]::string::String>, fn() -> core[df12db4294e9bfd3]::result::Result<(), alloc[2182bb758b4b3781]::string::String>>
[INFO] [stdout]   15:     0x624f095dfeb5 - test[9d35eded1c95d3be]::run_test::{closure#0}
[INFO] [stdout]   16:     0x624f095d9774 - std[70759c8f55707aa4]::sys::backtrace::__rust_begin_short_backtrace::<test[9d35eded1c95d3be]::run_test::{closure#1}, ()>
[INFO] [stdout]   17:     0x624f095e3012 - <std[70759c8f55707aa4]::thread::lifecycle::spawn_unchecked<test[9d35eded1c95d3be]::run_test::{closure#1}, ()>::{closure#1} as core[df12db4294e9bfd3]::ops::function::FnOnce<()>>::call_once::{shim:vtable#0}
[INFO] [stdout]   18:     0x624f09696099 - <std[70759c8f55707aa4]::sys::thread::unix::Thread>::new::thread_start
[INFO] [stdout]   19:     0x7d1aa70c7dfa - <unknown>
[INFO] [stdout]   20:     0x7d1aa715b3d4 - clone
[INFO] [stdout]   21:                0x0 - <unknown>
[INFO] [stdout] 
[INFO] [stdout] ---- tests::init_write_creates_expected_files_and_releases_lock stdout ----
[INFO] [stdout] 
[INFO] [stdout] thread 'tests::init_write_creates_expected_files_and_releases_lock' (710) panicked at src/lib.rs:2191:37:
[INFO] [stdout] apply init: Config(MissingToolProvenance { package: "leptos_ui_kit_cli", binary: "leptos_ui_kit" })
[INFO] [stdout] stack backtrace:
[INFO] [stdout]    0:     0x624f09697041 - <<std[70759c8f55707aa4]::sys::backtrace::BacktraceLock>::print::DisplayBacktrace as core[df12db4294e9bfd3]::fmt::Display>::fmt
[INFO] [stdout]    1:     0x624f096ac42a - core[df12db4294e9bfd3]::fmt::write
[INFO] [stdout]    2:     0x624f0969b73c - <alloc[2182bb758b4b3781]::vec::Vec<u8> as core[df12db4294e9bfd3]::io::write::Write>::write_fmt
[INFO] [stdout]    3:     0x624f09671046 - std[70759c8f55707aa4]::panicking::default_hook::{closure#0}
[INFO] [stdout]    4:     0x624f0968e3d9 - std[70759c8f55707aa4]::panicking::default_hook
[INFO] [stdout]    5:     0x624f095df560 - test[9d35eded1c95d3be]::test_main_inner::<test[9d35eded1c95d3be]::test_main_static::{closure#0}>::{closure#0}
[INFO] [stdout]    6:     0x624f0968e592 - std[70759c8f55707aa4]::panicking::panic_with_hook
[INFO] [stdout]    7:     0x624f096710f2 - std[70759c8f55707aa4]::panicking::panic_handler::{closure#0}
[INFO] [stdout]    8:     0x624f09669b09 - std[70759c8f55707aa4]::sys::backtrace::__rust_end_short_backtrace::<std[70759c8f55707aa4]::panicking::panic_handler::{closure#0}, !>
[INFO] [stdout]    9:     0x624f09671ecd - __rustc[8fa7c3cbc660c2b3]::rust_begin_unwind
[INFO] [stdout]   10:     0x624f096acb5c - core[df12db4294e9bfd3]::panicking::panic_fmt
[INFO] [stdout]   11:     0x624f096ac932 - core[df12db4294e9bfd3]::result::unwrap_failed
[INFO] [stdout]   12:     0x624f095aaeff - leptos_ui_kit_codegen[7df892bef1613e6d]::tests::init_write_creates_expected_files_and_releases_lock
[INFO] [stdout]   13:     0x624f0959e269 - <leptos_ui_kit_codegen[7df892bef1613e6d]::tests::init_write_creates_expected_files_and_releases_lock::{closure#0} as core[df12db4294e9bfd3]::ops::function::FnOnce<()>>::call_once
[INFO] [stdout]   14:     0x624f095d284b - test[9d35eded1c95d3be]::__rust_begin_short_backtrace::<core[df12db4294e9bfd3]::result::Result<(), alloc[2182bb758b4b3781]::string::String>, fn() -> core[df12db4294e9bfd3]::result::Result<(), alloc[2182bb758b4b3781]::string::String>>
[INFO] [stdout]   15:     0x624f095dfeb5 - test[9d35eded1c95d3be]::run_test::{closure#0}
[INFO] [stdout]   16:     0x624f095d9774 - std[70759c8f55707aa4]::sys::backtrace::__rust_begin_short_backtrace::<test[9d35eded1c95d3be]::run_test::{closure#1}, ()>
[INFO] [stdout]   17:     0x624f095e3012 - <std[70759c8f55707aa4]::thread::lifecycle::spawn_unchecked<test[9d35eded1c95d3be]::run_test::{closure#1}, ()>::{closure#1} as core[df12db4294e9bfd3]::ops::function::FnOnce<()>>::call_once::{shim:vtable#0}
[INFO] [stdout]   18:     0x624f09696099 - <std[70759c8f55707aa4]::sys::thread::unix::Thread>::new::thread_start
[INFO] [stdout]   19:     0x7d1aa70c7dfa - <unknown>
[INFO] [stdout]   20:     0x7d1aa715b3d4 - clone
[INFO] [stdout]   21:                0x0 - <unknown>
[INFO] [stdout] 
[INFO] [stdout] ---- tests::add_write_is_idempotent_when_tracked_files_are_unchanged stdout ----
[INFO] [stdout] 
[INFO] [stdout] thread 'tests::add_write_is_idempotent_when_tracked_files_are_unchanged' (700) panicked at src/lib.rs:2535:26:
[INFO] [stdout] init: Config(MissingToolProvenance { package: "leptos_ui_kit_cli", binary: "leptos_ui_kit" })
[INFO] [stdout] stack backtrace:
[INFO] [stdout]    0:     0x624f09697041 - <<std[70759c8f55707aa4]::sys::backtrace::BacktraceLock>::print::DisplayBacktrace as core[df12db4294e9bfd3]::fmt::Display>::fmt
[INFO] [stdout]    1:     0x624f096ac42a - core[df12db4294e9bfd3]::fmt::write
[INFO] [stdout]    2:     0x624f0969b73c - <alloc[2182bb758b4b3781]::vec::Vec<u8> as core[df12db4294e9bfd3]::io::write::Write>::write_fmt
[INFO] [stdout]    3:     0x624f09671046 - std[70759c8f55707aa4]::panicking::default_hook::{closure#0}
[INFO] [stdout]    4:     0x624f0968e3d9 - std[70759c8f55707aa4]::panicking::default_hook
[INFO] [stdout]    5:     0x624f095df560 - test[9d35eded1c95d3be]::test_main_inner::<test[9d35eded1c95d3be]::test_main_static::{closure#0}>::{closure#0}
[INFO] [stdout]    6:     0x624f0968e592 - std[70759c8f55707aa4]::panicking::panic_with_hook
[INFO] [stdout]    7:     0x624f096710f2 - std[70759c8f55707aa4]::panicking::panic_handler::{closure#0}
[INFO] [stdout]    8:     0x624f09669b09 - std[70759c8f55707aa4]::sys::backtrace::__rust_end_short_backtrace::<std[70759c8f55707aa4]::panicking::panic_handler::{closure#0}, !>
[INFO] [stdout]    9:     0x624f09671ecd - __rustc[8fa7c3cbc660c2b3]::rust_begin_unwind
[INFO] [stdout]   10:     0x624f096acb5c - core[df12db4294e9bfd3]::panicking::panic_fmt
[INFO] [stdout]   11:     0x624f096ac932 - core[df12db4294e9bfd3]::result::unwrap_failed
[INFO] [stdout]   12:     0x624f095ae6f9 - leptos_ui_kit_codegen[7df892bef1613e6d]::tests::add_write_is_idempotent_when_tracked_files_are_unchanged
[INFO] [stdout]   13:     0x624f0959e369 - <leptos_ui_kit_codegen[7df892bef1613e6d]::tests::add_write_is_idempotent_when_tracked_files_are_unchanged::{closure#0} as core[df12db4294e9bfd3]::ops::function::FnOnce<()>>::call_once
[INFO] [stdout]   14:     0x624f095d284b - test[9d35eded1c95d3be]::__rust_begin_short_backtrace::<core[df12db4294e9bfd3]::result::Result<(), alloc[2182bb758b4b3781]::string::String>, fn() -> core[df12db4294e9bfd3]::result::Result<(), alloc[2182bb758b4b3781]::string::String>>
[INFO] [stdout]   15:     0x624f095dfeb5 - test[9d35eded1c95d3be]::run_test::{closure#0}
[INFO] [stdout]   16:     0x624f095d9774 - std[70759c8f55707aa4]::sys::backtrace::__rust_begin_short_backtrace::<test[9d35eded1c95d3be]::run_test::{closure#1}, ()>
[INFO] [stdout]   17:     0x624f095e3012 - <std[70759c8f55707aa4]::thread::lifecycle::spawn_unchecked<test[9d35eded1c95d3be]::run_test::{closure#1}, ()>::{closure#1} as core[df12db4294e9bfd3]::ops::function::FnOnce<()>>::call_once::{shim:vtable#0}
[INFO] [stdout]   18:     0x624f09696099 - <std[70759c8f55707aa4]::sys::thread::unix::Thread>::new::thread_start
[INFO] [stdout]   19:     0x7d1aa70c7dfa - <unknown>
[INFO] [stdout]   20:     0x7d1aa715b3d4 - clone
[INFO] [stdout]   21:                0x0 - <unknown>
[INFO] [stdout] 
[INFO] [stdout] ---- tests::add_write_installs_button_state stdout ----
[INFO] [stdout] 
[INFO] [stdout] thread 'tests::add_write_installs_button_state' (699) panicked at src/lib.rs:2427:26:
[INFO] [stdout] init: Config(MissingToolProvenance { package: "leptos_ui_kit_cli", binary: "leptos_ui_kit" })
[INFO] [stdout] stack backtrace:
[INFO] [stdout]    0:     0x624f09697041 - <<std[70759c8f55707aa4]::sys::backtrace::BacktraceLock>::print::DisplayBacktrace as core[df12db4294e9bfd3]::fmt::Display>::fmt
[INFO] [stdout]    1:     0x624f096ac42a - core[df12db4294e9bfd3]::fmt::write
[INFO] [stdout]    2:     0x624f0969b73c - <alloc[2182bb758b4b3781]::vec::Vec<u8> as core[df12db4294e9bfd3]::io::write::Write>::write_fmt
[INFO] [stdout]    3:     0x624f09671046 - std[70759c8f55707aa4]::panicking::default_hook::{closure#0}
[INFO] [stdout]    4:     0x624f0968e3d9 - std[70759c8f55707aa4]::panicking::default_hook
[INFO] [stdout]    5:     0x624f095df560 - test[9d35eded1c95d3be]::test_main_inner::<test[9d35eded1c95d3be]::test_main_static::{closure#0}>::{closure#0}
[INFO] [stdout]    6:     0x624f0968e592 - std[70759c8f55707aa4]::panicking::panic_with_hook
[INFO] [stdout]    7:     0x624f096710f2 - std[70759c8f55707aa4]::panicking::panic_handler::{closure#0}
[INFO] [stdout]    8:     0x624f09669b09 - std[70759c8f55707aa4]::sys::backtrace::__rust_end_short_backtrace::<std[70759c8f55707aa4]::panicking::panic_handler::{closure#0}, !>
[INFO] [stdout]    9:     0x624f09671ecd - __rustc[8fa7c3cbc660c2b3]::rust_begin_unwind
[INFO] [stdout]   10:     0x624f096acb5c - core[df12db4294e9bfd3]::panicking::panic_fmt
[INFO] [stdout]   11:     0x624f096ac932 - core[df12db4294e9bfd3]::result::unwrap_failed
[INFO] [stdout]   12:     0x624f095a1800 - leptos_ui_kit_codegen[7df892bef1613e6d]::tests::add_write_installs_button_state
[INFO] [stdout]   13:     0x624f0959dfa9 - <leptos_ui_kit_codegen[7df892bef1613e6d]::tests::add_write_installs_button_state::{closure#0} as core[df12db4294e9bfd3]::ops::function::FnOnce<()>>::call_once
[INFO] [stdout]   14:     0x624f095d284b - test[9d35eded1c95d3be]::__rust_begin_short_backtrace::<core[df12db4294e9bfd3]::result::Result<(), alloc[2182bb758b4b3781]::string::String>, fn() -> core[df12db4294e9bfd3]::result::Result<(), alloc[2182bb758b4b3781]::string::String>>
[INFO] [stdout]   15:     0x624f095dfeb5 - test[9d35eded1c95d3be]::run_test::{closure#0}
[INFO] [stdout]   16:     0x624f095d9774 - std[70759c8f55707aa4]::sys::backtrace::__rust_begin_short_backtrace::<test[9d35eded1c95d3be]::run_test::{closure#1}, ()>
[INFO] [stdout]   17:     0x624f095e3012 - <std[70759c8f55707aa4]::thread::lifecycle::spawn_unchecked<test[9d35eded1c95d3be]::run_test::{closure#1}, ()>::{closure#1} as core[df12db4294e9bfd3]::ops::function::FnOnce<()>>::call_once::{shim:vtable#0}
[INFO] [stdout]   18:     0x624f09696099 - <std[70759c8f55707aa4]::sys::thread::unix::Thread>::new::thread_start
[INFO] [stdout]   19:     0x7d1aa70c7dfa - <unknown>
[INFO] [stdout]   20:     0x7d1aa715b3d4 - clone
[INFO] [stdout]   21:                0x0 - <unknown>
[INFO] [stdout] 
[INFO] [stdout] ---- tests::init_plan_uses_configured_stylesheet_path stdout ----
[INFO] [stdout] 
[INFO] [stdout] thread 'tests::init_plan_uses_configured_stylesheet_path' (709) panicked at src/lib.rs:2153:43:
[INFO] [stdout] canonical config: MissingToolProvenance { package: "leptos_ui_kit_cli", binary: "leptos_ui_kit" }
[INFO] [stdout] stack backtrace:
[INFO] [stdout]    0:     0x624f09697041 - <<std[70759c8f55707aa4]::sys::backtrace::BacktraceLock>::print::DisplayBacktrace as core[df12db4294e9bfd3]::fmt::Display>::fmt
[INFO] [stdout]    1:     0x624f096ac42a - core[df12db4294e9bfd3]::fmt::write
[INFO] [stdout]    2:     0x624f0969b73c - <alloc[2182bb758b4b3781]::vec::Vec<u8> as core[df12db4294e9bfd3]::io::write::Write>::write_fmt
[INFO] [stdout]    3:     0x624f09671046 - std[70759c8f55707aa4]::panicking::default_hook::{closure#0}
[INFO] [stdout]    4:     0x624f0968e3d9 - std[70759c8f55707aa4]::panicking::default_hook
[INFO] [stdout]    5:     0x624f095df560 - test[9d35eded1c95d3be]::test_main_inner::<test[9d35eded1c95d3be]::test_main_static::{closure#0}>::{closure#0}
[INFO] [stdout]    6:     0x624f0968e592 - std[70759c8f55707aa4]::panicking::panic_with_hook
[INFO] [stdout]    7:     0x624f096710f2 - std[70759c8f55707aa4]::panicking::panic_handler::{closure#0}
[INFO] [stdout]    8:     0x624f09669b09 - std[70759c8f55707aa4]::sys::backtrace::__rust_end_short_backtrace::<std[70759c8f55707aa4]::panicking::panic_handler::{closure#0}, !>
[INFO] [stdout]    9:     0x624f09671ecd - __rustc[8fa7c3cbc660c2b3]::rust_begin_unwind
[INFO] [stdout]   10:     0x624f096acb5c - core[df12db4294e9bfd3]::panicking::panic_fmt
[INFO] [stdout]   11:     0x624f096ac932 - core[df12db4294e9bfd3]::result::unwrap_failed
[INFO] [stdout]   12:     0x624f095a7c9b - leptos_ui_kit_codegen[7df892bef1613e6d]::tests::init_plan_uses_configured_stylesheet_path
[INFO] [stdout]   13:     0x624f0959e13e - <leptos_ui_kit_codegen[7df892bef1613e6d]::tests::init_plan_uses_configured_stylesheet_path::{closure#0} as core[df12db4294e9bfd3]::ops::function::FnOnce<()>>::call_once
[INFO] [stdout]   14:     0x624f095d284b - test[9d35eded1c95d3be]::__rust_begin_short_backtrace::<core[df12db4294e9bfd3]::result::Result<(), alloc[2182bb758b4b3781]::string::String>, fn() -> core[df12db4294e9bfd3]::result::Result<(), alloc[2182bb758b4b3781]::string::String>>
[INFO] [stdout]   15:     0x624f095dfeb5 - test[9d35eded1c95d3be]::run_test::{closure#0}
[INFO] [stdout]   16:     0x624f095d9774 - std[70759c8f55707aa4]::sys::backtrace::__rust_begin_short_backtrace::<test[9d35eded1c95d3be]::run_test::{closure#1}, ()>
[INFO] [stdout]   17:     0x624f095e3012 - <std[70759c8f55707aa4]::thread::lifecycle::spawn_unchecked<test[9d35eded1c95d3be]::run_test::{closure#1}, ()>::{closure#1} as core[df12db4294e9bfd3]::ops::function::FnOnce<()>>::call_once::{shim:vtable#0}
[INFO] [stdout]   18:     0x624f09696099 - <std[70759c8f55707aa4]::sys::thread::unix::Thread>::new::thread_start
[INFO] [stdout]   19:     0x7d1aa70c7dfa - <unknown>
[INFO] [stdout]   20:     0x7d1aa715b3d4 - clone
[INFO] [stdout]   21:                0x0 - <unknown>
[INFO] [stdout] 
[INFO] [stdout] ---- tests::add_router_link_records_registry_dependencies_from_metadata stdout ----
[INFO] [stdout] 
[INFO] [stdout] thread 'tests::add_router_link_records_registry_dependencies_from_metadata' (698) panicked at src/lib.rs:2553:26:
[INFO] [stdout] init: Config(MissingToolProvenance { package: "leptos_ui_kit_cli", binary: "leptos_ui_kit" })
[INFO] [stdout] stack backtrace:
[INFO] [stdout]    0:     0x624f09697041 - <<std[70759c8f55707aa4]::sys::backtrace::BacktraceLock>::print::DisplayBacktrace as core[df12db4294e9bfd3]::fmt::Display>::fmt
[INFO] [stdout]    1:     0x624f096ac42a - core[df12db4294e9bfd3]::fmt::write
[INFO] [stdout]    2:     0x624f0969b73c - <alloc[2182bb758b4b3781]::vec::Vec<u8> as core[df12db4294e9bfd3]::io::write::Write>::write_fmt
[INFO] [stdout]    3:     0x624f09671046 - std[70759c8f55707aa4]::panicking::default_hook::{closure#0}
[INFO] [stdout]    4:     0x624f0968e3d9 - std[70759c8f55707aa4]::panicking::default_hook
[INFO] [stdout]    5:     0x624f095df560 - test[9d35eded1c95d3be]::test_main_inner::<test[9d35eded1c95d3be]::test_main_static::{closure#0}>::{closure#0}
[INFO] [stdout]    6:     0x624f0968e592 - std[70759c8f55707aa4]::panicking::panic_with_hook
[INFO] [stdout]    7:     0x624f096710f2 - std[70759c8f55707aa4]::panicking::panic_handler::{closure#0}
[INFO] [stdout]    8:     0x624f09669b09 - std[70759c8f55707aa4]::sys::backtrace::__rust_end_short_backtrace::<std[70759c8f55707aa4]::panicking::panic_handler::{closure#0}, !>
[INFO] [stdout]    9:     0x624f09671ecd - __rustc[8fa7c3cbc660c2b3]::rust_begin_unwind
[INFO] [stdout]   10:     0x624f096acb5c - core[df12db4294e9bfd3]::panicking::panic_fmt
[INFO] [stdout]   11:     0x624f096ac932 - core[df12db4294e9bfd3]::result::unwrap_failed
[INFO] [stdout]   12:     0x624f095b00c3 - leptos_ui_kit_codegen[7df892bef1613e6d]::tests::add_router_link_records_registry_dependencies_from_metadata
[INFO] [stdout]   13:     0x624f0959e3c9 - <leptos_ui_kit_codegen[7df892bef1613e6d]::tests::add_router_link_records_registry_dependencies_from_metadata::{closure#0} as core[df12db4294e9bfd3]::ops::function::FnOnce<()>>::call_once
[INFO] [stdout]   14:     0x624f095d284b - test[9d35eded1c95d3be]::__rust_begin_short_backtrace::<core[df12db4294e9bfd3]::result::Result<(), alloc[2182bb758b4b3781]::string::String>, fn() -> core[df12db4294e9bfd3]::result::Result<(), alloc[2182bb758b4b3781]::string::String>>
[INFO] [stdout]   15:     0x624f095dfeb5 - test[9d35eded1c95d3be]::run_test::{closure#0}
[INFO] [stdout]   16:     0x624f095d9774 - std[70759c8f55707aa4]::sys::backtrace::__rust_begin_short_backtrace::<test[9d35eded1c95d3be]::run_test::{closure#1}, ()>
[INFO] [stdout]   17:     0x624f095e3012 - <std[70759c8f55707aa4]::thread::lifecycle::spawn_unchecked<test[9d35eded1c95d3be]::run_test::{closure#1}, ()>::{closure#1} as core[df12db4294e9bfd3]::ops::function::FnOnce<()>>::call_once::{shim:vtable#0}
[INFO] [stdout]   18:     0x624f09696099 - <std[70759c8f55707aa4]::sys::thread::unix::Thread>::new::thread_start
[INFO] [stdout]   19:     0x7d1aa70c7dfa - <unknown>
[INFO] [stdout]   20:     0x7d1aa715b3d4 - clone
[INFO] [stdout]   21:                0x0 - <unknown>
[INFO] [stdout] 
[INFO] [stdout] ---- tests::add_plan_records_generated_hashes stdout ----
[INFO] [stdout] 
[INFO] [stdout] thread 'tests::add_plan_records_generated_hashes' (693) panicked at src/lib.rs:2278:26:
[INFO] [stdout] init: Config(MissingToolProvenance { package: "leptos_ui_kit_cli", binary: "leptos_ui_kit" })
[INFO] [stdout] stack backtrace:
[INFO] [stdout]    0:     0x624f09697041 - <<std[70759c8f55707aa4]::sys::backtrace::BacktraceLock>::print::DisplayBacktrace as core[df12db4294e9bfd3]::fmt::Display>::fmt
[INFO] [stdout]    1:     0x624f096ac42a - core[df12db4294e9bfd3]::fmt::write
[INFO] [stdout]    2:     0x624f0969b73c - <alloc[2182bb758b4b3781]::vec::Vec<u8> as core[df12db4294e9bfd3]::io::write::Write>::write_fmt
[INFO] [stdout]    3:     0x624f09671046 - std[70759c8f55707aa4]::panicking::default_hook::{closure#0}
[INFO] [stdout]    4:     0x624f0968e3d9 - std[70759c8f55707aa4]::panicking::default_hook
[INFO] [stdout]    5:     0x624f095df560 - test[9d35eded1c95d3be]::test_main_inner::<test[9d35eded1c95d3be]::test_main_static::{closure#0}>::{closure#0}
[INFO] [stdout]    6:     0x624f0968e592 - std[70759c8f55707aa4]::panicking::panic_with_hook
[INFO] [stdout]    7:     0x624f096710f2 - std[70759c8f55707aa4]::panicking::panic_handler::{closure#0}
[INFO] [stdout]    8:     0x624f09669b09 - std[70759c8f55707aa4]::sys::backtrace::__rust_end_short_backtrace::<std[70759c8f55707aa4]::panicking::panic_handler::{closure#0}, !>
[INFO] [stdout]    9:     0x624f09671ecd - __rustc[8fa7c3cbc660c2b3]::rust_begin_unwind
[INFO] [stdout]   10:     0x624f096acb5c - core[df12db4294e9bfd3]::panicking::panic_fmt
[INFO] [stdout]   11:     0x624f096ac932 - core[df12db4294e9bfd3]::result::unwrap_failed
[INFO] [stdout]   12:     0x624f095a2e5e - leptos_ui_kit_codegen[7df892bef1613e6d]::tests::add_plan_records_generated_hashes
[INFO] [stdout]   13:     0x624f0959dfe9 - <leptos_ui_kit_codegen[7df892bef1613e6d]::tests::add_plan_records_generated_hashes::{closure#0} as core[df12db4294e9bfd3]::ops::function::FnOnce<()>>::call_once
[INFO] [stdout]   14:     0x624f095d284b - test[9d35eded1c95d3be]::__rust_begin_short_backtrace::<core[df12db4294e9bfd3]::result::Result<(), alloc[2182bb758b4b3781]::string::String>, fn() -> core[df12db4294e9bfd3]::result::Result<(), alloc[2182bb758b4b3781]::string::String>>
[INFO] [stdout]   15:     0x624f095dfeb5 - test[9d35eded1c95d3be]::run_test::{closure#0}
[INFO] [stdout]   16:     0x624f095d9774 - std[70759c8f55707aa4]::sys::backtrace::__rust_begin_short_backtrace::<test[9d35eded1c95d3be]::run_test::{closure#1}, ()>
[INFO] [stdout]   17:     0x624f095e3012 - <std[70759c8f55707aa4]::thread::lifecycle::spawn_unchecked<test[9d35eded1c95d3be]::run_test::{closure#1}, ()>::{closure#1} as core[df12db4294e9bfd3]::ops::function::FnOnce<()>>::call_once::{shim:vtable#0}
[INFO] [stdout]   18:     0x624f09696099 - <std[70759c8f55707aa4]::sys::thread::unix::Thread>::new::thread_start
[INFO] [stdout]   19:     0x7d1aa70c7dfa - <unknown>
[INFO] [stdout]   20:     0x7d1aa715b3d4 - clone
[INFO] [stdout]   21:                0x0 - <unknown>
[INFO] [stdout] 
[INFO] [stdout] ---- tests::item_planner_supports_nested_ui_targets stdout ----
[INFO] [stdout] 
[INFO] [stdout] thread 'tests::item_planner_supports_nested_ui_targets' (712) panicked at src/lib.rs:2383:26:
[INFO] [stdout] init: Config(MissingToolProvenance { package: "leptos_ui_kit_cli", binary: "leptos_ui_kit" })
[INFO] [stdout] stack backtrace:
[INFO] [stdout]    0:     0x624f09697041 - <<std[70759c8f55707aa4]::sys::backtrace::BacktraceLock>::print::DisplayBacktrace as core[df12db4294e9bfd3]::fmt::Display>::fmt
[INFO] [stdout]    1:     0x624f096ac42a - core[df12db4294e9bfd3]::fmt::write
[INFO] [stdout]    2:     0x624f0969b73c - <alloc[2182bb758b4b3781]::vec::Vec<u8> as core[df12db4294e9bfd3]::io::write::Write>::write_fmt
[INFO] [stdout]    3:     0x624f09671046 - std[70759c8f55707aa4]::panicking::default_hook::{closure#0}
[INFO] [stdout]    4:     0x624f0968e3d9 - std[70759c8f55707aa4]::panicking::default_hook
[INFO] [stdout]    5:     0x624f095df560 - test[9d35eded1c95d3be]::test_main_inner::<test[9d35eded1c95d3be]::test_main_static::{closure#0}>::{closure#0}
[INFO] [stdout]    6:     0x624f0968e592 - std[70759c8f55707aa4]::panicking::panic_with_hook
[INFO] [stdout]    7:     0x624f096710f2 - std[70759c8f55707aa4]::panicking::panic_handler::{closure#0}
[INFO] [stdout]    8:     0x624f09669b09 - std[70759c8f55707aa4]::sys::backtrace::__rust_end_short_backtrace::<std[70759c8f55707aa4]::panicking::panic_handler::{closure#0}, !>
[INFO] [stdout]    9:     0x624f09671ecd - __rustc[8fa7c3cbc660c2b3]::rust_begin_unwind
[INFO] [stdout]   10:     0x624f096acb5c - core[df12db4294e9bfd3]::panicking::panic_fmt
[INFO] [stdout]   11:     0x624f096ac932 - core[df12db4294e9bfd3]::result::unwrap_failed
[INFO] [stdout]   12:     0x624f095a5d3d - leptos_ui_kit_codegen[7df892bef1613e6d]::tests::item_planner_supports_nested_ui_targets
[INFO] [stdout]   13:     0x624f0959e0a9 - <leptos_ui_kit_codegen[7df892bef1613e6d]::tests::item_planner_supports_nested_ui_targets::{closure#0} as core[df12db4294e9bfd3]::ops::function::FnOnce<()>>::call_once
[INFO] [stdout]   14:     0x624f095d284b - test[9d35eded1c95d3be]::__rust_begin_short_backtrace::<core[df12db4294e9bfd3]::result::Result<(), alloc[2182bb758b4b3781]::string::String>, fn() -> core[df12db4294e9bfd3]::result::Result<(), alloc[2182bb758b4b3781]::string::String>>
[INFO] [stdout]   15:     0x624f095dfeb5 - test[9d35eded1c95d3be]::run_test::{closure#0}
[INFO] [stdout]   16:     0x624f095d9774 - std[70759c8f55707aa4]::sys::backtrace::__rust_begin_short_backtrace::<test[9d35eded1c95d3be]::run_test::{closure#1}, ()>
[INFO] [stdout]   17:     0x624f095e3012 - <std[70759c8f55707aa4]::thread::lifecycle::spawn_unchecked<test[9d35eded1c95d3be]::run_test::{closure#1}, ()>::{closure#1} as core[df12db4294e9bfd3]::ops::function::FnOnce<()>>::call_once::{shim:vtable#0}
[INFO] [stdout]   18:     0x624f09696099 - <std[70759c8f55707aa4]::sys::thread::unix::Thread>::new::thread_start
[INFO] [stdout]   19:     0x7d1aa70c7dfa - <unknown>
[INFO] [stdout]   20:     0x7d1aa715b3d4 - clone
[INFO] [stdout]   21:                0x0 - <unknown>
[INFO] [stdout] 
[INFO] [stdout] ---- tests::init_plan_creates_missing_project_files_without_writes stdout ----
[INFO] [stdout] 
[INFO] [stdout] thread 'tests::init_plan_creates_missing_project_files_without_writes' (707) panicked at src/lib.rs:2109:36:
[INFO] [stdout] plan init: Config(MissingToolProvenance { package: "leptos_ui_kit_cli", binary: "leptos_ui_kit" })
[INFO] [stdout] stack backtrace:
[INFO] [stdout]    0:     0x624f09697041 - <<std[70759c8f55707aa4]::sys::backtrace::BacktraceLock>::print::DisplayBacktrace as core[df12db4294e9bfd3]::fmt::Display>::fmt
[INFO] [stdout]    1:     0x624f096ac42a - core[df12db4294e9bfd3]::fmt::write
[INFO] [stdout]    2:     0x624f0969b73c - <alloc[2182bb758b4b3781]::vec::Vec<u8> as core[df12db4294e9bfd3]::io::write::Write>::write_fmt
[INFO] [stdout]    3:     0x624f09671046 - std[70759c8f55707aa4]::panicking::default_hook::{closure#0}
[INFO] [stdout]    4:     0x624f0968e3d9 - std[70759c8f55707aa4]::panicking::default_hook
[INFO] [stdout]    5:     0x624f095df560 - test[9d35eded1c95d3be]::test_main_inner::<test[9d35eded1c95d3be]::test_main_static::{closure#0}>::{closure#0}
[INFO] [stdout]    6:     0x624f0968e592 - std[70759c8f55707aa4]::panicking::panic_with_hook
[INFO] [stdout]    7:     0x624f096710f2 - std[70759c8f55707aa4]::panicking::panic_handler::{closure#0}
[INFO] [stdout]    8:     0x624f09669b09 - std[70759c8f55707aa4]::sys::backtrace::__rust_end_short_backtrace::<std[70759c8f55707aa4]::panicking::panic_handler::{closure#0}, !>
[INFO] [stdout]    9:     0x624f09671ecd - __rustc[8fa7c3cbc660c2b3]::rust_begin_unwind
[INFO] [stdout]   10:     0x624f096acb5c - core[df12db4294e9bfd3]::panicking::panic_fmt
[INFO] [stdout]   11:     0x624f096ac932 - core[df12db4294e9bfd3]::result::unwrap_failed
[INFO] [stdout]   12:     0x624f095adb9a - leptos_ui_kit_codegen[7df892bef1613e6d]::tests::init_plan_creates_missing_project_files_without_writes
[INFO] [stdout]   13:     0x624f0959e329 - <leptos_ui_kit_codegen[7df892bef1613e6d]::tests::init_plan_creates_missing_project_files_without_writes::{closure#0} as core[df12db4294e9bfd3]::ops::function::FnOnce<()>>::call_once
[INFO] [stdout]   14:     0x624f095d284b - test[9d35eded1c95d3be]::__rust_begin_short_backtrace::<core[df12db4294e9bfd3]::result::Result<(), alloc[2182bb758b4b3781]::string::String>, fn() -> core[df12db4294e9bfd3]::result::Result<(), alloc[2182bb758b4b3781]::string::String>>
[INFO] [stdout]   15:     0x624f095dfeb5 - test[9d35eded1c95d3be]::run_test::{closure#0}
[INFO] [stdout]   16:     0x624f095d9774 - std[70759c8f55707aa4]::sys::backtrace::__rust_begin_short_backtrace::<test[9d35eded1c95d3be]::run_test::{closure#1}, ()>
[INFO] [stdout]   17:     0x624f095e3012 - <std[70759c8f55707aa4]::thread::lifecycle::spawn_unchecked<test[9d35eded1c95d3be]::run_test::{closure#1}, ()>::{closure#1} as core[df12db4294e9bfd3]::ops::function::FnOnce<()>>::call_once::{shim:vtable#0}
[INFO] [stdout]   18:     0x624f09696099 - <std[70759c8f55707aa4]::sys::thread::unix::Thread>::new::thread_start
[INFO] [stdout]   19:     0x7d1aa70c7dfa - <unknown>
[INFO] [stdout]   20:     0x7d1aa715b3d4 - clone
[INFO] [stdout]   21:                0x0 - <unknown>
[INFO] [stdout] 
[INFO] [stdout] ---- tests::init_write_is_idempotent_when_files_are_unchanged stdout ----
[INFO] [stdout] 
[INFO] [stdout] thread 'tests::init_write_is_idempotent_when_files_are_unchanged' (711) panicked at src/lib.rs:2218:26:
[INFO] [stdout] first init: Config(MissingToolProvenance { package: "leptos_ui_kit_cli", binary: "leptos_ui_kit" })
[INFO] [stdout] stack backtrace:
[INFO] [stdout]    0:     0x624f09697041 - <<std[70759c8f55707aa4]::sys::backtrace::BacktraceLock>::print::DisplayBacktrace as core[df12db4294e9bfd3]::fmt::Display>::fmt
[INFO] [stdout]    1:     0x624f096ac42a - core[df12db4294e9bfd3]::fmt::write
[INFO] [stdout]    2:     0x624f0969b73c - <alloc[2182bb758b4b3781]::vec::Vec<u8> as core[df12db4294e9bfd3]::io::write::Write>::write_fmt
[INFO] [stdout]    3:     0x624f09671046 - std[70759c8f55707aa4]::panicking::default_hook::{closure#0}
[INFO] [stdout]    4:     0x624f0968e3d9 - std[70759c8f55707aa4]::panicking::default_hook
[INFO] [stdout]    5:     0x624f095df560 - test[9d35eded1c95d3be]::test_main_inner::<test[9d35eded1c95d3be]::test_main_static::{closure#0}>::{closure#0}
[INFO] [stdout]    6:     0x624f0968e592 - std[70759c8f55707aa4]::panicking::panic_with_hook
[INFO] [stdout]    7:     0x624f096710f2 - std[70759c8f55707aa4]::panicking::panic_handler::{closure#0}
[INFO] [stdout]    8:     0x624f09669b09 - std[70759c8f55707aa4]::sys::backtrace::__rust_end_short_backtrace::<std[70759c8f55707aa4]::panicking::panic_handler::{closure#0}, !>
[INFO] [stdout]    9:     0x624f09671ecd - __rustc[8fa7c3cbc660c2b3]::rust_begin_unwind
[INFO] [stdout]   10:     0x624f096acb5c - core[df12db4294e9bfd3]::panicking::panic_fmt
[INFO] [stdout]   11:     0x624f096ac932 - core[df12db4294e9bfd3]::result::unwrap_failed
[INFO] [stdout]   12:     0x624f095a94fd - leptos_ui_kit_codegen[7df892bef1613e6d]::tests::init_write_is_idempotent_when_files_are_unchanged
[INFO] [stdout]   13:     0x624f0959e1e9 - <leptos_ui_kit_codegen[7df892bef1613e6d]::tests::init_write_is_idempotent_when_files_are_unchanged::{closure#0} as core[df12db4294e9bfd3]::ops::function::FnOnce<()>>::call_once
[INFO] [stdout]   14:     0x624f095d284b - test[9d35eded1c95d3be]::__rust_begin_short_backtrace::<core[df12db4294e9bfd3]::result::Result<(), alloc[2182bb758b4b3781]::string::String>, fn() -> core[df12db4294e9bfd3]::result::Result<(), alloc[2182bb758b4b3781]::string::String>>
[INFO] [stdout]   15:     0x624f095dfeb5 - test[9d35eded1c95d3be]::run_test::{closure#0}
[INFO] [stdout]   16:     0x624f095d9774 - std[70759c8f55707aa4]::sys::backtrace::__rust_begin_short_backtrace::<test[9d35eded1c95d3be]::run_test::{closure#1}, ()>
[INFO] [stdout]   17:     0x624f095e3012 - <std[70759c8f55707aa4]::thread::lifecycle::spawn_unchecked<test[9d35eded1c95d3be]::run_test::{closure#1}, ()>::{closure#1} as core[df12db4294e9bfd3]::ops::function::FnOnce<()>>::call_once::{shim:vtable#0}
[INFO] [stdout]   18:     0x624f09696099 - <std[70759c8f55707aa4]::sys::thread::unix::Thread>::new::thread_start
[INFO] [stdout]   19:     0x7d1aa70c7dfa - <unknown>
[INFO] [stdout]   20:     0x7d1aa715b3d4 - clone
[INFO] [stdout]   21:                0x0 - <unknown>
[INFO] [stdout] 
[INFO] [stdout] ---- tests::sync_write_is_idempotent_when_declared_button_is_current stdout ----
[INFO] [stdout] 
[INFO] [stdout] thread 'tests::sync_write_is_idempotent_when_declared_button_is_current' (722) panicked at src/lib.rs:2514:26:
[INFO] [stdout] init: Config(MissingToolProvenance { package: "leptos_ui_kit_cli", binary: "leptos_ui_kit" })
[INFO] [stdout] stack backtrace:
[INFO] [stdout]    0:     0x624f09697041 - <<std[70759c8f55707aa4]::sys::backtrace::BacktraceLock>::print::DisplayBacktrace as core[df12db4294e9bfd3]::fmt::Display>::fmt
[INFO] [stdout]    1:     0x624f096ac42a - core[df12db4294e9bfd3]::fmt::write
[INFO] [stdout]    2:     0x624f0969b73c - <alloc[2182bb758b4b3781]::vec::Vec<u8> as core[df12db4294e9bfd3]::io::write::Write>::write_fmt
[INFO] [stdout]    3:     0x624f09671046 - std[70759c8f55707aa4]::panicking::default_hook::{closure#0}
[INFO] [stdout]    4:     0x624f0968e3d9 - std[70759c8f55707aa4]::panicking::default_hook
[INFO] [stdout]    5:     0x624f095df560 - test[9d35eded1c95d3be]::test_main_inner::<test[9d35eded1c95d3be]::test_main_static::{closure#0}>::{closure#0}
[INFO] [stdout]    6:     0x624f0968e592 - std[70759c8f55707aa4]::panicking::panic_with_hook
[INFO] [stdout]    7:     0x624f096710f2 - std[70759c8f55707aa4]::panicking::panic_handler::{closure#0}
[INFO] [stdout]    8:     0x624f09669b09 - std[70759c8f55707aa4]::sys::backtrace::__rust_end_short_backtrace::<std[70759c8f55707aa4]::panicking::panic_handler::{closure#0}, !>
[INFO] [stdout]    9:     0x624f09671ecd - __rustc[8fa7c3cbc660c2b3]::rust_begin_unwind
[INFO] [stdout]   10:     0x624f096acb5c - core[df12db4294e9bfd3]::panicking::panic_fmt
[INFO] [stdout]   11:     0x624f096ac932 - core[df12db4294e9bfd3]::result::unwrap_failed
[INFO] [stdout]   12:     0x624f095aec81 - leptos_ui_kit_codegen[7df892bef1613e6d]::tests::sync_write_is_idempotent_when_declared_button_is_current
[INFO] [stdout]   13:     0x624f0959e389 - <leptos_ui_kit_codegen[7df892bef1613e6d]::tests::sync_write_is_idempotent_when_declared_button_is_current::{closure#0} as core[df12db4294e9bfd3]::ops::function::FnOnce<()>>::call_once
[INFO] [stdout]   14:     0x624f095d284b - test[9d35eded1c95d3be]::__rust_begin_short_backtrace::<core[df12db4294e9bfd3]::result::Result<(), alloc[2182bb758b4b3781]::string::String>, fn() -> core[df12db4294e9bfd3]::result::Result<(), alloc[2182bb758b4b3781]::string::String>>
[INFO] [stdout]   15:     0x624f095dfeb5 - test[9d35eded1c95d3be]::run_test::{closure#0}
[INFO] [stdout]   16:     0x624f095d9774 - std[70759c8f55707aa4]::sys::backtrace::__rust_begin_short_backtrace::<test[9d35eded1c95d3be]::run_test::{closure#1}, ()>
[INFO] [stdout]   17:     0x624f095e3012 - <std[70759c8f55707aa4]::thread::lifecycle::spawn_unchecked<test[9d35eded1c95d3be]::run_test::{closure#1}, ()>::{closure#1} as core[df12db4294e9bfd3]::ops::function::FnOnce<()>>::call_once::{shim:vtable#0}
[INFO] [stdout]   18:     0x624f09696099 - <std[70759c8f55707aa4]::sys::thread::unix::Thread>::new::thread_start
[INFO] [stdout]   19:     0x7d1aa70c7dfa - <unknown>
[INFO] [stdout]   20:     0x7d1aa715b3d4 - clone
[INFO] [stdout]   21:                0x0 - <unknown>
[INFO] [stdout] 
[INFO] [stdout] ---- tests::sync_plan_installs_declared_button_without_writes stdout ----
[INFO] [stdout] 
[INFO] [stdout] thread 'tests::sync_plan_installs_declared_button_without_writes' (721) panicked at src/lib.rs:2486:26:
[INFO] [stdout] init: Config(MissingToolProvenance { package: "leptos_ui_kit_cli", binary: "leptos_ui_kit" })
[INFO] [stdout] stack backtrace:
[INFO] [stdout]    0:     0x624f09697041 - <<std[70759c8f55707aa4]::sys::backtrace::BacktraceLock>::print::DisplayBacktrace as core[df12db4294e9bfd3]::fmt::Display>::fmt
[INFO] [stdout]    1:     0x624f096ac42a - core[df12db4294e9bfd3]::fmt::write
[INFO] [stdout]    2:     0x624f0969b73c - <alloc[2182bb758b4b3781]::vec::Vec<u8> as core[df12db4294e9bfd3]::io::write::Write>::write_fmt
[INFO] [stdout]    3:     0x624f09671046 - std[70759c8f55707aa4]::panicking::default_hook::{closure#0}
[INFO] [stdout]    4:     0x624f0968e3d9 - std[70759c8f55707aa4]::panicking::default_hook
[INFO] [stdout]    5:     0x624f095df560 - test[9d35eded1c95d3be]::test_main_inner::<test[9d35eded1c95d3be]::test_main_static::{closure#0}>::{closure#0}
[INFO] [stdout]    6:     0x624f0968e592 - std[70759c8f55707aa4]::panicking::panic_with_hook
[INFO] [stdout]    7:     0x624f096710f2 - std[70759c8f55707aa4]::panicking::panic_handler::{closure#0}
[INFO] [stdout]    8:     0x624f09669b09 - std[70759c8f55707aa4]::sys::backtrace::__rust_end_short_backtrace::<std[70759c8f55707aa4]::panicking::panic_handler::{closure#0}, !>
[INFO] [stdout]    9:     0x624f09671ecd - __rustc[8fa7c3cbc660c2b3]::rust_begin_unwind
[INFO] [stdout]   10:     0x624f096acb5c - core[df12db4294e9bfd3]::panicking::panic_fmt
[INFO] [stdout]   11:     0x624f096ac932 - core[df12db4294e9bfd3]::result::unwrap_failed
[INFO] [stdout]   12:     0x624f095a9d64 - leptos_ui_kit_codegen[7df892bef1613e6d]::tests::sync_plan_installs_declared_button_without_writes
[INFO] [stdout]   13:     0x624f0959e209 - <leptos_ui_kit_codegen[7df892bef1613e6d]::tests::sync_plan_installs_declared_button_without_writes::{closure#0} as core[df12db4294e9bfd3]::ops::function::FnOnce<()>>::call_once
[INFO] [stdout]   14:     0x624f095d284b - test[9d35eded1c95d3be]::__rust_begin_short_backtrace::<core[df12db4294e9bfd3]::result::Result<(), alloc[2182bb758b4b3781]::string::String>, fn() -> core[df12db4294e9bfd3]::result::Result<(), alloc[2182bb758b4b3781]::string::String>>
[INFO] [stdout]   15:     0x624f095dfeb5 - test[9d35eded1c95d3be]::run_test::{closure#0}
[INFO] [stdout]   16:     0x624f095d9774 - std[70759c8f55707aa4]::sys::backtrace::__rust_begin_short_backtrace::<test[9d35eded1c95d3be]::run_test::{closure#1}, ()>
[INFO] [stdout]   17:     0x624f095e3012 - <std[70759c8f55707aa4]::thread::lifecycle::spawn_unchecked<test[9d35eded1c95d3be]::run_test::{closure#1}, ()>::{closure#1} as core[df12db4294e9bfd3]::ops::function::FnOnce<()>>::call_once::{shim:vtable#0}
[INFO] [stdout]   18:     0x624f09696099 - <std[70759c8f55707aa4]::sys::thread::unix::Thread>::new::thread_start
[INFO] [stdout]   19:     0x7d1aa70c7dfa - <unknown>
[INFO] [stdout]   20:     0x7d1aa715b3d4 - clone
[INFO] [stdout]   21:                0x0 - <unknown>
[INFO] [stdout] 
[INFO] [stdout] 
[INFO] [stdout] failures:
[INFO] [stdout]     tests::add_plan_records_generated_hashes
[INFO] [stdout]     tests::add_plan_rejects_tracked_local_edits
[INFO] [stdout]     tests::add_plan_rejects_untracked_existing_target
[INFO] [stdout]     tests::add_plan_reports_button_changes_without_writes
[INFO] [stdout]     tests::add_plan_uses_configured_stylesheet_path
[INFO] [stdout]     tests::add_router_link_records_registry_dependencies_from_metadata
[INFO] [stdout]     tests::add_write_installs_button_state
[INFO] [stdout]     tests::add_write_is_idempotent_when_tracked_files_are_unchanged
[INFO] [stdout]     tests::init_plan_creates_missing_project_files_without_writes
[INFO] [stdout]     tests::init_plan_uses_configured_stylesheet_path
[INFO] [stdout]     tests::init_write_creates_expected_files_and_releases_lock
[INFO] [stdout]     tests::init_write_is_idempotent_when_files_are_unchanged
[INFO] [stdout]     tests::item_planner_supports_nested_ui_targets
[INFO] [stdout]     tests::sync_plan_installs_declared_button_without_writes
[INFO] [stdout]     tests::sync_write_is_idempotent_when_declared_button_is_current
[INFO] [stdout] 
[INFO] [stdout] test result: FAILED. 22 passed; 15 failed; 0 ignored; 0 measured; 0 filtered out; finished in 0.01s
[INFO] [stdout] 
[INFO] [stderr] error: test failed, to rerun pass `--lib`
[INFO] running `Command { std: "docker" "inspect" "5b8fc710fd463e8a60e46636ec526dcd306996851ea6c59b4fcb2e986bfb0ec7", kill_on_drop: false }`
[INFO] running `Command { std: "docker" "rm" "-f" "5b8fc710fd463e8a60e46636ec526dcd306996851ea6c59b4fcb2e986bfb0ec7", kill_on_drop: false }`
[INFO] [stdout] 5b8fc710fd463e8a60e46636ec526dcd306996851ea6c59b4fcb2e986bfb0ec7
