[INFO] fetching crate leptos_ui_kit_cli 0.1.0...
[INFO] testing leptos_ui_kit_cli-0.1.0 against 1.99.0-beta.8+cargoflags=--release for beta-release-1.100-2
[INFO] extracting crate leptos_ui_kit_cli 0.1.0 into /workspace/builds/worker-5-tc1/source
[INFO] started tweaking crates.io crate leptos_ui_kit_cli 0.1.0
[INFO] removed 0 missing tests
[INFO] finished tweaking crates.io crate leptos_ui_kit_cli 0.1.0
[INFO] tweaked toml for crates.io crate leptos_ui_kit_cli 0.1.0 written to /workspace/builds/worker-5-tc1/source/Cargo.toml
[INFO] validating manifest of crates.io crate leptos_ui_kit_cli 0.1.0 on toolchain 1.99.0-beta.8
[INFO] running `Command { std: CARGO_HOME="/workspace/cargo-home" RUSTUP_HOME="/workspace/rustup-home" "/workspace/cargo-home/bin/cargo" "+1.99.0-beta.8" "metadata" "--manifest-path" "Cargo.toml" "--no-deps", kill_on_drop: false }`
[INFO] crate crates.io crate leptos_ui_kit_cli 0.1.0 already has a lockfile, it will not be regenerated
[INFO] running `Command { std: CARGO_HOME="/workspace/cargo-home" RUSTUP_HOME="/workspace/rustup-home" "/workspace/cargo-home/bin/cargo" "+1.99.0-beta.8" "fetch" "--manifest-path" "Cargo.toml", kill_on_drop: false }`
[INFO] [stderr]     Updating crates.io index
[INFO] [stderr]  Downloading crates ...
[INFO] [stderr]   Downloaded leptos_ui_kit_registry v0.1.0
[INFO] [stderr]   Downloaded leptos_ui_kit_codegen v0.1.0
[INFO] running `Command { std: "docker" "create" "-v" "/var/lib/crater-agent-workspace/builds/worker-5-tc1/source:/opt/rustwide/workdir:ro,Z" "-v" "/var/lib/crater-agent-workspace/builds/worker-5-tc1/target:/opt/rustwide/target:rw,Z" "-v" "/var/lib/crater-agent-workspace/cargo-home:/opt/rustwide/cargo-home:ro,Z" "-v" "/var/lib/crater-agent-workspace/rustup-home:/opt/rustwide/rustup-home:ro,Z" "-m" "1610612736" "--network" "none" "ghcr.io/rust-lang/crates-build-env/linux@sha256:77db811e55d90add9212f6832c23229e3de5f1c1f9905e8cb07319ea15df73ac" "sleep" "infinity", kill_on_drop: false }`
[INFO] [stdout] 41d71cb2c0507ed80ab7de9efa57a0916649c1f929613b142da4926a8c3e66fe
[INFO] running `Command { std: "docker" "start" "41d71cb2c0507ed80ab7de9efa57a0916649c1f929613b142da4926a8c3e66fe", kill_on_drop: false }`
[INFO] running `Command { std: "docker" "inspect" "41d71cb2c0507ed80ab7de9efa57a0916649c1f929613b142da4926a8c3e66fe", kill_on_drop: false }`
[INFO] running `Command { std: "docker" "exec" "-e" "SOURCE_DIR=/opt/rustwide/workdir" "-e" "CARGO_HOME=/opt/rustwide/cargo-home" "-e" "RUSTUP_HOME=/opt/rustwide/rustup-home" "-e" "CARGO_TARGET_DIR=/opt/rustwide/target" "-w" "/opt/rustwide/workdir" "--user" "0:0" "41d71cb2c0507ed80ab7de9efa57a0916649c1f929613b142da4926a8c3e66fe" "/opt/rustwide/cargo-home/bin/cargo" "+1.99.0-beta.8" "metadata" "--no-deps" "--format-version=1", kill_on_drop: false }`
[INFO] running `Command { std: "docker" "inspect" "41d71cb2c0507ed80ab7de9efa57a0916649c1f929613b142da4926a8c3e66fe", kill_on_drop: false }`
[INFO] running `Command { std: "docker" "exec" "-e" "SOURCE_DIR=/opt/rustwide/workdir" "-e" "CARGO_HOME=/opt/rustwide/cargo-home" "-e" "RUSTUP_HOME=/opt/rustwide/rustup-home" "-e" "CARGO_TARGET_DIR=/opt/rustwide/target" "-e" "CARGO_INCREMENTAL=0" "-e" "RUST_BACKTRACE=full" "-e" "RUSTFLAGS=--cap-lints=warn" "-e" "RUSTDOCFLAGS=--cap-lints=warn" "-w" "/opt/rustwide/workdir" "--user" "0:0" "41d71cb2c0507ed80ab7de9efa57a0916649c1f929613b142da4926a8c3e66fe" "/opt/rustwide/cargo-home/bin/cargo" "+1.99.0-beta.8" "build" "--frozen" "--message-format=json" "--release", kill_on_drop: false }`
[INFO] [stderr]    Compiling proc-macro2 v1.0.106
[INFO] [stderr]    Compiling quote v1.0.46
[INFO] [stderr]    Compiling winnow v1.0.4
[INFO] [stderr]    Compiling toml_writer v1.1.2+spec-1.1.0
[INFO] [stderr]    Compiling leptos_ui_kit_registry v0.1.0
[INFO] [stderr]    Compiling toml_datetime v0.7.5+spec-1.1.0
[INFO] [stderr]    Compiling serde_spanned v1.1.1
[INFO] [stderr]    Compiling winnow v0.7.15
[INFO] [stderr]    Compiling serde_json v1.0.150
[INFO] [stderr]    Compiling toml_parser v1.1.2+spec-1.1.0
[INFO] [stderr]    Compiling syn v2.0.118
[INFO] [stderr]    Compiling toml v0.9.12+spec-1.1.0
[INFO] [stderr]    Compiling serde_derive v1.0.228
[INFO] [stderr]    Compiling serde v1.0.228
[INFO] [stderr]    Compiling leptos_ui_kit_codegen v0.1.0
[INFO] [stderr]    Compiling leptos_ui_kit_cli v0.1.0 (/opt/rustwide/workdir)
[INFO] [stderr]     Finished `release` profile [optimized] target(s) in 25.28s
[INFO] running `Command { std: "docker" "inspect" "41d71cb2c0507ed80ab7de9efa57a0916649c1f929613b142da4926a8c3e66fe", kill_on_drop: false }`
[INFO] running `Command { std: "docker" "exec" "-e" "SOURCE_DIR=/opt/rustwide/workdir" "-e" "CARGO_HOME=/opt/rustwide/cargo-home" "-e" "RUSTUP_HOME=/opt/rustwide/rustup-home" "-e" "CARGO_TARGET_DIR=/opt/rustwide/target" "-e" "CARGO_INCREMENTAL=0" "-e" "RUST_BACKTRACE=full" "-e" "RUSTFLAGS=--cap-lints=warn" "-e" "RUSTDOCFLAGS=--cap-lints=warn" "-w" "/opt/rustwide/workdir" "--user" "0:0" "41d71cb2c0507ed80ab7de9efa57a0916649c1f929613b142da4926a8c3e66fe" "/opt/rustwide/cargo-home/bin/cargo" "+1.99.0-beta.8" "test" "--frozen" "--no-run" "--message-format=json" "--release", kill_on_drop: false }`
[INFO] [stderr]    Compiling bitflags v2.13.0
[INFO] [stderr]    Compiling once_cell v1.21.4
[INFO] [stderr]    Compiling rustix v1.1.4
[INFO] [stderr]    Compiling tempfile v3.27.0
[INFO] [stderr]    Compiling leptos_ui_kit_cli v0.1.0 (/opt/rustwide/workdir)
[INFO] [stderr]     Finished `release` profile [optimized] target(s) in 9.62s
[INFO] running `Command { std: "docker" "inspect" "41d71cb2c0507ed80ab7de9efa57a0916649c1f929613b142da4926a8c3e66fe", kill_on_drop: false }`
[INFO] running `Command { std: "docker" "exec" "-e" "SOURCE_DIR=/opt/rustwide/workdir" "-e" "CARGO_HOME=/opt/rustwide/cargo-home" "-e" "RUSTUP_HOME=/opt/rustwide/rustup-home" "-e" "CARGO_TARGET_DIR=/opt/rustwide/target" "-e" "CARGO_INCREMENTAL=0" "-e" "RUST_BACKTRACE=full" "-e" "RUSTFLAGS=--cap-lints=warn" "-e" "RUSTDOCFLAGS=--cap-lints=warn" "-w" "/opt/rustwide/workdir" "--user" "0:0" "41d71cb2c0507ed80ab7de9efa57a0916649c1f929613b142da4926a8c3e66fe" "/opt/rustwide/cargo-home/bin/cargo" "+1.99.0-beta.8" "test" "--frozen" "--release", kill_on_drop: false }`
[INFO] [stderr]     Finished `release` profile [optimized] target(s) in 0.05s
[INFO] [stderr]      Running unittests src/lib.rs (/opt/rustwide/target/release/deps/leptos_ui_kit_cli-96acae6987c9df9e)
[INFO] [stdout] 
[INFO] [stdout] running 23 tests
[INFO] [stdout] test tests::common_flags_are_accepted_before_dispatch ... ok
[INFO] [stdout] test tests::add_dry_run_envelope_json_outputs_planned_changes_without_writes ... FAILED
[INFO] [stdout] test tests::add_write_installs_button_and_then_reports_no_change ... FAILED
[INFO] [stdout] test tests::doctor_rejects_duplicate_managed_css_blocks ... FAILED
[INFO] [stdout] test tests::doctor_reports_lock_hash_mismatches_as_warnings ... FAILED
[INFO] [stdout] test tests::unsupported_flags_return_usage_errors ... ok
[INFO] [stdout] test tests::help_and_version_flags_return_success ... ok
[INFO] [stdout] test tests::doctor_strict_fails_when_desired_item_is_not_installed ... FAILED
[INFO] [stdout] test tests::version_rejects_unknown_flags ... ok
[INFO] [stdout] test tests::init_write_creates_files ... FAILED
[INFO] [stdout] test tests::doctor_strict_json_passes_after_init_and_add ... FAILED
[INFO] [stdout] test tests::doctor_strict_failure_returns_doctor_error ... ok
[INFO] [stdout] test tests::doctor_strict_fails_when_installed_item_is_not_desired ... FAILED
[INFO] [stdout] test tests::exit_code_mapping_matches_contract ... ok
[INFO] [stdout] test tests::view_envelope_json_outputs_built_in_registry_item ... ok
[INFO] [stdout] test tests::version_json_outputs_tool_provenance ... ok
[INFO] [stdout] test tests::view_source_outputs_registry_source_contents ... ok
[INFO] [stdout] test tests::info_envelope_json_outputs_detected_project_shape ... ok
[INFO] [stdout] test tests::doctor_command_check_reports_missing_tools ... ok
[INFO] [stdout] test tests::sync_write_installs_declared_button_and_then_reports_no_change ... FAILED
[INFO] [stdout] test tests::init_dry_run_envelope_json_outputs_planned_changes ... FAILED
[INFO] [stdout] test tests::sync_dry_run_envelope_json_outputs_declared_button_changes ... FAILED
[INFO] [stdout] test tests::doctor_strict_fails_when_installer_metadata_is_ignored ... FAILED
[INFO] [stdout] 
[INFO] [stdout] failures:
[INFO] [stdout] 
[INFO] [stdout] ---- tests::add_dry_run_envelope_json_outputs_planned_changes_without_writes stdout ----
[INFO] [stdout] 
[INFO] [stdout] thread 'tests::add_dry_run_envelope_json_outputs_planned_changes_without_writes' (776) panicked at src/lib.rs:1665:49:
[INFO] [stdout] run init: "failed to initialize /tmp/.tmpF9ZbjG: missing tool provenance for leptos_ui_kit_cli/leptos_ui_kit; pass an explicit git rev"
[INFO] [stdout] stack backtrace:
[INFO] [stdout]    0:     0x55a05bf5d541 - <<std[70759c8f55707aa4]::sys::backtrace::BacktraceLock>::print::DisplayBacktrace as core[df12db4294e9bfd3]::fmt::Display>::fmt
[INFO] [stdout]    1:     0x55a05bf7322a - core[df12db4294e9bfd3]::fmt::write
[INFO] [stdout]    2:     0x55a05bf61c5c - <alloc[2182bb758b4b3781]::vec::Vec<u8> as core[df12db4294e9bfd3]::io::write::Write>::write_fmt
[INFO] [stdout]    3:     0x55a05bf37426 - std[70759c8f55707aa4]::panicking::default_hook::{closure#0}
[INFO] [stdout]    4:     0x55a05bf54a39 - std[70759c8f55707aa4]::panicking::default_hook
[INFO] [stdout]    5:     0x55a05be487d0 - test[9d35eded1c95d3be]::test_main_inner::<test[9d35eded1c95d3be]::test_main_static::{closure#0}>::{closure#0}
[INFO] [stdout]    6:     0x55a05bf54bf2 - std[70759c8f55707aa4]::panicking::panic_with_hook
[INFO] [stdout]    7:     0x55a05bf374d2 - std[70759c8f55707aa4]::panicking::panic_handler::{closure#0}
[INFO] [stdout]    8:     0x55a05bf2ff49 - std[70759c8f55707aa4]::sys::backtrace::__rust_end_short_backtrace::<std[70759c8f55707aa4]::panicking::panic_handler::{closure#0}, !>
[INFO] [stdout]    9:     0x55a05bf381bd - __rustc[8fa7c3cbc660c2b3]::rust_begin_unwind
[INFO] [stdout]   10:     0x55a05bf7399c - core[df12db4294e9bfd3]::panicking::panic_fmt
[INFO] [stdout]   11:     0x55a05bf73772 - core[df12db4294e9bfd3]::result::unwrap_failed
[INFO] [stdout]   12:     0x55a05be27f03 - leptos_ui_kit_cli[75d4f8079d1d04f0]::tests::add_dry_run_envelope_json_outputs_planned_changes_without_writes
[INFO] [stdout]   13:     0x55a05be0e359 - <leptos_ui_kit_cli[75d4f8079d1d04f0]::tests::add_dry_run_envelope_json_outputs_planned_changes_without_writes::{closure#0} as core[df12db4294e9bfd3]::ops::function::FnOnce<()>>::call_once
[INFO] [stdout]   14:     0x55a05be3babb - test[9d35eded1c95d3be]::__rust_begin_short_backtrace::<core[df12db4294e9bfd3]::result::Result<(), alloc[2182bb758b4b3781]::string::String>, fn() -> core[df12db4294e9bfd3]::result::Result<(), alloc[2182bb758b4b3781]::string::String>>
[INFO] [stdout]   15:     0x55a05be49125 - test[9d35eded1c95d3be]::run_test::{closure#0}
[INFO] [stdout]   16:     0x55a05be429e4 - std[70759c8f55707aa4]::sys::backtrace::__rust_begin_short_backtrace::<test[9d35eded1c95d3be]::run_test::{closure#1}, ()>
[INFO] [stdout]   17:     0x55a05be4c282 - <std[70759c8f55707aa4]::thread::lifecycle::spawn_unchecked<test[9d35eded1c95d3be]::run_test::{closure#1}, ()>::{closure#1} as core[df12db4294e9bfd3]::ops::function::FnOnce<()>>::call_once::{shim:vtable#0}
[INFO] [stdout]   18:     0x55a05bf5c599 - <std[70759c8f55707aa4]::sys::thread::unix::Thread>::new::thread_start
[INFO] [stdout]   19:     0x72a4c9d72dfa - <unknown>
[INFO] [stdout]   20:     0x72a4c9e063d4 - clone
[INFO] [stdout]   21:                0x0 - <unknown>
[INFO] [stdout] 
[INFO] [stdout] ---- tests::add_write_installs_button_and_then_reports_no_change stdout ----
[INFO] [stdout] 
[INFO] [stdout] thread 'tests::add_write_installs_button_and_then_reports_no_change' (777) panicked at src/lib.rs:1704:49:
[INFO] [stdout] run init: "failed to initialize /tmp/.tmpvUqU94: missing tool provenance for leptos_ui_kit_cli/leptos_ui_kit; pass an explicit git rev"
[INFO] [stdout] stack backtrace:
[INFO] [stdout]    0:     0x55a05bf5d541 - <<std[70759c8f55707aa4]::sys::backtrace::BacktraceLock>::print::DisplayBacktrace as core[df12db4294e9bfd3]::fmt::Display>::fmt
[INFO] [stdout]    1:     0x55a05bf7322a - core[df12db4294e9bfd3]::fmt::write
[INFO] [stdout]    2:     0x55a05bf61c5c - <alloc[2182bb758b4b3781]::vec::Vec<u8> as core[df12db4294e9bfd3]::io::write::Write>::write_fmt
[INFO] [stdout]    3:     0x55a05bf37426 - std[70759c8f55707aa4]::panicking::default_hook::{closure#0}
[INFO] [stdout]    4:     0x55a05bf54a39 - std[70759c8f55707aa4]::panicking::default_hook
[INFO] [stdout]    5:     0x55a05be487d0 - test[9d35eded1c95d3be]::test_main_inner::<test[9d35eded1c95d3be]::test_main_static::{closure#0}>::{closure#0}
[INFO] [stdout]    6:     0x55a05bf54bf2 - std[70759c8f55707aa4]::panicking::panic_with_hook
[INFO] [stdout]    7:     0x55a05bf374d2 - std[70759c8f55707aa4]::panicking::panic_handler::{closure#0}
[INFO] [stdout]    8:     0x55a05bf2ff49 - std[70759c8f55707aa4]::sys::backtrace::__rust_end_short_backtrace::<std[70759c8f55707aa4]::panicking::panic_handler::{closure#0}, !>
[INFO] [stdout]    9:     0x55a05bf381bd - __rustc[8fa7c3cbc660c2b3]::rust_begin_unwind
[INFO] [stdout]   10:     0x55a05bf7399c - core[df12db4294e9bfd3]::panicking::panic_fmt
[INFO] [stdout]   11:     0x55a05bf73772 - core[df12db4294e9bfd3]::result::unwrap_failed
[INFO] [stdout]   12:     0x55a05be24cfa - leptos_ui_kit_cli[75d4f8079d1d04f0]::tests::add_write_installs_button_and_then_reports_no_change
[INFO] [stdout]   13:     0x55a05be0e299 - <leptos_ui_kit_cli[75d4f8079d1d04f0]::tests::add_write_installs_button_and_then_reports_no_change::{closure#0} as core[df12db4294e9bfd3]::ops::function::FnOnce<()>>::call_once
[INFO] [stdout]   14:     0x55a05be3babb - test[9d35eded1c95d3be]::__rust_begin_short_backtrace::<core[df12db4294e9bfd3]::result::Result<(), alloc[2182bb758b4b3781]::string::String>, fn() -> core[df12db4294e9bfd3]::result::Result<(), alloc[2182bb758b4b3781]::string::String>>
[INFO] [stdout]   15:     0x55a05be49125 - test[9d35eded1c95d3be]::run_test::{closure#0}
[INFO] [stdout]   16:     0x55a05be429e4 - std[70759c8f55707aa4]::sys::backtrace::__rust_begin_short_backtrace::<test[9d35eded1c95d3be]::run_test::{closure#1}, ()>
[INFO] [stdout]   17:     0x55a05be4c282 - <std[70759c8f55707aa4]::thread::lifecycle::spawn_unchecked<test[9d35eded1c95d3be]::run_test::{closure#1}, ()>::{closure#1} as core[df12db4294e9bfd3]::ops::function::FnOnce<()>>::call_once::{shim:vtable#0}
[INFO] [stdout]   18:     0x55a05bf5c599 - <std[70759c8f55707aa4]::sys::thread::unix::Thread>::new::thread_start
[INFO] [stdout]   19:     0x72a4c9d72dfa - <unknown>
[INFO] [stdout]   20:     0x72a4c9e063d4 - clone
[INFO] [stdout]   21:                0x0 - <unknown>
[INFO] [stdout] 
[INFO] [stdout] ---- tests::doctor_rejects_duplicate_managed_css_blocks stdout ----
[INFO] [stdout] 
[INFO] [stdout] thread 'tests::doctor_rejects_duplicate_managed_css_blocks' (780) panicked at src/lib.rs:1967:49:
[INFO] [stdout] run init: "failed to initialize /tmp/.tmpUMucq5: missing tool provenance for leptos_ui_kit_cli/leptos_ui_kit; pass an explicit git rev"
[INFO] [stdout] stack backtrace:
[INFO] [stdout]    0:     0x55a05bf5d541 - <<std[70759c8f55707aa4]::sys::backtrace::BacktraceLock>::print::DisplayBacktrace as core[df12db4294e9bfd3]::fmt::Display>::fmt
[INFO] [stdout]    1:     0x55a05bf7322a - core[df12db4294e9bfd3]::fmt::write
[INFO] [stdout]    2:     0x55a05bf61c5c - <alloc[2182bb758b4b3781]::vec::Vec<u8> as core[df12db4294e9bfd3]::io::write::Write>::write_fmt
[INFO] [stdout]    3:     0x55a05bf37426 - std[70759c8f55707aa4]::panicking::default_hook::{closure#0}
[INFO] [stdout]    4:     0x55a05bf54a39 - std[70759c8f55707aa4]::panicking::default_hook
[INFO] [stdout]    5:     0x55a05be487d0 - test[9d35eded1c95d3be]::test_main_inner::<test[9d35eded1c95d3be]::test_main_static::{closure#0}>::{closure#0}
[INFO] [stdout]    6:     0x55a05bf54bf2 - std[70759c8f55707aa4]::panicking::panic_with_hook
[INFO] [stdout]    7:     0x55a05bf374d2 - std[70759c8f55707aa4]::panicking::panic_handler::{closure#0}
[INFO] [stdout]    8:     0x55a05bf2ff49 - std[70759c8f55707aa4]::sys::backtrace::__rust_end_short_backtrace::<std[70759c8f55707aa4]::panicking::panic_handler::{closure#0}, !>
[INFO] [stdout]    9:     0x55a05bf381bd - __rustc[8fa7c3cbc660c2b3]::rust_begin_unwind
[INFO] [stdout]   10:     0x55a05bf7399c - core[df12db4294e9bfd3]::panicking::panic_fmt
[INFO] [stdout]   11:     0x55a05bf73772 - core[df12db4294e9bfd3]::result::unwrap_failed
[INFO] [stdout]   12:     0x55a05be21067 - leptos_ui_kit_cli[75d4f8079d1d04f0]::tests::doctor_rejects_duplicate_managed_css_blocks
[INFO] [stdout]   13:     0x55a05be0e1b9 - <leptos_ui_kit_cli[75d4f8079d1d04f0]::tests::doctor_rejects_duplicate_managed_css_blocks::{closure#0} as core[df12db4294e9bfd3]::ops::function::FnOnce<()>>::call_once
[INFO] [stdout]   14:     0x55a05be3babb - test[9d35eded1c95d3be]::__rust_begin_short_backtrace::<core[df12db4294e9bfd3]::result::Result<(), alloc[2182bb758b4b3781]::string::String>, fn() -> core[df12db4294e9bfd3]::result::Result<(), alloc[2182bb758b4b3781]::string::String>>
[INFO] [stdout]   15:     0x55a05be49125 - test[9d35eded1c95d3be]::run_test::{closure#0}
[INFO] [stdout]   16:     0x55a05be429e4 - std[70759c8f55707aa4]::sys::backtrace::__rust_begin_short_backtrace::<test[9d35eded1c95d3be]::run_test::{closure#1}, ()>
[INFO] [stdout]   17:     0x55a05be4c282 - <std[70759c8f55707aa4]::thread::lifecycle::spawn_unchecked<test[9d35eded1c95d3be]::run_test::{closure#1}, ()>::{closure#1} as core[df12db4294e9bfd3]::ops::function::FnOnce<()>>::call_once::{shim:vtable#0}
[INFO] [stdout]   18:     0x55a05bf5c599 - <std[70759c8f55707aa4]::sys::thread::unix::Thread>::new::thread_start
[INFO] [stdout]   19:     0x72a4c9d72dfa - <unknown>
[INFO] [stdout]   20:     0x72a4c9e063d4 - clone
[INFO] [stdout]   21:                0x0 - <unknown>
[INFO] [stdout] 
[INFO] [stdout] ---- tests::doctor_reports_lock_hash_mismatches_as_warnings stdout ----
[INFO] [stdout] 
[INFO] [stdout] thread 'tests::doctor_reports_lock_hash_mismatches_as_warnings' (781) panicked at src/lib.rs:1917:49:
[INFO] [stdout] run init: "failed to initialize /tmp/.tmpxslca0: missing tool provenance for leptos_ui_kit_cli/leptos_ui_kit; pass an explicit git rev"
[INFO] [stdout] stack backtrace:
[INFO] [stdout]    0:     0x55a05bf5d541 - <<std[70759c8f55707aa4]::sys::backtrace::BacktraceLock>::print::DisplayBacktrace as core[df12db4294e9bfd3]::fmt::Display>::fmt
[INFO] [stdout]    1:     0x55a05bf7322a - core[df12db4294e9bfd3]::fmt::write
[INFO] [stdout]    2:     0x55a05bf61c5c - <alloc[2182bb758b4b3781]::vec::Vec<u8> as core[df12db4294e9bfd3]::io::write::Write>::write_fmt
[INFO] [stdout]    3:     0x55a05bf37426 - std[70759c8f55707aa4]::panicking::default_hook::{closure#0}
[INFO] [stdout]    4:     0x55a05bf54a39 - std[70759c8f55707aa4]::panicking::default_hook
[INFO] [stdout]    5:     0x55a05be487d0 - test[9d35eded1c95d3be]::test_main_inner::<test[9d35eded1c95d3be]::test_main_static::{closure#0}>::{closure#0}
[INFO] [stdout]    6:     0x55a05bf54bf2 - std[70759c8f55707aa4]::panicking::panic_with_hook
[INFO] [stdout]    7:     0x55a05bf374d2 - std[70759c8f55707aa4]::panicking::panic_handler::{closure#0}
[INFO] [stdout]    8:     0x55a05bf2ff49 - std[70759c8f55707aa4]::sys::backtrace::__rust_end_short_backtrace::<std[70759c8f55707aa4]::panicking::panic_handler::{closure#0}, !>
[INFO] [stdout]    9:     0x55a05bf381bd - __rustc[8fa7c3cbc660c2b3]::rust_begin_unwind
[INFO] [stdout]   10:     0x55a05bf7399c - core[df12db4294e9bfd3]::panicking::panic_fmt
[INFO] [stdout]   11:     0x55a05bf73772 - core[df12db4294e9bfd3]::result::unwrap_failed
[INFO] [stdout]   12:     0x55a05be22f20 - leptos_ui_kit_cli[75d4f8079d1d04f0]::tests::doctor_reports_lock_hash_mismatches_as_warnings
[INFO] [stdout]   13:     0x55a05be0e219 - <leptos_ui_kit_cli[75d4f8079d1d04f0]::tests::doctor_reports_lock_hash_mismatches_as_warnings::{closure#0} as core[df12db4294e9bfd3]::ops::function::FnOnce<()>>::call_once
[INFO] [stdout]   14:     0x55a05be3babb - test[9d35eded1c95d3be]::__rust_begin_short_backtrace::<core[df12db4294e9bfd3]::result::Result<(), alloc[2182bb758b4b3781]::string::String>, fn() -> core[df12db4294e9bfd3]::result::Result<(), alloc[2182bb758b4b3781]::string::String>>
[INFO] [stdout]   15:     0x55a05be49125 - test[9d35eded1c95d3be]::run_test::{closure#0}
[INFO] [stdout]   16:     0x55a05be429e4 - std[70759c8f55707aa4]::sys::backtrace::__rust_begin_short_backtrace::<test[9d35eded1c95d3be]::run_test::{closure#1}, ()>
[INFO] [stdout]   17:     0x55a05be4c282 - <std[70759c8f55707aa4]::thread::lifecycle::spawn_unchecked<test[9d35eded1c95d3be]::run_test::{closure#1}, ()>::{closure#1} as core[df12db4294e9bfd3]::ops::function::FnOnce<()>>::call_once::{shim:vtable#0}
[INFO] [stdout]   18:     0x55a05bf5c599 - <std[70759c8f55707aa4]::sys::thread::unix::Thread>::new::thread_start
[INFO] [stdout]   19:     0x72a4c9d72dfa - <unknown>
[INFO] [stdout]   20:     0x72a4c9e063d4 - clone
[INFO] [stdout]   21:                0x0 - <unknown>
[INFO] [stdout] 
[INFO] [stdout] ---- tests::doctor_strict_fails_when_desired_item_is_not_installed stdout ----
[INFO] [stdout] 
[INFO] [stdout] thread 'tests::doctor_strict_fails_when_desired_item_is_not_installed' (783) panicked at src/lib.rs:1837:49:
[INFO] [stdout] run init: "failed to initialize /tmp/.tmpuePhqz: missing tool provenance for leptos_ui_kit_cli/leptos_ui_kit; pass an explicit git rev"
[INFO] [stdout] stack backtrace:
[INFO] [stdout]    0:     0x55a05bf5d541 - <<std[70759c8f55707aa4]::sys::backtrace::BacktraceLock>::print::DisplayBacktrace as core[df12db4294e9bfd3]::fmt::Display>::fmt
[INFO] [stdout]    1:     0x55a05bf7322a - core[df12db4294e9bfd3]::fmt::write
[INFO] [stdout]    2:     0x55a05bf61c5c - <alloc[2182bb758b4b3781]::vec::Vec<u8> as core[df12db4294e9bfd3]::io::write::Write>::write_fmt
[INFO] [stdout]    3:     0x55a05bf37426 - std[70759c8f55707aa4]::panicking::default_hook::{closure#0}
[INFO] [stdout]    4:     0x55a05bf54a39 - std[70759c8f55707aa4]::panicking::default_hook
[INFO] [stdout]    5:     0x55a05be487d0 - test[9d35eded1c95d3be]::test_main_inner::<test[9d35eded1c95d3be]::test_main_static::{closure#0}>::{closure#0}
[INFO] [stdout]    6:     0x55a05bf54bf2 - std[70759c8f55707aa4]::panicking::panic_with_hook
[INFO] [stdout]    7:     0x55a05bf374d2 - std[70759c8f55707aa4]::panicking::panic_handler::{closure#0}
[INFO] [stdout]    8:     0x55a05bf2ff49 - std[70759c8f55707aa4]::sys::backtrace::__rust_end_short_backtrace::<std[70759c8f55707aa4]::panicking::panic_handler::{closure#0}, !>
[INFO] [stdout]    9:     0x55a05bf381bd - __rustc[8fa7c3cbc660c2b3]::rust_begin_unwind
[INFO] [stdout]   10:     0x55a05bf7399c - core[df12db4294e9bfd3]::panicking::panic_fmt
[INFO] [stdout]   11:     0x55a05bf73772 - core[df12db4294e9bfd3]::result::unwrap_failed
[INFO] [stdout]   12:     0x55a05be2535e - leptos_ui_kit_cli[75d4f8079d1d04f0]::tests::doctor_strict_fails_when_desired_item_is_not_installed
[INFO] [stdout]   13:     0x55a05be0e2b9 - <leptos_ui_kit_cli[75d4f8079d1d04f0]::tests::doctor_strict_fails_when_desired_item_is_not_installed::{closure#0} as core[df12db4294e9bfd3]::ops::function::FnOnce<()>>::call_once
[INFO] [stdout]   14:     0x55a05be3babb - test[9d35eded1c95d3be]::__rust_begin_short_backtrace::<core[df12db4294e9bfd3]::result::Result<(), alloc[2182bb758b4b3781]::string::String>, fn() -> core[df12db4294e9bfd3]::result::Result<(), alloc[2182bb758b4b3781]::string::String>>
[INFO] [stdout]   15:     0x55a05be49125 - test[9d35eded1c95d3be]::run_test::{closure#0}
[INFO] [stdout]   16:     0x55a05be429e4 - std[70759c8f55707aa4]::sys::backtrace::__rust_begin_short_backtrace::<test[9d35eded1c95d3be]::run_test::{closure#1}, ()>
[INFO] [stdout]   17:     0x55a05be4c282 - <std[70759c8f55707aa4]::thread::lifecycle::spawn_unchecked<test[9d35eded1c95d3be]::run_test::{closure#1}, ()>::{closure#1} as core[df12db4294e9bfd3]::ops::function::FnOnce<()>>::call_once::{shim:vtable#0}
[INFO] [stdout]   18:     0x55a05bf5c599 - <std[70759c8f55707aa4]::sys::thread::unix::Thread>::new::thread_start
[INFO] [stdout]   19:     0x72a4c9d72dfa - <unknown>
[INFO] [stdout]   20:     0x72a4c9e063d4 - clone
[INFO] [stdout]   21:                0x0 - <unknown>
[INFO] [stdout] 
[INFO] [stdout] ---- tests::init_write_creates_files stdout ----
[INFO] [stdout] 
[INFO] [stdout] thread 'tests::init_write_creates_files' (792) panicked at src/lib.rs:1649:49:
[INFO] [stdout] run init: "failed to initialize /tmp/.tmpmq6nUu: missing tool provenance for leptos_ui_kit_cli/leptos_ui_kit; pass an explicit git rev"
[INFO] [stdout] stack backtrace:
[INFO] [stdout]    0:     0x55a05bf5d541 - <<std[70759c8f55707aa4]::sys::backtrace::BacktraceLock>::print::DisplayBacktrace as core[df12db4294e9bfd3]::fmt::Display>::fmt
[INFO] [stdout]    1:     0x55a05bf7322a - core[df12db4294e9bfd3]::fmt::write
[INFO] [stdout]    2:     0x55a05bf61c5c - <alloc[2182bb758b4b3781]::vec::Vec<u8> as core[df12db4294e9bfd3]::io::write::Write>::write_fmt
[INFO] [stdout]    3:     0x55a05bf37426 - std[70759c8f55707aa4]::panicking::default_hook::{closure#0}
[INFO] [stdout]    4:     0x55a05bf54a39 - std[70759c8f55707aa4]::panicking::default_hook
[INFO] [stdout]    5:     0x55a05be487d0 - test[9d35eded1c95d3be]::test_main_inner::<test[9d35eded1c95d3be]::test_main_static::{closure#0}>::{closure#0}
[INFO] [stdout]    6:     0x55a05bf54bf2 - std[70759c8f55707aa4]::panicking::panic_with_hook
[INFO] [stdout]    7:     0x55a05bf374d2 - std[70759c8f55707aa4]::panicking::panic_handler::{closure#0}
[INFO] [stdout]    8:     0x55a05bf2ff49 - std[70759c8f55707aa4]::sys::backtrace::__rust_end_short_backtrace::<std[70759c8f55707aa4]::panicking::panic_handler::{closure#0}, !>
[INFO] [stdout]    9:     0x55a05bf381bd - __rustc[8fa7c3cbc660c2b3]::rust_begin_unwind
[INFO] [stdout]   10:     0x55a05bf7399c - core[df12db4294e9bfd3]::panicking::panic_fmt
[INFO] [stdout]   11:     0x55a05bf73772 - core[df12db4294e9bfd3]::result::unwrap_failed
[INFO] [stdout]   12:     0x55a05be1ed80 - leptos_ui_kit_cli[75d4f8079d1d04f0]::tests::init_write_creates_files
[INFO] [stdout]   13:     0x55a05be0e099 - <leptos_ui_kit_cli[75d4f8079d1d04f0]::tests::init_write_creates_files::{closure#0} as core[df12db4294e9bfd3]::ops::function::FnOnce<()>>::call_once
[INFO] [stdout]   14:     0x55a05be3babb - test[9d35eded1c95d3be]::__rust_begin_short_backtrace::<core[df12db4294e9bfd3]::result::Result<(), alloc[2182bb758b4b3781]::string::String>, fn() -> core[df12db4294e9bfd3]::result::Result<(), alloc[2182bb758b4b3781]::string::String>>
[INFO] [stdout]   15:     0x55a05be49125 - test[9d35eded1c95d3be]::run_test::{closure#0}
[INFO] [stdout]   16:     0x55a05be429e4 - std[70759c8f55707aa4]::sys::backtrace::__rust_begin_short_backtrace::<test[9d35eded1c95d3be]::run_test::{closure#1}, ()>
[INFO] [stdout]   17:     0x55a05be4c282 - <std[70759c8f55707aa4]::thread::lifecycle::spawn_unchecked<test[9d35eded1c95d3be]::run_test::{closure#1}, ()>::{closure#1} as core[df12db4294e9bfd3]::ops::function::FnOnce<()>>::call_once::{shim:vtable#0}
[INFO] [stdout]   18:     0x55a05bf5c599 - <std[70759c8f55707aa4]::sys::thread::unix::Thread>::new::thread_start
[INFO] [stdout]   19:     0x72a4c9d72dfa - <unknown>
[INFO] [stdout]   20:     0x72a4c9e063d4 - clone
[INFO] [stdout]   21:                0x0 - <unknown>
[INFO] [stdout] 
[INFO] [stdout] ---- tests::doctor_strict_json_passes_after_init_and_add stdout ----
[INFO] [stdout] 
[INFO] [stdout] thread 'tests::doctor_strict_json_passes_after_init_and_add' (787) panicked at src/lib.rs:1808:49:
[INFO] [stdout] run init: "failed to initialize /tmp/.tmpU7F6M0: missing tool provenance for leptos_ui_kit_cli/leptos_ui_kit; pass an explicit git rev"
[INFO] [stdout] stack backtrace:
[INFO] [stdout]    0:     0x55a05bf5d541 - <<std[70759c8f55707aa4]::sys::backtrace::BacktraceLock>::print::DisplayBacktrace as core[df12db4294e9bfd3]::fmt::Display>::fmt
[INFO] [stdout]    1:     0x55a05bf7322a - core[df12db4294e9bfd3]::fmt::write
[INFO] [stdout]    2:     0x55a05bf61c5c - <alloc[2182bb758b4b3781]::vec::Vec<u8> as core[df12db4294e9bfd3]::io::write::Write>::write_fmt
[INFO] [stdout]    3:     0x55a05bf37426 - std[70759c8f55707aa4]::panicking::default_hook::{closure#0}
[INFO] [stdout]    4:     0x55a05bf54a39 - std[70759c8f55707aa4]::panicking::default_hook
[INFO] [stdout]    5:     0x55a05be487d0 - test[9d35eded1c95d3be]::test_main_inner::<test[9d35eded1c95d3be]::test_main_static::{closure#0}>::{closure#0}
[INFO] [stdout]    6:     0x55a05bf54bf2 - std[70759c8f55707aa4]::panicking::panic_with_hook
[INFO] [stdout]    7:     0x55a05bf374d2 - std[70759c8f55707aa4]::panicking::panic_handler::{closure#0}
[INFO] [stdout]    8:     0x55a05bf2ff49 - std[70759c8f55707aa4]::sys::backtrace::__rust_end_short_backtrace::<std[70759c8f55707aa4]::panicking::panic_handler::{closure#0}, !>
[INFO] [stdout]    9:     0x55a05bf381bd - __rustc[8fa7c3cbc660c2b3]::rust_begin_unwind
[INFO] [stdout]   10:     0x55a05bf7399c - core[df12db4294e9bfd3]::panicking::panic_fmt
[INFO] [stdout]   11:     0x55a05bf73772 - core[df12db4294e9bfd3]::result::unwrap_failed
[INFO] [stdout]   12:     0x55a05be21bcd - leptos_ui_kit_cli[75d4f8079d1d04f0]::tests::doctor_strict_json_passes_after_init_and_add
[INFO] [stdout]   13:     0x55a05be0e1d9 - <leptos_ui_kit_cli[75d4f8079d1d04f0]::tests::doctor_strict_json_passes_after_init_and_add::{closure#0} as core[df12db4294e9bfd3]::ops::function::FnOnce<()>>::call_once
[INFO] [stdout]   14:     0x55a05be3babb - test[9d35eded1c95d3be]::__rust_begin_short_backtrace::<core[df12db4294e9bfd3]::result::Result<(), alloc[2182bb758b4b3781]::string::String>, fn() -> core[df12db4294e9bfd3]::result::Result<(), alloc[2182bb758b4b3781]::string::String>>
[INFO] [stdout]   15:     0x55a05be49125 - test[9d35eded1c95d3be]::run_test::{closure#0}
[INFO] [stdout]   16:     0x55a05be429e4 - std[70759c8f55707aa4]::sys::backtrace::__rust_begin_short_backtrace::<test[9d35eded1c95d3be]::run_test::{closure#1}, ()>
[INFO] [stdout]   17:     0x55a05be4c282 - <std[70759c8f55707aa4]::thread::lifecycle::spawn_unchecked<test[9d35eded1c95d3be]::run_test::{closure#1}, ()>::{closure#1} as core[df12db4294e9bfd3]::ops::function::FnOnce<()>>::call_once::{shim:vtable#0}
[INFO] [stdout]   18:     0x55a05bf5c599 - <std[70759c8f55707aa4]::sys::thread::unix::Thread>::new::thread_start
[INFO] [stdout]   19:     0x72a4c9d72dfa - <unknown>
[INFO] [stdout]   20:     0x72a4c9e063d4 - clone
[INFO] [stdout]   21:                0x0 - <unknown>
[INFO] [stdout] 
[INFO] [stdout] ---- tests::doctor_strict_fails_when_installed_item_is_not_desired stdout ----
[INFO] [stdout] 
[INFO] [stdout] thread 'tests::doctor_strict_fails_when_installed_item_is_not_desired' (784) panicked at src/lib.rs:1854:49:
[INFO] [stdout] run init: "failed to initialize /tmp/.tmpCzQ88A: missing tool provenance for leptos_ui_kit_cli/leptos_ui_kit; pass an explicit git rev"
[INFO] [stdout] stack backtrace:
[INFO] [stdout]    0:     0x55a05bf5d541 - <<std[70759c8f55707aa4]::sys::backtrace::BacktraceLock>::print::DisplayBacktrace as core[df12db4294e9bfd3]::fmt::Display>::fmt
[INFO] [stdout]    1:     0x55a05bf7322a - core[df12db4294e9bfd3]::fmt::write
[INFO] [stdout]    2:     0x55a05bf61c5c - <alloc[2182bb758b4b3781]::vec::Vec<u8> as core[df12db4294e9bfd3]::io::write::Write>::write_fmt
[INFO] [stdout]    3:     0x55a05bf37426 - std[70759c8f55707aa4]::panicking::default_hook::{closure#0}
[INFO] [stdout]    4:     0x55a05bf54a39 - std[70759c8f55707aa4]::panicking::default_hook
[INFO] [stdout]    5:     0x55a05be487d0 - test[9d35eded1c95d3be]::test_main_inner::<test[9d35eded1c95d3be]::test_main_static::{closure#0}>::{closure#0}
[INFO] [stdout]    6:     0x55a05bf54bf2 - std[70759c8f55707aa4]::panicking::panic_with_hook
[INFO] [stdout]    7:     0x55a05bf374d2 - std[70759c8f55707aa4]::panicking::panic_handler::{closure#0}
[INFO] [stdout]    8:     0x55a05bf2ff49 - std[70759c8f55707aa4]::sys::backtrace::__rust_end_short_backtrace::<std[70759c8f55707aa4]::panicking::panic_handler::{closure#0}, !>
[INFO] [stdout]    9:     0x55a05bf381bd - __rustc[8fa7c3cbc660c2b3]::rust_begin_unwind
[INFO] [stdout]   10:     0x55a05bf7399c - core[df12db4294e9bfd3]::panicking::panic_fmt
[INFO] [stdout]   11:     0x55a05bf73772 - core[df12db4294e9bfd3]::result::unwrap_failed
[INFO] [stdout]   12:     0x55a05be25a5d - leptos_ui_kit_cli[75d4f8079d1d04f0]::tests::doctor_strict_fails_when_installed_item_is_not_desired
[INFO] [stdout]   13:     0x55a05be0e2d9 - <leptos_ui_kit_cli[75d4f8079d1d04f0]::tests::doctor_strict_fails_when_installed_item_is_not_desired::{closure#0} as core[df12db4294e9bfd3]::ops::function::FnOnce<()>>::call_once
[INFO] [stdout]   14:     0x55a05be3babb - test[9d35eded1c95d3be]::__rust_begin_short_backtrace::<core[df12db4294e9bfd3]::result::Result<(), alloc[2182bb758b4b3781]::string::String>, fn() -> core[df12db4294e9bfd3]::result::Result<(), alloc[2182bb758b4b3781]::string::String>>
[INFO] [stdout]   15:     0x55a05be49125 - test[9d35eded1c95d3be]::run_test::{closure#0}
[INFO] [stdout]   16:     0x55a05be429e4 - std[70759c8f55707aa4]::sys::backtrace::__rust_begin_short_backtrace::<test[9d35eded1c95d3be]::run_test::{closure#1}, ()>
[INFO] [stdout]   17:     0x55a05be4c282 - <std[70759c8f55707aa4]::thread::lifecycle::spawn_unchecked<test[9d35eded1c95d3be]::run_test::{closure#1}, ()>::{closure#1} as core[df12db4294e9bfd3]::ops::function::FnOnce<()>>::call_once::{shim:vtable#0}
[INFO] [stdout]   18:     0x55a05bf5c599 - <std[70759c8f55707aa4]::sys::thread::unix::Thread>::new::thread_start
[INFO] [stdout]   19:     0x72a4c9d72dfa - <unknown>
[INFO] [stdout]   20:     0x72a4c9e063d4 - clone
[INFO] [stdout]   21:                0x0 - <unknown>
[INFO] [stdout] 
[INFO] [stdout] ---- tests::sync_write_installs_declared_button_and_then_reports_no_change stdout ----
[INFO] [stdout] 
[INFO] [stdout] thread 'tests::sync_write_installs_declared_button_and_then_reports_no_change' (794) panicked at src/lib.rs:1769:49:
[INFO] [stdout] run init: "failed to initialize /tmp/.tmpY68uqM: missing tool provenance for leptos_ui_kit_cli/leptos_ui_kit; pass an explicit git rev"
[INFO] [stdout] stack backtrace:
[INFO] [stdout]    0:     0x55a05bf5d541 - <<std[70759c8f55707aa4]::sys::backtrace::BacktraceLock>::print::DisplayBacktrace as core[df12db4294e9bfd3]::fmt::Display>::fmt
[INFO] [stdout]    1:     0x55a05bf7322a - core[df12db4294e9bfd3]::fmt::write
[INFO] [stdout]    2:     0x55a05bf61c5c - <alloc[2182bb758b4b3781]::vec::Vec<u8> as core[df12db4294e9bfd3]::io::write::Write>::write_fmt
[INFO] [stdout]    3:     0x55a05bf37426 - std[70759c8f55707aa4]::panicking::default_hook::{closure#0}
[INFO] [stdout]    4:     0x55a05bf54a39 - std[70759c8f55707aa4]::panicking::default_hook
[INFO] [stdout]    5:     0x55a05be487d0 - test[9d35eded1c95d3be]::test_main_inner::<test[9d35eded1c95d3be]::test_main_static::{closure#0}>::{closure#0}
[INFO] [stdout]    6:     0x55a05bf54bf2 - std[70759c8f55707aa4]::panicking::panic_with_hook
[INFO] [stdout]    7:     0x55a05bf374d2 - std[70759c8f55707aa4]::panicking::panic_handler::{closure#0}
[INFO] [stdout]    8:     0x55a05bf2ff49 - std[70759c8f55707aa4]::sys::backtrace::__rust_end_short_backtrace::<std[70759c8f55707aa4]::panicking::panic_handler::{closure#0}, !>
[INFO] [stdout]    9:     0x55a05bf381bd - __rustc[8fa7c3cbc660c2b3]::rust_begin_unwind
[INFO] [stdout]   10:     0x55a05bf7399c - core[df12db4294e9bfd3]::panicking::panic_fmt
[INFO] [stdout]   11:     0x55a05bf73772 - core[df12db4294e9bfd3]::result::unwrap_failed
[INFO] [stdout]   12:     0x55a05be275cd - leptos_ui_kit_cli[75d4f8079d1d04f0]::tests::sync_write_installs_declared_button_and_then_reports_no_change
[INFO] [stdout]   13:     0x55a05be0e339 - <leptos_ui_kit_cli[75d4f8079d1d04f0]::tests::sync_write_installs_declared_button_and_then_reports_no_change::{closure#0} as core[df12db4294e9bfd3]::ops::function::FnOnce<()>>::call_once
[INFO] [stdout]   14:     0x55a05be3babb - test[9d35eded1c95d3be]::__rust_begin_short_backtrace::<core[df12db4294e9bfd3]::result::Result<(), alloc[2182bb758b4b3781]::string::String>, fn() -> core[df12db4294e9bfd3]::result::Result<(), alloc[2182bb758b4b3781]::string::String>>
[INFO] [stdout]   15:     0x55a05be49125 - test[9d35eded1c95d3be]::run_test::{closure#0}
[INFO] [stdout]   16:     0x55a05be429e4 - std[70759c8f55707aa4]::sys::backtrace::__rust_begin_short_backtrace::<test[9d35eded1c95d3be]::run_test::{closure#1}, ()>
[INFO] [stdout]   17:     0x55a05be4c282 - <std[70759c8f55707aa4]::thread::lifecycle::spawn_unchecked<test[9d35eded1c95d3be]::run_test::{closure#1}, ()>::{closure#1} as core[df12db4294e9bfd3]::ops::function::FnOnce<()>>::call_once::{shim:vtable#0}
[INFO] [stdout]   18:     0x55a05bf5c599 - <std[70759c8f55707aa4]::sys::thread::unix::Thread>::new::thread_start
[INFO] [stdout]   19:     0x72a4c9d72dfa - <unknown>
[INFO] [stdout]   20:     0x72a4c9e063d4 - clone
[INFO] [stdout]   21:                0x0 - <unknown>
[INFO] [stdout] 
[INFO] [stdout] ---- tests::init_dry_run_envelope_json_outputs_planned_changes stdout ----
[INFO] [stdout] 
[INFO] [stdout] thread 'tests::init_dry_run_envelope_json_outputs_planned_changes' (791) panicked at src/lib.rs:1624:10:
[INFO] [stdout] run init dry-run: "failed to plan init for /tmp/.tmp57NNAU: missing tool provenance for leptos_ui_kit_cli/leptos_ui_kit; pass an explicit git rev"
[INFO] [stdout] stack backtrace:
[INFO] [stdout]    0:     0x55a05bf5d541 - <<std[70759c8f55707aa4]::sys::backtrace::BacktraceLock>::print::DisplayBacktrace as core[df12db4294e9bfd3]::fmt::Display>::fmt
[INFO] [stdout]    1:     0x55a05bf7322a - core[df12db4294e9bfd3]::fmt::write
[INFO] [stdout]    2:     0x55a05bf61c5c - <alloc[2182bb758b4b3781]::vec::Vec<u8> as core[df12db4294e9bfd3]::io::write::Write>::write_fmt
[INFO] [stdout]    3:     0x55a05bf37426 - std[70759c8f55707aa4]::panicking::default_hook::{closure#0}
[INFO] [stdout]    4:     0x55a05bf54a39 - std[70759c8f55707aa4]::panicking::default_hook
[INFO] [stdout]    5:     0x55a05be487d0 - test[9d35eded1c95d3be]::test_main_inner::<test[9d35eded1c95d3be]::test_main_static::{closure#0}>::{closure#0}
[INFO] [stdout]    6:     0x55a05bf54bf2 - std[70759c8f55707aa4]::panicking::panic_with_hook
[INFO] [stdout]    7:     0x55a05bf374d2 - std[70759c8f55707aa4]::panicking::panic_handler::{closure#0}
[INFO] [stdout]    8:     0x55a05bf2ff49 - std[70759c8f55707aa4]::sys::backtrace::__rust_end_short_backtrace::<std[70759c8f55707aa4]::panicking::panic_handler::{closure#0}, !>
[INFO] [stdout]    9:     0x55a05bf381bd - __rustc[8fa7c3cbc660c2b3]::rust_begin_unwind
[INFO] [stdout]   10:     0x55a05bf7399c - core[df12db4294e9bfd3]::panicking::panic_fmt
[INFO] [stdout]   11:     0x55a05bf73772 - core[df12db4294e9bfd3]::result::unwrap_failed
[INFO] [stdout]   12:     0x55a05be24435 - leptos_ui_kit_cli[75d4f8079d1d04f0]::tests::init_dry_run_envelope_json_outputs_planned_changes
[INFO] [stdout]   13:     0x55a05be0e279 - <leptos_ui_kit_cli[75d4f8079d1d04f0]::tests::init_dry_run_envelope_json_outputs_planned_changes::{closure#0} as core[df12db4294e9bfd3]::ops::function::FnOnce<()>>::call_once
[INFO] [stdout]   14:     0x55a05be3babb - test[9d35eded1c95d3be]::__rust_begin_short_backtrace::<core[df12db4294e9bfd3]::result::Result<(), alloc[2182bb758b4b3781]::string::String>, fn() -> core[df12db4294e9bfd3]::result::Result<(), alloc[2182bb758b4b3781]::string::String>>
[INFO] [stdout]   15:     0x55a05be49125 - test[9d35eded1c95d3be]::run_test::{closure#0}
[INFO] [stdout]   16:     0x55a05be429e4 - std[70759c8f55707aa4]::sys::backtrace::__rust_begin_short_backtrace::<test[9d35eded1c95d3be]::run_test::{closure#1}, ()>
[INFO] [stdout]   17:     0x55a05be4c282 - <std[70759c8f55707aa4]::thread::lifecycle::spawn_unchecked<test[9d35eded1c95d3be]::run_test::{closure#1}, ()>::{closure#1} as core[df12db4294e9bfd3]::ops::function::FnOnce<()>>::call_once::{shim:vtable#0}
[INFO] [stdout]   18:     0x55a05bf5c599 - <std[70759c8f55707aa4]::sys::thread::unix::Thread>::new::thread_start
[INFO] [stdout]   19:     0x72a4c9d72dfa - <unknown>
[INFO] [stdout]   20:     0x72a4c9e063d4 - clone
[INFO] [stdout]   21:                0x0 - <unknown>
[INFO] [stdout] 
[INFO] [stdout] ---- tests::sync_dry_run_envelope_json_outputs_declared_button_changes stdout ----
[INFO] [stdout] 
[INFO] [stdout] thread 'tests::sync_dry_run_envelope_json_outputs_declared_button_changes' (793) panicked at src/lib.rs:1730:49:
[INFO] [stdout] run init: "failed to initialize /tmp/.tmpwzJ7ry: missing tool provenance for leptos_ui_kit_cli/leptos_ui_kit; pass an explicit git rev"
[INFO] [stdout] stack backtrace:
[INFO] [stdout]    0:     0x55a05bf5d541 - <<std[70759c8f55707aa4]::sys::backtrace::BacktraceLock>::print::DisplayBacktrace as core[df12db4294e9bfd3]::fmt::Display>::fmt
[INFO] [stdout]    1:     0x55a05bf7322a - core[df12db4294e9bfd3]::fmt::write
[INFO] [stdout]    2:     0x55a05bf61c5c - <alloc[2182bb758b4b3781]::vec::Vec<u8> as core[df12db4294e9bfd3]::io::write::Write>::write_fmt
[INFO] [stdout]    3:     0x55a05bf37426 - std[70759c8f55707aa4]::panicking::default_hook::{closure#0}
[INFO] [stdout]    4:     0x55a05bf54a39 - std[70759c8f55707aa4]::panicking::default_hook
[INFO] [stdout]    5:     0x55a05be487d0 - test[9d35eded1c95d3be]::test_main_inner::<test[9d35eded1c95d3be]::test_main_static::{closure#0}>::{closure#0}
[INFO] [stdout]    6:     0x55a05bf54bf2 - std[70759c8f55707aa4]::panicking::panic_with_hook
[INFO] [stdout]    7:     0x55a05bf374d2 - std[70759c8f55707aa4]::panicking::panic_handler::{closure#0}
[INFO] [stdout]    8:     0x55a05bf2ff49 - std[70759c8f55707aa4]::sys::backtrace::__rust_end_short_backtrace::<std[70759c8f55707aa4]::panicking::panic_handler::{closure#0}, !>
[INFO] [stdout]    9:     0x55a05bf381bd - __rustc[8fa7c3cbc660c2b3]::rust_begin_unwind
[INFO] [stdout]   10:     0x55a05bf7399c - core[df12db4294e9bfd3]::panicking::panic_fmt
[INFO] [stdout]   11:     0x55a05bf73772 - core[df12db4294e9bfd3]::result::unwrap_failed
[INFO] [stdout]   12:     0x55a05be26d7b - leptos_ui_kit_cli[75d4f8079d1d04f0]::tests::sync_dry_run_envelope_json_outputs_declared_button_changes
[INFO] [stdout]   13:     0x55a05be0e319 - <leptos_ui_kit_cli[75d4f8079d1d04f0]::tests::sync_dry_run_envelope_json_outputs_declared_button_changes::{closure#0} as core[df12db4294e9bfd3]::ops::function::FnOnce<()>>::call_once
[INFO] [stdout]   14:     0x55a05be3babb - test[9d35eded1c95d3be]::__rust_begin_short_backtrace::<core[df12db4294e9bfd3]::result::Result<(), alloc[2182bb758b4b3781]::string::String>, fn() -> core[df12db4294e9bfd3]::result::Result<(), alloc[2182bb758b4b3781]::string::String>>
[INFO] [stdout]   15:     0x55a05be49125 - test[9d35eded1c95d3be]::run_test::{closure#0}
[INFO] [stdout]   16:     0x55a05be429e4 - std[70759c8f55707aa4]::sys::backtrace::__rust_begin_short_backtrace::<test[9d35eded1c95d3be]::run_test::{closure#1}, ()>
[INFO] [stdout]   17:     0x55a05be4c282 - <std[70759c8f55707aa4]::thread::lifecycle::spawn_unchecked<test[9d35eded1c95d3be]::run_test::{closure#1}, ()>::{closure#1} as core[df12db4294e9bfd3]::ops::function::FnOnce<()>>::call_once::{shim:vtable#0}
[INFO] [stdout]   18:     0x55a05bf5c599 - <std[70759c8f55707aa4]::sys::thread::unix::Thread>::new::thread_start
[INFO] [stdout]   19:     0x72a4c9d72dfa - <unknown>
[INFO] [stdout]   20:     0x72a4c9e063d4 - clone
[INFO] [stdout]   21:                0x0 - <unknown>
[INFO] [stdout] 
[INFO] [stdout] ---- tests::doctor_strict_fails_when_installer_metadata_is_ignored stdout ----
[INFO] [stdout] 
[INFO] [stdout] thread 'tests::doctor_strict_fails_when_installer_metadata_is_ignored' (785) panicked at src/lib.rs:1878:49:
[INFO] [stdout] run init: "failed to initialize /tmp/.tmpWbGixt: missing tool provenance for leptos_ui_kit_cli/leptos_ui_kit; pass an explicit git rev"
[INFO] [stdout] stack backtrace:
[INFO] [stdout]    0:     0x55a05bf5d541 - <<std[70759c8f55707aa4]::sys::backtrace::BacktraceLock>::print::DisplayBacktrace as core[df12db4294e9bfd3]::fmt::Display>::fmt
[INFO] [stdout]    1:     0x55a05bf7322a - core[df12db4294e9bfd3]::fmt::write
[INFO] [stdout]    2:     0x55a05bf61c5c - <alloc[2182bb758b4b3781]::vec::Vec<u8> as core[df12db4294e9bfd3]::io::write::Write>::write_fmt
[INFO] [stdout]    3:     0x55a05bf37426 - std[70759c8f55707aa4]::panicking::default_hook::{closure#0}
[INFO] [stdout]    4:     0x55a05bf54a39 - std[70759c8f55707aa4]::panicking::default_hook
[INFO] [stdout]    5:     0x55a05be487d0 - test[9d35eded1c95d3be]::test_main_inner::<test[9d35eded1c95d3be]::test_main_static::{closure#0}>::{closure#0}
[INFO] [stdout]    6:     0x55a05bf54bf2 - std[70759c8f55707aa4]::panicking::panic_with_hook
[INFO] [stdout]    7:     0x55a05bf374d2 - std[70759c8f55707aa4]::panicking::panic_handler::{closure#0}
[INFO] [stdout]    8:     0x55a05bf2ff49 - std[70759c8f55707aa4]::sys::backtrace::__rust_end_short_backtrace::<std[70759c8f55707aa4]::panicking::panic_handler::{closure#0}, !>
[INFO] [stdout]    9:     0x55a05bf381bd - __rustc[8fa7c3cbc660c2b3]::rust_begin_unwind
[INFO] [stdout]   10:     0x55a05bf7399c - core[df12db4294e9bfd3]::panicking::panic_fmt
[INFO] [stdout]   11:     0x55a05bf73772 - core[df12db4294e9bfd3]::result::unwrap_failed
[INFO] [stdout]   12:     0x55a05be26478 - leptos_ui_kit_cli[75d4f8079d1d04f0]::tests::doctor_strict_fails_when_installer_metadata_is_ignored
[INFO] [stdout]   13:     0x55a05be0e2f9 - <leptos_ui_kit_cli[75d4f8079d1d04f0]::tests::doctor_strict_fails_when_installer_metadata_is_ignored::{closure#0} as core[df12db4294e9bfd3]::ops::function::FnOnce<()>>::call_once
[INFO] [stdout]   14:     0x55a05be3babb - test[9d35eded1c95d3be]::__rust_begin_short_backtrace::<core[df12db4294e9bfd3]::result::Result<(), alloc[2182bb758b4b3781]::string::String>, fn() -> core[df12db4294e9bfd3]::result::Result<(), alloc[2182bb758b4b3781]::string::String>>
[INFO] [stdout]   15:     0x55a05be49125 - test[9d35eded1c95d3be]::run_test::{closure#0}
[INFO] [stdout]   16:     0x55a05be429e4 - std[70759c8f55707aa4]::sys::backtrace::__rust_begin_short_backtrace::<test[9d35eded1c95d3be]::run_test::{closure#1}, ()>
[INFO] [stdout]   17:     0x55a05be4c282 - <std[70759c8f55707aa4]::thread::lifecycle::spawn_unchecked<test[9d35eded1c95d3be]::run_test::{closure#1}, ()>::{closure#1} as core[df12db4294e9bfd3]::ops::function::FnOnce<()>>::call_once::{shim:vtable#0}
[INFO] [stdout]   18:     0x55a05bf5c599 - <std[70759c8f55707aa4]::sys::thread::unix::Thread>::new::thread_start
[INFO] [stdout]   19:     0x72a4c9d72dfa - <unknown>
[INFO] [stdout]   20:     0x72a4c9e063d4 - clone
[INFO] [stdout]   21:                0x0 - <unknown>
[INFO] [stdout] 
[INFO] [stdout] 
[INFO] [stdout] failures:
[INFO] [stdout]     tests::add_dry_run_envelope_json_outputs_planned_changes_without_writes
[INFO] [stdout]     tests::add_write_installs_button_and_then_reports_no_change
[INFO] [stdout]     tests::doctor_rejects_duplicate_managed_css_blocks
[INFO] [stdout]     tests::doctor_reports_lock_hash_mismatches_as_warnings
[INFO] [stdout]     tests::doctor_strict_fails_when_desired_item_is_not_installed
[INFO] [stdout]     tests::doctor_strict_fails_when_installed_item_is_not_desired
[INFO] [stdout]     tests::doctor_strict_fails_when_installer_metadata_is_ignored
[INFO] [stdout]     tests::doctor_strict_json_passes_after_init_and_add
[INFO] [stdout]     tests::init_dry_run_envelope_json_outputs_planned_changes
[INFO] [stdout]     tests::init_write_creates_files
[INFO] [stdout]     tests::sync_dry_run_envelope_json_outputs_declared_button_changes
[INFO] [stdout]     tests::sync_write_installs_declared_button_and_then_reports_no_change
[INFO] [stdout] 
[INFO] [stdout] test result: FAILED. 11 passed; 12 failed; 0 ignored; 0 measured; 0 filtered out; finished in 0.03s
[INFO] [stdout] 
[INFO] [stderr] error: test failed, to rerun pass `--lib`
[INFO] running `Command { std: "docker" "inspect" "41d71cb2c0507ed80ab7de9efa57a0916649c1f929613b142da4926a8c3e66fe", kill_on_drop: false }`
[INFO] running `Command { std: "docker" "rm" "-f" "41d71cb2c0507ed80ab7de9efa57a0916649c1f929613b142da4926a8c3e66fe", kill_on_drop: false }`
[INFO] [stdout] 41d71cb2c0507ed80ab7de9efa57a0916649c1f929613b142da4926a8c3e66fe
