[INFO] fetching crate leptos_transition_group 0.2.0...
[INFO] testing leptos_transition_group-0.2.0 against 1.99.0-beta.8+cargoflags=--release for beta-release-1.100-2
[INFO] extracting crate leptos_transition_group 0.2.0 into /workspace/builds/worker-6-tc1/source
[INFO] started tweaking crates.io crate leptos_transition_group 0.2.0
[INFO] finished tweaking crates.io crate leptos_transition_group 0.2.0
[INFO] tweaked toml for crates.io crate leptos_transition_group 0.2.0 written to /workspace/builds/worker-6-tc1/source/Cargo.toml
[INFO] validating manifest of crates.io crate leptos_transition_group 0.2.0 on toolchain 1.99.0-beta.8
[INFO] running `Command { std: CARGO_HOME="/workspace/cargo-home" RUSTUP_HOME="/workspace/rustup-home" "/workspace/cargo-home/bin/cargo" "+1.99.0-beta.8" "metadata" "--manifest-path" "Cargo.toml" "--no-deps", kill_on_drop: false }`
[INFO] crate crates.io crate leptos_transition_group 0.2.0 already has a lockfile, it will not be regenerated
[INFO] running `Command { std: CARGO_HOME="/workspace/cargo-home" RUSTUP_HOME="/workspace/rustup-home" "/workspace/cargo-home/bin/cargo" "+1.99.0-beta.8" "fetch" "--manifest-path" "Cargo.toml", kill_on_drop: false }`
[INFO] [stderr]  Downloading crates ...
[INFO] [stderr]   Downloaded typed-builder v0.21.0
[INFO] [stderr]   Downloaded reactive_stores v0.2.0
[INFO] [stderr]   Downloaded tachys v0.2.0
[INFO] [stderr]   Downloaded oco_ref v0.2.0
[INFO] [stderr]   Downloaded either_of v0.1.5
[INFO] [stderr]   Downloaded reactive_stores_macro v0.2.0
[INFO] [stderr]   Downloaded typed-builder-macro v0.21.0
[INFO] [stderr]   Downloaded redox_syscall v0.5.9
[INFO] [stderr]   Downloaded server_fn_macro_default v0.8.0
[INFO] [stderr]   Downloaded server_fn v0.8.0
[INFO] [stderr]   Downloaded server_fn_macro v0.8.0
[INFO] [stderr]   Downloaded pin-project-internal v1.1.9
[INFO] [stderr]   Downloaded const-str v0.6.2
[INFO] [stderr]   Downloaded leptos_server v0.8.0
[INFO] [stderr]   Downloaded codee v0.3.0
[INFO] [stderr]   Downloaded leptos_hot_reload v0.8.0
[INFO] [stderr]   Downloaded leptos v0.8.0
[INFO] [stderr]   Downloaded serde_qs v0.14.0
[INFO] [stderr]   Downloaded pin-project v1.1.9
[INFO] [stderr]   Downloaded leptos_macro v0.8.0
[INFO] [stderr]   Downloaded collection_literals v1.0.1
[INFO] [stderr]   Downloaded leptos_dom v0.8.0
[INFO] [stderr]   Downloaded leptos_config v0.8.0
[INFO] [stderr]   Downloaded reactive_graph v0.2.0
[INFO] [stderr]   Downloaded anyhow v1.0.96
[INFO] [stderr]   Downloaded prettyplease v0.2.29
[INFO] running `Command { std: "docker" "create" "-v" "/var/lib/crater-agent-workspace/builds/worker-6-tc1/source:/opt/rustwide/workdir:ro,Z" "-v" "/var/lib/crater-agent-workspace/builds/worker-6-tc1/target:/opt/rustwide/target:rw,Z" "-v" "/var/lib/crater-agent-workspace/cargo-home:/opt/rustwide/cargo-home:ro,Z" "-v" "/var/lib/crater-agent-workspace/rustup-home:/opt/rustwide/rustup-home:ro,Z" "-m" "1610612736" "--network" "none" "ghcr.io/rust-lang/crates-build-env/linux@sha256:77db811e55d90add9212f6832c23229e3de5f1c1f9905e8cb07319ea15df73ac" "sleep" "infinity", kill_on_drop: false }`
[INFO] [stdout] 02c098f9d0bc0081fa82799d8cf4e1f8dcdafcc68038070a76b673f04e6b4f4e
[INFO] running `Command { std: "docker" "start" "02c098f9d0bc0081fa82799d8cf4e1f8dcdafcc68038070a76b673f04e6b4f4e", kill_on_drop: false }`
[INFO] running `Command { std: "docker" "inspect" "02c098f9d0bc0081fa82799d8cf4e1f8dcdafcc68038070a76b673f04e6b4f4e", kill_on_drop: false }`
[INFO] running `Command { std: "docker" "exec" "-e" "SOURCE_DIR=/opt/rustwide/workdir" "-e" "CARGO_HOME=/opt/rustwide/cargo-home" "-e" "RUSTUP_HOME=/opt/rustwide/rustup-home" "-e" "CARGO_TARGET_DIR=/opt/rustwide/target" "-w" "/opt/rustwide/workdir" "--user" "0:0" "02c098f9d0bc0081fa82799d8cf4e1f8dcdafcc68038070a76b673f04e6b4f4e" "/opt/rustwide/cargo-home/bin/cargo" "+1.99.0-beta.8" "metadata" "--no-deps" "--format-version=1", kill_on_drop: false }`
[INFO] running `Command { std: "docker" "inspect" "02c098f9d0bc0081fa82799d8cf4e1f8dcdafcc68038070a76b673f04e6b4f4e", kill_on_drop: false }`
[INFO] running `Command { std: "docker" "exec" "-e" "SOURCE_DIR=/opt/rustwide/workdir" "-e" "CARGO_HOME=/opt/rustwide/cargo-home" "-e" "RUSTUP_HOME=/opt/rustwide/rustup-home" "-e" "CARGO_TARGET_DIR=/opt/rustwide/target" "-e" "CARGO_INCREMENTAL=0" "-e" "RUST_BACKTRACE=full" "-e" "RUSTFLAGS=--cap-lints=warn" "-e" "RUSTDOCFLAGS=--cap-lints=warn" "-w" "/opt/rustwide/workdir" "--user" "0:0" "02c098f9d0bc0081fa82799d8cf4e1f8dcdafcc68038070a76b673f04e6b4f4e" "/opt/rustwide/cargo-home/bin/cargo" "+1.99.0-beta.8" "build" "--frozen" "--message-format=json" "--release", kill_on_drop: false }`
[INFO] [stderr]    Compiling proc-macro2 v1.0.93
[INFO] [stderr]    Compiling libc v0.2.170
[INFO] [stderr]    Compiling serde v1.0.218
[INFO] [stderr]    Compiling semver v1.0.26
[INFO] [stderr]    Compiling wasm-bindgen-shared v0.2.100
[INFO] [stderr]    Compiling bumpalo v3.17.0
[INFO] [stderr]    Compiling log v0.4.26
[INFO] [stderr]    Compiling once_cell v1.20.3
[INFO] [stderr]    Compiling rustversion v1.0.19
[INFO] [stderr]    Compiling wasm-bindgen v0.2.100
[INFO] [stderr]    Compiling smallvec v1.14.0
[INFO] [stderr]    Compiling convert_case v0.8.0
[INFO] [stderr]    Compiling indexmap v2.7.1
[INFO] [stderr]    Compiling concurrent-queue v2.5.0
[INFO] [stderr]    Compiling throw_error v0.3.0
[INFO] [stderr]    Compiling slotmap v1.0.7
[INFO] [stderr]    Compiling anyhow v1.0.96
[INFO] [stderr]    Compiling camino v1.1.9
[INFO] [stderr]    Compiling serde_json v1.0.139
[INFO] [stderr]    Compiling send_wrapper v0.6.0
[INFO] [stderr]    Compiling event-listener v5.4.0
[INFO] [stderr]    Compiling unicode-ident v1.0.17
[INFO] [stderr]    Compiling or_poisoned v0.1.0
[INFO] [stderr]    Compiling either v1.14.0
[INFO] [stderr]    Compiling rustc_version v0.4.1
[INFO] [stderr]    Compiling xxhash-rust v0.8.15
[INFO] [stderr]    Compiling guardian v1.3.0
[INFO] [stderr]    Compiling parking_lot_core v0.9.10
[INFO] [stderr]    Compiling lock_api v0.4.12
[INFO] [stderr]    Compiling thiserror v2.0.12
[INFO] [stderr]    Compiling getrandom v0.3.1
[INFO] [stderr]    Compiling winnow v0.7.3
[INFO] [stderr]    Compiling utf8-width v0.1.7
[INFO] [stderr]    Compiling prettyplease v0.2.29
[INFO] [stderr]    Compiling html-escape v0.2.13
[INFO] [stderr]    Compiling itertools v0.14.0
[INFO] [stderr]    Compiling form_urlencoded v1.2.1
[INFO] [stderr]    Compiling either_of v0.1.5
[INFO] [stderr]    Compiling proc-macro2-diagnostics v0.10.1
[INFO] [stderr]    Compiling reactive_graph v0.2.0
[INFO] [stderr]    Compiling server_fn_macro v0.8.0
[INFO] [stderr]    Compiling event-listener-strategy v0.5.3
[INFO] [stderr]    Compiling quote v1.0.38
[INFO] [stderr]    Compiling async-lock v3.4.0
[INFO] [stderr]    Compiling tachys v0.2.0
[INFO] [stderr]    Compiling linear-map v1.2.0
[INFO] [stderr]    Compiling yansi v1.0.1
[INFO] [stderr]    Compiling next_tuple v0.1.0
[INFO] [stderr]    Compiling num_cpus v1.16.0
[INFO] [stderr]    Compiling syn v2.0.98
[INFO] [stderr]    Compiling proc-macro-utils v0.10.0
[INFO] [stderr]    Compiling collection_literals v1.0.1
[INFO] [stderr]    Compiling erased v0.1.2
[INFO] [stderr]    Compiling proc-macro-error-attr2 v2.0.0
[INFO] [stderr]    Compiling const_format_proc_macros v0.2.34
[INFO] [stderr]    Compiling const_str_slice_concat v0.1.0
[INFO] [stderr]    Compiling dashmap v6.1.0
[INFO] [stderr]    Compiling parking_lot v0.12.3
[INFO] [stderr]    Compiling regex-automata v0.4.9
[INFO] [stderr]    Compiling manyhow-macros v0.11.4
[INFO] [stderr]    Compiling convert_case v0.6.0
[INFO] [stderr]    Compiling leptos_macro v0.8.0
[INFO] [stderr]    Compiling const-str v0.6.2
[INFO] [stderr]    Compiling const_format v0.2.34
[INFO] [stderr]    Compiling uuid v1.15.1
[INFO] [stderr]    Compiling leptos v0.8.0
[INFO] [stderr]    Compiling regex v1.11.1
[INFO] [stderr]    Compiling synstructure v0.13.1
[INFO] [stderr]    Compiling wasm-bindgen-backend v0.2.100
[INFO] [stderr]    Compiling proc-macro-error2 v2.0.1
[INFO] [stderr]    Compiling manyhow v0.11.4
[INFO] [stderr]    Compiling serde_derive v1.0.218
[INFO] [stderr]    Compiling thiserror-impl v2.0.12
[INFO] [stderr]    Compiling zerofrom-derive v0.1.6
[INFO] [stderr]    Compiling yoke-derive v0.7.5
[INFO] [stderr]    Compiling zerovec-derive v0.10.3
[INFO] [stderr]    Compiling futures-macro v0.3.31
[INFO] [stderr]    Compiling displaydoc v0.2.5
[INFO] [stderr]    Compiling icu_provider_macros v1.5.0
[INFO] [stderr]    Compiling thiserror-impl v1.0.69
[INFO] [stderr]    Compiling derive-where v1.2.7
[INFO] [stderr]    Compiling syn_derive v0.2.0
[INFO] [stderr]    Compiling pin-project-internal v1.1.9
[INFO] [stderr]    Compiling wasm-bindgen-macro-support v0.2.100
[INFO] [stderr]    Compiling quote-use-macros v0.8.4
[INFO] [stderr]    Compiling reactive_stores_macro v0.2.0
[INFO] [stderr]    Compiling async-trait v0.1.86
[INFO] [stderr]    Compiling server_fn_macro_default v0.8.0
[INFO] [stderr]    Compiling quote-use v0.8.4
[INFO] [stderr]    Compiling typed-builder-macro v0.21.0
[INFO] [stderr]    Compiling futures-util v0.3.31
[INFO] [stderr]    Compiling attribute-derive-macro v0.10.3
[INFO] [stderr]    Compiling zerofrom v0.1.6
[INFO] [stderr]    Compiling yoke v0.7.5
[INFO] [stderr]    Compiling thiserror v1.0.69
[INFO] [stderr]    Compiling rstml v0.12.1
[INFO] [stderr]    Compiling pin-project v1.1.9
[INFO] [stderr]    Compiling zerovec v0.10.4
[INFO] [stderr]    Compiling wasm-bindgen-macro v0.2.100
[INFO] [stderr]    Compiling attribute-derive v0.10.3
[INFO] [stderr]    Compiling typed-builder v0.21.0
[INFO] [stderr]    Compiling js-sys v0.3.77
[INFO] [stderr]    Compiling tinystr v0.7.6
[INFO] [stderr]    Compiling icu_locid v1.5.0
[INFO] [stderr]    Compiling icu_collections v1.5.0
[INFO] [stderr]    Compiling futures-executor v0.3.31
[INFO] [stderr]    Compiling futures v0.3.31
[INFO] [stderr]    Compiling icu_provider v1.5.0
[INFO] [stderr]    Compiling icu_locid_transform v1.5.0
[INFO] [stderr]    Compiling wasm-bindgen-futures v0.4.50
[INFO] [stderr]    Compiling web-sys v0.3.77
[INFO] [stderr]    Compiling hydration_context v0.3.0
[INFO] [stderr]    Compiling toml_datetime v0.6.8
[INFO] [stderr]    Compiling serde_spanned v0.6.8
[INFO] [stderr]    Compiling oco_ref v0.2.0
[INFO] [stderr]    Compiling serde_qs v0.14.0
[INFO] [stderr]    Compiling leptos_hot_reload v0.8.0
[INFO] [stderr]    Compiling any_spawner v0.3.0
[INFO] [stderr]    Compiling toml_edit v0.22.24
[INFO] [stderr]    Compiling icu_properties v1.5.1
[INFO] [stderr]    Compiling codee v0.3.0
[INFO] [stderr]    Compiling toml v0.8.20
[INFO] [stderr]    Compiling config v0.15.11
[INFO] [stderr]    Compiling reactive_stores v0.2.0
[INFO] [stderr]    Compiling icu_normalizer v1.5.0
[INFO] [stderr]    Compiling idna_adapter v1.2.0
[INFO] [stderr]    Compiling idna v1.0.3
[INFO] [stderr]    Compiling leptos_config v0.8.0
[INFO] [stderr]    Compiling url v2.5.4
[INFO] [stderr]    Compiling gloo-utils v0.2.0
[INFO] [stderr]    Compiling gloo-net v0.6.0
[INFO] [stderr]    Compiling wasm-streams v0.4.2
[INFO] [stderr]    Compiling server_fn v0.8.0
[INFO] [stderr]    Compiling leptos_dom v0.8.0
[INFO] [stderr]    Compiling leptos_server v0.8.0
[INFO] [stderr]    Compiling leptos_transition_group v0.2.0 (/opt/rustwide/workdir)
[INFO] [stderr]     Finished `release` profile [optimized] target(s) in 2m 14s
[INFO] [stderr] warning: the following packages contain code that will be rejected by a future version of Rust: proc-macro-error2 v2.0.1
[INFO] [stderr] note: to see what the problems were, use the option `--future-incompat-report`, or run `cargo report future-incompatibilities --id 4`
[INFO] running `Command { std: "docker" "inspect" "02c098f9d0bc0081fa82799d8cf4e1f8dcdafcc68038070a76b673f04e6b4f4e", kill_on_drop: false }`
[INFO] running `Command { std: "docker" "exec" "-e" "SOURCE_DIR=/opt/rustwide/workdir" "-e" "CARGO_HOME=/opt/rustwide/cargo-home" "-e" "RUSTUP_HOME=/opt/rustwide/rustup-home" "-e" "CARGO_TARGET_DIR=/opt/rustwide/target" "-e" "CARGO_INCREMENTAL=0" "-e" "RUST_BACKTRACE=full" "-e" "RUSTFLAGS=--cap-lints=warn" "-e" "RUSTDOCFLAGS=--cap-lints=warn" "-w" "/opt/rustwide/workdir" "--user" "0:0" "02c098f9d0bc0081fa82799d8cf4e1f8dcdafcc68038070a76b673f04e6b4f4e" "/opt/rustwide/cargo-home/bin/cargo" "+1.99.0-beta.8" "test" "--frozen" "--no-run" "--message-format=json" "--release", kill_on_drop: false }`
[INFO] [stderr]    Compiling leptos_transition_group v0.2.0 (/opt/rustwide/workdir)
[INFO] [stderr]     Finished `release` profile [optimized] target(s) in 1.08s
[INFO] [stderr] warning: the following packages contain code that will be rejected by a future version of Rust: proc-macro-error2 v2.0.1
[INFO] [stderr] note: to see what the problems were, use the option `--future-incompat-report`, or run `cargo report future-incompatibilities --id 4`
[INFO] running `Command { std: "docker" "inspect" "02c098f9d0bc0081fa82799d8cf4e1f8dcdafcc68038070a76b673f04e6b4f4e", kill_on_drop: false }`
[INFO] running `Command { std: "docker" "exec" "-e" "SOURCE_DIR=/opt/rustwide/workdir" "-e" "CARGO_HOME=/opt/rustwide/cargo-home" "-e" "RUSTUP_HOME=/opt/rustwide/rustup-home" "-e" "CARGO_TARGET_DIR=/opt/rustwide/target" "-e" "CARGO_INCREMENTAL=0" "-e" "RUST_BACKTRACE=full" "-e" "RUSTFLAGS=--cap-lints=warn" "-e" "RUSTDOCFLAGS=--cap-lints=warn" "-w" "/opt/rustwide/workdir" "--user" "0:0" "02c098f9d0bc0081fa82799d8cf4e1f8dcdafcc68038070a76b673f04e6b4f4e" "/opt/rustwide/cargo-home/bin/cargo" "+1.99.0-beta.8" "test" "--frozen" "--release", kill_on_drop: false }`
[INFO] [stderr]     Finished `release` profile [optimized] target(s) in 0.19s
[INFO] [stderr] warning: the following packages contain code that will be rejected by a future version of Rust: proc-macro-error2 v2.0.1
[INFO] [stderr] note: to see what the problems were, use the option `--future-incompat-report`, or run `cargo report future-incompatibilities --id 4`
[INFO] [stderr]      Running unittests src/lib.rs (/opt/rustwide/target/release/deps/leptos_transition_group-a7d4af766f7b4c0e)
[INFO] [stderr]    Doc-tests leptos_transition_group
[INFO] [stdout] 
[INFO] [stdout] running 0 tests
[INFO] [stdout] 
[INFO] [stdout] test result: ok. 0 passed; 0 failed; 0 ignored; 0 measured; 0 filtered out; finished in 0.00s
[INFO] [stdout] 
[INFO] [stdout] 
[INFO] [stdout] running 3 tests
[INFO] [stdout] test src/lib.rs - __CSSTransition (line 32) ... FAILED
[INFO] [stdout] test src/lib.rs - CSSTransition (line 32) ... FAILED
[INFO] [stdout] test src/lib.rs - CSSTransitionProps (line 76) ... FAILED
[INFO] [stdout] 
[INFO] [stdout] failures:
[INFO] [stdout] 
[INFO] [stdout] ---- src/lib.rs - __CSSTransition (line 32) stdout ----
[INFO] [stdout] error[E0425]: cannot find value `CSSTransition` in this scope
[INFO] [stdout]   --> src/lib.rs:37:6
[INFO] [stdout]    |
[INFO] [stdout] 37 |     <CSSTransition
[INFO] [stdout]    |      ^^^^^^^^^^^^^
[INFO] [stdout]    |
[INFO] [stdout]   ::: /opt/rustwide/cargo-home/registry/src/index.crates.io-1949cf8c6b5b557f/leptos-0.8.0/src/transition.rs:74:1
[INFO] [stdout]    |
[INFO] [stdout] 74 | #[component]
[INFO] [stdout]    | ------------ similarly named function `Transition` defined here
[INFO] [stdout]    |
[INFO] [stdout] help: a function with a similar name exists
[INFO] [stdout]    |
[INFO] [stdout] 37 -     <CSSTransition
[INFO] [stdout] 37 +     <Transition
[INFO] [stdout]    |
[INFO] [stdout] 
[INFO] [stdout] error[E0308]: mismatched types
[INFO] [stdout]   --> src/lib.rs:35:1
[INFO] [stdout]    |
[INFO] [stdout] 32 |   fn main() { #[allow(non_snake_case)] fn _doctest_main_src_lib_rs_32_1() {
[INFO] [stdout]    |                                                                          - help: a return type might be missing here: `-> _`
[INFO] [stdout] ...
[INFO] [stdout] 35 | / view!{
[INFO] [stdout] 36 | |     <button on:click=move |_| show.update(|v| *v = !*v)>"Toggle"</button>
[INFO] [stdout] 37 | |     <CSSTransition
[INFO] [stdout] 38 | |         show=show
[INFO] [stdout] ...  |
[INFO] [stdout] 42 | |     </CSSTransition>
[INFO] [stdout] 43 | | }
[INFO] [stdout]    | |_^ expected `()`, found `View<(HtmlElement<Button, (_,), _>, _)>`
[INFO] [stdout]    |
[INFO] [stdout]    = note: expected unit type `()`
[INFO] [stdout]                  found struct `leptos::prelude::View<(leptos::html::HtmlElement<Button, (On<click, {closure@src/lib.rs:6:22: 6:30}>,), (&str,)>, _)>`
[INFO] [stdout]    = note: this error originates in the macro `view` (in Nightly builds, run with -Z macro-backtrace for more info)
[INFO] [stdout] 
[INFO] [stdout] error: aborting due to 2 previous errors
[INFO] [stdout] 
[INFO] [stdout] Some errors have detailed explanations: E0308, E0425.
[INFO] [stdout] For more information about an error, try `rustc --explain E0308`.
[INFO] [stdout] Couldn't compile the test.
[INFO] [stdout] ---- src/lib.rs - CSSTransition (line 32) stdout ----
[INFO] [stdout] error[E0425]: cannot find value `CSSTransition` in this scope
[INFO] [stdout]   --> src/lib.rs:37:6
[INFO] [stdout]    |
[INFO] [stdout] 37 |     <CSSTransition
[INFO] [stdout]    |      ^^^^^^^^^^^^^
[INFO] [stdout]    |
[INFO] [stdout]   ::: /opt/rustwide/cargo-home/registry/src/index.crates.io-1949cf8c6b5b557f/leptos-0.8.0/src/transition.rs:74:1
[INFO] [stdout]    |
[INFO] [stdout] 74 | #[component]
[INFO] [stdout]    | ------------ similarly named function `Transition` defined here
[INFO] [stdout]    |
[INFO] [stdout] help: a function with a similar name exists
[INFO] [stdout]    |
[INFO] [stdout] 37 -     <CSSTransition
[INFO] [stdout] 37 +     <Transition
[INFO] [stdout]    |
[INFO] [stdout] 
[INFO] [stdout] error[E0308]: mismatched types
[INFO] [stdout]   --> src/lib.rs:35:1
[INFO] [stdout]    |
[INFO] [stdout] 32 |   fn main() { #[allow(non_snake_case)] fn _doctest_main_src_lib_rs_32_0() {
[INFO] [stdout]    |                                                                          - help: a return type might be missing here: `-> _`
[INFO] [stdout] ...
[INFO] [stdout] 35 | / view!{
[INFO] [stdout] 36 | |     <button on:click=move |_| show.update(|v| *v = !*v)>"Toggle"</button>
[INFO] [stdout] 37 | |     <CSSTransition
[INFO] [stdout] 38 | |         show=show
[INFO] [stdout] ...  |
[INFO] [stdout] 42 | |     </CSSTransition>
[INFO] [stdout] 43 | | }
[INFO] [stdout]    | |_^ expected `()`, found `View<(HtmlElement<Button, (_,), _>, _)>`
[INFO] [stdout]    |
[INFO] [stdout]    = note: expected unit type `()`
[INFO] [stdout]                  found struct `leptos::prelude::View<(leptos::html::HtmlElement<Button, (On<click, {closure@src/lib.rs:6:22: 6:30}>,), (&str,)>, _)>`
[INFO] [stdout]    = note: this error originates in the macro `view` (in Nightly builds, run with -Z macro-backtrace for more info)
[INFO] [stdout] 
[INFO] [stdout] error: aborting due to 2 previous errors
[INFO] [stdout] 
[INFO] [stdout] Some errors have detailed explanations: E0308, E0425.
[INFO] [stdout] For more information about an error, try `rustc --explain E0308`.
[INFO] [stdout] Couldn't compile the test.
[INFO] [stdout] ---- src/lib.rs - CSSTransitionProps (line 76) stdout ----
[INFO] [stdout] error[E0425]: cannot find value `CSSTransition` in this scope
[INFO] [stdout]   --> src/lib.rs:81:6
[INFO] [stdout]    |
[INFO] [stdout] 81 |     <CSSTransition
[INFO] [stdout]    |      ^^^^^^^^^^^^^
[INFO] [stdout]    |
[INFO] [stdout]   ::: /opt/rustwide/cargo-home/registry/src/index.crates.io-1949cf8c6b5b557f/leptos-0.8.0/src/transition.rs:74:1
[INFO] [stdout]    |
[INFO] [stdout] 74 | #[component]
[INFO] [stdout]    | ------------ similarly named function `Transition` defined here
[INFO] [stdout]    |
[INFO] [stdout] help: a function with a similar name exists
[INFO] [stdout]    |
[INFO] [stdout] 81 -     <CSSTransition
[INFO] [stdout] 81 +     <Transition
[INFO] [stdout]    |
[INFO] [stdout] 
[INFO] [stdout] error[E0308]: mismatched types
[INFO] [stdout]   --> src/lib.rs:79:1
[INFO] [stdout]    |
[INFO] [stdout] 76 |   fn main() { #[allow(non_snake_case)] fn _doctest_main_src_lib_rs_76_0() {
[INFO] [stdout]    |                                                                          - help: a return type might be missing here: `-> _`
[INFO] [stdout] ...
[INFO] [stdout] 79 | / view!{
[INFO] [stdout] 80 | |     <button on:click=move |_| show.update(|v| *v = !*v)>"Toggle"</button>
[INFO] [stdout] 81 | |     <CSSTransition
[INFO] [stdout] 82 | |         show=show
[INFO] [stdout] ...  |
[INFO] [stdout] 86 | |     </CSSTransition>
[INFO] [stdout] 87 | | }
[INFO] [stdout]    | |_^ expected `()`, found `View<(HtmlElement<Button, (_,), _>, _)>`
[INFO] [stdout]    |
[INFO] [stdout]    = note: expected unit type `()`
[INFO] [stdout]                  found struct `leptos::prelude::View<(leptos::html::HtmlElement<Button, (On<click, {closure@src/lib.rs:6:22: 6:30}>,), (&str,)>, _)>`
[INFO] [stdout]    = note: this error originates in the macro `view` (in Nightly builds, run with -Z macro-backtrace for more info)
[INFO] [stdout] 
[INFO] [stdout] error: aborting due to 2 previous errors
[INFO] [stdout] 
[INFO] [stdout] Some errors have detailed explanations: E0308, E0425.
[INFO] [stdout] For more information about an error, try `rustc --explain E0308`.
[INFO] [stdout] Couldn't compile the test.
[INFO] [stdout] 
[INFO] [stdout] failures:
[INFO] [stdout]     src/lib.rs - CSSTransition (line 32)
[INFO] [stdout]     src/lib.rs - CSSTransitionProps (line 76)
[INFO] [stdout]     src/lib.rs - __CSSTransition (line 32)
[INFO] [stdout] 
[INFO] [stdout] test result: FAILED. 0 passed; 3 failed; 0 ignored; 0 measured; 0 filtered out; finished in 0.36s
[INFO] [stdout] 
[INFO] [stderr] error: doctest failed, to rerun pass `--doc`
[INFO] running `Command { std: "docker" "inspect" "02c098f9d0bc0081fa82799d8cf4e1f8dcdafcc68038070a76b673f04e6b4f4e", kill_on_drop: false }`
[INFO] running `Command { std: "docker" "rm" "-f" "02c098f9d0bc0081fa82799d8cf4e1f8dcdafcc68038070a76b673f04e6b4f4e", kill_on_drop: false }`
[INFO] [stdout] 02c098f9d0bc0081fa82799d8cf4e1f8dcdafcc68038070a76b673f04e6b4f4e
