[INFO] fetching crate leptos_hydrated 0.9.0...
[INFO] testing leptos_hydrated-0.9.0 against 1.100.0-beta.1+cargoflags=--release for beta-release-1.100-2
[INFO] extracting crate leptos_hydrated 0.9.0 into /workspace/builds/worker-7-tc2/source
[INFO] started tweaking crates.io crate leptos_hydrated 0.9.0
[INFO] finished tweaking crates.io crate leptos_hydrated 0.9.0
[INFO] tweaked toml for crates.io crate leptos_hydrated 0.9.0 written to /workspace/builds/worker-7-tc2/source/Cargo.toml
[INFO] validating manifest of crates.io crate leptos_hydrated 0.9.0 on toolchain 1.100.0-beta.1
[INFO] running `Command { std: CARGO_HOME="/workspace/cargo-home" RUSTUP_HOME="/workspace/rustup-home" "/workspace/cargo-home/bin/cargo" "+1.100.0-beta.1" "metadata" "--manifest-path" "Cargo.toml" "--no-deps", kill_on_drop: false }`
[INFO] crate crates.io crate leptos_hydrated 0.9.0 already has a lockfile, it will not be regenerated
[INFO] running `Command { std: CARGO_HOME="/workspace/cargo-home" RUSTUP_HOME="/workspace/rustup-home" "/workspace/cargo-home/bin/cargo" "+1.100.0-beta.1" "fetch" "--manifest-path" "Cargo.toml", kill_on_drop: false }`
[INFO] running `Command { std: "docker" "create" "-v" "/var/lib/crater-agent-workspace/builds/worker-7-tc2/source:/opt/rustwide/workdir:ro,Z" "-v" "/var/lib/crater-agent-workspace/builds/worker-7-tc2/target:/opt/rustwide/target:rw,Z" "-v" "/var/lib/crater-agent-workspace/cargo-home:/opt/rustwide/cargo-home:ro,Z" "-v" "/var/lib/crater-agent-workspace/rustup-home:/opt/rustwide/rustup-home:ro,Z" "-m" "1610612736" "--network" "none" "ghcr.io/rust-lang/crates-build-env/linux@sha256:77db811e55d90add9212f6832c23229e3de5f1c1f9905e8cb07319ea15df73ac" "sleep" "infinity", kill_on_drop: false }`
[INFO] [stdout] 95480beeb2f6455cd7987b4eb28f5b1bcd7b7f35a17ee974a7a91de52ed0d0de
[INFO] running `Command { std: "docker" "start" "95480beeb2f6455cd7987b4eb28f5b1bcd7b7f35a17ee974a7a91de52ed0d0de", kill_on_drop: false }`
[INFO] running `Command { std: "docker" "inspect" "95480beeb2f6455cd7987b4eb28f5b1bcd7b7f35a17ee974a7a91de52ed0d0de", kill_on_drop: false }`
[INFO] running `Command { std: "docker" "exec" "-e" "SOURCE_DIR=/opt/rustwide/workdir" "-e" "CARGO_HOME=/opt/rustwide/cargo-home" "-e" "RUSTUP_HOME=/opt/rustwide/rustup-home" "-e" "CARGO_TARGET_DIR=/opt/rustwide/target" "-w" "/opt/rustwide/workdir" "--user" "0:0" "95480beeb2f6455cd7987b4eb28f5b1bcd7b7f35a17ee974a7a91de52ed0d0de" "/opt/rustwide/cargo-home/bin/cargo" "+1.100.0-beta.1" "metadata" "--no-deps" "--format-version=1", kill_on_drop: false }`
[INFO] running `Command { std: "docker" "inspect" "95480beeb2f6455cd7987b4eb28f5b1bcd7b7f35a17ee974a7a91de52ed0d0de", kill_on_drop: false }`
[INFO] running `Command { std: "docker" "exec" "-e" "SOURCE_DIR=/opt/rustwide/workdir" "-e" "CARGO_HOME=/opt/rustwide/cargo-home" "-e" "RUSTUP_HOME=/opt/rustwide/rustup-home" "-e" "CARGO_TARGET_DIR=/opt/rustwide/target" "-e" "CARGO_INCREMENTAL=0" "-e" "RUST_BACKTRACE=full" "-e" "RUSTFLAGS=--cap-lints=warn" "-e" "RUSTDOCFLAGS=--cap-lints=warn" "-w" "/opt/rustwide/workdir" "--user" "0:0" "95480beeb2f6455cd7987b4eb28f5b1bcd7b7f35a17ee974a7a91de52ed0d0de" "/opt/rustwide/cargo-home/bin/cargo" "+1.100.0-beta.1" "build" "--frozen" "--message-format=json" "--release", kill_on_drop: false }`
[INFO] [stderr]    Compiling proc-macro2 v1.0.106
[INFO] [stderr]    Compiling serde_core v1.0.228
[INFO] [stderr]    Compiling wasm-bindgen-shared v0.2.118
[INFO] [stderr]    Compiling bumpalo v3.20.2
[INFO] [stderr]    Compiling serde v1.0.228
[INFO] [stderr]    Compiling unicode-segmentation v1.13.2
[INFO] [stderr]    Compiling crossbeam-utils v0.8.21
[INFO] [stderr]    Compiling proc-macro2-diagnostics v0.10.1
[INFO] [stderr]    Compiling wasm-bindgen v0.2.118
[INFO] [stderr]    Compiling typenum v1.19.0
[INFO] [stderr]    Compiling or_poisoned v0.1.0
[INFO] [stderr]    Compiling slotmap v1.1.1
[INFO] [stderr]    Compiling throw_error v0.3.1
[INFO] [stderr]    Compiling camino v1.2.2
[INFO] [stderr]    Compiling konst_macro_rules v0.2.19
[INFO] [stderr]    Compiling reactive_graph v0.2.14
[INFO] [stderr]    Compiling server_fn_macro v0.8.10
[INFO] [stderr]    Compiling send_wrapper v0.6.0
[INFO] [stderr]    Compiling konst v0.2.20
[INFO] [stderr]    Compiling quote v1.0.45
[INFO] [stderr]    Compiling xxhash-rust v0.8.15
[INFO] [stderr]    Compiling libc v0.2.185
[INFO] [stderr]    Compiling guardian v1.3.0
[INFO] [stderr]    Compiling itertools v0.14.0
[INFO] [stderr]    Compiling tachys v0.2.15
[INFO] [stderr]    Compiling utf8-width v0.1.8
[INFO] [stderr]    Compiling winnow v1.0.1
[INFO] [stderr]    Compiling yansi v1.0.1
[INFO] [stderr]    Compiling html-escape v0.2.13
[INFO] [stderr]    Compiling http v1.4.0
[INFO] [stderr]    Compiling getrandom v0.4.2
[INFO] [stderr]    Compiling either_of v0.1.9
[INFO] [stderr]    Compiling convert_case v0.11.0
[INFO] [stderr]    Compiling concurrent-queue v2.5.0
[INFO] [stderr]    Compiling anyhow v1.0.102
[INFO] [stderr]    Compiling event-listener v5.4.1
[INFO] [stderr]    Compiling event-listener-strategy v0.5.4
[INFO] [stderr]    Compiling server_fn v0.8.12
[INFO] [stderr]    Compiling generic-array v0.14.7
[INFO] [stderr]    Compiling async-lock v3.4.2
[INFO] [stderr]    Compiling next_tuple v0.1.0
[INFO] [stderr]    Compiling syn v2.0.117
[INFO] [stderr]    Compiling erased v0.1.2
[INFO] [stderr]    Compiling const_str_slice_concat v0.1.0
[INFO] [stderr]    Compiling drain_filter_polyfill v0.1.3
[INFO] [stderr]    Compiling hashbrown v0.17.0
[INFO] [stderr]    Compiling interpolator v0.5.0
[INFO] [stderr]    Compiling proc-macro-error-attr2 v2.0.0
[INFO] [stderr]    Compiling const_format_proc_macros v0.2.34
[INFO] [stderr]    Compiling proc-macro-utils v0.10.0
[INFO] [stderr]    Compiling collection_literals v1.0.3
[INFO] [stderr]    Compiling convert_case v0.6.0
[INFO] [stderr]    Compiling crypto-common v0.1.7
[INFO] [stderr]    Compiling block-buffer v0.10.4
[INFO] [stderr]    Compiling digest v0.10.7
[INFO] [stderr]    Compiling manyhow-macros v0.11.4
[INFO] [stderr]    Compiling const_format v0.2.36
[INFO] [stderr]    Compiling leptos_macro v0.8.16
[INFO] [stderr]    Compiling sha2 v0.10.9
[INFO] [stderr]    Compiling indexmap v2.14.0
[INFO] [stderr]    Compiling toml_parser v1.1.2+spec-1.1.0
[INFO] [stderr]    Compiling base16 v0.2.1
[INFO] [stderr]    Compiling const-str v1.1.0
[INFO] [stderr]    Compiling uuid v1.23.1
[INFO] [stderr]    Compiling convert_case_extras v0.2.0
[INFO] [stderr]    Compiling leptos v0.8.19
[INFO] [stderr]    Compiling async-once-cell v0.5.4
[INFO] [stderr]    Compiling serde_json v1.0.149
[INFO] [stderr]    Compiling toml_datetime v1.1.1+spec-1.1.0
[INFO] [stderr]    Compiling serde_spanned v1.1.1
[INFO] [stderr]    Compiling toml v1.1.2+spec-1.1.0
[INFO] [stderr]    Compiling config v0.15.22
[INFO] [stderr]    Compiling synstructure v0.13.2
[INFO] [stderr]    Compiling wasm-bindgen-macro-support v0.2.118
[INFO] [stderr]    Compiling proc-macro-error2 v2.0.1
[INFO] [stderr]    Compiling manyhow v0.11.4
[INFO] [stderr]    Compiling prettyplease v0.2.37
[INFO] [stderr]    Compiling serde_derive v1.0.228
[INFO] [stderr]    Compiling thiserror-impl v2.0.18
[INFO] [stderr]    Compiling futures-macro v0.3.32
[INFO] [stderr]    Compiling zerofrom-derive v0.1.7
[INFO] [stderr]    Compiling yoke-derive v0.8.2
[INFO] [stderr]    Compiling zerovec-derive v0.11.3
[INFO] [stderr]    Compiling displaydoc v0.2.5
[INFO] [stderr]    Compiling derive-where v1.6.1
[INFO] [stderr]    Compiling syn_derive v0.2.0
[INFO] [stderr]    Compiling quote-use-macros v0.8.4
[INFO] [stderr]    Compiling pin-project-internal v1.1.11
[INFO] [stderr]    Compiling thiserror-impl v1.0.69
[INFO] [stderr]    Compiling reactive_stores_macro v0.4.2
[INFO] [stderr]    Compiling quote-use v0.8.4
[INFO] [stderr]    Compiling async-trait v0.1.89
[INFO] [stderr]    Compiling futures-util v0.3.32
[INFO] [stderr]    Compiling attribute-derive-macro v0.10.5
[INFO] [stderr]    Compiling zerofrom v0.1.7
[INFO] [stderr]    Compiling server_fn_macro_default v0.8.5
[INFO] [stderr]    Compiling typed-builder-macro v0.23.2
[INFO] [stderr]    Compiling yoke v0.8.2
[INFO] [stderr]    Compiling thiserror v1.0.69
[INFO] [stderr]    Compiling pin-project v1.1.11
[INFO] [stderr]    Compiling wasm_split_macros v0.2.1
[INFO] [stderr]    Compiling leptos_hydrated_macro v0.1.0
[INFO] [stderr]    Compiling thiserror v2.0.18
[INFO] [stderr]    Compiling zerotrie v0.2.4
[INFO] [stderr]    Compiling rstml v0.12.1
[INFO] [stderr]    Compiling zerovec v0.11.6
[INFO] [stderr]    Compiling attribute-derive v0.10.5
[INFO] [stderr]    Compiling wasm_split_helpers v0.2.1
[INFO] [stderr]    Compiling wasm-bindgen-macro v0.2.118
[INFO] [stderr]    Compiling tinystr v0.8.3
[INFO] [stderr]    Compiling icu_locale_core v2.2.0
[INFO] [stderr]    Compiling potential_utf v0.1.5
[INFO] [stderr]    Compiling typed-builder v0.23.2
[INFO] [stderr]    Compiling icu_collections v2.2.0
[INFO] [stderr]    Compiling icu_provider v2.2.0
[INFO] [stderr]    Compiling futures-executor v0.3.32
[INFO] [stderr]    Compiling icu_properties v2.2.0
[INFO] [stderr]    Compiling icu_normalizer v2.2.0
[INFO] [stderr]    Compiling futures v0.3.32
[INFO] [stderr]    Compiling hydration_context v0.3.0
[INFO] [stderr]    Compiling js-sys v0.3.95
[INFO] [stderr]    Compiling oco_ref v0.2.1
[INFO] [stderr]    Compiling serde_qs v0.15.0
[INFO] [stderr]    Compiling codee v0.3.5
[INFO] [stderr]    Compiling leptos_hot_reload v0.8.6
[INFO] [stderr]    Compiling leptos_config v0.8.10
[INFO] [stderr]    Compiling idna_adapter v1.2.1
[INFO] [stderr]    Compiling idna v1.1.0
[INFO] [stderr]    Compiling url v2.5.8
[INFO] [stderr]    Compiling wasm-bindgen-futures v0.4.68
[INFO] [stderr]    Compiling web-sys v0.3.95
[INFO] [stderr]    Compiling any_spawner v0.3.0
[INFO] [stderr]    Compiling reactive_stores v0.4.3
[INFO] [stderr]    Compiling gloo-utils v0.2.0
[INFO] [stderr]    Compiling gloo-net v0.6.0
[INFO] [stderr]    Compiling wasm-streams v0.5.0
[INFO] [stderr]    Compiling leptos_server v0.8.7
[INFO] [stderr]    Compiling leptos_dom v0.8.8
[INFO] [stderr]    Compiling leptos_hydrated v0.9.0 (/opt/rustwide/workdir)
[INFO] [stderr]     Finished `release` profile [optimized] target(s) in 2m 08s
[INFO] [stderr] warning: the following packages contain code that will be rejected by a future version of Rust: attribute-derive-macro v0.10.5, proc-macro-error2 v2.0.1
[INFO] [stderr] note: to see what the problems were, use the option `--future-incompat-report`, or run `cargo report future-incompatibilities --id 3`
[INFO] running `Command { std: "docker" "inspect" "95480beeb2f6455cd7987b4eb28f5b1bcd7b7f35a17ee974a7a91de52ed0d0de", kill_on_drop: false }`
[INFO] running `Command { std: "docker" "exec" "-e" "SOURCE_DIR=/opt/rustwide/workdir" "-e" "CARGO_HOME=/opt/rustwide/cargo-home" "-e" "RUSTUP_HOME=/opt/rustwide/rustup-home" "-e" "CARGO_TARGET_DIR=/opt/rustwide/target" "-e" "CARGO_INCREMENTAL=0" "-e" "RUST_BACKTRACE=full" "-e" "RUSTFLAGS=--cap-lints=warn" "-e" "RUSTDOCFLAGS=--cap-lints=warn" "-w" "/opt/rustwide/workdir" "--user" "0:0" "95480beeb2f6455cd7987b4eb28f5b1bcd7b7f35a17ee974a7a91de52ed0d0de" "/opt/rustwide/cargo-home/bin/cargo" "+1.100.0-beta.1" "test" "--frozen" "--no-run" "--message-format=json" "--release", kill_on_drop: false }`
[INFO] [stderr]    Compiling serde_json v1.0.149
[INFO] [stderr]    Compiling parking_lot_core v0.9.12
[INFO] [stderr]    Compiling errno v0.3.14
[INFO] [stderr]    Compiling tokio-macros v2.7.0
[INFO] [stderr]    Compiling mio v1.2.0
[INFO] [stderr]    Compiling socket2 v0.6.3
[INFO] [stderr]    Compiling icu_normalizer v2.2.0
[INFO] [stderr]    Compiling http-body v1.0.1
[INFO] [stderr]    Compiling tracing v0.1.44
[INFO] [stderr]    Compiling leptos_router v0.8.13
[INFO] [stderr]    Compiling signal-hook-registry v1.4.8
[INFO] [stderr]    Compiling leptos_router_macro v0.8.6
[INFO] [stderr]    Compiling serde_path_to_error v0.1.20
[INFO] [stderr]    Compiling matchit v0.8.4
[INFO] [stderr]    Compiling serde_urlencoded v0.7.1
[INFO] [stderr]    Compiling http-body-util v0.1.3
[INFO] [stderr]    Compiling parking_lot v0.12.5
[INFO] [stderr]    Compiling axum-core v0.5.6
[INFO] [stderr]    Compiling tokio v1.52.1
[INFO] [stderr]    Compiling idna_adapter v1.2.1
[INFO] [stderr]    Compiling idna v1.1.0
[INFO] [stderr]    Compiling url v2.5.8
[INFO] [stderr]    Compiling gloo-utils v0.2.0
[INFO] [stderr]    Compiling codee v0.3.5
[INFO] [stderr]    Compiling gloo-net v0.6.0
[INFO] [stderr]    Compiling server_fn v0.8.12
[INFO] [stderr]    Compiling any_spawner v0.3.0
[INFO] [stderr]    Compiling hyper v1.9.0
[INFO] [stderr]    Compiling tower v0.5.3
[INFO] [stderr]    Compiling reactive_graph v0.2.14
[INFO] [stderr]    Compiling hyper-util v0.1.20
[INFO] [stderr]    Compiling axum v0.8.9
[INFO] [stderr]    Compiling reactive_stores v0.4.3
[INFO] [stderr]    Compiling tachys v0.2.15
[INFO] [stderr]    Compiling leptos_server v0.8.7
[INFO] [stderr]    Compiling leptos_dom v0.8.8
[INFO] [stderr]    Compiling leptos v0.8.19
[INFO] [stderr]    Compiling leptos_hydrated v0.9.0 (/opt/rustwide/workdir)
[INFO] [stderr]     Finished `release` profile [optimized] target(s) in 58.91s
[INFO] [stderr] warning: the following packages contain code that will be rejected by a future version of Rust: attribute-derive-macro v0.10.5, proc-macro-error2 v2.0.1
[INFO] [stderr] note: to see what the problems were, use the option `--future-incompat-report`, or run `cargo report future-incompatibilities --id 3`
[INFO] running `Command { std: "docker" "inspect" "95480beeb2f6455cd7987b4eb28f5b1bcd7b7f35a17ee974a7a91de52ed0d0de", kill_on_drop: false }`
[INFO] running `Command { std: "docker" "exec" "-e" "SOURCE_DIR=/opt/rustwide/workdir" "-e" "CARGO_HOME=/opt/rustwide/cargo-home" "-e" "RUSTUP_HOME=/opt/rustwide/rustup-home" "-e" "CARGO_TARGET_DIR=/opt/rustwide/target" "-e" "CARGO_INCREMENTAL=0" "-e" "RUST_BACKTRACE=full" "-e" "RUSTFLAGS=--cap-lints=warn" "-e" "RUSTDOCFLAGS=--cap-lints=warn" "-w" "/opt/rustwide/workdir" "--user" "0:0" "95480beeb2f6455cd7987b4eb28f5b1bcd7b7f35a17ee974a7a91de52ed0d0de" "/opt/rustwide/cargo-home/bin/cargo" "+1.100.0-beta.1" "test" "--frozen" "--release", kill_on_drop: false }`
[INFO] [stderr]     Finished `release` profile [optimized] target(s) in 0.29s
[INFO] [stderr] warning: the following packages contain code that will be rejected by a future version of Rust: attribute-derive-macro v0.10.5, proc-macro-error2 v2.0.1
[INFO] [stderr] note: to see what the problems were, use the option `--future-incompat-report`, or run `cargo report future-incompatibilities --id 3`
[INFO] [stderr]      Running unittests src/lib.rs (/opt/rustwide/target/release/build/leptos_hydrated/54d193f6fa977341/out/leptos_hydrated-54d193f6fa977341)
[INFO] [stdout] 
[INFO] [stdout] running 17 tests
[INFO] [stdout] test tests::test_hydratable_initial_is_called ... ok
[INFO] [stdout] test tests::test_initial_sync_keeps_value ... ok
[INFO] [stdout] test tests::test_hydrate_context_provides_context_to_children ... ok
[INFO] [stdout] test tests::test_hydrated_signal_client_no_panic ... ok
[INFO] [stdout] test tests::test_hydrate_context_global_provides_context ... ok
[INFO] [stdout] test tests::test_hydrated_signal_creates_local_when_no_context ... ok
[INFO] [stdout] test tests::test_signal_initialises_from_fetch_state ... ok
[INFO] [stdout] test tests::test_ssr_resource_is_muted ... ok
[INFO] [stdout] test tests::test_synchronization_equality_check ... ok
[INFO] [stdout] test tests::test_resource_closure_coverage ... ok
[INFO] [stdout] test tests::test_use_hydrated_context_returns_some_when_context_exists ... ok
[INFO] [stdout] test tests::test_use_hydrated_context_accessor ... ok
[INFO] [stdout] test tests::test_cookie_persistence_in_csr_mode ... ok
[INFO] [stdout] test codec::tests::test_browser_json_ssr_roundtrip ... FAILED
[INFO] [stdout] test tests::test_isomorphic_macro_branches_correctly ... FAILED
[INFO] [stdout] test tests::test_use_hydrated_context_returns_none_when_no_context - should panic ... FAILED
[INFO] [stderr] error: test failed, to rerun pass `--lib`
[INFO] [stdout] test tests::test_should_sync_on_client_false_skips_rerun ... FAILED
[INFO] [stdout] 
[INFO] [stdout] failures:
[INFO] [stdout] 
[INFO] [stdout] ---- codec::tests::test_browser_json_ssr_roundtrip stdout ----
[INFO] [stdout] 
[INFO] [stdout] thread 'codec::tests::test_browser_json_ssr_roundtrip' (3690) panicked at src/codec.rs:54:13:
[INFO] [stdout] BrowserJson::encode is only supported on SSR or WASM client
[INFO] [stdout] stack backtrace:
[INFO] [stdout]    0:     0x5d2c9b9c7e41 - <<std[617be2ca0a6fd877]::sys::backtrace::BacktraceLock>::print::DisplayBacktrace as core[a373ad73a504971]::fmt::Display>::fmt
[INFO] [stdout]    1:     0x5d2c9b9dc0fa - core[a373ad73a504971]::fmt::write
[INFO] [stdout]    2:     0x5d2c9b9cc2ac - <alloc[2e1b2a31b91974c5]::vec::Vec<u8> as core[a373ad73a504971]::io::write::Write>::write_fmt
[INFO] [stdout]    3:     0x5d2c9b9a3be6 - std[617be2ca0a6fd877]::panicking::default_hook::{closure#0}
[INFO] [stdout]    4:     0x5d2c9b9c0319 - std[617be2ca0a6fd877]::panicking::default_hook
[INFO] [stdout]    5:     0x5d2c9b924b70 - test[aada8e7e76ba119b]::test_main_inner::{closure#0}
[INFO] [stdout]    6:     0x5d2c9b9c0642 - std[617be2ca0a6fd877]::panicking::panic_with_hook
[INFO] [stdout]    7:     0x5d2c9b9a3cc4 - std[617be2ca0a6fd877]::panicking::panic_handler::{closure#0}
[INFO] [stdout]    8:     0x5d2c9b99c979 - std[617be2ca0a6fd877]::sys::backtrace::__rust_end_short_backtrace::<std[617be2ca0a6fd877]::panicking::panic_handler::{closure#0}, !>
[INFO] [stdout]    9:     0x5d2c9b9a489d - __rustc[ea4f61d10b84890b]::rust_begin_unwind
[INFO] [stdout]   10:     0x5d2c9b9dc85c - core[a373ad73a504971]::panicking::panic_fmt
[INFO] [stdout]   11:     0x5d2c9b904890 - leptos_hydrated[3af7e1ee1fb5eb70]::codec::tests::test_browser_json_ssr_roundtrip
[INFO] [stdout]   12:     0x5d2c9b9054c6 - <leptos_hydrated[3af7e1ee1fb5eb70]::codec::tests::test_browser_json_ssr_roundtrip::{closure#0} as core[a373ad73a504971]::ops::function::FnOnce<()>>::call_once
[INFO] [stdout]   13:     0x5d2c9b917fbb - test[aada8e7e76ba119b]::__rust_begin_short_backtrace::<core[a373ad73a504971]::result::Result<(), alloc[2e1b2a31b91974c5]::string::String>, fn() -> core[a373ad73a504971]::result::Result<(), alloc[2e1b2a31b91974c5]::string::String>>
[INFO] [stdout]   14:     0x5d2c9b925195 - test[aada8e7e76ba119b]::run_test::{closure#0}
[INFO] [stdout]   15:     0x5d2c9b91ea84 - std[617be2ca0a6fd877]::sys::backtrace::__rust_begin_short_backtrace::<test[aada8e7e76ba119b]::run_test::{closure#1}, ()>
[INFO] [stdout]   16:     0x5d2c9b928222 - <std[617be2ca0a6fd877]::thread::lifecycle::spawn_unchecked<test[aada8e7e76ba119b]::run_test::{closure#1}, ()>::{closure#1} as core[a373ad73a504971]::ops::function::FnOnce<()>>::call_once::{shim:vtable#0}
[INFO] [stdout]   17:     0x5d2c9b9c768f - <std[617be2ca0a6fd877]::sys::thread::unix::Thread>::new::thread_start
[INFO] [stdout]   18:     0x7ada26d42dfa - <unknown>
[INFO] [stdout]   19:     0x7ada26dd63d4 - clone
[INFO] [stdout]   20:                0x0 - <unknown>
[INFO] [stdout] 
[INFO] [stdout] ---- tests::test_isomorphic_macro_branches_correctly stdout ----
[INFO] [stdout] 
[INFO] [stdout] thread 'tests::test_isomorphic_macro_branches_correctly' (3698) panicked at src/tests.rs:396:5:
[INFO] [stdout] assertion `left == right` failed
[INFO] [stdout]   left: "ssr"
[INFO] [stdout]  right: "csr"
[INFO] [stdout] stack backtrace:
[INFO] [stdout]    0:     0x5d2c9b9c7e41 - <<std[617be2ca0a6fd877]::sys::backtrace::BacktraceLock>::print::DisplayBacktrace as core[a373ad73a504971]::fmt::Display>::fmt
[INFO] [stdout]    1:     0x5d2c9b9dc0fa - core[a373ad73a504971]::fmt::write
[INFO] [stdout]    2:     0x5d2c9b9cc2ac - <alloc[2e1b2a31b91974c5]::vec::Vec<u8> as core[a373ad73a504971]::io::write::Write>::write_fmt
[INFO] [stdout]    3:     0x5d2c9b9a3be6 - std[617be2ca0a6fd877]::panicking::default_hook::{closure#0}
[INFO] [stdout]    4:     0x5d2c9b9c0319 - std[617be2ca0a6fd877]::panicking::default_hook
[INFO] [stdout]    5:     0x5d2c9b924b70 - test[aada8e7e76ba119b]::test_main_inner::{closure#0}
[INFO] [stdout]    6:     0x5d2c9b9c0642 - std[617be2ca0a6fd877]::panicking::panic_with_hook
[INFO] [stdout]    7:     0x5d2c9b9a3c92 - std[617be2ca0a6fd877]::panicking::panic_handler::{closure#0}
[INFO] [stdout]    8:     0x5d2c9b99c979 - std[617be2ca0a6fd877]::sys::backtrace::__rust_end_short_backtrace::<std[617be2ca0a6fd877]::panicking::panic_handler::{closure#0}, !>
[INFO] [stdout]    9:     0x5d2c9b9a489d - __rustc[ea4f61d10b84890b]::rust_begin_unwind
[INFO] [stdout]   10:     0x5d2c9b9dc85c - core[a373ad73a504971]::panicking::panic_fmt
[INFO] [stdout]   11:     0x5d2c9b9dc773 - core[a373ad73a504971]::panicking::assert_failed_inner
[INFO] [stdout]   12:     0x5d2c9b90d6dd - core[a373ad73a504971]::panicking::assert_failed::<&str, &str>
[INFO] [stdout]   13:     0x5d2c9b901315 - leptos_hydrated[3af7e1ee1fb5eb70]::tests::test_isomorphic_macro_branches_correctly
[INFO] [stdout]   14:     0x5d2c9b9020ae - <leptos_hydrated[3af7e1ee1fb5eb70]::tests::test_isomorphic_macro_branches_correctly::{closure#0} as core[a373ad73a504971]::ops::function::FnOnce<()>>::call_once
[INFO] [stdout]   15:     0x5d2c9b917fbb - test[aada8e7e76ba119b]::__rust_begin_short_backtrace::<core[a373ad73a504971]::result::Result<(), alloc[2e1b2a31b91974c5]::string::String>, fn() -> core[a373ad73a504971]::result::Result<(), alloc[2e1b2a31b91974c5]::string::String>>
[INFO] [stdout]   16:     0x5d2c9b925195 - test[aada8e7e76ba119b]::run_test::{closure#0}
[INFO] [stdout]   17:     0x5d2c9b91ea84 - std[617be2ca0a6fd877]::sys::backtrace::__rust_begin_short_backtrace::<test[aada8e7e76ba119b]::run_test::{closure#1}, ()>
[INFO] [stdout]   18:     0x5d2c9b928222 - <std[617be2ca0a6fd877]::thread::lifecycle::spawn_unchecked<test[aada8e7e76ba119b]::run_test::{closure#1}, ()>::{closure#1} as core[a373ad73a504971]::ops::function::FnOnce<()>>::call_once::{shim:vtable#0}
[INFO] [stdout]   19:     0x5d2c9b9c768f - <std[617be2ca0a6fd877]::sys::thread::unix::Thread>::new::thread_start
[INFO] [stdout]   20:     0x7ada26d42dfa - <unknown>
[INFO] [stdout]   21:     0x7ada26dd63d4 - clone
[INFO] [stdout]   22:                0x0 - <unknown>
[INFO] [stdout] 
[INFO] [stdout] ---- tests::test_use_hydrated_context_returns_none_when_no_context stdout ----
[INFO] [stdout] 
[INFO] [stdout] thread 'tests::test_use_hydrated_context_returns_none_when_no_context' (3705) panicked at /opt/rustwide/cargo-home/registry/src/index.crates.io-1949cf8c6b5b557f/any_spawner-0.3.0/src/lib.rs:181:17:
[INFO] [stdout] there is no reactor running, must be called from the context of a Tokio 1.x runtime
[INFO] [stdout] stack backtrace:
[INFO] [stdout]    0:     0x5d2c9b9c7e41 - <<std[617be2ca0a6fd877]::sys::backtrace::BacktraceLock>::print::DisplayBacktrace as core[a373ad73a504971]::fmt::Display>::fmt
[INFO] [stdout]    1:     0x5d2c9b9dc0fa - core[a373ad73a504971]::fmt::write
[INFO] [stdout]    2:     0x5d2c9b9cc2ac - <alloc[2e1b2a31b91974c5]::vec::Vec<u8> as core[a373ad73a504971]::io::write::Write>::write_fmt
[INFO] [stdout]    3:     0x5d2c9b9a3be6 - std[617be2ca0a6fd877]::panicking::default_hook::{closure#0}
[INFO] [stdout]    4:     0x5d2c9b9c0319 - std[617be2ca0a6fd877]::panicking::default_hook
[INFO] [stdout]    5:     0x5d2c9b924b70 - test[aada8e7e76ba119b]::test_main_inner::{closure#0}
[INFO] [stdout]    6:     0x5d2c9b9c0642 - std[617be2ca0a6fd877]::panicking::panic_with_hook
[INFO] [stdout]    7:     0x5d2c9b9a3c92 - std[617be2ca0a6fd877]::panicking::panic_handler::{closure#0}
[INFO] [stdout]    8:     0x5d2c9b99c979 - std[617be2ca0a6fd877]::sys::backtrace::__rust_end_short_backtrace::<std[617be2ca0a6fd877]::panicking::panic_handler::{closure#0}, !>
[INFO] [stdout]    9:     0x5d2c9b9a489d - __rustc[ea4f61d10b84890b]::rust_begin_unwind
[INFO] [stdout]   10:     0x5d2c9b9dc85c - core[a373ad73a504971]::panicking::panic_fmt
[INFO] [stdout]   11:     0x5d2c9b96c2bc - tokio[f8dfbffb4f38f8a0]::task::spawn::spawn::<core[a373ad73a504971]::pin::Pin<alloc[2e1b2a31b91974c5]::boxed::Box<dyn core[a373ad73a504971]::future::future::Future<Output = ()> + core[a373ad73a504971]::marker::Send>>>
[INFO] [stdout]   12:     0x5d2c9b96868d - <<any_spawner[8b46ce420c6b93a1]::Executor>::init_tokio::{closure#0} as core[a373ad73a504971]::ops::function::FnOnce<(core[a373ad73a504971]::pin::Pin<alloc[2e1b2a31b91974c5]::boxed::Box<dyn core[a373ad73a504971]::future::future::Future<Output = ()> + core[a373ad73a504971]::marker::Send>>,)>>::call_once
[INFO] [stdout]   13:     0x5d2c9b90fab2 - <any_spawner[8b46ce420c6b93a1]::Executor>::tick::{closure#0}
[INFO] [stdout]   14:     0x5d2c9b90eb4e - <core[a373ad73a504971]::option::Option<reactive_graph[d91aaa1db11ad604]::graph::subscriber::AnySubscriber> as reactive_graph[d91aaa1db11ad604]::graph::subscriber::WithObserver>::with_observer::<core[a373ad73a504971]::task::poll::Poll<reactive_graph[d91aaa1db11ad604]::send_wrapper_ext::SendOption<core[a373ad73a504971]::option::Option<leptos_hydrated[3af7e1ee1fb5eb70]::tests::ThemeState>>>, <reactive_graph[d91aaa1db11ad604]::computed::async_derived::ScopedFuture<<reactive_graph[d91aaa1db11ad604]::computed::async_derived::arc_async_derived::ArcAsyncDerived<core[a373ad73a504971]::option::Option<leptos_hydrated[3af7e1ee1fb5eb70]::tests::ThemeState>>>::new_unsync_with_initial<<leptos_server[a677a52a30bd674c]::local_resource::LocalResource<core[a373ad73a504971]::option::Option<leptos_hydrated[3af7e1ee1fb5eb70]::tests::ThemeState>>>::new<leptos_hydrated[3af7e1ee1fb5eb70]::core::create_hydrated_signal<leptos_hydrated[3af7e1ee1fb5eb70]::tests::ThemeState, <leptos_hydrated[3af7e1ee1fb5eb70]::tests::ThemeState as leptos_hydrated[3af7e1ee1fb5eb70]::traits::Hydratable>::initial>::{closure#0}::{closure#0}, leptos_hydrated[3af7e1ee1fb5eb70]::core::create_hydrated_signal<leptos_hydrated[3af7e1ee1fb5eb70]::tests::ThemeState, <leptos_hydrated[3af7e1ee1fb5eb70]::tests::ThemeState as leptos_hydrated[3af7e1ee1fb5eb70]::traits::Hydratable>::initial>::{closure#0}>::{closure#0}::{closure#0}, <leptos_server[a677a52a30bd674c]::local_resource::LocalResource<core[a373ad73a504971]::option::Option<leptos_hydrated[3af7e1ee1fb5eb70]::tests::ThemeState>>>::new<leptos_hydrated[3af7e1ee1fb5eb70]::core::create_hydrated_signal<leptos_hydrated[3af7e1ee1fb5eb70]::tests::ThemeState, <leptos_hydrated[3af7e1ee1fb5eb70]::tests::ThemeState as leptos_hydrated[3af7e1ee1fb5eb70]::traits::Hydratable>::initial>::{closure#0}::{closure#0}, leptos_hydrated[3af7e1ee1fb5eb70]::core::create_hydrated_signal<leptos_hydrated[3af7e1ee1fb5eb70]::tests::ThemeState, <leptos_hydrated[3af7e1ee1fb5eb70]::tests::ThemeState as leptos_hydrated[3af7e1ee1fb5eb70]::traits::Hydratable>::initial>::{closure#0}>::{closure#1}>::{closure#0}::{closure#0}> as core[a373ad73a504971]::future::future::Future>::poll::{closure#0}::{closure#0}>
[INFO] [stdout]   15:     0x5d2c9b90bc3f - <core[a373ad73a504971]::pin::Pin<&mut reactive_graph[d91aaa1db11ad604]::computed::async_derived::ScopedFuture<<reactive_graph[d91aaa1db11ad604]::computed::async_derived::arc_async_derived::ArcAsyncDerived<core[a373ad73a504971]::option::Option<leptos_hydrated[3af7e1ee1fb5eb70]::tests::ThemeState>>>::new_unsync_with_initial<<leptos_server[a677a52a30bd674c]::local_resource::LocalResource<core[a373ad73a504971]::option::Option<leptos_hydrated[3af7e1ee1fb5eb70]::tests::ThemeState>>>::new<leptos_hydrated[3af7e1ee1fb5eb70]::core::create_hydrated_signal<leptos_hydrated[3af7e1ee1fb5eb70]::tests::ThemeState, leptos_hydrated[3af7e1ee1fb5eb70]::core::hydrated_signal<leptos_hydrated[3af7e1ee1fb5eb70]::tests::ThemeState>::{closure#0}>::{closure#0}::{closure#0}, leptos_hydrated[3af7e1ee1fb5eb70]::core::create_hydrated_signal<leptos_hydrated[3af7e1ee1fb5eb70]::tests::ThemeState, leptos_hydrated[3af7e1ee1fb5eb70]::core::hydrated_signal<leptos_hydrated[3af7e1ee1fb5eb70]::tests::ThemeState>::{closure#0}>::{closure#0}>::{closure#0}::{closure#0}, <leptos_server[a677a52a30bd674c]::local_resource::LocalResource<core[a373ad73a504971]::option::Option<leptos_hydrated[3af7e1ee1fb5eb70]::tests::ThemeState>>>::new<leptos_hydrated[3af7e1ee1fb5eb70]::core::create_hydrated_signal<leptos_hydrated[3af7e1ee1fb5eb70]::tests::ThemeState, leptos_hydrated[3af7e1ee1fb5eb70]::core::hydrated_signal<leptos_hydrated[3af7e1ee1fb5eb70]::tests::ThemeState>::{closure#0}>::{closure#0}::{closure#0}, leptos_hydrated[3af7e1ee1fb5eb70]::core::create_hydrated_signal<leptos_hydrated[3af7e1ee1fb5eb70]::tests::ThemeState, leptos_hydrated[3af7e1ee1fb5eb70]::core::hydrated_signal<leptos_hydrated[3af7e1ee1fb5eb70]::tests::ThemeState>::{closure#0}>::{closure#0}>::{closure#1}>::{closure#0}::{closure#0}>> as futures_util[fed259b527c64f10]::future::future::FutureExt>::now_or_never
[INFO] [stdout]   16:     0x5d2c9b8d4729 - <reactive_graph[d91aaa1db11ad604]::computed::async_derived::arc_async_derived::ArcAsyncDerived<core[a373ad73a504971]::option::Option<leptos_hydrated[3af7e1ee1fb5eb70]::tests::ThemeState>>>::new_unsync_with_initial::<<leptos_server[a677a52a30bd674c]::local_resource::LocalResource<core[a373ad73a504971]::option::Option<leptos_hydrated[3af7e1ee1fb5eb70]::tests::ThemeState>>>::new<leptos_hydrated[3af7e1ee1fb5eb70]::core::create_hydrated_signal<leptos_hydrated[3af7e1ee1fb5eb70]::tests::ThemeState, leptos_hydrated[3af7e1ee1fb5eb70]::core::hydrated_signal<leptos_hydrated[3af7e1ee1fb5eb70]::tests::ThemeState>::{closure#0}>::{closure#0}::{closure#0}, leptos_hydrated[3af7e1ee1fb5eb70]::core::create_hydrated_signal<leptos_hydrated[3af7e1ee1fb5eb70]::tests::ThemeState, leptos_hydrated[3af7e1ee1fb5eb70]::core::hydrated_signal<leptos_hydrated[3af7e1ee1fb5eb70]::tests::ThemeState>::{closure#0}>::{closure#0}>::{closure#0}::{closure#0}, <leptos_server[a677a52a30bd674c]::local_resource::LocalResource<core[a373ad73a504971]::option::Option<leptos_hydrated[3af7e1ee1fb5eb70]::tests::ThemeState>>>::new<leptos_hydrated[3af7e1ee1fb5eb70]::core::create_hydrated_signal<leptos_hydrated[3af7e1ee1fb5eb70]::tests::ThemeState, leptos_hydrated[3af7e1ee1fb5eb70]::core::hydrated_signal<leptos_hydrated[3af7e1ee1fb5eb70]::tests::ThemeState>::{closure#0}>::{closure#0}::{closure#0}, leptos_hydrated[3af7e1ee1fb5eb70]::core::create_hydrated_signal<leptos_hydrated[3af7e1ee1fb5eb70]::tests::ThemeState, leptos_hydrated[3af7e1ee1fb5eb70]::core::hydrated_signal<leptos_hydrated[3af7e1ee1fb5eb70]::tests::ThemeState>::{closure#0}>::{closure#0}>::{closure#1}>
[INFO] [stdout]   17:     0x5d2c9b91021e - leptos_hydrated[3af7e1ee1fb5eb70]::core::hydrated_signal::<leptos_hydrated[3af7e1ee1fb5eb70]::tests::ThemeState>
[INFO] [stdout]   18:     0x5d2c9b9104b5 - leptos_hydrated[3af7e1ee1fb5eb70]::core::use_hydrated_context::<leptos_hydrated[3af7e1ee1fb5eb70]::tests::ThemeState>
[INFO] [stdout]   19:     0x5d2c9b902904 - <leptos_hydrated[3af7e1ee1fb5eb70]::tests::test_use_hydrated_context_returns_none_when_no_context::{closure#0} as core[a373ad73a504971]::ops::function::FnOnce<()>>::call_once
[INFO] [stdout]   20:     0x5d2c9b917fbb - test[aada8e7e76ba119b]::__rust_begin_short_backtrace::<core[a373ad73a504971]::result::Result<(), alloc[2e1b2a31b91974c5]::string::String>, fn() -> core[a373ad73a504971]::result::Result<(), alloc[2e1b2a31b91974c5]::string::String>>
[INFO] [stdout]   21:     0x5d2c9b925195 - test[aada8e7e76ba119b]::run_test::{closure#0}
[INFO] [stdout]   22:     0x5d2c9b91ea84 - std[617be2ca0a6fd877]::sys::backtrace::__rust_begin_short_backtrace::<test[aada8e7e76ba119b]::run_test::{closure#1}, ()>
[INFO] [stdout]   23:     0x5d2c9b928222 - <std[617be2ca0a6fd877]::thread::lifecycle::spawn_unchecked<test[aada8e7e76ba119b]::run_test::{closure#1}, ()>::{closure#1} as core[a373ad73a504971]::ops::function::FnOnce<()>>::call_once::{shim:vtable#0}
[INFO] [stdout]   24:     0x5d2c9b9c768f - <std[617be2ca0a6fd877]::sys::thread::unix::Thread>::new::thread_start
[INFO] [stdout]   25:     0x7ada26d42dfa - <unknown>
[INFO] [stdout]   26:     0x7ada26dd63d4 - clone
[INFO] [stdout]   27:                0x0 - <unknown>
[INFO] [stdout] note: panic did not contain expected string
[INFO] [stdout]       panic message: "there is no reactor running, must be called from the context of a Tokio 1.x runtime"
[INFO] [stdout]  expected substring: "MISSING CONTEXT PROVIDER"
[INFO] [stdout] ---- tests::test_should_sync_on_client_false_skips_rerun stdout ----
[INFO] [stdout] 
[INFO] [stdout] thread 'tests::test_should_sync_on_client_false_skips_rerun' (3700) panicked at src/tests.rs:525:13:
[INFO] [stdout] assertion `left == right` failed
[INFO] [stdout]   left: Some(Some(NoSyncState { value: 50 }))
[INFO] [stdout]  right: Some(None)
[INFO] [stdout] stack backtrace:
[INFO] [stdout]    0:     0x5d2c9b9c7e41 - <<std[617be2ca0a6fd877]::sys::backtrace::BacktraceLock>::print::DisplayBacktrace as core[a373ad73a504971]::fmt::Display>::fmt
[INFO] [stdout]    1:     0x5d2c9b9dc0fa - core[a373ad73a504971]::fmt::write
[INFO] [stdout]    2:     0x5d2c9b9cc2ac - <alloc[2e1b2a31b91974c5]::vec::Vec<u8> as core[a373ad73a504971]::io::write::Write>::write_fmt
[INFO] [stdout]    3:     0x5d2c9b9a3be6 - std[617be2ca0a6fd877]::panicking::default_hook::{closure#0}
[INFO] [stdout]    4:     0x5d2c9b9c0319 - std[617be2ca0a6fd877]::panicking::default_hook
[INFO] [stdout]    5:     0x5d2c9b924b70 - test[aada8e7e76ba119b]::test_main_inner::{closure#0}
[INFO] [stdout]    6:     0x5d2c9b9c0642 - std[617be2ca0a6fd877]::panicking::panic_with_hook
[INFO] [stdout]    7:     0x5d2c9b9a3c92 - std[617be2ca0a6fd877]::panicking::panic_handler::{closure#0}
[INFO] [stdout]    8:     0x5d2c9b99c979 - std[617be2ca0a6fd877]::sys::backtrace::__rust_end_short_backtrace::<std[617be2ca0a6fd877]::panicking::panic_handler::{closure#0}, !>
[INFO] [stdout]    9:     0x5d2c9b9a489d - __rustc[ea4f61d10b84890b]::rust_begin_unwind
[INFO] [stdout]   10:     0x5d2c9b9dc85c - core[a373ad73a504971]::panicking::panic_fmt
[INFO] [stdout]   11:     0x5d2c9b9dc773 - core[a373ad73a504971]::panicking::assert_failed_inner
[INFO] [stdout]   12:     0x5d2c9b90d5da - core[a373ad73a504971]::panicking::assert_failed::<core[a373ad73a504971]::option::Option<core[a373ad73a504971]::option::Option<leptos_hydrated[3af7e1ee1fb5eb70]::tests::NoSyncState>>, core[a373ad73a504971]::option::Option<core[a373ad73a504971]::option::Option<leptos_hydrated[3af7e1ee1fb5eb70]::tests::NoSyncState>>>
[INFO] [stdout]   13:     0x5d2c9b8fe771 - <std[617be2ca0a6fd877]::thread::local::LocalKey<tokio[f8dfbffb4f38f8a0]::task::local::LocalData>>::with::<<tokio[f8dfbffb4f38f8a0]::task::local::LocalSet>::with<core[a373ad73a504971]::task::poll::Poll<()>, <tokio[f8dfbffb4f38f8a0]::task::local::RunUntil<leptos_hydrated[3af7e1ee1fb5eb70]::tests::test_should_sync_on_client_false_skips_rerun::{closure#0}::{closure#0}> as core[a373ad73a504971]::future::future::Future>::poll::{closure#0}>::{closure#0}, core[a373ad73a504971]::task::poll::Poll<()>>
[INFO] [stdout]   14:     0x5d2c9b900a4a - leptos_hydrated[3af7e1ee1fb5eb70]::tests::test_should_sync_on_client_false_skips_rerun::{closure#0}
[INFO] [stdout]   15:     0x5d2c9b90a638 - <tokio[f8dfbffb4f38f8a0]::runtime::context::scoped::Scoped<tokio[f8dfbffb4f38f8a0]::runtime::scheduler::Context>>::set::<<tokio[f8dfbffb4f38f8a0]::runtime::scheduler::current_thread::CoreGuard>::enter<<tokio[f8dfbffb4f38f8a0]::runtime::scheduler::current_thread::CoreGuard>::block_on<core[a373ad73a504971]::pin::Pin<&mut core[a373ad73a504971]::pin::Pin<&mut dyn core[a373ad73a504971]::future::future::Future<Output = ()>>>>::{closure#0}, core[a373ad73a504971]::option::Option<()>>::{closure#0}, (alloc[2e1b2a31b91974c5]::boxed::Box<tokio[f8dfbffb4f38f8a0]::runtime::scheduler::current_thread::Core>, core[a373ad73a504971]::option::Option<()>)>
[INFO] [stdout]   16:     0x5d2c9b90ae53 - <tokio[f8dfbffb4f38f8a0]::runtime::scheduler::current_thread::CurrentThread>::block_on::<core[a373ad73a504971]::pin::Pin<&mut dyn core[a373ad73a504971]::future::future::Future<Output = ()>>>
[INFO] [stdout]   17:     0x5d2c9b912b22 - <tokio[f8dfbffb4f38f8a0]::runtime::runtime::Runtime>::block_on::<core[a373ad73a504971]::pin::Pin<&mut dyn core[a373ad73a504971]::future::future::Future<Output = ()>>>
[INFO] [stdout]   18:     0x5d2c9b9024ae - <leptos_hydrated[3af7e1ee1fb5eb70]::tests::test_should_sync_on_client_false_skips_rerun::{closure#0} as core[a373ad73a504971]::ops::function::FnOnce<()>>::call_once
[INFO] [stdout]   19:     0x5d2c9b917fbb - test[aada8e7e76ba119b]::__rust_begin_short_backtrace::<core[a373ad73a504971]::result::Result<(), alloc[2e1b2a31b91974c5]::string::String>, fn() -> core[a373ad73a504971]::result::Result<(), alloc[2e1b2a31b91974c5]::string::String>>
[INFO] [stdout]   20:     0x5d2c9b925195 - test[aada8e7e76ba119b]::run_test::{closure#0}
[INFO] [stdout]   21:     0x5d2c9b91ea84 - std[617be2ca0a6fd877]::sys::backtrace::__rust_begin_short_backtrace::<test[aada8e7e76ba119b]::run_test::{closure#1}, ()>
[INFO] [stdout]   22:     0x5d2c9b928222 - <std[617be2ca0a6fd877]::thread::lifecycle::spawn_unchecked<test[aada8e7e76ba119b]::run_test::{closure#1}, ()>::{closure#1} as core[a373ad73a504971]::ops::function::FnOnce<()>>::call_once::{shim:vtable#0}
[INFO] [stdout]   23:     0x5d2c9b9c768f - <std[617be2ca0a6fd877]::sys::thread::unix::Thread>::new::thread_start
[INFO] [stdout]   24:     0x7ada26d42dfa - <unknown>
[INFO] [stdout]   25:     0x7ada26dd63d4 - clone
[INFO] [stdout]   26:                0x0 - <unknown>
[INFO] [stdout] 
[INFO] [stdout] 
[INFO] [stdout] failures:
[INFO] [stdout]     codec::tests::test_browser_json_ssr_roundtrip
[INFO] [stdout]     tests::test_isomorphic_macro_branches_correctly
[INFO] [stdout]     tests::test_should_sync_on_client_false_skips_rerun
[INFO] [stdout]     tests::test_use_hydrated_context_returns_none_when_no_context
[INFO] [stdout] 
[INFO] [stdout] test result: FAILED. 13 passed; 4 failed; 0 ignored; 0 measured; 0 filtered out; finished in 0.34s
[INFO] [stdout] 
[INFO] running `Command { std: "docker" "inspect" "95480beeb2f6455cd7987b4eb28f5b1bcd7b7f35a17ee974a7a91de52ed0d0de", kill_on_drop: false }`
[INFO] running `Command { std: "docker" "rm" "-f" "95480beeb2f6455cd7987b4eb28f5b1bcd7b7f35a17ee974a7a91de52ed0d0de", kill_on_drop: false }`
[INFO] [stdout] 95480beeb2f6455cd7987b4eb28f5b1bcd7b7f35a17ee974a7a91de52ed0d0de
