[INFO] fetching crate leptos-shadcn-accordion 0.9.0...
[INFO] testing leptos-shadcn-accordion-0.9.0 against 1.99.0-beta.8+cargoflags=--release for beta-release-1.100-2
[INFO] extracting crate leptos-shadcn-accordion 0.9.0 into /workspace/builds/worker-2-tc1/source
[INFO] started tweaking crates.io crate leptos-shadcn-accordion 0.9.0
[INFO] finished tweaking crates.io crate leptos-shadcn-accordion 0.9.0
[INFO] tweaked toml for crates.io crate leptos-shadcn-accordion 0.9.0 written to /workspace/builds/worker-2-tc1/source/Cargo.toml
[INFO] validating manifest of crates.io crate leptos-shadcn-accordion 0.9.0 on toolchain 1.99.0-beta.8
[INFO] running `Command { std: CARGO_HOME="/workspace/cargo-home" RUSTUP_HOME="/workspace/rustup-home" "/workspace/cargo-home/bin/cargo" "+1.99.0-beta.8" "metadata" "--manifest-path" "Cargo.toml" "--no-deps", kill_on_drop: false }`
[INFO] crate crates.io crate leptos-shadcn-accordion 0.9.0 already has a lockfile, it will not be regenerated
[INFO] running `Command { std: CARGO_HOME="/workspace/cargo-home" RUSTUP_HOME="/workspace/rustup-home" "/workspace/cargo-home/bin/cargo" "+1.99.0-beta.8" "fetch" "--manifest-path" "Cargo.toml", kill_on_drop: false }`
[INFO] [stderr]     Blocking waiting for file lock on package cache
[INFO] [stderr]     Updating crates.io index
[INFO] [stderr]  Downloading crates ...
[INFO] [stderr]   Downloaded winapi-util v0.1.10
[INFO] [stderr]   Downloaded wasm-bindgen-test-macro v0.3.51
[INFO] [stderr]   Downloaded minicov v0.3.7
[INFO] [stderr]   Downloaded wasm_split_helpers v0.1.2
[INFO] [stderr]   Downloaded next_tuple v0.1.0
[INFO] [stderr]   Downloaded const_str_slice_concat v0.1.0
[INFO] [stderr]   Downloaded base16 v0.2.1
[INFO] [stderr]   Downloaded wasm-bindgen-test v0.3.51
[INFO] [stderr]   Downloaded cc v1.2.36
[INFO] [stderr]   Downloaded tailwind_fuse_macro v0.3.2
[INFO] [stderr]   Downloaded or_poisoned v0.1.0
[INFO] [stderr]   Downloaded oco_ref v0.2.1
[INFO] [stderr]   Downloaded erased v0.1.2
[INFO] [stderr]   Downloaded drain_filter_polyfill v0.1.3
[INFO] [stderr]   Downloaded leptos-style v0.2.0
[INFO] [stderr]   Downloaded hydration_context v0.3.0
[INFO] [stderr]   Downloaded any_spawner v0.3.0
[INFO] [stderr]   Downloaded wasm_split_macros v0.1.2
[INFO] [stderr]   Downloaded reactive_stores_macro v0.2.6
[INFO] [stderr]   Downloaded quote-use v0.8.4
[INFO] [stderr]   Downloaded collection_literals v1.0.2
[INFO] [stderr]   Downloaded leptos_dom v0.8.6
[INFO] [stderr]   Downloaded throw_error v0.3.0
[INFO] [stderr]   Downloaded guardian v1.3.0
[INFO] [stderr]   Downloaded either_of v0.1.6
[INFO] [stderr]   Downloaded server_fn_macro_default v0.8.5
[INFO] [stderr]   Downloaded syn_derive v0.2.0
[INFO] [stderr]   Downloaded manyhow-macros v0.11.4
[INFO] [stderr]   Downloaded quote-use-macros v0.8.4
[INFO] [stderr]   Downloaded attribute-derive-macro v0.10.3
[INFO] [stderr]   Downloaded reactive_stores v0.2.5
[INFO] [stderr]   Downloaded linear-map v1.2.0
[INFO] [stderr]   Downloaded typed-builder-macro v0.21.2
[INFO] [stderr]   Downloaded server_fn_macro v0.8.7
[INFO] [stderr]   Downloaded leptos_server v0.8.5
[INFO] [stderr]   Downloaded codee v0.3.2
[INFO] [stderr]   Downloaded attribute-derive v0.10.3
[INFO] [stderr]   Downloaded leptos-struct-component v0.2.0
[INFO] [stderr]   Downloaded leptos-struct-component-macro v0.2.0
[INFO] [stderr]   Downloaded find-msvc-tools v0.1.1
[INFO] [stderr]   Downloaded tailwind_fuse v0.3.2
[INFO] [stderr]   Downloaded manyhow v0.11.4
[INFO] [stderr]   Downloaded proc-macro-utils v0.10.0
[INFO] [stderr]   Downloaded interpolator v0.5.0
[INFO] [stderr]   Downloaded leptos_hot_reload v0.8.5
[INFO] [stderr]   Downloaded leptos_config v0.8.7
[INFO] [stderr]   Downloaded leptos-node-ref v0.2.0
[INFO] [stderr]   Downloaded async-once-cell v0.5.4
[INFO] [stderr]   Downloaded rstml v0.12.1
[INFO] [stderr]   Downloaded camino v1.1.12
[INFO] [stderr]   Downloaded leptos-shadcn-signal-management v0.1.0
[INFO] [stderr]   Downloaded typed-builder v0.21.2
[INFO] [stderr]   Downloaded server_fn v0.8.7
[INFO] [stderr]   Downloaded serde_qs v0.15.0
[INFO] [stderr]   Downloaded config v0.15.15
[INFO] [stderr]   Downloaded leptos_macro v0.8.8
[INFO] [stderr]   Downloaded leptos v0.8.9
[INFO] [stderr]   Downloaded reactive_graph v0.2.7
[INFO] [stderr]   Downloaded tachys v0.2.8
[INFO] [stderr]   Downloaded serde_json v1.0.143
[INFO] running `Command { std: "docker" "create" "-v" "/var/lib/crater-agent-workspace/builds/worker-2-tc1/source:/opt/rustwide/workdir:ro,Z" "-v" "/var/lib/crater-agent-workspace/builds/worker-2-tc1/target:/opt/rustwide/target:rw,Z" "-v" "/var/lib/crater-agent-workspace/cargo-home:/opt/rustwide/cargo-home:ro,Z" "-v" "/var/lib/crater-agent-workspace/rustup-home:/opt/rustwide/rustup-home:ro,Z" "-m" "1610612736" "--network" "none" "ghcr.io/rust-lang/crates-build-env/linux@sha256:77db811e55d90add9212f6832c23229e3de5f1c1f9905e8cb07319ea15df73ac" "sleep" "infinity", kill_on_drop: false }`
[INFO] [stdout] fb5ddb30f926525fb469c76b81a4e6db34c2cf2f77a1494dc3fe0bed37364fa3
[INFO] running `Command { std: "docker" "start" "fb5ddb30f926525fb469c76b81a4e6db34c2cf2f77a1494dc3fe0bed37364fa3", kill_on_drop: false }`
[INFO] running `Command { std: "docker" "inspect" "fb5ddb30f926525fb469c76b81a4e6db34c2cf2f77a1494dc3fe0bed37364fa3", kill_on_drop: false }`
[INFO] running `Command { std: "docker" "exec" "-e" "SOURCE_DIR=/opt/rustwide/workdir" "-e" "CARGO_HOME=/opt/rustwide/cargo-home" "-e" "RUSTUP_HOME=/opt/rustwide/rustup-home" "-e" "CARGO_TARGET_DIR=/opt/rustwide/target" "-w" "/opt/rustwide/workdir" "--user" "0:0" "fb5ddb30f926525fb469c76b81a4e6db34c2cf2f77a1494dc3fe0bed37364fa3" "/opt/rustwide/cargo-home/bin/cargo" "+1.99.0-beta.8" "metadata" "--no-deps" "--format-version=1", kill_on_drop: false }`
[INFO] running `Command { std: "docker" "inspect" "fb5ddb30f926525fb469c76b81a4e6db34c2cf2f77a1494dc3fe0bed37364fa3", kill_on_drop: false }`
[INFO] running `Command { std: "docker" "exec" "-e" "SOURCE_DIR=/opt/rustwide/workdir" "-e" "CARGO_HOME=/opt/rustwide/cargo-home" "-e" "RUSTUP_HOME=/opt/rustwide/rustup-home" "-e" "CARGO_TARGET_DIR=/opt/rustwide/target" "-e" "CARGO_INCREMENTAL=0" "-e" "RUST_BACKTRACE=full" "-e" "RUSTFLAGS=--cap-lints=warn" "-e" "RUSTDOCFLAGS=--cap-lints=warn" "-w" "/opt/rustwide/workdir" "--user" "0:0" "fb5ddb30f926525fb469c76b81a4e6db34c2cf2f77a1494dc3fe0bed37364fa3" "/opt/rustwide/cargo-home/bin/cargo" "+1.99.0-beta.8" "build" "--frozen" "--message-format=json" "--release", kill_on_drop: false }`
[INFO] [stderr]    Compiling proc-macro2 v1.0.101
[INFO] [stderr]    Compiling wasm-bindgen-shared v0.2.101
[INFO] [stderr]    Compiling semver v1.0.26
[INFO] [stderr]    Compiling serde v1.0.219
[INFO] [stderr]    Compiling unicode-ident v1.0.18
[INFO] [stderr]    Compiling bumpalo v3.19.0
[INFO] [stderr]    Compiling thiserror v2.0.16
[INFO] [stderr]    Compiling log v0.4.28
[INFO] [stderr]    Compiling wasm-bindgen v0.2.101
[INFO] [stderr]    Compiling futures-sink v0.3.31
[INFO] [stderr]    Compiling smallvec v1.15.1
[INFO] [stderr]    Compiling num_cpus v1.17.0
[INFO] [stderr]    Compiling cfg-if v1.0.3
[INFO] [stderr]    Compiling convert_case v0.8.0
[INFO] [stderr]    Compiling proc-macro2-diagnostics v0.10.1
[INFO] [stderr]    Compiling typenum v1.18.0
[INFO] [stderr]    Compiling concurrent-queue v2.5.0
[INFO] [stderr]    Compiling futures-channel v0.3.31
[INFO] [stderr]    Compiling parking_lot_core v0.9.11
[INFO] [stderr]    Compiling throw_error v0.3.0
[INFO] [stderr]    Compiling slotmap v1.0.7
[INFO] [stderr]    Compiling libc v0.2.175
[INFO] [stderr]    Compiling serde_json v1.0.143
[INFO] [stderr]    Compiling camino v1.1.12
[INFO] [stderr]    Compiling anyhow v1.0.99
[INFO] [stderr]    Compiling or_poisoned v0.1.0
[INFO] [stderr]    Compiling event-listener v5.4.1
[INFO] [stderr]    Compiling send_wrapper v0.6.0
[INFO] [stderr]    Compiling hashbrown v0.14.5
[INFO] [stderr]    Compiling guardian v1.3.0
[INFO] [stderr]    Compiling xxhash-rust v0.8.15
[INFO] [stderr]    Compiling event-listener-strategy v0.5.4
[INFO] [stderr]    Compiling parking_lot v0.12.4
[INFO] [stderr]    Compiling rustc_version v0.4.1
[INFO] [stderr]    Compiling async-lock v3.4.1
[INFO] [stderr]    Compiling lock_api v0.4.13
[INFO] [stderr]    Compiling prettyplease v0.2.37
[INFO] [stderr]    Compiling utf8-width v0.1.7
[INFO] [stderr]    Compiling bytes v1.10.1
[INFO] [stderr]    Compiling getrandom v0.3.3
[INFO] [stderr]    Compiling dashmap v6.1.0
[INFO] [stderr]    Compiling quote v1.0.40
[INFO] [stderr]    Compiling html-escape v0.2.13
[INFO] [stderr]    Compiling server_fn_macro v0.8.7
[INFO] [stderr]    Compiling reactive_graph v0.2.7
[INFO] [stderr]    Compiling tachys v0.2.8
[INFO] [stderr]    Compiling syn v2.0.106
[INFO] [stderr]    Compiling proc-macro-utils v0.10.0
[INFO] [stderr]    Compiling server_fn v0.8.7
[INFO] [stderr]    Compiling toml_parser v1.0.2
[INFO] [stderr]    Compiling proc-macro-error-attr2 v2.0.0
[INFO] [stderr]    Compiling const_format_proc_macros v0.2.34
[INFO] [stderr]    Compiling generic-array v0.14.7
[INFO] [stderr]    Compiling http v1.3.1
[INFO] [stderr]    Compiling either_of v0.1.6
[INFO] [stderr]    Compiling manyhow-macros v0.11.4
[INFO] [stderr]    Compiling aho-corasick v1.1.3
[INFO] [stderr]    Compiling block-buffer v0.10.4
[INFO] [stderr]    Compiling crypto-common v0.1.6
[INFO] [stderr]    Compiling collection_literals v1.0.2
[INFO] [stderr]    Compiling drain_filter_polyfill v0.1.3
[INFO] [stderr]    Compiling once_cell v1.21.3
[INFO] [stderr]    Compiling next_tuple v0.1.0
[INFO] [stderr]    Compiling regex-syntax v0.8.6
[INFO] [stderr]    Compiling hashbrown v0.15.5
[INFO] [stderr]    Compiling interpolator v0.5.0
[INFO] [stderr]    Compiling digest v0.10.7
[INFO] [stderr]    Compiling const_str_slice_concat v0.1.0
[INFO] [stderr]    Compiling same-file v1.0.6
[INFO] [stderr]    Compiling unicode-segmentation v1.12.0
[INFO] [stderr]    Compiling erased v0.1.2
[INFO] [stderr]    Compiling linear-map v1.2.0
[INFO] [stderr]    Compiling sha2 v0.10.9
[INFO] [stderr]    Compiling walkdir v2.5.0
[INFO] [stderr]    Compiling const_format v0.2.34
[INFO] [stderr]    Compiling leptos_macro v0.8.8
[INFO] [stderr]    Compiling convert_case v0.6.0
[INFO] [stderr]    Compiling pathdiff v0.2.3
[INFO] [stderr]    Compiling const-str v0.6.4
[INFO] [stderr]    Compiling base16 v0.2.1
[INFO] [stderr]    Compiling indexmap v2.11.0
[INFO] [stderr]    Compiling uuid v1.18.1
[INFO] [stderr]    Compiling leptos v0.8.9
[INFO] [stderr]    Compiling async-once-cell v0.5.4
[INFO] [stderr]    Compiling iana-time-zone v0.1.63
[INFO] [stderr]    Compiling minimal-lexical v0.2.1
[INFO] [stderr]    Compiling nom v7.1.3
[INFO] [stderr]    Compiling regex-automata v0.4.10
[INFO] [stderr]    Compiling wasm-bindgen-backend v0.2.101
[INFO] [stderr]    Compiling synstructure v0.13.2
[INFO] [stderr]    Compiling proc-macro-error2 v2.0.1
[INFO] [stderr]    Compiling manyhow v0.11.4
[INFO] [stderr]    Compiling darling_core v0.20.11
[INFO] [stderr]    Compiling serde_derive v1.0.219
[INFO] [stderr]    Compiling thiserror-impl v2.0.16
[INFO] [stderr]    Compiling zerofrom-derive v0.1.6
[INFO] [stderr]    Compiling yoke-derive v0.8.0
[INFO] [stderr]    Compiling zerovec-derive v0.11.1
[INFO] [stderr]    Compiling futures-macro v0.3.31
[INFO] [stderr]    Compiling displaydoc v0.2.5
[INFO] [stderr]    Compiling derive-where v1.6.0
[INFO] [stderr]    Compiling syn_derive v0.2.0
[INFO] [stderr]    Compiling quote-use-macros v0.8.4
[INFO] [stderr]    Compiling thiserror-impl v1.0.69
[INFO] [stderr]    Compiling wasm-bindgen-macro-support v0.2.101
[INFO] [stderr]    Compiling pin-project-internal v1.1.10
[INFO] [stderr]    Compiling reactive_stores_macro v0.2.6
[INFO] [stderr]    Compiling quote-use v0.8.4
[INFO] [stderr]    Compiling futures-util v0.3.31
[INFO] [stderr]    Compiling async-trait v0.1.89
[INFO] [stderr]    Compiling attribute-derive-macro v0.10.3
[INFO] [stderr]    Compiling typed-builder-macro v0.21.2
[INFO] [stderr]    Compiling server_fn_macro_default v0.8.5
[INFO] [stderr]    Compiling regex v1.11.2
[INFO] [stderr]    Compiling leptos-struct-component-macro v0.2.0
[INFO] [stderr]    Compiling pin-project v1.1.10
[INFO] [stderr]    Compiling thiserror v1.0.69
[INFO] [stderr]    Compiling rstml v0.12.1
[INFO] [stderr]    Compiling zerofrom v0.1.6
[INFO] [stderr]    Compiling attribute-derive v0.10.3
[INFO] [stderr]    Compiling wasm-bindgen-macro v0.2.101
[INFO] [stderr]    Compiling yoke v0.8.0
[INFO] [stderr]    Compiling darling_macro v0.20.11
[INFO] [stderr]    Compiling zerovec v0.11.4
[INFO] [stderr]    Compiling zerotrie v0.2.2
[INFO] [stderr]    Compiling typed-builder v0.21.2
[INFO] [stderr]    Compiling darling v0.20.11
[INFO] [stderr]    Compiling tailwind_fuse_macro v0.3.2
[INFO] [stderr]    Compiling js-sys v0.3.78
[INFO] [stderr]    Compiling tinystr v0.8.1
[INFO] [stderr]    Compiling potential_utf v0.1.3
[INFO] [stderr]    Compiling icu_collections v2.0.0
[INFO] [stderr]    Compiling icu_locale_core v2.0.0
[INFO] [stderr]    Compiling wasm_split_macros v0.1.2
[INFO] [stderr]    Compiling tailwind_fuse v0.3.2
[INFO] [stderr]    Compiling wasm_split_helpers v0.1.2
[INFO] [stderr]    Compiling futures-executor v0.3.31
[INFO] [stderr]    Compiling icu_provider v2.0.0
[INFO] [stderr]    Compiling futures v0.3.31
[INFO] [stderr]    Compiling icu_normalizer v2.0.0
[INFO] [stderr]    Compiling icu_properties v2.0.1
[INFO] [stderr]    Compiling hydration_context v0.3.0
[INFO] [stderr]    Compiling serde_spanned v1.0.0
[INFO] [stderr]    Compiling oco_ref v0.2.1
[INFO] [stderr]    Compiling toml_datetime v0.7.0
[INFO] [stderr]    Compiling serde_qs v0.15.0
[INFO] [stderr]    Compiling leptos_hot_reload v0.8.5
[INFO] [stderr]    Compiling toml v0.9.5
[INFO] [stderr]    Compiling idna_adapter v1.2.1
[INFO] [stderr]    Compiling idna v1.1.0
[INFO] [stderr]    Compiling wasm-bindgen-futures v0.4.51
[INFO] [stderr]    Compiling web-sys v0.3.78
[INFO] [stderr]    Compiling any_spawner v0.3.0
[INFO] [stderr]    Compiling url v2.5.7
[INFO] [stderr]    Compiling codee v0.3.2
[INFO] [stderr]    Compiling config v0.15.15
[INFO] [stderr]    Compiling chrono v0.4.41
[INFO] [stderr]    Compiling leptos_config v0.8.7
[INFO] [stderr]    Compiling reactive_stores v0.2.5
[INFO] [stderr]    Compiling gloo-utils v0.2.0
[INFO] [stderr]    Compiling gloo-net v0.6.0
[INFO] [stderr]    Compiling wasm-streams v0.4.2
[INFO] [stderr]    Compiling leptos_dom v0.8.6
[INFO] [stderr]    Compiling leptos_server v0.8.5
[INFO] [stderr]    Compiling leptos-shadcn-signal-management v0.1.0
[INFO] [stderr]    Compiling leptos-style v0.2.0
[INFO] [stderr]    Compiling leptos-node-ref v0.2.0
[INFO] [stderr]    Compiling leptos-struct-component v0.2.0
[INFO] [stderr]    Compiling leptos-shadcn-accordion v0.9.0 (/opt/rustwide/workdir)
[INFO] [stdout] warning: unused variable: `accordion_state_for_disabled`
[INFO] [stdout]   --> src/signal_managed.rs:96:9
[INFO] [stdout]    |
[INFO] [stdout] 96 |     let accordion_state_for_disabled = accordion_state.clone();
[INFO] [stdout]    |         ^^^^^^^^^^^^^^^^^^^^^^^^^^^^ help: if this is intentional, prefix it with an underscore: `_accordion_state_for_disabled`
[INFO] [stdout]    |
[INFO] [stdout]    = note: `#[warn(unused_variables)]` (part of `#[warn(unused)]`) on by default
[INFO] [stdout] 
[INFO] [stdout] 
[INFO] [stderr]     Finished `release` profile [optimized] target(s) in 1m 37s
[INFO] [stderr] warning: the following packages contain code that will be rejected by a future version of Rust: proc-macro-error2 v2.0.1
[INFO] [stderr] note: to see what the problems were, use the option `--future-incompat-report`, or run `cargo report future-incompatibilities --id 2`
[INFO] running `Command { std: "docker" "inspect" "fb5ddb30f926525fb469c76b81a4e6db34c2cf2f77a1494dc3fe0bed37364fa3", kill_on_drop: false }`
[INFO] running `Command { std: "docker" "exec" "-e" "SOURCE_DIR=/opt/rustwide/workdir" "-e" "CARGO_HOME=/opt/rustwide/cargo-home" "-e" "RUSTUP_HOME=/opt/rustwide/rustup-home" "-e" "CARGO_TARGET_DIR=/opt/rustwide/target" "-e" "CARGO_INCREMENTAL=0" "-e" "RUST_BACKTRACE=full" "-e" "RUSTFLAGS=--cap-lints=warn" "-e" "RUSTDOCFLAGS=--cap-lints=warn" "-w" "/opt/rustwide/workdir" "--user" "0:0" "fb5ddb30f926525fb469c76b81a4e6db34c2cf2f77a1494dc3fe0bed37364fa3" "/opt/rustwide/cargo-home/bin/cargo" "+1.99.0-beta.8" "test" "--frozen" "--no-run" "--message-format=json" "--release", kill_on_drop: false }`
[INFO] [stderr]    Compiling wasm-bindgen-test-macro v0.3.51
[INFO] [stdout] warning: unused variable: `accordion_state_for_disabled`
[INFO] [stdout]   --> src/signal_managed.rs:96:9
[INFO] [stdout]    |
[INFO] [stdout] 96 |     let accordion_state_for_disabled = accordion_state.clone();
[INFO] [stdout]    |         ^^^^^^^^^^^^^^^^^^^^^^^^^^^^ help: if this is intentional, prefix it with an underscore: `_accordion_state_for_disabled`
[INFO] [stdout]    |
[INFO] [stdout]    = note: `#[warn(unused_variables)]` (part of `#[warn(unused)]`) on by default
[INFO] [stdout] 
[INFO] [stdout] 
[INFO] [stderr]    Compiling wasm-bindgen-test v0.3.51
[INFO] [stderr]    Compiling leptos-shadcn-accordion v0.9.0 (/opt/rustwide/workdir)
[INFO] [stdout] warning: unused import: `super::*`
[INFO] [stdout]  --> src/tests.rs:3:9
[INFO] [stdout]   |
[INFO] [stdout] 3 |     use super::*;
[INFO] [stdout]   |         ^^^^^^^^
[INFO] [stdout]   |
[INFO] [stdout]   = note: `#[warn(unused_imports)]` (part of `#[warn(unused)]`) on by default
[INFO] [stdout] 
[INFO] [stdout] 
[INFO] [stdout] warning: unused import: `leptos::*`
[INFO] [stdout]  --> src/tests.rs:4:9
[INFO] [stdout]   |
[INFO] [stdout] 4 |     use leptos::*;
[INFO] [stdout]   |         ^^^^^^^^^
[INFO] [stdout] 
[INFO] [stdout] 
[INFO] [stdout] warning: unused variable: `accordion_state_for_disabled`
[INFO] [stdout]   --> src/signal_managed.rs:96:9
[INFO] [stdout]    |
[INFO] [stdout] 96 |     let accordion_state_for_disabled = accordion_state.clone();
[INFO] [stdout]    |         ^^^^^^^^^^^^^^^^^^^^^^^^^^^^ help: if this is intentional, prefix it with an underscore: `_accordion_state_for_disabled`
[INFO] [stdout]    |
[INFO] [stdout]    = note: `#[warn(unused_variables)]` (part of `#[warn(unused)]`) on by default
[INFO] [stdout] 
[INFO] [stdout] 
[INFO] [stderr]     Finished `release` profile [optimized] target(s) in 2.64s
[INFO] [stderr] warning: the following packages contain code that will be rejected by a future version of Rust: proc-macro-error2 v2.0.1
[INFO] [stderr] note: to see what the problems were, use the option `--future-incompat-report`, or run `cargo report future-incompatibilities --id 2`
[INFO] running `Command { std: "docker" "inspect" "fb5ddb30f926525fb469c76b81a4e6db34c2cf2f77a1494dc3fe0bed37364fa3", kill_on_drop: false }`
[INFO] running `Command { std: "docker" "exec" "-e" "SOURCE_DIR=/opt/rustwide/workdir" "-e" "CARGO_HOME=/opt/rustwide/cargo-home" "-e" "RUSTUP_HOME=/opt/rustwide/rustup-home" "-e" "CARGO_TARGET_DIR=/opt/rustwide/target" "-e" "CARGO_INCREMENTAL=0" "-e" "RUST_BACKTRACE=full" "-e" "RUSTFLAGS=--cap-lints=warn" "-e" "RUSTDOCFLAGS=--cap-lints=warn" "-w" "/opt/rustwide/workdir" "--user" "0:0" "fb5ddb30f926525fb469c76b81a4e6db34c2cf2f77a1494dc3fe0bed37364fa3" "/opt/rustwide/cargo-home/bin/cargo" "+1.99.0-beta.8" "test" "--frozen" "--release", kill_on_drop: false }`
[INFO] [stderr] warning: unused variable: `accordion_state_for_disabled`
[INFO] [stderr]   --> src/signal_managed.rs:96:9
[INFO] [stderr]    |
[INFO] [stderr] 96 |     let accordion_state_for_disabled = accordion_state.clone();
[INFO] [stderr]    |         ^^^^^^^^^^^^^^^^^^^^^^^^^^^^ help: if this is intentional, prefix it with an underscore: `_accordion_state_for_disabled`
[INFO] [stderr]    |
[INFO] [stderr]    = note: `#[warn(unused_variables)]` (part of `#[warn(unused)]`) on by default
[INFO] [stderr] 
[INFO] [stderr] warning: unused import: `super::*`
[INFO] [stderr]  --> src/tests.rs:3:9
[INFO] [stderr]   |
[INFO] [stderr] 3 |     use super::*;
[INFO] [stderr]   |         ^^^^^^^^
[INFO] [stderr]   |
[INFO] [stderr]   = note: `#[warn(unused_imports)]` (part of `#[warn(unused)]`) on by default
[INFO] [stderr] 
[INFO] [stderr] warning: unused import: `leptos::*`
[INFO] [stderr]  --> src/tests.rs:4:9
[INFO] [stderr]   |
[INFO] [stderr] 4 |     use leptos::*;
[INFO] [stderr]   |         ^^^^^^^^^
[INFO] [stderr] 
[INFO] [stderr] warning: `leptos-shadcn-accordion` (lib) generated 1 warning (run `cargo fix --lib -p leptos-shadcn-accordion` to apply 1 suggestion)
[INFO] [stderr] warning: `leptos-shadcn-accordion` (lib test) generated 3 warnings (1 duplicate) (run `cargo fix --lib -p leptos-shadcn-accordion --tests` to apply 2 suggestions)
[INFO] [stderr]     Finished `release` profile [optimized] target(s) in 0.13s
[INFO] [stderr] warning: the following packages contain code that will be rejected by a future version of Rust: proc-macro-error2 v2.0.1
[INFO] [stderr] note: to see what the problems were, use the option `--future-incompat-report`, or run `cargo report future-incompatibilities --id 2`
[INFO] [stderr]      Running unittests src/lib.rs (/opt/rustwide/target/release/deps/leptos_shadcn_accordion-20a889c764b21777)
[INFO] [stdout] 
[INFO] [stdout] running 40 tests
[INFO] [stdout] test tdd_tests::tdd_tests::test_accordion_accessibility_comprehensive ... FAILED
[INFO] [stdout] test tdd_tests::tdd_tests::test_accordion_accessibility_features ... FAILED
[INFO] [stdout] test tdd_tests::tdd_tests::test_accordion_animation_support ... FAILED
[INFO] [stdout] test tdd_tests::tdd_tests::test_accordion_horizontal_orientation ... FAILED
[INFO] [stdout] test tdd_tests::tdd_tests::test_accordion_aria_attributes ... FAILED
[INFO] [stdout] test tdd_tests::tdd_tests::test_accordion_item_component ... FAILED
[INFO] [stdout] test tdd_tests::tdd_tests::test_accordion_basic_rendering ... FAILED
[INFO] [stdout] test tdd_tests::tdd_tests::test_accordion_click_handling ... FAILED
[INFO] [stdout] test tdd_tests::tdd_tests::test_accordion_collapsible_property ... FAILED
[INFO] [stdout] test tdd_tests::tdd_tests::test_accordion_multiple_items ... FAILED
[INFO] [stdout] test tdd_tests::tdd_tests::test_accordion_content_component ... FAILED
[INFO] [stdout] test tdd_tests::tdd_tests::test_accordion_custom_styling ... FAILED
[INFO] [stdout] test tdd_tests::tdd_tests::test_accordion_context_management ... FAILED
[INFO] [stdout] test tdd_tests::tdd_tests::test_accordion_default_value ... FAILED
[INFO] [stdout] test tdd_tests::tdd_tests::test_accordion_state_management ... FAILED
[INFO] [stdout] test tdd_tests::tdd_tests::test_accordion_error_handling ... FAILED
[INFO] [stdout] test tdd_tests::tdd_tests::test_accordion_force_mount ... FAILED
[INFO] [stdout] test tdd_tests::tdd_tests::test_accordion_advanced_interactions ... FAILED
[INFO] [stdout] test tdd_tests::tdd_tests::test_accordion_value_change_callback ... FAILED
[INFO] [stdout] test tdd_tests::tdd_tests::test_accordion_as_child_prop ... FAILED
[INFO] [stdout] test tdd_tests::tdd_tests::test_accordion_item_disabled ... FAILED
[INFO] [stdout] test tests::tests::test_accordion_children_handling ... ok
[INFO] [stdout] test tdd_tests::tdd_tests::test_accordion_keyboard_navigation ... FAILED
[INFO] [stdout] test tests::tests::test_accordion_component_exists ... ok
[INFO] [stdout] test tests::tests::test_accordion_layout_functionality ... ok
[INFO] [stdout] test tdd_tests::tdd_tests::test_accordion_memory_management ... FAILED
[INFO] [stdout] test tests::tests::test_accordion_responsive_behavior ... ok
[INFO] [stdout] test tests::tests::test_accordion_theme_variants ... ok
[INFO] [stdout] test tdd_tests::tdd_tests::test_accordion_complete_workflow ... FAILED
[INFO] [stdout] test tdd_tests::tdd_tests::test_accordion_multiple_type ... FAILED
[INFO] [stdout] test tdd_tests::tdd_tests::test_accordion_performance_comprehensive ... FAILED
[INFO] [stdout] test tdd_tests::tdd_tests::test_accordion_responsive_design ... FAILED
[INFO] [stdout] test tdd_tests::tdd_tests::test_accordion_single_type ... FAILED
[INFO] [stdout] test tdd_tests::tdd_tests::test_accordion_disabled_state ... FAILED
[INFO] [stdout] test tdd_tests::tdd_tests::test_accordion_theme_switching ... FAILED
[INFO] [stdout] test tdd_tests::tdd_tests::test_accordion_trigger_component ... FAILED
[INFO] [stdout] test tdd_tests::tdd_tests::test_accordion_validation_comprehensive ... FAILED
[INFO] [stdout] test tdd_tests::tdd_tests::test_accordion_integration_scenarios ... FAILED
[INFO] [stdout] test tdd_tests::tdd_tests::test_accordion_value_management ... FAILED
[INFO] [stdout] test tdd_tests::tdd_tests::test_accordion_vertical_orientation ... FAILED
[INFO] [stdout] 
[INFO] [stdout] failures:
[INFO] [stdout] 
[INFO] [stdout] ---- tdd_tests::tdd_tests::test_accordion_accessibility_comprehensive stdout ----
[INFO] [stdout] 
[INFO] [stdout] thread 'tdd_tests::tdd_tests::test_accordion_accessibility_comprehensive' (3719) panicked at /opt/rustwide/cargo-home/registry/src/index.crates.io-1949cf8c6b5b557f/reactive_graph-0.2.7/src/owner/context.rs:306:9:
[INFO] [stdout] Location { file: "src/default.rs", line: 79, column: 30 } expected context of type "reactive_graph::wrappers::read::Signal<bool>" to be present
[INFO] [stdout] stack backtrace:
[INFO] [stdout]    0:     0x59decdb368a1 - <<std[70759c8f55707aa4]::sys::backtrace::BacktraceLock>::print::DisplayBacktrace as core[df12db4294e9bfd3]::fmt::Display>::fmt
[INFO] [stdout]    1:     0x59decdb4ab4a - core[df12db4294e9bfd3]::fmt::write
[INFO] [stdout]    2:     0x59decdb3adec - <alloc[2182bb758b4b3781]::vec::Vec<u8> as core[df12db4294e9bfd3]::io::write::Write>::write_fmt
[INFO] [stdout]    3:     0x59decdb12e56 - std[70759c8f55707aa4]::panicking::default_hook::{closure#0}
[INFO] [stdout]    4:     0x59decdb2efc9 - std[70759c8f55707aa4]::panicking::default_hook
[INFO] [stdout]    5:     0x59decdabd6b0 - test[9d35eded1c95d3be]::test_main_inner::<test[9d35eded1c95d3be]::test_main_static::{closure#0}>::{closure#0}
[INFO] [stdout]    6:     0x59decdb2f182 - std[70759c8f55707aa4]::panicking::panic_with_hook
[INFO] [stdout]    7:     0x59decdb12f02 - std[70759c8f55707aa4]::panicking::panic_handler::{closure#0}
[INFO] [stdout]    8:     0x59decdb0bc59 - std[70759c8f55707aa4]::sys::backtrace::__rust_end_short_backtrace::<std[70759c8f55707aa4]::panicking::panic_handler::{closure#0}, !>
[INFO] [stdout]    9:     0x59decdb13afd - __rustc[8fa7c3cbc660c2b3]::rust_begin_unwind
[INFO] [stdout]   10:     0x59decdb4b2ac - core[df12db4294e9bfd3]::panicking::panic_fmt
[INFO] [stdout]   11:     0x59decdaa3f15 - reactive_graph[733a84d69d160926]::owner::context::expect_context::<reactive_graph[733a84d69d160926]::wrappers::read::Signal<bool>>
[INFO] [stdout]   12:     0x59decda92e33 - leptos_shadcn_accordion[8bed6d27a459b4e2]::default::__component_accordion_item
[INFO] [stdout]   13:     0x59decdaa0560 - reactive_graph[733a84d69d160926]::graph::subscriber::untrack_with_diagnostics::<leptos[62ed9f83c1f82ae8]::into_view::View<tachys[60677b8cb7eba6f6]::html::element::HtmlElement<tachys[60677b8cb7eba6f6]::html::element::elements::Div, (tachys[60677b8cb7eba6f6]::html::class::Class<leptos_shadcn_accordion[8bed6d27a459b4e2]::default::__component_accordion_item::{closure#4}>, tachys[60677b8cb7eba6f6]::html::attribute::custom::CustomAttr<&str, leptos_shadcn_accordion[8bed6d27a459b4e2]::default::__component_accordion_item::{closure#5}>, tachys[60677b8cb7eba6f6]::html::attribute::custom::CustomAttr<&str, leptos_shadcn_accordion[8bed6d27a459b4e2]::default::__component_accordion_item::{closure#6}>), (core[df12db4294e9bfd3]::option::Option<tachys[60677b8cb7eba6f6]::view::any_view::AnyView>,)>>, leptos_shadcn_accordion[8bed6d27a459b4e2]::default::AccordionItem::{closure#0}>
[INFO] [stdout]   14:     0x59decda895c8 - <<alloc[2182bb758b4b3781]::boxed::Box<dyn core[df12db4294e9bfd3]::ops::function::FnOnce<(), Output = tachys[60677b8cb7eba6f6]::view::any_view::AnyView> + core[df12db4294e9bfd3]::marker::Send> as leptos[62ed9f83c1f82ae8]::children::ToChildren<leptos_shadcn_accordion[8bed6d27a459b4e2]::tdd_tests::tdd_tests::test_accordion_accessibility_comprehensive::{closure#0}>>::to_children::{closure#0} as core[df12db4294e9bfd3]::ops::function::FnOnce<()>>::call_once::{shim:vtable#0}
[INFO] [stdout]   15:     0x59decda92d0f - leptos_shadcn_accordion[8bed6d27a459b4e2]::default::__component_accordion
[INFO] [stdout]   16:     0x59decdaa0456 - reactive_graph[733a84d69d160926]::graph::subscriber::untrack_with_diagnostics::<leptos[62ed9f83c1f82ae8]::into_view::View<tachys[60677b8cb7eba6f6]::html::element::HtmlElement<tachys[60677b8cb7eba6f6]::html::element::elements::Div, (tachys[60677b8cb7eba6f6]::html::class::Class<leptos_shadcn_accordion[8bed6d27a459b4e2]::default::__component_accordion::{closure#3}>, tachys[60677b8cb7eba6f6]::html::attribute::custom::CustomAttr<&str, leptos_shadcn_accordion[8bed6d27a459b4e2]::default::__component_accordion::{closure#4}>), (core[df12db4294e9bfd3]::option::Option<tachys[60677b8cb7eba6f6]::view::any_view::AnyView>,)>>, leptos_shadcn_accordion[8bed6d27a459b4e2]::default::Accordion::{closure#0}>
[INFO] [stdout]   17:     0x59decda8c833 - leptos_shadcn_accordion[8bed6d27a459b4e2]::tdd_tests::tdd_tests::test_accordion_accessibility_comprehensive
[INFO] [stdout]   18:     0x59decdaad9f9 - <leptos_shadcn_accordion[8bed6d27a459b4e2]::tdd_tests::tdd_tests::test_accordion_accessibility_comprehensive::{closure#0} as core[df12db4294e9bfd3]::ops::function::FnOnce<()>>::call_once
[INFO] [stdout]   19:     0x59decdab099b - test[9d35eded1c95d3be]::__rust_begin_short_backtrace::<core[df12db4294e9bfd3]::result::Result<(), alloc[2182bb758b4b3781]::string::String>, fn() -> core[df12db4294e9bfd3]::result::Result<(), alloc[2182bb758b4b3781]::string::String>>
[INFO] [stdout]   20:     0x59decdabe005 - test[9d35eded1c95d3be]::run_test::{closure#0}
[INFO] [stdout]   21:     0x59decdab78c4 - std[70759c8f55707aa4]::sys::backtrace::__rust_begin_short_backtrace::<test[9d35eded1c95d3be]::run_test::{closure#1}, ()>
[INFO] [stdout]   22:     0x59decdac1162 - <std[70759c8f55707aa4]::thread::lifecycle::spawn_unchecked<test[9d35eded1c95d3be]::run_test::{closure#1}, ()>::{closure#1} as core[df12db4294e9bfd3]::ops::function::FnOnce<()>>::call_once::{shim:vtable#0}
[INFO] [stdout]   23:     0x59decdb36179 - <std[70759c8f55707aa4]::sys::thread::unix::Thread>::new::thread_start
[INFO] [stdout]   24:     0x7a163157adfa - <unknown>
[INFO] [stdout]   25:     0x7a163160e3d4 - clone
[INFO] [stdout]   26:                0x0 - <unknown>
[INFO] [stdout] 
[INFO] [stdout] ---- tdd_tests::tdd_tests::test_accordion_accessibility_features stdout ----
[INFO] [stdout] 
[INFO] [stdout] thread 'tdd_tests::tdd_tests::test_accordion_accessibility_features' (3720) panicked at /opt/rustwide/cargo-home/registry/src/index.crates.io-1949cf8c6b5b557f/reactive_graph-0.2.7/src/owner/context.rs:306:9:
[INFO] [stdout] Location { file: "src/default.rs", line: 79, column: 30 } expected context of type "reactive_graph::wrappers::read::Signal<bool>" to be present
[INFO] [stdout] stack backtrace:
[INFO] [stdout]    0:     0x59decdb368a1 - <<std[70759c8f55707aa4]::sys::backtrace::BacktraceLock>::print::DisplayBacktrace as core[df12db4294e9bfd3]::fmt::Display>::fmt
[INFO] [stdout]    1:     0x59decdb4ab4a - core[df12db4294e9bfd3]::fmt::write
[INFO] [stdout]    2:     0x59decdb3adec - <alloc[2182bb758b4b3781]::vec::Vec<u8> as core[df12db4294e9bfd3]::io::write::Write>::write_fmt
[INFO] [stdout]    3:     0x59decdb12e56 - std[70759c8f55707aa4]::panicking::default_hook::{closure#0}
[INFO] [stdout]    4:     0x59decdb2efc9 - std[70759c8f55707aa4]::panicking::default_hook
[INFO] [stdout]    5:     0x59decdabd6b0 - test[9d35eded1c95d3be]::test_main_inner::<test[9d35eded1c95d3be]::test_main_static::{closure#0}>::{closure#0}
[INFO] [stdout]    6:     0x59decdb2f182 - std[70759c8f55707aa4]::panicking::panic_with_hook
[INFO] [stdout]    7:     0x59decdb12f02 - std[70759c8f55707aa4]::panicking::panic_handler::{closure#0}
[INFO] [stdout]    8:     0x59decdb0bc59 - std[70759c8f55707aa4]::sys::backtrace::__rust_end_short_backtrace::<std[70759c8f55707aa4]::panicking::panic_handler::{closure#0}, !>
[INFO] [stdout]    9:     0x59decdb13afd - __rustc[8fa7c3cbc660c2b3]::rust_begin_unwind
[INFO] [stdout]   10:     0x59decdb4b2ac - core[df12db4294e9bfd3]::panicking::panic_fmt
[INFO] [stdout]   11:     0x59decdaa3f15 - reactive_graph[733a84d69d160926]::owner::context::expect_context::<reactive_graph[733a84d69d160926]::wrappers::read::Signal<bool>>
[INFO] [stdout]   12:     0x59decda92e33 - leptos_shadcn_accordion[8bed6d27a459b4e2]::default::__component_accordion_item
[INFO] [stdout]   13:     0x59decdaa0560 - reactive_graph[733a84d69d160926]::graph::subscriber::untrack_with_diagnostics::<leptos[62ed9f83c1f82ae8]::into_view::View<tachys[60677b8cb7eba6f6]::html::element::HtmlElement<tachys[60677b8cb7eba6f6]::html::element::elements::Div, (tachys[60677b8cb7eba6f6]::html::class::Class<leptos_shadcn_accordion[8bed6d27a459b4e2]::default::__component_accordion_item::{closure#4}>, tachys[60677b8cb7eba6f6]::html::attribute::custom::CustomAttr<&str, leptos_shadcn_accordion[8bed6d27a459b4e2]::default::__component_accordion_item::{closure#5}>, tachys[60677b8cb7eba6f6]::html::attribute::custom::CustomAttr<&str, leptos_shadcn_accordion[8bed6d27a459b4e2]::default::__component_accordion_item::{closure#6}>), (core[df12db4294e9bfd3]::option::Option<tachys[60677b8cb7eba6f6]::view::any_view::AnyView>,)>>, leptos_shadcn_accordion[8bed6d27a459b4e2]::default::AccordionItem::{closure#0}>
[INFO] [stdout]   14:     0x59decda89208 - <<alloc[2182bb758b4b3781]::boxed::Box<dyn core[df12db4294e9bfd3]::ops::function::FnOnce<(), Output = tachys[60677b8cb7eba6f6]::view::any_view::AnyView> + core[df12db4294e9bfd3]::marker::Send> as leptos[62ed9f83c1f82ae8]::children::ToChildren<leptos_shadcn_accordion[8bed6d27a459b4e2]::tdd_tests::tdd_tests::test_accordion_accessibility_features::{closure#0}>>::to_children::{closure#0} as core[df12db4294e9bfd3]::ops::function::FnOnce<()>>::call_once::{shim:vtable#0}
[INFO] [stdout]   15:     0x59decda92d0f - leptos_shadcn_accordion[8bed6d27a459b4e2]::default::__component_accordion
[INFO] [stdout]   16:     0x59decdaa0456 - reactive_graph[733a84d69d160926]::graph::subscriber::untrack_with_diagnostics::<leptos[62ed9f83c1f82ae8]::into_view::View<tachys[60677b8cb7eba6f6]::html::element::HtmlElement<tachys[60677b8cb7eba6f6]::html::element::elements::Div, (tachys[60677b8cb7eba6f6]::html::class::Class<leptos_shadcn_accordion[8bed6d27a459b4e2]::default::__component_accordion::{closure#3}>, tachys[60677b8cb7eba6f6]::html::attribute::custom::CustomAttr<&str, leptos_shadcn_accordion[8bed6d27a459b4e2]::default::__component_accordion::{closure#4}>), (core[df12db4294e9bfd3]::option::Option<tachys[60677b8cb7eba6f6]::view::any_view::AnyView>,)>>, leptos_shadcn_accordion[8bed6d27a459b4e2]::default::Accordion::{closure#0}>
[INFO] [stdout]   17:     0x59decda8c383 - leptos_shadcn_accordion[8bed6d27a459b4e2]::tdd_tests::tdd_tests::test_accordion_accessibility_features
[INFO] [stdout]   18:     0x59decdaad979 - <leptos_shadcn_accordion[8bed6d27a459b4e2]::tdd_tests::tdd_tests::test_accordion_accessibility_features::{closure#0} as core[df12db4294e9bfd3]::ops::function::FnOnce<()>>::call_once
[INFO] [stdout]   19:     0x59decdab099b - test[9d35eded1c95d3be]::__rust_begin_short_backtrace::<core[df12db4294e9bfd3]::result::Result<(), alloc[2182bb758b4b3781]::string::String>, fn() -> core[df12db4294e9bfd3]::result::Result<(), alloc[2182bb758b4b3781]::string::String>>
[INFO] [stdout]   20:     0x59decdabe005 - test[9d35eded1c95d3be]::run_test::{closure#0}
[INFO] [stdout]   21:     0x59decdab78c4 - std[70759c8f55707aa4]::sys::backtrace::__rust_begin_short_backtrace::<test[9d35eded1c95d3be]::run_test::{closure#1}, ()>
[INFO] [stdout]   22:     0x59decdac1162 - <std[70759c8f55707aa4]::thread::lifecycle::spawn_unchecked<test[9d35eded1c95d3be]::run_test::{closure#1}, ()>::{closure#1} as core[df12db4294e9bfd3]::ops::function::FnOnce<()>>::call_once::{shim:vtable#0}
[INFO] [stdout]   23:     0x59decdb36179 - <std[70759c8f55707aa4]::sys::thread::unix::Thread>::new::thread_start
[INFO] [stdout]   24:     0x7a163157adfa - <unknown>
[INFO] [stdout]   25:     0x7a163160e3d4 - clone
[INFO] [stdout]   26:                0x0 - <unknown>
[INFO] [stdout] 
[INFO] [stdout] ---- tdd_tests::tdd_tests::test_accordion_animation_support stdout ----
[INFO] [stdout] 
[INFO] [stdout] thread 'tdd_tests::tdd_tests::test_accordion_animation_support' (3722) panicked at /opt/rustwide/cargo-home/registry/src/index.crates.io-1949cf8c6b5b557f/reactive_graph-0.2.7/src/owner/context.rs:306:9:
[INFO] [stdout] Location { file: "src/default.rs", line: 79, column: 30 } expected context of type "reactive_graph::wrappers::read::Signal<bool>" to be present
[INFO] [stdout] stack backtrace:
[INFO] [stdout]    0:     0x59decdb368a1 - <<std[70759c8f55707aa4]::sys::backtrace::BacktraceLock>::print::DisplayBacktrace as core[df12db4294e9bfd3]::fmt::Display>::fmt
[INFO] [stdout]    1:     0x59decdb4ab4a - core[df12db4294e9bfd3]::fmt::write
[INFO] [stdout]    2:     0x59decdb3adec - <alloc[2182bb758b4b3781]::vec::Vec<u8> as core[df12db4294e9bfd3]::io::write::Write>::write_fmt
[INFO] [stdout]    3:     0x59decdb12e56 - std[70759c8f55707aa4]::panicking::default_hook::{closure#0}
[INFO] [stdout]    4:     0x59decdb2efc9 - std[70759c8f55707aa4]::panicking::default_hook
[INFO] [stdout]    5:     0x59decdabd6b0 - test[9d35eded1c95d3be]::test_main_inner::<test[9d35eded1c95d3be]::test_main_static::{closure#0}>::{closure#0}
[INFO] [stdout]    6:     0x59decdb2f182 - std[70759c8f55707aa4]::panicking::panic_with_hook
[INFO] [stdout]    7:     0x59decdb12f02 - std[70759c8f55707aa4]::panicking::panic_handler::{closure#0}
[INFO] [stdout]    8:     0x59decdb0bc59 - std[70759c8f55707aa4]::sys::backtrace::__rust_end_short_backtrace::<std[70759c8f55707aa4]::panicking::panic_handler::{closure#0}, !>
[INFO] [stdout]    9:     0x59decdb13afd - __rustc[8fa7c3cbc660c2b3]::rust_begin_unwind
[INFO] [stdout]   10:     0x59decdb4b2ac - core[df12db4294e9bfd3]::panicking::panic_fmt
[INFO] [stdout]   11:     0x59decdaa3f15 - reactive_graph[733a84d69d160926]::owner::context::expect_context::<reactive_graph[733a84d69d160926]::wrappers::read::Signal<bool>>
[INFO] [stdout]   12:     0x59decda92e33 - leptos_shadcn_accordion[8bed6d27a459b4e2]::default::__component_accordion_item
[INFO] [stdout]   13:     0x59decdaa0560 - reactive_graph[733a84d69d160926]::graph::subscriber::untrack_with_diagnostics::<leptos[62ed9f83c1f82ae8]::into_view::View<tachys[60677b8cb7eba6f6]::html::element::HtmlElement<tachys[60677b8cb7eba6f6]::html::element::elements::Div, (tachys[60677b8cb7eba6f6]::html::class::Class<leptos_shadcn_accordion[8bed6d27a459b4e2]::default::__component_accordion_item::{closure#4}>, tachys[60677b8cb7eba6f6]::html::attribute::custom::CustomAttr<&str, leptos_shadcn_accordion[8bed6d27a459b4e2]::default::__component_accordion_item::{closure#5}>, tachys[60677b8cb7eba6f6]::html::attribute::custom::CustomAttr<&str, leptos_shadcn_accordion[8bed6d27a459b4e2]::default::__component_accordion_item::{closure#6}>), (core[df12db4294e9bfd3]::option::Option<tachys[60677b8cb7eba6f6]::view::any_view::AnyView>,)>>, leptos_shadcn_accordion[8bed6d27a459b4e2]::default::AccordionItem::{closure#0}>
[INFO] [stdout]   14:     0x59decda88438 - <<alloc[2182bb758b4b3781]::boxed::Box<dyn core[df12db4294e9bfd3]::ops::function::FnOnce<(), Output = tachys[60677b8cb7eba6f6]::view::any_view::AnyView> + core[df12db4294e9bfd3]::marker::Send> as leptos[62ed9f83c1f82ae8]::children::ToChildren<leptos_shadcn_accordion[8bed6d27a459b4e2]::tdd_tests::tdd_tests::test_accordion_animation_support::{closure#0}>>::to_children::{closure#0} as core[df12db4294e9bfd3]::ops::function::FnOnce<()>>::call_once::{shim:vtable#0}
[INFO] [stdout]   15:     0x59decda92d0f - leptos_shadcn_accordion[8bed6d27a459b4e2]::default::__component_accordion
[INFO] [stdout]   16:     0x59decdaa0456 - reactive_graph[733a84d69d160926]::graph::subscriber::untrack_with_diagnostics::<leptos[62ed9f83c1f82ae8]::into_view::View<tachys[60677b8cb7eba6f6]::html::element::HtmlElement<tachys[60677b8cb7eba6f6]::html::element::elements::Div, (tachys[60677b8cb7eba6f6]::html::class::Class<leptos_shadcn_accordion[8bed6d27a459b4e2]::default::__component_accordion::{closure#3}>, tachys[60677b8cb7eba6f6]::html::attribute::custom::CustomAttr<&str, leptos_shadcn_accordion[8bed6d27a459b4e2]::default::__component_accordion::{closure#4}>), (core[df12db4294e9bfd3]::option::Option<tachys[60677b8cb7eba6f6]::view::any_view::AnyView>,)>>, leptos_shadcn_accordion[8bed6d27a459b4e2]::default::Accordion::{closure#0}>
[INFO] [stdout]   17:     0x59decda8b153 - leptos_shadcn_accordion[8bed6d27a459b4e2]::tdd_tests::tdd_tests::test_accordion_animation_support
[INFO] [stdout]   18:     0x59decdaad759 - <leptos_shadcn_accordion[8bed6d27a459b4e2]::tdd_tests::tdd_tests::test_accordion_animation_support::{closure#0} as core[df12db4294e9bfd3]::ops::function::FnOnce<()>>::call_once
[INFO] [stdout]   19:     0x59decdab099b - test[9d35eded1c95d3be]::__rust_begin_short_backtrace::<core[df12db4294e9bfd3]::result::Result<(), alloc[2182bb758b4b3781]::string::String>, fn() -> core[df12db4294e9bfd3]::result::Result<(), alloc[2182bb758b4b3781]::string::String>>
[INFO] [stdout]   20:     0x59decdabe005 - test[9d35eded1c95d3be]::run_test::{closure#0}
[INFO] [stdout]   21:     0x59decdab78c4 - std[70759c8f55707aa4]::sys::backtrace::__rust_begin_short_backtrace::<test[9d35eded1c95d3be]::run_test::{closure#1}, ()>
[INFO] [stdout]   22:     0x59decdac1162 - <std[70759c8f55707aa4]::thread::lifecycle::spawn_unchecked<test[9d35eded1c95d3be]::run_test::{closure#1}, ()>::{closure#1} as core[df12db4294e9bfd3]::ops::function::FnOnce<()>>::call_once::{shim:vtable#0}
[INFO] [stdout]   23:     0x59decdb36179 - <std[70759c8f55707aa4]::sys::thread::unix::Thread>::new::thread_start
[INFO] [stdout]   24:     0x7a163157adfa - <unknown>
[INFO] [stdout]   25:     0x7a163160e3d4 - clone
[INFO] [stdout]   26:                0x0 - <unknown>
[INFO] [stdout] 
[INFO] [stdout] ---- tdd_tests::tdd_tests::test_accordion_horizontal_orientation stdout ----
[INFO] [stdout] 
[INFO] [stdout] thread 'tdd_tests::tdd_tests::test_accordion_horizontal_orientation' (3736) panicked at /opt/rustwide/cargo-home/registry/src/index.crates.io-1949cf8c6b5b557f/reactive_graph-0.2.7/src/owner/context.rs:306:9:
[INFO] [stdout] Location { file: "src/default.rs", line: 79, column: 30 } expected context of type "reactive_graph::wrappers::read::Signal<bool>" to be present
[INFO] [stdout] stack backtrace:
[INFO] [stdout]    0:     0x59decdb368a1 - <<std[70759c8f55707aa4]::sys::backtrace::BacktraceLock>::print::DisplayBacktrace as core[df12db4294e9bfd3]::fmt::Display>::fmt
[INFO] [stdout]    1:     0x59decdb4ab4a - core[df12db4294e9bfd3]::fmt::write
[INFO] [stdout]    2:     0x59decdb3adec - <alloc[2182bb758b4b3781]::vec::Vec<u8> as core[df12db4294e9bfd3]::io::write::Write>::write_fmt
[INFO] [stdout]    3:     0x59decdb12e56 - std[70759c8f55707aa4]::panicking::default_hook::{closure#0}
[INFO] [stdout]    4:     0x59decdb2efc9 - std[70759c8f55707aa4]::panicking::default_hook
[INFO] [stdout]    5:     0x59decdabd6b0 - test[9d35eded1c95d3be]::test_main_inner::<test[9d35eded1c95d3be]::test_main_static::{closure#0}>::{closure#0}
[INFO] [stdout]    6:     0x59decdb2f182 - std[70759c8f55707aa4]::panicking::panic_with_hook
[INFO] [stdout]    7:     0x59decdb12f02 - std[70759c8f55707aa4]::panicking::panic_handler::{closure#0}
[INFO] [stdout]    8:     0x59decdb0bc59 - std[70759c8f55707aa4]::sys::backtrace::__rust_end_short_backtrace::<std[70759c8f55707aa4]::panicking::panic_handler::{closure#0}, !>
[INFO] [stdout]    9:     0x59decdb13afd - __rustc[8fa7c3cbc660c2b3]::rust_begin_unwind
[INFO] [stdout]   10:     0x59decdb4b2ac - core[df12db4294e9bfd3]::panicking::panic_fmt
[INFO] [stdout]   11:     0x59decdaa3f15 - reactive_graph[733a84d69d160926]::owner::context::expect_context::<reactive_graph[733a84d69d160926]::wrappers::read::Signal<bool>>
[INFO] [stdout]   12:     0x59decda92e33 - leptos_shadcn_accordion[8bed6d27a459b4e2]::default::__component_accordion_item
[INFO] [stdout]   13:     0x59decdaa0560 - reactive_graph[733a84d69d160926]::graph::subscriber::untrack_with_diagnostics::<leptos[62ed9f83c1f82ae8]::into_view::View<tachys[60677b8cb7eba6f6]::html::element::HtmlElement<tachys[60677b8cb7eba6f6]::html::element::elements::Div, (tachys[60677b8cb7eba6f6]::html::class::Class<leptos_shadcn_accordion[8bed6d27a459b4e2]::default::__component_accordion_item::{closure#4}>, tachys[60677b8cb7eba6f6]::html::attribute::custom::CustomAttr<&str, leptos_shadcn_accordion[8bed6d27a459b4e2]::default::__component_accordion_item::{closure#5}>, tachys[60677b8cb7eba6f6]::html::attribute::custom::CustomAttr<&str, leptos_shadcn_accordion[8bed6d27a459b4e2]::default::__component_accordion_item::{closure#6}>), (core[df12db4294e9bfd3]::option::Option<tachys[60677b8cb7eba6f6]::view::any_view::AnyView>,)>>, leptos_shadcn_accordion[8bed6d27a459b4e2]::default::AccordionItem::{closure#0}>
[INFO] [stdout]   14:     0x59decda892f8 - <<alloc[2182bb758b4b3781]::boxed::Box<dyn core[df12db4294e9bfd3]::ops::function::FnOnce<(), Output = tachys[60677b8cb7eba6f6]::view::any_view::AnyView> + core[df12db4294e9bfd3]::marker::Send> as leptos[62ed9f83c1f82ae8]::children::ToChildren<leptos_shadcn_accordion[8bed6d27a459b4e2]::tdd_tests::tdd_tests::test_accordion_horizontal_orientation::{closure#0}>>::to_children::{closure#0} as core[df12db4294e9bfd3]::ops::function::FnOnce<()>>::call_once::{shim:vtable#0}
[INFO] [stdout]   15:     0x59decda92d0f - leptos_shadcn_accordion[8bed6d27a459b4e2]::default::__component_accordion
[INFO] [stdout]   16:     0x59decdaa0456 - reactive_graph[733a84d69d160926]::graph::subscriber::untrack_with_diagnostics::<leptos[62ed9f83c1f82ae8]::into_view::View<tachys[60677b8cb7eba6f6]::html::element::HtmlElement<tachys[60677b8cb7eba6f6]::html::element::elements::Div, (tachys[60677b8cb7eba6f6]::html::class::Class<leptos_shadcn_accordion[8bed6d27a459b4e2]::default::__component_accordion::{closure#3}>, tachys[60677b8cb7eba6f6]::html::attribute::custom::CustomAttr<&str, leptos_shadcn_accordion[8bed6d27a459b4e2]::default::__component_accordion::{closure#4}>), (core[df12db4294e9bfd3]::option::Option<tachys[60677b8cb7eba6f6]::view::any_view::AnyView>,)>>, leptos_shadcn_accordion[8bed6d27a459b4e2]::default::Accordion::{closure#0}>
[INFO] [stdout]   17:     0x59decda8c4b8 - leptos_shadcn_accordion[8bed6d27a459b4e2]::tdd_tests::tdd_tests::test_accordion_horizontal_orientation
[INFO] [stdout]   18:     0x59decdaad999 - <leptos_shadcn_accordion[8bed6d27a459b4e2]::tdd_tests::tdd_tests::test_accordion_horizontal_orientation::{closure#0} as core[df12db4294e9bfd3]::ops::function::FnOnce<()>>::call_once
[INFO] [stdout]   19:     0x59decdab099b - test[9d35eded1c95d3be]::__rust_begin_short_backtrace::<core[df12db4294e9bfd3]::result::Result<(), alloc[2182bb758b4b3781]::string::String>, fn() -> core[df12db4294e9bfd3]::result::Result<(), alloc[2182bb758b4b3781]::string::String>>
[INFO] [stdout]   20:     0x59decdabe005 - test[9d35eded1c95d3be]::run_test::{closure#0}
[INFO] [stdout]   21:     0x59decdab78c4 - std[70759c8f55707aa4]::sys::backtrace::__rust_begin_short_backtrace::<test[9d35eded1c95d3be]::run_test::{closure#1}, ()>
[INFO] [stdout]   22:     0x59decdac1162 - <std[70759c8f55707aa4]::thread::lifecycle::spawn_unchecked<test[9d35eded1c95d3be]::run_test::{closure#1}, ()>::{closure#1} as core[df12db4294e9bfd3]::ops::function::FnOnce<()>>::call_once::{shim:vtable#0}
[INFO] [stdout]   23:     0x59decdb36179 - <std[70759c8f55707aa4]::sys::thread::unix::Thread>::new::thread_start
[INFO] [stdout]   24:     0x7a163157adfa - <unknown>
[INFO] [stdout]   25:     0x7a163160e3d4 - clone
[INFO] [stdout]   26:                0x0 - <unknown>
[INFO] [stdout] 
[INFO] [stdout] ---- tdd_tests::tdd_tests::test_accordion_aria_attributes stdout ----
[INFO] [stdout] 
[INFO] [stdout] thread 'tdd_tests::tdd_tests::test_accordion_aria_attributes' (3723) panicked at /opt/rustwide/cargo-home/registry/src/index.crates.io-1949cf8c6b5b557f/reactive_graph-0.2.7/src/owner/context.rs:306:9:
[INFO] [stdout] Location { file: "src/default.rs", line: 79, column: 30 } expected context of type "reactive_graph::wrappers::read::Signal<bool>" to be present
[INFO] [stdout] stack backtrace:
[INFO] [stdout]    0:     0x59decdb368a1 - <<std[70759c8f55707aa4]::sys::backtrace::BacktraceLock>::print::DisplayBacktrace as core[df12db4294e9bfd3]::fmt::Display>::fmt
[INFO] [stdout]    1:     0x59decdb4ab4a - core[df12db4294e9bfd3]::fmt::write
[INFO] [stdout]    2:     0x59decdb3adec - <alloc[2182bb758b4b3781]::vec::Vec<u8> as core[df12db4294e9bfd3]::io::write::Write>::write_fmt
[INFO] [stdout]    3:     0x59decdb12e56 - std[70759c8f55707aa4]::panicking::default_hook::{closure#0}
[INFO] [stdout]    4:     0x59decdb2efc9 - std[70759c8f55707aa4]::panicking::default_hook
[INFO] [stdout]    5:     0x59decdabd6b0 - test[9d35eded1c95d3be]::test_main_inner::<test[9d35eded1c95d3be]::test_main_static::{closure#0}>::{closure#0}
[INFO] [stdout]    6:     0x59decdb2f182 - std[70759c8f55707aa4]::panicking::panic_with_hook
[INFO] [stdout]    7:     0x59decdb12f02 - std[70759c8f55707aa4]::panicking::panic_handler::{closure#0}
[INFO] [stdout]    8:     0x59decdb0bc59 - std[70759c8f55707aa4]::sys::backtrace::__rust_end_short_backtrace::<std[70759c8f55707aa4]::panicking::panic_handler::{closure#0}, !>
[INFO] [stdout]    9:     0x59decdb13afd - __rustc[8fa7c3cbc660c2b3]::rust_begin_unwind
[INFO] [stdout]   10:     0x59decdb4b2ac - core[df12db4294e9bfd3]::panicking::panic_fmt
[INFO] [stdout]   11:     0x59decdaa3f15 - reactive_graph[733a84d69d160926]::owner::context::expect_context::<reactive_graph[733a84d69d160926]::wrappers::read::Signal<bool>>
[INFO] [stdout]   12:     0x59decda92e33 - leptos_shadcn_accordion[8bed6d27a459b4e2]::default::__component_accordion_item
[INFO] [stdout]   13:     0x59decdaa0560 - reactive_graph[733a84d69d160926]::graph::subscriber::untrack_with_diagnostics::<leptos[62ed9f83c1f82ae8]::into_view::View<tachys[60677b8cb7eba6f6]::html::element::HtmlElement<tachys[60677b8cb7eba6f6]::html::element::elements::Div, (tachys[60677b8cb7eba6f6]::html::class::Class<leptos_shadcn_accordion[8bed6d27a459b4e2]::default::__component_accordion_item::{closure#4}>, tachys[60677b8cb7eba6f6]::html::attribute::custom::CustomAttr<&str, leptos_shadcn_accordion[8bed6d27a459b4e2]::default::__component_accordion_item::{closure#5}>, tachys[60677b8cb7eba6f6]::html::attribute::custom::CustomAttr<&str, leptos_shadcn_accordion[8bed6d27a459b4e2]::default::__component_accordion_item::{closure#6}>), (core[df12db4294e9bfd3]::option::Option<tachys[60677b8cb7eba6f6]::view::any_view::AnyView>,)>>, leptos_shadcn_accordion[8bed6d27a459b4e2]::default::AccordionItem::{closure#0}>
[INFO] [stdout]   14:     0x59decda87f88 - <<alloc[2182bb758b4b3781]::boxed::Box<dyn core[df12db4294e9bfd3]::ops::function::FnOnce<(), Output = tachys[60677b8cb7eba6f6]::view::any_view::AnyView> + core[df12db4294e9bfd3]::marker::Send> as leptos[62ed9f83c1f82ae8]::children::ToChildren<leptos_shadcn_accordion[8bed6d27a459b4e2]::tdd_tests::tdd_tests::test_accordion_aria_attributes::{closure#0}>>::to_children::{closure#0} as core[df12db4294e9bfd3]::ops::function::FnOnce<()>>::call_once::{shim:vtable#0}
[INFO] [stdout]   15:     0x59decda92d0f - leptos_shadcn_accordion[8bed6d27a459b4e2]::default::__component_accordion
[INFO] [stdout]   16:     0x59decdaa0456 - reactive_graph[733a84d69d160926]::graph::subscriber::untrack_with_diagnostics::<leptos[62ed9f83c1f82ae8]::into_view::View<tachys[60677b8cb7eba6f6]::html::element::HtmlElement<tachys[60677b8cb7eba6f6]::html::element::elements::Div, (tachys[60677b8cb7eba6f6]::html::class::Class<leptos_shadcn_accordion[8bed6d27a459b4e2]::default::__component_accordion::{closure#3}>, tachys[60677b8cb7eba6f6]::html::attribute::custom::CustomAttr<&str, leptos_shadcn_accordion[8bed6d27a459b4e2]::default::__component_accordion::{closure#4}>), (core[df12db4294e9bfd3]::option::Option<tachys[60677b8cb7eba6f6]::view::any_view::AnyView>,)>>, leptos_shadcn_accordion[8bed6d27a459b4e2]::default::Accordion::{closure#0}>
[INFO] [stdout]   17:     0x59decda8aa03 - leptos_shadcn_accordion[8bed6d27a459b4e2]::tdd_tests::tdd_tests::test_accordion_aria_attributes
[INFO] [stdout]   18:     0x59decdaad6b9 - <leptos_shadcn_accordion[8bed6d27a459b4e2]::tdd_tests::tdd_tests::test_accordion_aria_attributes::{closure#0} as core[df12db4294e9bfd3]::ops::function::FnOnce<()>>::call_once
[INFO] [stdout]   19:     0x59decdab099b - test[9d35eded1c95d3be]::__rust_begin_short_backtrace::<core[df12db4294e9bfd3]::result::Result<(), alloc[2182bb758b4b3781]::string::String>, fn() -> core[df12db4294e9bfd3]::result::Result<(), alloc[2182bb758b4b3781]::string::String>>
[INFO] [stdout]   20:     0x59decdabe005 - test[9d35eded1c95d3be]::run_test::{closure#0}
[INFO] [stdout]   21:     0x59decdab78c4 - std[70759c8f55707aa4]::sys::backtrace::__rust_begin_short_backtrace::<test[9d35eded1c95d3be]::run_test::{closure#1}, ()>
[INFO] [stdout]   22:     0x59decdac1162 - <std[70759c8f55707aa4]::thread::lifecycle::spawn_unchecked<test[9d35eded1c95d3be]::run_test::{closure#1}, ()>::{closure#1} as core[df12db4294e9bfd3]::ops::function::FnOnce<()>>::call_once::{shim:vtable#0}
[INFO] [stdout]   23:     0x59decdb36179 - <std[70759c8f55707aa4]::sys::thread::unix::Thread>::new::thread_start
[INFO] [stdout]   24:     0x7a163157adfa - <unknown>
[INFO] [stdout]   25:     0x7a163160e3d4 - clone
[INFO] [stdout]   26:                0x0 - <unknown>
[INFO] [stdout] 
[INFO] [stdout] ---- tdd_tests::tdd_tests::test_accordion_item_component stdout ----
[INFO] [stdout] 
[INFO] [stdout] thread 'tdd_tests::tdd_tests::test_accordion_item_component' (3738) panicked at /opt/rustwide/cargo-home/registry/src/index.crates.io-1949cf8c6b5b557f/reactive_graph-0.2.7/src/owner/context.rs:306:9:
[INFO] [stdout] Location { file: "src/default.rs", line: 79, column: 30 } expected context of type "reactive_graph::wrappers::read::Signal<bool>" to be present
[INFO] [stdout] stack backtrace:
[INFO] [stdout]    0:     0x59decdb368a1 - <<std[70759c8f55707aa4]::sys::backtrace::BacktraceLock>::print::DisplayBacktrace as core[df12db4294e9bfd3]::fmt::Display>::fmt
[INFO] [stdout]    1:     0x59decdb4ab4a - core[df12db4294e9bfd3]::fmt::write
[INFO] [stdout]    2:     0x59decdb3adec - <alloc[2182bb758b4b3781]::vec::Vec<u8> as core[df12db4294e9bfd3]::io::write::Write>::write_fmt
[INFO] [stdout]    3:     0x59decdb12e56 - std[70759c8f55707aa4]::panicking::default_hook::{closure#0}
[INFO] [stdout]    4:     0x59decdb2efc9 - std[70759c8f55707aa4]::panicking::default_hook
[INFO] [stdout]    5:     0x59decdabd6b0 - test[9d35eded1c95d3be]::test_main_inner::<test[9d35eded1c95d3be]::test_main_static::{closure#0}>::{closure#0}
[INFO] [stdout]    6:     0x59decdb2f182 - std[70759c8f55707aa4]::panicking::panic_with_hook
[INFO] [stdout]    7:     0x59decdb12f02 - std[70759c8f55707aa4]::panicking::panic_handler::{closure#0}
[INFO] [stdout]    8:     0x59decdb0bc59 - std[70759c8f55707aa4]::sys::backtrace::__rust_end_short_backtrace::<std[70759c8f55707aa4]::panicking::panic_handler::{closure#0}, !>
[INFO] [stdout]    9:     0x59decdb13afd - __rustc[8fa7c3cbc660c2b3]::rust_begin_unwind
[INFO] [stdout]   10:     0x59decdb4b2ac - core[df12db4294e9bfd3]::panicking::panic_fmt
[INFO] [stdout]   11:     0x59decdaa3f15 - reactive_graph[733a84d69d160926]::owner::context::expect_context::<reactive_graph[733a84d69d160926]::wrappers::read::Signal<bool>>
[INFO] [stdout]   12:     0x59decda92e33 - leptos_shadcn_accordion[8bed6d27a459b4e2]::default::__component_accordion_item
[INFO] [stdout]   13:     0x59decdaa0560 - reactive_graph[733a84d69d160926]::graph::subscriber::untrack_with_diagnostics::<leptos[62ed9f83c1f82ae8]::into_view::View<tachys[60677b8cb7eba6f6]::html::element::HtmlElement<tachys[60677b8cb7eba6f6]::html::element::elements::Div, (tachys[60677b8cb7eba6f6]::html::class::Class<leptos_shadcn_accordion[8bed6d27a459b4e2]::default::__component_accordion_item::{closure#4}>, tachys[60677b8cb7eba6f6]::html::attribute::custom::CustomAttr<&str, leptos_shadcn_accordion[8bed6d27a459b4e2]::default::__component_accordion_item::{closure#5}>, tachys[60677b8cb7eba6f6]::html::attribute::custom::CustomAttr<&str, leptos_shadcn_accordion[8bed6d27a459b4e2]::default::__component_accordion_item::{closure#6}>), (core[df12db4294e9bfd3]::option::Option<tachys[60677b8cb7eba6f6]::view::any_view::AnyView>,)>>, leptos_shadcn_accordion[8bed6d27a459b4e2]::default::AccordionItem::{closure#0}>
[INFO] [stdout]   14:     0x59decda8a846 - leptos_shadcn_accordion[8bed6d27a459b4e2]::tdd_tests::tdd_tests::test_accordion_item_component
[INFO] [stdout]   15:     0x59decdaad679 - <leptos_shadcn_accordion[8bed6d27a459b4e2]::tdd_tests::tdd_tests::test_accordion_item_component::{closure#0} as core[df12db4294e9bfd3]::ops::function::FnOnce<()>>::call_once
[INFO] [stdout]   16:     0x59decdab099b - test[9d35eded1c95d3be]::__rust_begin_short_backtrace::<core[df12db4294e9bfd3]::result::Result<(), alloc[2182bb758b4b3781]::string::String>, fn() -> core[df12db4294e9bfd3]::result::Result<(), alloc[2182bb758b4b3781]::string::String>>
[INFO] [stdout]   17:     0x59decdabe005 - test[9d35eded1c95d3be]::run_test::{closure#0}
[INFO] [stdout]   18:     0x59decdab78c4 - std[70759c8f55707aa4]::sys::backtrace::__rust_begin_short_backtrace::<test[9d35eded1c95d3be]::run_test::{closure#1}, ()>
[INFO] [stdout]   19:     0x59decdac1162 - <std[70759c8f55707aa4]::thread::lifecycle::spawn_unchecked<test[9d35eded1c95d3be]::run_test::{closure#1}, ()>::{closure#1} as core[df12db4294e9bfd3]::ops::function::FnOnce<()>>::call_once::{shim:vtable#0}
[INFO] [stdout]   20:     0x59decdb36179 - <std[70759c8f55707aa4]::sys::thread::unix::Thread>::new::thread_start
[INFO] [stdout]   21:     0x7a163157adfa - <unknown>
[INFO] [stdout]   22:     0x7a163160e3d4 - clone
[INFO] [stdout]   23:                0x0 - <unknown>
[INFO] [stdout] 
[INFO] [stdout] ---- tdd_tests::tdd_tests::test_accordion_basic_rendering stdout ----
[INFO] [stdout] 
[INFO] [stdout] thread 'tdd_tests::tdd_tests::test_accordion_basic_rendering' (3725) panicked at /opt/rustwide/cargo-home/registry/src/index.crates.io-1949cf8c6b5b557f/reactive_graph-0.2.7/src/owner/context.rs:306:9:
[INFO] [stdout] Location { file: "src/default.rs", line: 79, column: 30 } expected context of type "reactive_graph::wrappers::read::Signal<bool>" to be present
[INFO] [stdout] stack backtrace:
[INFO] [stdout]    0:     0x59decdb368a1 - <<std[70759c8f55707aa4]::sys::backtrace::BacktraceLock>::print::DisplayBacktrace as core[df12db4294e9bfd3]::fmt::Display>::fmt
[INFO] [stdout]    1:     0x59decdb4ab4a - core[df12db4294e9bfd3]::fmt::write
[INFO] [stdout]    2:     0x59decdb3adec - <alloc[2182bb758b4b3781]::vec::Vec<u8> as core[df12db4294e9bfd3]::io::write::Write>::write_fmt
[INFO] [stdout]    3:     0x59decdb12e56 - std[70759c8f55707aa4]::panicking::default_hook::{closure#0}
[INFO] [stdout]    4:     0x59decdb2efc9 - std[70759c8f55707aa4]::panicking::default_hook
[INFO] [stdout]    5:     0x59decdabd6b0 - test[9d35eded1c95d3be]::test_main_inner::<test[9d35eded1c95d3be]::test_main_static::{closure#0}>::{closure#0}
[INFO] [stdout]    6:     0x59decdb2f182 - std[70759c8f55707aa4]::panicking::panic_with_hook
[INFO] [stdout]    7:     0x59decdb12f02 - std[70759c8f55707aa4]::panicking::panic_handler::{closure#0}
[INFO] [stdout]    8:     0x59decdb0bc59 - std[70759c8f55707aa4]::sys::backtrace::__rust_end_short_backtrace::<std[70759c8f55707aa4]::panicking::panic_handler::{closure#0}, !>
[INFO] [stdout]    9:     0x59decdb13afd - __rustc[8fa7c3cbc660c2b3]::rust_begin_unwind
[INFO] [stdout]   10:     0x59decdb4b2ac - core[df12db4294e9bfd3]::panicking::panic_fmt
[INFO] [stdout]   11:     0x59decdaa3f15 - reactive_graph[733a84d69d160926]::owner::context::expect_context::<reactive_graph[733a84d69d160926]::wrappers::read::Signal<bool>>
[INFO] [stdout]   12:     0x59decda92e33 - leptos_shadcn_accordion[8bed6d27a459b4e2]::default::__component_accordion_item
[INFO] [stdout]   13:     0x59decdaa0560 - reactive_graph[733a84d69d160926]::graph::subscriber::untrack_with_diagnostics::<leptos[62ed9f83c1f82ae8]::into_view::View<tachys[60677b8cb7eba6f6]::html::element::HtmlElement<tachys[60677b8cb7eba6f6]::html::element::elements::Div, (tachys[60677b8cb7eba6f6]::html::class::Class<leptos_shadcn_accordion[8bed6d27a459b4e2]::default::__component_accordion_item::{closure#4}>, tachys[60677b8cb7eba6f6]::html::attribute::custom::CustomAttr<&str, leptos_shadcn_accordion[8bed6d27a459b4e2]::default::__component_accordion_item::{closure#5}>, tachys[60677b8cb7eba6f6]::html::attribute::custom::CustomAttr<&str, leptos_shadcn_accordion[8bed6d27a459b4e2]::default::__component_accordion_item::{closure#6}>), (core[df12db4294e9bfd3]::option::Option<tachys[60677b8cb7eba6f6]::view::any_view::AnyView>,)>>, leptos_shadcn_accordion[8bed6d27a459b4e2]::default::AccordionItem::{closure#0}>
[INFO] [stdout]   14:     0x59decda88078 - <<alloc[2182bb758b4b3781]::boxed::Box<dyn core[df12db4294e9bfd3]::ops::function::FnOnce<(), Output = tachys[60677b8cb7eba6f6]::view::any_view::AnyView> + core[df12db4294e9bfd3]::marker::Send> as leptos[62ed9f83c1f82ae8]::children::ToChildren<leptos_shadcn_accordion[8bed6d27a459b4e2]::tdd_tests::tdd_tests::test_accordion_basic_rendering::{closure#0}>>::to_children::{closure#0} as core[df12db4294e9bfd3]::ops::function::FnOnce<()>>::call_once::{shim:vtable#0}
[INFO] [stdout]   15:     0x59decda92d0f - leptos_shadcn_accordion[8bed6d27a459b4e2]::default::__component_accordion
[INFO] [stdout]   16:     0x59decdaa0456 - reactive_graph[733a84d69d160926]::graph::subscriber::untrack_with_diagnostics::<leptos[62ed9f83c1f82ae8]::into_view::View<tachys[60677b8cb7eba6f6]::html::element::HtmlElement<tachys[60677b8cb7eba6f6]::html::element::elements::Div, (tachys[60677b8cb7eba6f6]::html::class::Class<leptos_shadcn_accordion[8bed6d27a459b4e2]::default::__component_accordion::{closure#3}>, tachys[60677b8cb7eba6f6]::html::attribute::custom::CustomAttr<&str, leptos_shadcn_accordion[8bed6d27a459b4e2]::default::__component_accordion::{closure#4}>), (core[df12db4294e9bfd3]::option::Option<tachys[60677b8cb7eba6f6]::view::any_view::AnyView>,)>>, leptos_shadcn_accordion[8bed6d27a459b4e2]::default::Accordion::{closure#0}>
[INFO] [stdout]   17:     0x59decda8aab8 - leptos_shadcn_accordion[8bed6d27a459b4e2]::tdd_tests::tdd_tests::test_accordion_basic_rendering
[INFO] [stdout]   18:     0x59decdaad6d9 - <leptos_shadcn_accordion[8bed6d27a459b4e2]::tdd_tests::tdd_tests::test_accordion_basic_rendering::{closure#0} as core[df12db4294e9bfd3]::ops::function::FnOnce<()>>::call_once
[INFO] [stdout]   19:     0x59decdab099b - test[9d35eded1c95d3be]::__rust_begin_short_backtrace::<core[df12db4294e9bfd3]::result::Result<(), alloc[2182bb758b4b3781]::string::String>, fn() -> core[df12db4294e9bfd3]::result::Result<(), alloc[2182bb758b4b3781]::string::String>>
[INFO] [stdout]   20:     0x59decdabe005 - test[9d35eded1c95d3be]::run_test::{closure#0}
[INFO] [stdout]   21:     0x59decdab78c4 - std[70759c8f55707aa4]::sys::backtrace::__rust_begin_short_backtrace::<test[9d35eded1c95d3be]::run_test::{closure#1}, ()>
[INFO] [stdout]   22:     0x59decdac1162 - <std[70759c8f55707aa4]::thread::lifecycle::spawn_unchecked<test[9d35eded1c95d3be]::run_test::{closure#1}, ()>::{closure#1} as core[df12db4294e9bfd3]::ops::function::FnOnce<()>>::call_once::{shim:vtable#0}
[INFO] [stdout]   23:     0x59decdb36179 - <std[70759c8f55707aa4]::sys::thread::unix::Thread>::new::thread_start
[INFO] [stdout]   24:     0x7a163157adfa - <unknown>
[INFO] [stdout]   25:     0x7a163160e3d4 - clone
[INFO] [stdout]   26:                0x0 - <unknown>
[INFO] [stdout] 
[INFO] [stdout] ---- tdd_tests::tdd_tests::test_accordion_click_handling stdout ----
[INFO] [stdout] 
[INFO] [stdout] thread 'tdd_tests::tdd_tests::test_accordion_click_handling' (3726) panicked at /opt/rustwide/cargo-home/registry/src/index.crates.io-1949cf8c6b5b557f/reactive_graph-0.2.7/src/owner/context.rs:306:9:
[INFO] [stdout] Location { file: "src/default.rs", line: 79, column: 30 } expected context of type "reactive_graph::wrappers::read::Signal<bool>" to be present
[INFO] [stdout] stack backtrace:
[INFO] [stdout]    0:     0x59decdb368a1 - <<std[70759c8f55707aa4]::sys::backtrace::BacktraceLock>::print::DisplayBacktrace as core[df12db4294e9bfd3]::fmt::Display>::fmt
[INFO] [stdout]    1:     0x59decdb4ab4a - core[df12db4294e9bfd3]::fmt::write
[INFO] [stdout]    2:     0x59decdb3adec - <alloc[2182bb758b4b3781]::vec::Vec<u8> as core[df12db4294e9bfd3]::io::write::Write>::write_fmt
[INFO] [stdout]    3:     0x59decdb12e56 - std[70759c8f55707aa4]::panicking::default_hook::{closure#0}
[INFO] [stdout]    4:     0x59decdb2efc9 - std[70759c8f55707aa4]::panicking::default_hook
[INFO] [stdout]    5:     0x59decdabd6b0 - test[9d35eded1c95d3be]::test_main_inner::<test[9d35eded1c95d3be]::test_main_static::{closure#0}>::{closure#0}
[INFO] [stdout]    6:     0x59decdb2f182 - std[70759c8f55707aa4]::panicking::panic_with_hook
[INFO] [stdout]    7:     0x59decdb12f02 - std[70759c8f55707aa4]::panicking::panic_handler::{closure#0}
[INFO] [stdout]    8:     0x59decdb0bc59 - std[70759c8f55707aa4]::sys::backtrace::__rust_end_short_backtrace::<std[70759c8f55707aa4]::panicking::panic_handler::{closure#0}, !>
[INFO] [stdout]    9:     0x59decdb13afd - __rustc[8fa7c3cbc660c2b3]::rust_begin_unwind
[INFO] [stdout]   10:     0x59decdb4b2ac - core[df12db4294e9bfd3]::panicking::panic_fmt
[INFO] [stdout]   11:     0x59decdaa3f15 - reactive_graph[733a84d69d160926]::owner::context::expect_context::<reactive_graph[733a84d69d160926]::wrappers::read::Signal<bool>>
[INFO] [stdout]   12:     0x59decda92e33 - leptos_shadcn_accordion[8bed6d27a459b4e2]::default::__component_accordion_item
[INFO] [stdout]   13:     0x59decdaa0560 - reactive_graph[733a84d69d160926]::graph::subscriber::untrack_with_diagnostics::<leptos[62ed9f83c1f82ae8]::into_view::View<tachys[60677b8cb7eba6f6]::html::element::HtmlElement<tachys[60677b8cb7eba6f6]::html::element::elements::Div, (tachys[60677b8cb7eba6f6]::html::class::Class<leptos_shadcn_accordion[8bed6d27a459b4e2]::default::__component_accordion_item::{closure#4}>, tachys[60677b8cb7eba6f6]::html::attribute::custom::CustomAttr<&str, leptos_shadcn_accordion[8bed6d27a459b4e2]::default::__component_accordion_item::{closure#5}>, tachys[60677b8cb7eba6f6]::html::attribute::custom::CustomAttr<&str, leptos_shadcn_accordion[8bed6d27a459b4e2]::default::__component_accordion_item::{closure#6}>), (core[df12db4294e9bfd3]::option::Option<tachys[60677b8cb7eba6f6]::view::any_view::AnyView>,)>>, leptos_shadcn_accordion[8bed6d27a459b4e2]::default::AccordionItem::{closure#0}>
[INFO] [stdout]   14:     0x59decda87538 - <<alloc[2182bb758b4b3781]::boxed::Box<dyn core[df12db4294e9bfd3]::ops::function::FnOnce<(), Output = tachys[60677b8cb7eba6f6]::view::any_view::AnyView> + core[df12db4294e9bfd3]::marker::Send> as leptos[62ed9f83c1f82ae8]::children::ToChildren<leptos_shadcn_accordion[8bed6d27a459b4e2]::tdd_tests::tdd_tests::test_accordion_click_handling::{closure#0}>>::to_children::{closure#0} as core[df12db4294e9bfd3]::ops::function::FnOnce<()>>::call_once::{shim:vtable#0}
[INFO] [stdout]   15:     0x59decda92d0f - leptos_shadcn_accordion[8bed6d27a459b4e2]::default::__component_accordion
[INFO] [stdout]   16:     0x59decdaa0456 - reactive_graph[733a84d69d160926]::graph::subscriber::untrack_with_diagnostics::<leptos[62ed9f83c1f82ae8]::into_view::View<tachys[60677b8cb7eba6f6]::html::element::HtmlElement<tachys[60677b8cb7eba6f6]::html::element::elements::Div, (tachys[60677b8cb7eba6f6]::html::class::Class<leptos_shadcn_accordion[8bed6d27a459b4e2]::default::__component_accordion::{closure#3}>, tachys[60677b8cb7eba6f6]::html::attribute::custom::CustomAttr<&str, leptos_shadcn_accordion[8bed6d27a459b4e2]::default::__component_accordion::{closure#4}>), (core[df12db4294e9bfd3]::option::Option<tachys[60677b8cb7eba6f6]::view::any_view::AnyView>,)>>, leptos_shadcn_accordion[8bed6d27a459b4e2]::default::Accordion::{closure#0}>
[INFO] [stdout]   17:     0x59decda8a3f3 - leptos_shadcn_accordion[8bed6d27a459b4e2]::tdd_tests::tdd_tests::test_accordion_click_handling
[INFO] [stdout]   18:     0x59decdaad5f9 - <leptos_shadcn_accordion[8bed6d27a459b4e2]::tdd_tests::tdd_tests::test_accordion_click_handling::{closure#0} as core[df12db4294e9bfd3]::ops::function::FnOnce<()>>::call_once
[INFO] [stdout]   19:     0x59decdab099b - test[9d35eded1c95d3be]::__rust_begin_short_backtrace::<core[df12db4294e9bfd3]::result::Result<(), alloc[2182bb758b4b3781]::string::String>, fn() -> core[df12db4294e9bfd3]::result::Result<(), alloc[2182bb758b4b3781]::string::String>>
[INFO] [stdout]   20:     0x59decdabe005 - test[9d35eded1c95d3be]::run_test::{closure#0}
[INFO] [stdout]   21:     0x59decdab78c4 - std[70759c8f55707aa4]::sys::backtrace::__rust_begin_short_backtrace::<test[9d35eded1c95d3be]::run_test::{closure#1}, ()>
[INFO] [stdout]   22:     0x59decdac1162 - <std[70759c8f55707aa4]::thread::lifecycle::spawn_unchecked<test[9d35eded1c95d3be]::run_test::{closure#1}, ()>::{closure#1} as core[df12db4294e9bfd3]::ops::function::FnOnce<()>>::call_once::{shim:vtable#0}
[INFO] [stdout]   23:     0x59decdb36179 - <std[70759c8f55707aa4]::sys::thread::unix::Thread>::new::thread_start
[INFO] [stdout]   24:     0x7a163157adfa - <unknown>
[INFO] [stdout]   25:     0x7a163160e3d4 - clone
[INFO] [stdout]   26:                0x0 - <unknown>
[INFO] [stdout] 
[INFO] [stdout] ---- tdd_tests::tdd_tests::test_accordion_collapsible_property stdout ----
[INFO] [stdout] 
[INFO] [stdout] thread 'tdd_tests::tdd_tests::test_accordion_collapsible_property' (3727) panicked at /opt/rustwide/cargo-home/registry/src/index.crates.io-1949cf8c6b5b557f/reactive_graph-0.2.7/src/owner/context.rs:306:9:
[INFO] [stdout] Location { file: "src/default.rs", line: 79, column: 30 } expected context of type "reactive_graph::wrappers::read::Signal<bool>" to be present
[INFO] [stdout] stack backtrace:
[INFO] [stdout]    0:     0x59decdb368a1 - <<std[70759c8f55707aa4]::sys::backtrace::BacktraceLock>::print::DisplayBacktrace as core[df12db4294e9bfd3]::fmt::Display>::fmt
[INFO] [stdout]    1:     0x59decdb4ab4a - core[df12db4294e9bfd3]::fmt::write
[INFO] [stdout]    2:     0x59decdb3adec - <alloc[2182bb758b4b3781]::vec::Vec<u8> as core[df12db4294e9bfd3]::io::write::Write>::write_fmt
[INFO] [stdout]    3:     0x59decdb12e56 - std[70759c8f55707aa4]::panicking::default_hook::{closure#0}
[INFO] [stdout]    4:     0x59decdb2efc9 - std[70759c8f55707aa4]::panicking::default_hook
[INFO] [stdout]    5:     0x59decdabd6b0 - test[9d35eded1c95d3be]::test_main_inner::<test[9d35eded1c95d3be]::test_main_static::{closure#0}>::{closure#0}
[INFO] [stdout]    6:     0x59decdb2f182 - std[70759c8f55707aa4]::panicking::panic_with_hook
[INFO] [stdout]    7:     0x59decdb12f02 - std[70759c8f55707aa4]::panicking::panic_handler::{closure#0}
[INFO] [stdout]    8:     0x59decdb0bc59 - std[70759c8f55707aa4]::sys::backtrace::__rust_end_short_backtrace::<std[70759c8f55707aa4]::panicking::panic_handler::{closure#0}, !>
[INFO] [stdout]    9:     0x59decdb13afd - __rustc[8fa7c3cbc660c2b3]::rust_begin_unwind
[INFO] [stdout]   10:     0x59decdb4b2ac - core[df12db4294e9bfd3]::panicking::panic_fmt
[INFO] [stdout]   11:     0x59decdaa3f15 - reactive_graph[733a84d69d160926]::owner::context::expect_context::<reactive_graph[733a84d69d160926]::wrappers::read::Signal<bool>>
[INFO] [stdout]   12:     0x59decda92e33 - leptos_shadcn_accordion[8bed6d27a459b4e2]::default::__component_accordion_item
[INFO] [stdout]   13:     0x59decdaa0560 - reactive_graph[733a84d69d160926]::graph::subscriber::untrack_with_diagnostics::<leptos[62ed9f83c1f82ae8]::into_view::View<tachys[60677b8cb7eba6f6]::html::element::HtmlElement<tachys[60677b8cb7eba6f6]::html::element::elements::Div, (tachys[60677b8cb7eba6f6]::html::class::Class<leptos_shadcn_accordion[8bed6d27a459b4e2]::default::__component_accordion_item::{closure#4}>, tachys[60677b8cb7eba6f6]::html::attribute::custom::CustomAttr<&str, leptos_shadcn_accordion[8bed6d27a459b4e2]::default::__component_accordion_item::{closure#5}>, tachys[60677b8cb7eba6f6]::html::attribute::custom::CustomAttr<&str, leptos_shadcn_accordion[8bed6d27a459b4e2]::default::__component_accordion_item::{closure#6}>), (core[df12db4294e9bfd3]::option::Option<tachys[60677b8cb7eba6f6]::view::any_view::AnyView>,)>>, leptos_shadcn_accordion[8bed6d27a459b4e2]::default::AccordionItem::{closure#0}>
[INFO] [stdout]   14:     0x59decda889d8 - <<alloc[2182bb758b4b3781]::boxed::Box<dyn core[df12db4294e9bfd3]::ops::function::FnOnce<(), Output = tachys[60677b8cb7eba6f6]::view::any_view::AnyView> + core[df12db4294e9bfd3]::marker::Send> as leptos[62ed9f83c1f82ae8]::children::ToChildren<leptos_shadcn_accordion[8bed6d27a459b4e2]::tdd_tests::tdd_tests::test_accordion_collapsible_property::{closure#0}>>::to_children::{closure#0} as core[df12db4294e9bfd3]::ops::function::FnOnce<()>>::call_once::{shim:vtable#0}
[INFO] [stdout]   15:     0x59decda92d0f - leptos_shadcn_accordion[8bed6d27a459b4e2]::default::__component_accordion
[INFO] [stdout]   16:     0x59decdaa0456 - reactive_graph[733a84d69d160926]::graph::subscriber::untrack_with_diagnostics::<leptos[62ed9f83c1f82ae8]::into_view::View<tachys[60677b8cb7eba6f6]::html::element::HtmlElement<tachys[60677b8cb7eba6f6]::html::element::elements::Div, (tachys[60677b8cb7eba6f6]::html::class::Class<leptos_shadcn_accordion[8bed6d27a459b4e2]::default::__component_accordion::{closure#3}>, tachys[60677b8cb7eba6f6]::html::attribute::custom::CustomAttr<&str, leptos_shadcn_accordion[8bed6d27a459b4e2]::default::__component_accordion::{closure#4}>), (core[df12db4294e9bfd3]::option::Option<tachys[60677b8cb7eba6f6]::view::any_view::AnyView>,)>>, leptos_shadcn_accordion[8bed6d27a459b4e2]::default::Accordion::{closure#0}>
[INFO] [stdout]   17:     0x59decda8bb18 - leptos_shadcn_accordion[8bed6d27a459b4e2]::tdd_tests::tdd_tests::test_accordion_collapsible_property
[INFO] [stdout]   18:     0x59decdaad8d9 - <leptos_shadcn_accordion[8bed6d27a459b4e2]::tdd_tests::tdd_tests::test_accordion_collapsible_property::{closure#0} as core[df12db4294e9bfd3]::ops::function::FnOnce<()>>::call_once
[INFO] [stdout]   19:     0x59decdab099b - test[9d35eded1c95d3be]::__rust_begin_short_backtrace::<core[df12db4294e9bfd3]::result::Result<(), alloc[2182bb758b4b3781]::string::String>, fn() -> core[df12db4294e9bfd3]::result::Result<(), alloc[2182bb758b4b3781]::string::String>>
[INFO] [stdout]   20:     0x59decdabe005 - test[9d35eded1c95d3be]::run_test::{closure#0}
[INFO] [stdout]   21:     0x59decdab78c4 - std[70759c8f55707aa4]::sys::backtrace::__rust_begin_short_backtrace::<test[9d35eded1c95d3be]::run_test::{closure#1}, ()>
[INFO] [stdout]   22:     0x59decdac1162 - <std[70759c8f55707aa4]::thread::lifecycle::spawn_unchecked<test[9d35eded1c95d3be]::run_test::{closure#1}, ()>::{closure#1} as core[df12db4294e9bfd3]::ops::function::FnOnce<()>>::call_once::{shim:vtable#0}
[INFO] [stdout]   23:     0x59decdb36179 - <std[70759c8f55707aa4]::sys::thread::unix::Thread>::new::thread_start
[INFO] [stdout]   24:     0x7a163157adfa - <unknown>
[INFO] [stdout]   25:     0x7a163160e3d4 - clone
[INFO] [stdout]   26:                0x0 - <unknown>
[INFO] [stdout] 
[INFO] [stdout] ---- tdd_tests::tdd_tests::test_accordion_multiple_items stdout ----
[INFO] [stdout] 
[INFO] [stdout] thread 'tdd_tests::tdd_tests::test_accordion_multiple_items' (3742) panicked at /opt/rustwide/cargo-home/registry/src/index.crates.io-1949cf8c6b5b557f/reactive_graph-0.2.7/src/owner/context.rs:306:9:
[INFO] [stdout] Location { file: "src/default.rs", line: 79, column: 30 } expected context of type "reactive_graph::wrappers::read::Signal<bool>" to be present
[INFO] [stdout] stack backtrace:
[INFO] [stdout]    0:     0x59decdb368a1 - <<std[70759c8f55707aa4]::sys::backtrace::BacktraceLock>::print::DisplayBacktrace as core[df12db4294e9bfd3]::fmt::Display>::fmt
[INFO] [stdout]    1:     0x59decdb4ab4a - core[df12db4294e9bfd3]::fmt::write
[INFO] [stdout]    2:     0x59decdb3adec - <alloc[2182bb758b4b3781]::vec::Vec<u8> as core[df12db4294e9bfd3]::io::write::Write>::write_fmt
[INFO] [stdout]    3:     0x59decdb12e56 - std[70759c8f55707aa4]::panicking::default_hook::{closure#0}
[INFO] [stdout]    4:     0x59decdb2efc9 - std[70759c8f55707aa4]::panicking::default_hook
[INFO] [stdout]    5:     0x59decdabd6b0 - test[9d35eded1c95d3be]::test_main_inner::<test[9d35eded1c95d3be]::test_main_static::{closure#0}>::{closure#0}
[INFO] [stdout]    6:     0x59decdb2f182 - std[70759c8f55707aa4]::panicking::panic_with_hook
[INFO] [stdout]    7:     0x59decdb12f02 - std[70759c8f55707aa4]::panicking::panic_handler::{closure#0}
[INFO] [stdout]    8:     0x59decdb0bc59 - std[70759c8f55707aa4]::sys::backtrace::__rust_end_short_backtrace::<std[70759c8f55707aa4]::panicking::panic_handler::{closure#0}, !>
[INFO] [stdout]    9:     0x59decdb13afd - __rustc[8fa7c3cbc660c2b3]::rust_begin_unwind
[INFO] [stdout]   10:     0x59decdb4b2ac - core[df12db4294e9bfd3]::panicking::panic_fmt
[INFO] [stdout]   11:     0x59decdaa3f15 - reactive_graph[733a84d69d160926]::owner::context::expect_context::<reactive_graph[733a84d69d160926]::wrappers::read::Signal<bool>>
[INFO] [stdout]   12:     0x59decda92e33 - leptos_shadcn_accordion[8bed6d27a459b4e2]::default::__component_accordion_item
[INFO] [stdout]   13:     0x59decdaa0560 - reactive_graph[733a84d69d160926]::graph::subscriber::untrack_with_diagnostics::<leptos[62ed9f83c1f82ae8]::into_view::View<tachys[60677b8cb7eba6f6]::html::element::HtmlElement<tachys[60677b8cb7eba6f6]::html::element::elements::Div, (tachys[60677b8cb7eba6f6]::html::class::Class<leptos_shadcn_accordion[8bed6d27a459b4e2]::default::__component_accordion_item::{closure#4}>, tachys[60677b8cb7eba6f6]::html::attribute::custom::CustomAttr<&str, leptos_shadcn_accordion[8bed6d27a459b4e2]::default::__component_accordion_item::{closure#5}>, tachys[60677b8cb7eba6f6]::html::attribute::custom::CustomAttr<&str, leptos_shadcn_accordion[8bed6d27a459b4e2]::default::__component_accordion_item::{closure#6}>), (core[df12db4294e9bfd3]::option::Option<tachys[60677b8cb7eba6f6]::view::any_view::AnyView>,)>>, leptos_shadcn_accordion[8bed6d27a459b4e2]::default::AccordionItem::{closure#0}>
[INFO] [stdout]   14:     0x59decda87b79 - <<alloc[2182bb758b4b3781]::boxed::Box<dyn core[df12db4294e9bfd3]::ops::function::FnOnce<(), Output = tachys[60677b8cb7eba6f6]::view::any_view::AnyView> + core[df12db4294e9bfd3]::marker::Send> as leptos[62ed9f83c1f82ae8]::children::ToChildren<leptos_shadcn_accordion[8bed6d27a459b4e2]::tdd_tests::tdd_tests::test_accordion_multiple_items::{closure#0}>>::to_children::{closure#0} as core[df12db4294e9bfd3]::ops::function::FnOnce<()>>::call_once::{shim:vtable#0}
[INFO] [stdout]   15:     0x59decda92d0f - leptos_shadcn_accordion[8bed6d27a459b4e2]::default::__component_accordion
[INFO] [stdout]   16:     0x59decdaa0456 - reactive_graph[733a84d69d160926]::graph::subscriber::untrack_with_diagnostics::<leptos[62ed9f83c1f82ae8]::into_view::View<tachys[60677b8cb7eba6f6]::html::element::HtmlElement<tachys[60677b8cb7eba6f6]::html::element::elements::Div, (tachys[60677b8cb7eba6f6]::html::class::Class<leptos_shadcn_accordion[8bed6d27a459b4e2]::default::__component_accordion::{closure#3}>, tachys[60677b8cb7eba6f6]::html::attribute::custom::CustomAttr<&str, leptos_shadcn_accordion[8bed6d27a459b4e2]::default::__component_accordion::{closure#4}>), (core[df12db4294e9bfd3]::option::Option<tachys[60677b8cb7eba6f6]::view::any_view::AnyView>,)>>, leptos_shadcn_accordion[8bed6d27a459b4e2]::default::Accordion::{closure#0}>
[INFO] [stdout]   17:     0x59decda8a908 - leptos_shadcn_accordion[8bed6d27a459b4e2]::tdd_tests::tdd_tests::test_accordion_multiple_items
[INFO] [stdout]   18:     0x59decdaad699 - <leptos_shadcn_accordion[8bed6d27a459b4e2]::tdd_tests::tdd_tests::test_accordion_multiple_items::{closure#0} as core[df12db4294e9bfd3]::ops::function::FnOnce<()>>::call_once
[INFO] [stdout]   19:     0x59decdab099b - test[9d35eded1c95d3be]::__rust_begin_short_backtrace::<core[df12db4294e9bfd3]::result::Result<(), alloc[2182bb758b4b3781]::string::String>, fn() -> core[df12db4294e9bfd3]::result::Result<(), alloc[2182bb758b4b3781]::string::String>>
[INFO] [stdout]   20:     0x59decdabe005 - test[9d35eded1c95d3be]::run_test::{closure#0}
[INFO] [stdout]   21:     0x59decdab78c4 - std[70759c8f55707aa4]::sys::backtrace::__rust_begin_short_backtrace::<test[9d35eded1c95d3be]::run_test::{closure#1}, ()>
[INFO] [stdout]   22:     0x59decdac1162 - <std[70759c8f55707aa4]::thread::lifecycle::spawn_unchecked<test[9d35eded1c95d3be]::run_test::{closure#1}, ()>::{closure#1} as core[df12db4294e9bfd3]::ops::function::FnOnce<()>>::call_once::{shim:vtable#0}
[INFO] [stdout]   23:     0x59decdb36179 - <std[70759c8f55707aa4]::sys::thread::unix::Thread>::new::thread_start
[INFO] [stdout]   24:     0x7a163157adfa - <unknown>
[INFO] [stdout]   25:     0x7a163160e3d4 - clone
[INFO] [stdout]   26:                0x0 - <unknown>
[INFO] [stdout] 
[INFO] [stdout] ---- tdd_tests::tdd_tests::test_accordion_content_component stdout ----
[INFO] [stdout] 
[INFO] [stdout] thread 'tdd_tests::tdd_tests::test_accordion_content_component' (3729) panicked at /opt/rustwide/cargo-home/registry/src/index.crates.io-1949cf8c6b5b557f/reactive_graph-0.2.7/src/owner/context.rs:306:9:
[INFO] [stdout] Location { file: "src/default.rs", line: 267, column: 23 } expected context of type "reactive_graph::wrappers::read::Signal<bool>" to be present
[INFO] [stdout] stack backtrace:
[INFO] [stdout]    0:     0x59decdb368a1 - <<std[70759c8f55707aa4]::sys::backtrace::BacktraceLock>::print::DisplayBacktrace as core[df12db4294e9bfd3]::fmt::Display>::fmt
[INFO] [stdout]    1:     0x59decdb4ab4a - core[df12db4294e9bfd3]::fmt::write
[INFO] [stdout]    2:     0x59decdb3adec - <alloc[2182bb758b4b3781]::vec::Vec<u8> as core[df12db4294e9bfd3]::io::write::Write>::write_fmt
[INFO] [stdout]    3:     0x59decdb12e56 - std[70759c8f55707aa4]::panicking::default_hook::{closure#0}
[INFO] [stdout]    4:     0x59decdb2efc9 - std[70759c8f55707aa4]::panicking::default_hook
[INFO] [stdout]    5:     0x59decdabd6b0 - test[9d35eded1c95d3be]::test_main_inner::<test[9d35eded1c95d3be]::test_main_static::{closure#0}>::{closure#0}
[INFO] [stdout]    6:     0x59decdb2f182 - std[70759c8f55707aa4]::panicking::panic_with_hook
[INFO] [stdout]    7:     0x59decdb12f02 - std[70759c8f55707aa4]::panicking::panic_handler::{closure#0}
[INFO] [stdout]    8:     0x59decdb0bc59 - std[70759c8f55707aa4]::sys::backtrace::__rust_end_short_backtrace::<std[70759c8f55707aa4]::panicking::panic_handler::{closure#0}, !>
[INFO] [stdout]    9:     0x59decdb13afd - __rustc[8fa7c3cbc660c2b3]::rust_begin_unwind
[INFO] [stdout]   10:     0x59decdb4b2ac - core[df12db4294e9bfd3]::panicking::panic_fmt
[INFO] [stdout]   11:     0x59decdaa3f15 - reactive_graph[733a84d69d160926]::owner::context::expect_context::<reactive_graph[733a84d69d160926]::wrappers::read::Signal<bool>>
[INFO] [stdout]   12:     0x59decda931fd - leptos_shadcn_accordion[8bed6d27a459b4e2]::default::__component_accordion_content
[INFO] [stdout]   13:     0x59decdaa064b - reactive_graph[733a84d69d160926]::graph::subscriber::untrack_with_diagnostics::<leptos[62ed9f83c1f82ae8]::into_view::View<tachys[60677b8cb7eba6f6]::html::element::HtmlElement<tachys[60677b8cb7eba6f6]::html::element::elements::Div, (tachys[60677b8cb7eba6f6]::html::class::Class<leptos_shadcn_accordion[8bed6d27a459b4e2]::default::__component_accordion_content::{closure#3}>, tachys[60677b8cb7eba6f6]::html::attribute::custom::CustomAttr<&str, leptos_shadcn_accordion[8bed6d27a459b4e2]::default::__component_accordion_content::{closure#4}>), (tachys[60677b8cb7eba6f6]::html::element::HtmlElement<tachys[60677b8cb7eba6f6]::html::element::elements::Div, (tachys[60677b8cb7eba6f6]::html::class::Class<&str>,), (core[df12db4294e9bfd3]::option::Option<tachys[60677b8cb7eba6f6]::view::any_view::AnyView>,)>,)>>, leptos_shadcn_accordion[8bed6d27a459b4e2]::default::AccordionContent::{closure#0}>
[INFO] [stdout]   14:     0x59decda8b540 - leptos_shadcn_accordion[8bed6d27a459b4e2]::tdd_tests::tdd_tests::test_accordion_content_component
[INFO] [stdout]   15:     0x59decdaad799 - <leptos_shadcn_accordion[8bed6d27a459b4e2]::tdd_tests::tdd_tests::test_accordion_content_component::{closure#0} as core[df12db4294e9bfd3]::ops::function::FnOnce<()>>::call_once
[INFO] [stdout]   16:     0x59decdab099b - test[9d35eded1c95d3be]::__rust_begin_short_backtrace::<core[df12db4294e9bfd3]::result::Result<(), alloc[2182bb758b4b3781]::string::String>, fn() -> core[df12db4294e9bfd3]::result::Result<(), alloc[2182bb758b4b3781]::string::String>>
[INFO] [stdout]   17:     0x59decdabe005 - test[9d35eded1c95d3be]::run_test::{closure#0}
[INFO] [stdout]   18:     0x59decdab78c4 - std[70759c8f55707aa4]::sys::backtrace::__rust_begin_short_backtrace::<test[9d35eded1c95d3be]::run_test::{closure#1}, ()>
[INFO] [stdout]   19:     0x59decdac1162 - <std[70759c8f55707aa4]::thread::lifecycle::spawn_unchecked<test[9d35eded1c95d3be]::run_test::{closure#1}, ()>::{closure#1} as core[df12db4294e9bfd3]::ops::function::FnOnce<()>>::call_once::{shim:vtable#0}
[INFO] [stdout]   20:     0x59decdb36179 - <std[70759c8f55707aa4]::sys::thread::unix::Thread>::new::thread_start
[INFO] [stdout]   21:     0x7a163157adfa - <unknown>
[INFO] [stdout]   22:     0x7a163160e3d4 - clone
[INFO] [stdout]   23:                0x0 - <unknown>
[INFO] [stdout] 
[INFO] [stdout] ---- tdd_tests::tdd_tests::test_accordion_custom_styling stdout ----
[INFO] [stdout] 
[INFO] [stdout] thread 'tdd_tests::tdd_tests::test_accordion_custom_styling' (3731) panicked at /opt/rustwide/cargo-home/registry/src/index.crates.io-1949cf8c6b5b557f/reactive_graph-0.2.7/src/owner/context.rs:306:9:
[INFO] [stdout] Location { file: "src/default.rs", line: 79, column: 30 } expected context of type "reactive_graph::wrappers::read::Signal<bool>" to be present
[INFO] [stdout] stack backtrace:
[INFO] [stdout]    0:     0x59decdb368a1 - <<std[70759c8f55707aa4]::sys::backtrace::BacktraceLock>::print::DisplayBacktrace as core[df12db4294e9bfd3]::fmt::Display>::fmt
[INFO] [stdout]    1:     0x59decdb4ab4a - core[df12db4294e9bfd3]::fmt::write
[INFO] [stdout]    2:     0x59decdb3adec - <alloc[2182bb758b4b3781]::vec::Vec<u8> as core[df12db4294e9bfd3]::io::write::Write>::write_fmt
[INFO] [stdout]    3:     0x59decdb12e56 - std[70759c8f55707aa4]::panicking::default_hook::{closure#0}
[INFO] [stdout]    4:     0x59decdb2efc9 - std[70759c8f55707aa4]::panicking::default_hook
[INFO] [stdout]    5:     0x59decdabd6b0 - test[9d35eded1c95d3be]::test_main_inner::<test[9d35eded1c95d3be]::test_main_static::{closure#0}>::{closure#0}
[INFO] [stdout]    6:     0x59decdb2f182 - std[70759c8f55707aa4]::panicking::panic_with_hook
[INFO] [stdout]    7:     0x59decdb12f02 - std[70759c8f55707aa4]::panicking::panic_handler::{closure#0}
[INFO] [stdout]    8:     0x59decdb0bc59 - std[70759c8f55707aa4]::sys::backtrace::__rust_end_short_backtrace::<std[70759c8f55707aa4]::panicking::panic_handler::{closure#0}, !>
[INFO] [stdout]    9:     0x59decdb13afd - __rustc[8fa7c3cbc660c2b3]::rust_begin_unwind
[INFO] [stdout]   10:     0x59decdb4b2ac - core[df12db4294e9bfd3]::panicking::panic_fmt
[INFO] [stdout]   11:     0x59decdaa3f15 - reactive_graph[733a84d69d160926]::owner::context::expect_context::<reactive_graph[733a84d69d160926]::wrappers::read::Signal<bool>>
[INFO] [stdout]   12:     0x59decda92e33 - leptos_shadcn_accordion[8bed6d27a459b4e2]::default::__component_accordion_item
[INFO] [stdout]   13:     0x59decdaa0560 - reactive_graph[733a84d69d160926]::graph::subscriber::untrack_with_diagnostics::<leptos[62ed9f83c1f82ae8]::into_view::View<tachys[60677b8cb7eba6f6]::html::element::HtmlElement<tachys[60677b8cb7eba6f6]::html::element::elements::Div, (tachys[60677b8cb7eba6f6]::html::class::Class<leptos_shadcn_accordion[8bed6d27a459b4e2]::default::__component_accordion_item::{closure#4}>, tachys[60677b8cb7eba6f6]::html::attribute::custom::CustomAttr<&str, leptos_shadcn_accordion[8bed6d27a459b4e2]::default::__component_accordion_item::{closure#5}>, tachys[60677b8cb7eba6f6]::html::attribute::custom::CustomAttr<&str, leptos_shadcn_accordion[8bed6d27a459b4e2]::default::__component_accordion_item::{closure#6}>), (core[df12db4294e9bfd3]::option::Option<tachys[60677b8cb7eba6f6]::view::any_view::AnyView>,)>>, leptos_shadcn_accordion[8bed6d27a459b4e2]::default::AccordionItem::{closure#0}>
[INFO] [stdout]   14:     0x59decda87652 - <<alloc[2182bb758b4b3781]::boxed::Box<dyn core[df12db4294e9bfd3]::ops::function::FnOnce<(), Output = tachys[60677b8cb7eba6f6]::view::any_view::AnyView> + core[df12db4294e9bfd3]::marker::Send> as leptos[62ed9f83c1f82ae8]::children::ToChildren<leptos_shadcn_accordion[8bed6d27a459b4e2]::tdd_tests::tdd_tests::test_accordion_custom_styling::{closure#0}>>::to_children::{closure#0} as core[df12db4294e9bfd3]::ops::function::FnOnce<()>>::call_once::{shim:vtable#0}
[INFO] [stdout]   15:     0x59decda92d0f - leptos_shadcn_accordion[8bed6d27a459b4e2]::default::__component_accordion
[INFO] [stdout]   16:     0x59decdaa0456 - reactive_graph[733a84d69d160926]::graph::subscriber::untrack_with_diagnostics::<leptos[62ed9f83c1f82ae8]::into_view::View<tachys[60677b8cb7eba6f6]::html::element::HtmlElement<tachys[60677b8cb7eba6f6]::html::element::elements::Div, (tachys[60677b8cb7eba6f6]::html::class::Class<leptos_shadcn_accordion[8bed6d27a459b4e2]::default::__component_accordion::{closure#3}>, tachys[60677b8cb7eba6f6]::html::attribute::custom::CustomAttr<&str, leptos_shadcn_accordion[8bed6d27a459b4e2]::default::__component_accordion::{closure#4}>), (core[df12db4294e9bfd3]::option::Option<tachys[60677b8cb7eba6f6]::view::any_view::AnyView>,)>>, leptos_shadcn_accordion[8bed6d27a459b4e2]::default::Accordion::{closure#0}>
[INFO] [stdout]   17:     0x59decda8a4cd - leptos_shadcn_accordion[8bed6d27a459b4e2]::tdd_tests::tdd_tests::test_accordion_custom_styling
[INFO] [stdout]   18:     0x59decdaad619 - <leptos_shadcn_accordion[8bed6d27a459b4e2]::tdd_tests::tdd_tests::test_accordion_custom_styling::{closure#0} as core[df12db4294e9bfd3]::ops::function::FnOnce<()>>::call_once
[INFO] [stdout]   19:     0x59decdab099b - test[9d35eded1c95d3be]::__rust_begin_short_backtrace::<core[df12db4294e9bfd3]::result::Result<(), alloc[2182bb758b4b3781]::string::String>, fn() -> core[df12db4294e9bfd3]::result::Result<(), alloc[2182bb758b4b3781]::string::String>>
[INFO] [stdout]   20:     0x59decdabe005 - test[9d35eded1c95d3be]::run_test::{closure#0}
[INFO] [stdout]   21:     0x59decdab78c4 - std[70759c8f55707aa4]::sys::backtrace::__rust_begin_short_backtrace::<test[9d35eded1c95d3be]::run_test::{closure#1}, ()>
[INFO] [stdout]   22:     0x59decdac1162 - <std[70759c8f55707aa4]::thread::lifecycle::spawn_unchecked<test[9d35eded1c95d3be]::run_test::{closure#1}, ()>::{closure#1} as core[df12db4294e9bfd3]::ops::function::FnOnce<()>>::call_once::{shim:vtable#0}
[INFO] [stdout]   23:     0x59decdb36179 - <std[70759c8f55707aa4]::sys::thread::unix::Thread>::new::thread_start
[INFO] [stdout]   24:     0x7a163157adfa - <unknown>
[INFO] [stdout]   25:     0x7a163160e3d4 - clone
[INFO] [stdout]   26:                0x0 - <unknown>
[INFO] [stdout] 
[INFO] [stdout] ---- tdd_tests::tdd_tests::test_accordion_context_management stdout ----
[INFO] [stdout] 
[INFO] [stdout] thread 'tdd_tests::tdd_tests::test_accordion_context_management' (3730) panicked at /opt/rustwide/cargo-home/registry/src/index.crates.io-1949cf8c6b5b557f/reactive_graph-0.2.7/src/owner/context.rs:306:9:
[INFO] [stdout] Location { file: "src/default.rs", line: 79, column: 30 } expected context of type "reactive_graph::wrappers::read::Signal<bool>" to be present
[INFO] [stdout] stack backtrace:
[INFO] [stdout]    0:     0x59decdb368a1 - <<std[70759c8f55707aa4]::sys::backtrace::BacktraceLock>::print::DisplayBacktrace as core[df12db4294e9bfd3]::fmt::Display>::fmt
[INFO] [stdout]    1:     0x59decdb4ab4a - core[df12db4294e9bfd3]::fmt::write
[INFO] [stdout]    2:     0x59decdb3adec - <alloc[2182bb758b4b3781]::vec::Vec<u8> as core[df12db4294e9bfd3]::io::write::Write>::write_fmt
[INFO] [stdout]    3:     0x59decdb12e56 - std[70759c8f55707aa4]::panicking::default_hook::{closure#0}
[INFO] [stdout]    4:     0x59decdb2efc9 - std[70759c8f55707aa4]::panicking::default_hook
[INFO] [stdout]    5:     0x59decdabd6b0 - test[9d35eded1c95d3be]::test_main_inner::<test[9d35eded1c95d3be]::test_main_static::{closure#0}>::{closure#0}
[INFO] [stdout]    6:     0x59decdb2f182 - std[70759c8f55707aa4]::panicking::panic_with_hook
[INFO] [stdout]    7:     0x59decdb12f02 - std[70759c8f55707aa4]::panicking::panic_handler::{closure#0}
[INFO] [stdout]    8:     0x59decdb0bc59 - std[70759c8f55707aa4]::sys::backtrace::__rust_end_short_backtrace::<std[70759c8f55707aa4]::panicking::panic_handler::{closure#0}, !>
[INFO] [stdout]    9:     0x59decdb13afd - __rustc[8fa7c3cbc660c2b3]::rust_begin_unwind
[INFO] [stdout]   10:     0x59decdb4b2ac - core[df12db4294e9bfd3]::panicking::panic_fmt
[INFO] [stdout]   11:     0x59decdaa3f15 - reactive_graph[733a84d69d160926]::owner::context::expect_context::<reactive_graph[733a84d69d160926]::wrappers::read::Signal<bool>>
[INFO] [stdout]   12:     0x59decda92e33 - leptos_shadcn_accordion[8bed6d27a459b4e2]::default::__component_accordion_item
[INFO] [stdout]   13:     0x59decdaa0560 - reactive_graph[733a84d69d160926]::graph::subscriber::untrack_with_diagnostics::<leptos[62ed9f83c1f82ae8]::into_view::View<tachys[60677b8cb7eba6f6]::html::element::HtmlElement<tachys[60677b8cb7eba6f6]::html::element::elements::Div, (tachys[60677b8cb7eba6f6]::html::class::Class<leptos_shadcn_accordion[8bed6d27a459b4e2]::default::__component_accordion_item::{closure#4}>, tachys[60677b8cb7eba6f6]::html::attribute::custom::CustomAttr<&str, leptos_shadcn_accordion[8bed6d27a459b4e2]::default::__component_accordion_item::{closure#5}>, tachys[60677b8cb7eba6f6]::html::attribute::custom::CustomAttr<&str, leptos_shadcn_accordion[8bed6d27a459b4e2]::default::__component_accordion_item::{closure#6}>), (core[df12db4294e9bfd3]::option::Option<tachys[60677b8cb7eba6f6]::view::any_view::AnyView>,)>>, leptos_shadcn_accordion[8bed6d27a459b4e2]::default::AccordionItem::{closure#0}>
[INFO] [stdout]   14:     0x59decda887f8 - <<alloc[2182bb758b4b3781]::boxed::Box<dyn core[df12db4294e9bfd3]::ops::function::FnOnce<(), Output = tachys[60677b8cb7eba6f6]::view::any_view::AnyView> + core[df12db4294e9bfd3]::marker::Send> as leptos[62ed9f83c1f82ae8]::children::ToChildren<leptos_shadcn_accordion[8bed6d27a459b4e2]::tdd_tests::tdd_tests::test_accordion_context_management::{closure#0}>>::to_children::{closure#0} as core[df12db4294e9bfd3]::ops::function::FnOnce<()>>::call_once::{shim:vtable#0}
[INFO] [stdout]   15:     0x59decda92d0f - leptos_shadcn_accordion[8bed6d27a459b4e2]::default::__component_accordion
[INFO] [stdout]   16:     0x59decdaa0456 - reactive_graph[733a84d69d160926]::graph::subscriber::untrack_with_diagnostics::<leptos[62ed9f83c1f82ae8]::into_view::View<tachys[60677b8cb7eba6f6]::html::element::HtmlElement<tachys[60677b8cb7eba6f6]::html::element::elements::Div, (tachys[60677b8cb7eba6f6]::html::class::Class<leptos_shadcn_accordion[8bed6d27a459b4e2]::default::__component_accordion::{closure#3}>, tachys[60677b8cb7eba6f6]::html::attribute::custom::CustomAttr<&str, leptos_shadcn_accordion[8bed6d27a459b4e2]::default::__component_accordion::{closure#4}>), (core[df12db4294e9bfd3]::option::Option<tachys[60677b8cb7eba6f6]::view::any_view::AnyView>,)>>, leptos_shadcn_accordion[8bed6d27a459b4e2]::default::Accordion::{closure#0}>
[INFO] [stdout]   17:     0x59decda8b8e3 - leptos_shadcn_accordion[8bed6d27a459b4e2]::tdd_tests::tdd_tests::test_accordion_context_management
[INFO] [stdout]   18:     0x59decdaad899 - <leptos_shadcn_accordion[8bed6d27a459b4e2]::tdd_tests::tdd_tests::test_accordion_context_management::{closure#0} as core[df12db4294e9bfd3]::ops::function::FnOnce<()>>::call_once
[INFO] [stdout]   19:     0x59decdab099b - test[9d35eded1c95d3be]::__rust_begin_short_backtrace::<core[df12db4294e9bfd3]::result::Result<(), alloc[2182bb758b4b3781]::string::String>, fn() -> core[df12db4294e9bfd3]::result::Result<(), alloc[2182bb758b4b3781]::string::String>>
[INFO] [stdout]   20:     0x59decdabe005 - test[9d35eded1c95d3be]::run_test::{closure#0}
[INFO] [stdout]   21:     0x59decdab78c4 - std[70759c8f55707aa4]::sys::backtrace::__rust_begin_short_backtrace::<test[9d35eded1c95d3be]::run_test::{closure#1}, ()>
[INFO] [stdout]   22:     0x59decdac1162 - <std[70759c8f55707aa4]::thread::lifecycle::spawn_unchecked<test[9d35eded1c95d3be]::run_test::{closure#1}, ()>::{closure#1} as core[df12db4294e9bfd3]::ops::function::FnOnce<()>>::call_once::{shim:vtable#0}
[INFO] [stdout]   23:     0x59decdb36179 - <std[70759c8f55707aa4]::sys::thread::unix::Thread>::new::thread_start
[INFO] [stdout]   24:     0x7a163157adfa - <unknown>
[INFO] [stdout]   25:     0x7a163160e3d4 - clone
[INFO] [stdout]   26:                0x0 - <unknown>
[INFO] [stdout] 
[INFO] [stdout] ---- tdd_tests::tdd_tests::test_accordion_default_value stdout ----
[INFO] [stdout] 
[INFO] [stdout] thread 'tdd_tests::tdd_tests::test_accordion_default_value' (3732) panicked at /opt/rustwide/cargo-home/registry/src/index.crates.io-1949cf8c6b5b557f/reactive_graph-0.2.7/src/owner/context.rs:306:9:
[INFO] [stdout] Location { file: "src/default.rs", line: 79, column: 30 } expected context of type "reactive_graph::wrappers::read::Signal<bool>" to be present
[INFO] [stdout] stack backtrace:
[INFO] [stdout]    0:     0x59decdb368a1 - <<std[70759c8f55707aa4]::sys::backtrace::BacktraceLock>::print::DisplayBacktrace as core[df12db4294e9bfd3]::fmt::Display>::fmt
[INFO] [stdout]    1:     0x59decdb4ab4a - core[df12db4294e9bfd3]::fmt::write
[INFO] [stdout]    2:     0x59decdb3adec - <alloc[2182bb758b4b3781]::vec::Vec<u8> as core[df12db4294e9bfd3]::io::write::Write>::write_fmt
[INFO] [stdout]    3:     0x59decdb12e56 - std[70759c8f55707aa4]::panicking::default_hook::{closure#0}
[INFO] [stdout]    4:     0x59decdb2efc9 - std[70759c8f55707aa4]::panicking::default_hook
[INFO] [stdout]    5:     0x59decdabd6b0 - test[9d35eded1c95d3be]::test_main_inner::<test[9d35eded1c95d3be]::test_main_static::{closure#0}>::{closure#0}
[INFO] [stdout]    6:     0x59decdb2f182 - std[70759c8f55707aa4]::panicking::panic_with_hook
[INFO] [stdout]    7:     0x59decdb12f02 - std[70759c8f55707aa4]::panicking::panic_handler::{closure#0}
[INFO] [stdout]    8:     0x59decdb0bc59 - std[70759c8f55707aa4]::sys::backtrace::__rust_end_short_backtrace::<std[70759c8f55707aa4]::panicking::panic_handler::{closure#0}, !>
[INFO] [stdout]    9:     0x59decdb13afd - __rustc[8fa7c3cbc660c2b3]::rust_begin_unwind
[INFO] [stdout]   10:     0x59decdb4b2ac - core[df12db4294e9bfd3]::panicking::panic_fmt
[INFO] [stdout]   11:     0x59decdaa3f15 - reactive_graph[733a84d69d160926]::owner::context::expect_context::<reactive_graph[733a84d69d160926]::wrappers::read::Signal<bool>>
[INFO] [stdout]   12:     0x59decda92e33 - leptos_shadcn_accordion[8bed6d27a459b4e2]::default::__component_accordion_item
[INFO] [stdout]   13:     0x59decdaa0560 - reactive_graph[733a84d69d160926]::graph::subscriber::untrack_with_diagnostics::<leptos[62ed9f83c1f82ae8]::into_view::View<tachys[60677b8cb7eba6f6]::html::element::HtmlElement<tachys[60677b8cb7eba6f6]::html::element::elements::Div, (tachys[60677b8cb7eba6f6]::html::class::Class<leptos_shadcn_accordion[8bed6d27a459b4e2]::default::__component_accordion_item::{closure#4}>, tachys[60677b8cb7eba6f6]::html::attribute::custom::CustomAttr<&str, leptos_shadcn_accordion[8bed6d27a459b4e2]::default::__component_accordion_item::{closure#5}>, tachys[60677b8cb7eba6f6]::html::attribute::custom::CustomAttr<&str, leptos_shadcn_accordion[8bed6d27a459b4e2]::default::__component_accordion_item::{closure#6}>), (core[df12db4294e9bfd3]::option::Option<tachys[60677b8cb7eba6f6]::view::any_view::AnyView>,)>>, leptos_shadcn_accordion[8bed6d27a459b4e2]::default::AccordionItem::{closure#0}>
[INFO] [stdout]   14:     0x59decda86f39 - <<alloc[2182bb758b4b3781]::boxed::Box<dyn core[df12db4294e9bfd3]::ops::function::FnOnce<(), Output = tachys[60677b8cb7eba6f6]::view::any_view::AnyView> + core[df12db4294e9bfd3]::marker::Send> as leptos[62ed9f83c1f82ae8]::children::ToChildren<leptos_shadcn_accordion[8bed6d27a459b4e2]::tdd_tests::tdd_tests::test_accordion_default_value::{closure#0}>>::to_children::{closure#0} as core[df12db4294e9bfd3]::ops::function::FnOnce<()>>::call_once::{shim:vtable#0}
[INFO] [stdout]   15:     0x59decda92d0f - leptos_shadcn_accordion[8bed6d27a459b4e2]::default::__component_accordion
[INFO] [stdout]   16:     0x59decdaa0456 - reactive_graph[733a84d69d160926]::graph::subscriber::untrack_with_diagnostics::<leptos[62ed9f83c1f82ae8]::into_view::View<tachys[60677b8cb7eba6f6]::html::element::HtmlElement<tachys[60677b8cb7eba6f6]::html::element::elements::Div, (tachys[60677b8cb7eba6f6]::html::class::Class<leptos_shadcn_accordion[8bed6d27a459b4e2]::default::__component_accordion::{closure#3}>, tachys[60677b8cb7eba6f6]::html::attribute::custom::CustomAttr<&str, leptos_shadcn_accordion[8bed6d27a459b4e2]::default::__component_accordion::{closure#4}>), (core[df12db4294e9bfd3]::option::Option<tachys[60677b8cb7eba6f6]::view::any_view::AnyView>,)>>, leptos_shadcn_accordion[8bed6d27a459b4e2]::default::Accordion::{closure#0}>
[INFO] [stdout]   17:     0x59decda89caa - leptos_shadcn_accordion[8bed6d27a459b4e2]::tdd_tests::tdd_tests::test_accordion_default_value
[INFO] [stdout]   18:     0x59decdaad599 - <leptos_shadcn_accordion[8bed6d27a459b4e2]::tdd_tests::tdd_tests::test_accordion_default_value::{closure#0} as core[df12db4294e9bfd3]::ops::function::FnOnce<()>>::call_once
[INFO] [stdout]   19:     0x59decdab099b - test[9d35eded1c95d3be]::__rust_begin_short_backtrace::<core[df12db4294e9bfd3]::result::Result<(), alloc[2182bb758b4b3781]::string::String>, fn() -> core[df12db4294e9bfd3]::result::Result<(), alloc[2182bb758b4b3781]::string::String>>
[INFO] [stdout]   20:     0x59decdabe005 - test[9d35eded1c95d3be]::run_test::{closure#0}
[INFO] [stdout]   21:     0x59decdab78c4 - std[70759c8f55707aa4]::sys::backtrace::__rust_begin_short_backtrace::<test[9d35eded1c95d3be]::run_test::{closure#1}, ()>
[INFO] [stdout]   22:     0x59decdac1162 - <std[70759c8f55707aa4]::thread::lifecycle::spawn_unchecked<test[9d35eded1c95d3be]::run_test::{closure#1}, ()>::{closure#1} as core[df12db4294e9bfd3]::ops::function::FnOnce<()>>::call_once::{shim:vtable#0}
[INFO] [stdout]   23:     0x59decdb36179 - <std[70759c8f55707aa4]::sys::thread::unix::Thread>::new::thread_start
[INFO] [stdout]   24:     0x7a163157adfa - <unknown>
[INFO] [stdout]   25:     0x7a163160e3d4 - clone
[INFO] [stdout]   26:                0x0 - <unknown>
[INFO] [stdout] 
[INFO] [stdout] ---- tdd_tests::tdd_tests::test_accordion_state_management stdout ----
[INFO] [stdout] 
[INFO] [stdout] thread 'tdd_tests::tdd_tests::test_accordion_state_management' (3747) panicked at /opt/rustwide/cargo-home/registry/src/index.crates.io-1949cf8c6b5b557f/reactive_graph-0.2.7/src/owner/context.rs:306:9:
[INFO] [stdout] Location { file: "src/default.rs", line: 79, column: 30 } expected context of type "reactive_graph::wrappers::read::Signal<bool>" to be present
[INFO] [stdout] stack backtrace:
[INFO] [stdout]    0:     0x59decdb368a1 - <<std[70759c8f55707aa4]::sys::backtrace::BacktraceLock>::print::DisplayBacktrace as core[df12db4294e9bfd3]::fmt::Display>::fmt
[INFO] [stdout]    1:     0x59decdb4ab4a - core[df12db4294e9bfd3]::fmt::write
[INFO] [stdout]    2:     0x59decdb3adec - <alloc[2182bb758b4b3781]::vec::Vec<u8> as core[df12db4294e9bfd3]::io::write::Write>::write_fmt
[INFO] [stdout]    3:     0x59decdb12e56 - std[70759c8f55707aa4]::panicking::default_hook::{closure#0}
[INFO] [stdout]    4:     0x59decdb2efc9 - std[70759c8f55707aa4]::panicking::default_hook
[INFO] [stdout]    5:     0x59decdabd6b0 - test[9d35eded1c95d3be]::test_main_inner::<test[9d35eded1c95d3be]::test_main_static::{closure#0}>::{closure#0}
[INFO] [stdout]    6:     0x59decdb2f182 - std[70759c8f55707aa4]::panicking::panic_with_hook
[INFO] [stdout]    7:     0x59decdb12f02 - std[70759c8f55707aa4]::panicking::panic_handler::{closure#0}
[INFO] [stdout]    8:     0x59decdb0bc59 - std[70759c8f55707aa4]::sys::backtrace::__rust_end_short_backtrace::<std[70759c8f55707aa4]::panicking::panic_handler::{closure#0}, !>
[INFO] [stdout]    9:     0x59decdb13afd - __rustc[8fa7c3cbc660c2b3]::rust_begin_unwind
[INFO] [stdout]   10:     0x59decdb4b2ac - core[df12db4294e9bfd3]::panicking::panic_fmt
[INFO] [stdout]   11:     0x59decdaa3f15 - reactive_graph[733a84d69d160926]::owner::context::expect_context::<reactive_graph[733a84d69d160926]::wrappers::read::Signal<bool>>
[INFO] [stdout]   12:     0x59decda92e33 - leptos_shadcn_accordion[8bed6d27a459b4e2]::default::__component_accordion_item
[INFO] [stdout]   13:     0x59decdaa0560 - reactive_graph[733a84d69d160926]::graph::subscriber::untrack_with_diagnostics::<leptos[62ed9f83c1f82ae8]::into_view::View<tachys[60677b8cb7eba6f6]::html::element::HtmlElement<tachys[60677b8cb7eba6f6]::html::element::elements::Div, (tachys[60677b8cb7eba6f6]::html::class::Class<leptos_shadcn_accordion[8bed6d27a459b4e2]::default::__component_accordion_item::{closure#4}>, tachys[60677b8cb7eba6f6]::html::attribute::custom::CustomAttr<&str, leptos_shadcn_accordion[8bed6d27a459b4e2]::default::__component_accordion_item::{closure#5}>, tachys[60677b8cb7eba6f6]::html::attribute::custom::CustomAttr<&str, leptos_shadcn_accordion[8bed6d27a459b4e2]::default::__component_accordion_item::{closure#6}>), (core[df12db4294e9bfd3]::option::Option<tachys[60677b8cb7eba6f6]::view::any_view::AnyView>,)>>, leptos_shadcn_accordion[8bed6d27a459b4e2]::default::AccordionItem::{closure#0}>
[INFO] [stdout]   14:     0x59decda88258 - <<alloc[2182bb758b4b3781]::boxed::Box<dyn core[df12db4294e9bfd3]::ops::function::FnOnce<(), Output = tachys[60677b8cb7eba6f6]::view::any_view::AnyView> + core[df12db4294e9bfd3]::marker::Send> as leptos[62ed9f83c1f82ae8]::children::ToChildren<leptos_shadcn_accordion[8bed6d27a459b4e2]::tdd_tests::tdd_tests::test_accordion_state_management::{closure#0}>>::to_children::{closure#0} as core[df12db4294e9bfd3]::ops::function::FnOnce<()>>::call_once::{shim:vtable#0}
[INFO] [stdout]   15:     0x59decda92d0f - leptos_shadcn_accordion[8bed6d27a459b4e2]::default::__component_accordion
[INFO] [stdout]   16:     0x59decdaa0456 - reactive_graph[733a84d69d160926]::graph::subscriber::untrack_with_diagnostics::<leptos[62ed9f83c1f82ae8]::into_view::View<tachys[60677b8cb7eba6f6]::html::element::HtmlElement<tachys[60677b8cb7eba6f6]::html::element::elements::Div, (tachys[60677b8cb7eba6f6]::html::class::Class<leptos_shadcn_accordion[8bed6d27a459b4e2]::default::__component_accordion::{closure#3}>, tachys[60677b8cb7eba6f6]::html::attribute::custom::CustomAttr<&str, leptos_shadcn_accordion[8bed6d27a459b4e2]::default::__component_accordion::{closure#4}>), (core[df12db4294e9bfd3]::option::Option<tachys[60677b8cb7eba6f6]::view::any_view::AnyView>,)>>, leptos_shadcn_accordion[8bed6d27a459b4e2]::default::Accordion::{closure#0}>
[INFO] [stdout]   17:     0x59decda8acd3 - leptos_shadcn_accordion[8bed6d27a459b4e2]::tdd_tests::tdd_tests::test_accordion_state_management
[INFO] [stdout]   18:     0x59decdaad719 - <leptos_shadcn_accordion[8bed6d27a459b4e2]::tdd_tests::tdd_tests::test_accordion_state_management::{closure#0} as core[df12db4294e9bfd3]::ops::function::FnOnce<()>>::call_once
[INFO] [stdout]   19:     0x59decdab099b - test[9d35eded1c95d3be]::__rust_begin_short_backtrace::<core[df12db4294e9bfd3]::result::Result<(), alloc[2182bb758b4b3781]::string::String>, fn() -> core[df12db4294e9bfd3]::result::Result<(), alloc[2182bb758b4b3781]::string::String>>
[INFO] [stdout]   20:     0x59decdabe005 - test[9d35eded1c95d3be]::run_test::{closure#0}
[INFO] [stdout]   21:     0x59decdab78c4 - std[70759c8f55707aa4]::sys::backtrace::__rust_begin_short_backtrace::<test[9d35eded1c95d3be]::run_test::{closure#1}, ()>
[INFO] [stdout]   22:     0x59decdac1162 - <std[70759c8f55707aa4]::thread::lifecycle::spawn_unchecked<test[9d35eded1c95d3be]::run_test::{closure#1}, ()>::{closure#1} as core[df12db4294e9bfd3]::ops::function::FnOnce<()>>::call_once::{shim:vtable#0}
[INFO] [stdout]   23:     0x59decdb36179 - <std[70759c8f55707aa4]::sys::thread::unix::Thread>::new::thread_start
[INFO] [stdout]   24:     0x7a163157adfa - <unknown>
[INFO] [stdout]   25:     0x7a163160e3d4 - clone
[INFO] [stdout]   26:                0x0 - <unknown>
[INFO] [stdout] 
[INFO] [stdout] ---- tdd_tests::tdd_tests::test_accordion_error_handling stdout ----
[INFO] [stdout] 
[INFO] [stdout] thread 'tdd_tests::tdd_tests::test_accordion_error_handling' (3734) panicked at /opt/rustwide/cargo-home/registry/src/index.crates.io-1949cf8c6b5b557f/reactive_graph-0.2.7/src/owner/context.rs:306:9:
[INFO] [stdout] Location { file: "src/default.rs", line: 79, column: 30 } expected context of type "reactive_graph::wrappers::read::Signal<bool>" to be present
[INFO] [stdout] stack backtrace:
[INFO] [stdout]    0:     0x59decdb368a1 - <<std[70759c8f55707aa4]::sys::backtrace::BacktraceLock>::print::DisplayBacktrace as core[df12db4294e9bfd3]::fmt::Display>::fmt
[INFO] [stdout]    1:     0x59decdb4ab4a - core[df12db4294e9bfd3]::fmt::write
[INFO] [stdout]    2:     0x59decdb3adec - <alloc[2182bb758b4b3781]::vec::Vec<u8> as core[df12db4294e9bfd3]::io::write::Write>::write_fmt
[INFO] [stdout]    3:     0x59decdb12e56 - std[70759c8f55707aa4]::panicking::default_hook::{closure#0}
[INFO] [stdout]    4:     0x59decdb2efc9 - std[70759c8f55707aa4]::panicking::default_hook
[INFO] [stdout]    5:     0x59decdabd6b0 - test[9d35eded1c95d3be]::test_main_inner::<test[9d35eded1c95d3be]::test_main_static::{closure#0}>::{closure#0}
[INFO] [stdout]    6:     0x59decdb2f182 - std[70759c8f55707aa4]::panicking::panic_with_hook
[INFO] [stdout]    7:     0x59decdb12f02 - std[70759c8f55707aa4]::panicking::panic_handler::{closure#0}
[INFO] [stdout]    8:     0x59decdb0bc59 - std[70759c8f55707aa4]::sys::backtrace::__rust_end_short_backtrace::<std[70759c8f55707aa4]::panicking::panic_handler::{closure#0}, !>
[INFO] [stdout]    9:     0x59decdb13afd - __rustc[8fa7c3cbc660c2b3]::rust_begin_unwind
[INFO] [stdout]   10:     0x59decdb4b2ac - core[df12db4294e9bfd3]::panicking::panic_fmt
[INFO] [stdout]   11:     0x59decdaa3f15 - reactive_graph[733a84d69d160926]::owner::context::expect_context::<reactive_graph[733a84d69d160926]::wrappers::read::Signal<bool>>
[INFO] [stdout]   12:     0x59decda92e33 - leptos_shadcn_accordion[8bed6d27a459b4e2]::default::__component_accordion_item
[INFO] [stdout]   13:     0x59decdaa0560 - reactive_graph[733a84d69d160926]::graph::subscriber::untrack_with_diagnostics::<leptos[62ed9f83c1f82ae8]::into_view::View<tachys[60677b8cb7eba6f6]::html::element::HtmlElement<tachys[60677b8cb7eba6f6]::html::element::elements::Div, (tachys[60677b8cb7eba6f6]::html::class::Class<leptos_shadcn_accordion[8bed6d27a459b4e2]::default::__component_accordion_item::{closure#4}>, tachys[60677b8cb7eba6f6]::html::attribute::custom::CustomAttr<&str, leptos_shadcn_accordion[8bed6d27a459b4e2]::default::__component_accordion_item::{closure#5}>, tachys[60677b8cb7eba6f6]::html::attribute::custom::CustomAttr<&str, leptos_shadcn_accordion[8bed6d27a459b4e2]::default::__component_accordion_item::{closure#6}>), (core[df12db4294e9bfd3]::option::Option<tachys[60677b8cb7eba6f6]::view::any_view::AnyView>,)>>, leptos_shadcn_accordion[8bed6d27a459b4e2]::default::AccordionItem::{closure#0}>
[INFO] [stdout]   14:     0x59decda87828 - <<alloc[2182bb758b4b3781]::boxed::Box<dyn core[df12db4294e9bfd3]::ops::function::FnOnce<(), Output = tachys[60677b8cb7eba6f6]::view::any_view::AnyView> + core[df12db4294e9bfd3]::marker::Send> as leptos[62ed9f83c1f82ae8]::children::ToChildren<leptos_shadcn_accordion[8bed6d27a459b4e2]::tdd_tests::tdd_tests::test_accordion_error_handling::{closure#0}>>::to_children::{closure#0} as core[df12db4294e9bfd3]::ops::function::FnOnce<()>>::call_once::{shim:vtable#0}
[INFO] [stdout]   15:     0x59decda92d0f - leptos_shadcn_accordion[8bed6d27a459b4e2]::default::__component_accordion
[INFO] [stdout]   16:     0x59decdaa0456 - reactive_graph[733a84d69d160926]::graph::subscriber::untrack_with_diagnostics::<leptos[62ed9f83c1f82ae8]::into_view::View<tachys[60677b8cb7eba6f6]::html::element::HtmlElement<tachys[60677b8cb7eba6f6]::html::element::elements::Div, (tachys[60677b8cb7eba6f6]::html::class::Class<leptos_shadcn_accordion[8bed6d27a459b4e2]::default::__component_accordion::{closure#3}>, tachys[60677b8cb7eba6f6]::html::attribute::custom::CustomAttr<&str, leptos_shadcn_accordion[8bed6d27a459b4e2]::default::__component_accordion::{closure#4}>), (core[df12db4294e9bfd3]::option::Option<tachys[60677b8cb7eba6f6]::view::any_view::AnyView>,)>>, leptos_shadcn_accordion[8bed6d27a459b4e2]::default::Accordion::{closure#0}>
[INFO] [stdout]   17:     0x59decda8a763 - leptos_shadcn_accordion[8bed6d27a459b4e2]::tdd_tests::tdd_tests::test_accordion_error_handling
[INFO] [stdout]   18:     0x59decdaad659 - <leptos_shadcn_accordion[8bed6d27a459b4e2]::tdd_tests::tdd_tests::test_accordion_error_handling::{closure#0} as core[df12db4294e9bfd3]::ops::function::FnOnce<()>>::call_once
[INFO] [stdout]   19:     0x59decdab099b - test[9d35eded1c95d3be]::__rust_begin_short_backtrace::<core[df12db4294e9bfd3]::result::Result<(), alloc[2182bb758b4b3781]::string::String>, fn() -> core[df12db4294e9bfd3]::result::Result<(), alloc[2182bb758b4b3781]::string::String>>
[INFO] [stdout]   20:     0x59decdabe005 - test[9d35eded1c95d3be]::run_test::{closure#0}
[INFO] [stdout]   21:     0x59decdab78c4 - std[70759c8f55707aa4]::sys::backtrace::__rust_begin_short_backtrace::<test[9d35eded1c95d3be]::run_test::{closure#1}, ()>
[INFO] [stdout]   22:     0x59decdac1162 - <std[70759c8f55707aa4]::thread::lifecycle::spawn_unchecked<test[9d35eded1c95d3be]::run_test::{closure#1}, ()>::{closure#1} as core[df12db4294e9bfd3]::ops::function::FnOnce<()>>::call_once::{shim:vtable#0}
[INFO] [stdout]   23:     0x59decdb36179 - <std[70759c8f55707aa4]::sys::thread::unix::Thread>::new::thread_start
[INFO] [stdout]   24:     0x7a163157adfa - <unknown>
[INFO] [stdout]   25:     0x7a163160e3d4 - clone
[INFO] [stdout]   26:                0x0 - <unknown>
[INFO] [stdout] 
[INFO] [stdout] ---- tdd_tests::tdd_tests::test_accordion_force_mount stdout ----
[INFO] [stdout] 
[INFO] [stdout] thread 'tdd_tests::tdd_tests::test_accordion_force_mount' (3735) panicked at /opt/rustwide/cargo-home/registry/src/index.crates.io-1949cf8c6b5b557f/reactive_graph-0.2.7/src/owner/context.rs:306:9:
[INFO] [stdout] Location { file: "src/default.rs", line: 267, column: 23 } expected context of type "reactive_graph::wrappers::read::Signal<bool>" to be present
[INFO] [stdout] stack backtrace:
[INFO] [stdout]    0:     0x59decdb368a1 - <<std[70759c8f55707aa4]::sys::backtrace::BacktraceLock>::print::DisplayBacktrace as core[df12db4294e9bfd3]::fmt::Display>::fmt
[INFO] [stdout]    1:     0x59decdb4ab4a - core[df12db4294e9bfd3]::fmt::write
[INFO] [stdout]    2:     0x59decdb3adec - <alloc[2182bb758b4b3781]::vec::Vec<u8> as core[df12db4294e9bfd3]::io::write::Write>::write_fmt
[INFO] [stdout]    3:     0x59decdb12e56 - std[70759c8f55707aa4]::panicking::default_hook::{closure#0}
[INFO] [stdout]    4:     0x59decdb2efc9 - std[70759c8f55707aa4]::panicking::default_hook
[INFO] [stdout]    5:     0x59decdabd6b0 - test[9d35eded1c95d3be]::test_main_inner::<test[9d35eded1c95d3be]::test_main_static::{closure#0}>::{closure#0}
[INFO] [stdout]    6:     0x59decdb2f182 - std[70759c8f55707aa4]::panicking::panic_with_hook
[INFO] [stdout]    7:     0x59decdb12f02 - std[70759c8f55707aa4]::panicking::panic_handler::{closure#0}
[INFO] [stdout]    8:     0x59decdb0bc59 - std[70759c8f55707aa4]::sys::backtrace::__rust_end_short_backtrace::<std[70759c8f55707aa4]::panicking::panic_handler::{closure#0}, !>
[INFO] [stdout]    9:     0x59decdb13afd - __rustc[8fa7c3cbc660c2b3]::rust_begin_unwind
[INFO] [stdout]   10:     0x59decdb4b2ac - core[df12db4294e9bfd3]::panicking::panic_fmt
[INFO] [stdout]   11:     0x59decdaa3f15 - reactive_graph[733a84d69d160926]::owner::context::expect_context::<reactive_graph[733a84d69d160926]::wrappers::read::Signal<bool>>
[INFO] [stdout]   12:     0x59decda931fd - leptos_shadcn_accordion[8bed6d27a459b4e2]::default::__component_accordion_content
[INFO] [stdout]   13:     0x59decdaa064b - reactive_graph[733a84d69d160926]::graph::subscriber::untrack_with_diagnostics::<leptos[62ed9f83c1f82ae8]::into_view::View<tachys[60677b8cb7eba6f6]::html::element::HtmlElement<tachys[60677b8cb7eba6f6]::html::element::elements::Div, (tachys[60677b8cb7eba6f6]::html::class::Class<leptos_shadcn_accordion[8bed6d27a459b4e2]::default::__component_accordion_content::{closure#3}>, tachys[60677b8cb7eba6f6]::html::attribute::custom::CustomAttr<&str, leptos_shadcn_accordion[8bed6d27a459b4e2]::default::__component_accordion_content::{closure#4}>), (tachys[60677b8cb7eba6f6]::html::element::HtmlElement<tachys[60677b8cb7eba6f6]::html::element::elements::Div, (tachys[60677b8cb7eba6f6]::html::class::Class<&str>,), (core[df12db4294e9bfd3]::option::Option<tachys[60677b8cb7eba6f6]::view::any_view::AnyView>,)>,)>>, leptos_shadcn_accordion[8bed6d27a459b4e2]::default::AccordionContent::{closure#0}>
[INFO] [stdout]   14:     0x59decda89797 - leptos_shadcn_accordion[8bed6d27a459b4e2]::tdd_tests::tdd_tests::test_accordion_force_mount
[INFO] [stdout]   15:     0x59decdaad539 - <leptos_shadcn_accordion[8bed6d27a459b4e2]::tdd_tests::tdd_tests::test_accordion_force_mount::{closure#0} as core[df12db4294e9bfd3]::ops::function::FnOnce<()>>::call_once
[INFO] [stdout]   16:     0x59decdab099b - test[9d35eded1c95d3be]::__rust_begin_short_backtrace::<core[df12db4294e9bfd3]::result::Result<(), alloc[2182bb758b4b3781]::string::String>, fn() -> core[df12db4294e9bfd3]::result::Result<(), alloc[2182bb758b4b3781]::string::String>>
[INFO] [stdout]   17:     0x59decdabe005 - test[9d35eded1c95d3be]::run_test::{closure#0}
[INFO] [stdout]   18:     0x59decdab78c4 - std[70759c8f55707aa4]::sys::backtrace::__rust_begin_short_backtrace::<test[9d35eded1c95d3be]::run_test::{closure#1}, ()>
[INFO] [stdout]   19:     0x59decdac1162 - <std[70759c8f55707aa4]::thread::lifecycle::spawn_unchecked<test[9d35eded1c95d3be]::run_test::{closure#1}, ()>::{closure#1} as core[df12db4294e9bfd3]::ops::function::FnOnce<()>>::call_once::{shim:vtable#0}
[INFO] [stdout]   20:     0x59decdb36179 - <std[70759c8f55707aa4]::sys::thread::unix::Thread>::new::thread_start
[INFO] [stdout]   21:     0x7a163157adfa - <unknown>
[INFO] [stdout]   22:     0x7a163160e3d4 - clone
[INFO] [stdout]   23:                0x0 - <unknown>
[INFO] [stdout] 
[INFO] [stdout] ---- tdd_tests::tdd_tests::test_accordion_advanced_interactions stdout ----
[INFO] [stdout] 
[INFO] [stdout] thread 'tdd_tests::tdd_tests::test_accordion_advanced_interactions' (3721) panicked at /opt/rustwide/cargo-home/registry/src/index.crates.io-1949cf8c6b5b557f/reactive_graph-0.2.7/src/owner/context.rs:306:9:
[INFO] [stdout] Location { file: "src/default.rs", line: 79, column: 30 } expected context of type "reactive_graph::wrappers::read::Signal<bool>" to be present
[INFO] [stdout] stack backtrace:
[INFO] [stdout]    0:     0x59decdb368a1 - <<std[70759c8f55707aa4]::sys::backtrace::BacktraceLock>::print::DisplayBacktrace as core[df12db4294e9bfd3]::fmt::Display>::fmt
[INFO] [stdout]    1:     0x59decdb4ab4a - core[df12db4294e9bfd3]::fmt::write
[INFO] [stdout]    2:     0x59decdb3adec - <alloc[2182bb758b4b3781]::vec::Vec<u8> as core[df12db4294e9bfd3]::io::write::Write>::write_fmt
[INFO] [stdout]    3:     0x59decdb12e56 - std[70759c8f55707aa4]::panicking::default_hook::{closure#0}
[INFO] [stdout]    4:     0x59decdb2efc9 - std[70759c8f55707aa4]::panicking::default_hook
[INFO] [stdout]    5:     0x59decdabd6b0 - test[9d35eded1c95d3be]::test_main_inner::<test[9d35eded1c95d3be]::test_main_static::{closure#0}>::{closure#0}
[INFO] [stdout]    6:     0x59decdb2f182 - std[70759c8f55707aa4]::panicking::panic_with_hook
[INFO] [stdout]    7:     0x59decdb12f02 - std[70759c8f55707aa4]::panicking::panic_handler::{closure#0}
[INFO] [stdout]    8:     0x59decdb0bc59 - std[70759c8f55707aa4]::sys::backtrace::__rust_end_short_backtrace::<std[70759c8f55707aa4]::panicking::panic_handler::{closure#0}, !>
[INFO] [stdout]    9:     0x59decdb13afd - __rustc[8fa7c3cbc660c2b3]::rust_begin_unwind
[INFO] [stdout]   10:     0x59decdb4b2ac - core[df12db4294e9bfd3]::panicking::panic_fmt
[INFO] [stdout]   11:     0x59decdaa3f15 - reactive_graph[733a84d69d160926]::owner::context::expect_context::<reactive_graph[733a84d69d160926]::wrappers::read::Signal<bool>>
[INFO] [stdout]   12:     0x59decda92e33 - leptos_shadcn_accordion[8bed6d27a459b4e2]::default::__component_accordion_item
[INFO] [stdout]   13:     0x59decdaa0560 - reactive_graph[733a84d69d160926]::graph::subscriber::untrack_with_diagnostics::<leptos[62ed9f83c1f82ae8]::into_view::View<tachys[60677b8cb7eba6f6]::html::element::HtmlElement<tachys[60677b8cb7eba6f6]::html::element::elements::Div, (tachys[60677b8cb7eba6f6]::html::class::Class<leptos_shadcn_accordion[8bed6d27a459b4e2]::default::__component_accordion_item::{closure#4}>, tachys[60677b8cb7eba6f6]::html::attribute::custom::CustomAttr<&str, leptos_shadcn_accordion[8bed6d27a459b4e2]::default::__component_accordion_item::{closure#5}>, tachys[60677b8cb7eba6f6]::html::attribute::custom::CustomAttr<&str, leptos_shadcn_accordion[8bed6d27a459b4e2]::default::__component_accordion_item::{closure#6}>), (core[df12db4294e9bfd3]::option::Option<tachys[60677b8cb7eba6f6]::view::any_view::AnyView>,)>>, leptos_shadcn_accordion[8bed6d27a459b4e2]::default::AccordionItem::{closure#0}>
[INFO] [stdout]   14:     0x59decda88bb9 - <<alloc[2182bb758b4b3781]::boxed::Box<dyn core[df12db4294e9bfd3]::ops::function::FnOnce<(), Output = tachys[60677b8cb7eba6f6]::view::any_view::AnyView> + core[df12db4294e9bfd3]::marker::Send> as leptos[62ed9f83c1f82ae8]::children::ToChildren<leptos_shadcn_accordion[8bed6d27a459b4e2]::tdd_tests::tdd_tests::test_accordion_advanced_interactions::{closure#0}>>::to_children::{closure#0} as core[df12db4294e9bfd3]::ops::function::FnOnce<()>>::call_once::{shim:vtable#0}
[INFO] [stdout]   15:     0x59decda92d0f - leptos_shadcn_accordion[8bed6d27a459b4e2]::default::__component_accordion
[INFO] [stdout]   16:     0x59decdaa0456 - reactive_graph[733a84d69d160926]::graph::subscriber::untrack_with_diagnostics::<leptos[62ed9f83c1f82ae8]::into_view::View<tachys[60677b8cb7eba6f6]::html::element::HtmlElement<tachys[60677b8cb7eba6f6]::html::element::elements::Div, (tachys[60677b8cb7eba6f6]::html::class::Class<leptos_shadcn_accordion[8bed6d27a459b4e2]::default::__component_accordion::{closure#3}>, tachys[60677b8cb7eba6f6]::html::attribute::custom::CustomAttr<&str, leptos_shadcn_accordion[8bed6d27a459b4e2]::default::__component_accordion::{closure#4}>), (core[df12db4294e9bfd3]::option::Option<tachys[60677b8cb7eba6f6]::view::any_view::AnyView>,)>>, leptos_shadcn_accordion[8bed6d27a459b4e2]::default::Accordion::{closure#0}>
[INFO] [stdout]   17:     0x59decda8be9b - leptos_shadcn_accordion[8bed6d27a459b4e2]::tdd_tests::tdd_tests::test_accordion_advanced_interactions
[INFO] [stdout]   18:     0x59decdaad919 - <leptos_shadcn_accordion[8bed6d27a459b4e2]::tdd_tests::tdd_tests::test_accordion_advanced_interactions::{closure#0} as core[df12db4294e9bfd3]::ops::function::FnOnce<()>>::call_once
[INFO] [stdout]   19:     0x59decdab099b - test[9d35eded1c95d3be]::__rust_begin_short_backtrace::<core[df12db4294e9bfd3]::result::Result<(), alloc[2182bb758b4b3781]::string::String>, fn() -> core[df12db4294e9bfd3]::result::Result<(), alloc[2182bb758b4b3781]::string::String>>
[INFO] [stdout]   20:     0x59decdabe005 - test[9d35eded1c95d3be]::run_test::{closure#0}
[INFO] [stdout]   21:     0x59decdab78c4 - std[70759c8f55707aa4]::sys::backtrace::__rust_begin_short_backtrace::<test[9d35eded1c95d3be]::run_test::{closure#1}, ()>
[INFO] [stdout]   22:     0x59decdac1162 - <std[70759c8f55707aa4]::thread::lifecycle::spawn_unchecked<test[9d35eded1c95d3be]::run_test::{closure#1}, ()>::{closure#1} as core[df12db4294e9bfd3]::ops::function::FnOnce<()>>::call_once::{shim:vtable#0}
[INFO] [stdout]   23:     0x59decdb36179 - <std[70759c8f55707aa4]::sys::thread::unix::Thread>::new::thread_start
[INFO] [stdout]   24:     0x7a163157adfa - <unknown>
[INFO] [stdout]   25:     0x7a163160e3d4 - clone
[INFO] [stdout]   26:                0x0 - <unknown>
[INFO] [stdout] 
[INFO] [stdout] ---- tdd_tests::tdd_tests::test_accordion_value_change_callback stdout ----
[INFO] [stdout] 
[INFO] [stdout] thread 'tdd_tests::tdd_tests::test_accordion_value_change_callback' (3751) panicked at /opt/rustwide/cargo-home/registry/src/index.crates.io-1949cf8c6b5b557f/reactive_graph-0.2.7/src/owner/context.rs:306:9:
[INFO] [stdout] Location { file: "src/default.rs", line: 79, column: 30 } expected context of type "reactive_graph::wrappers::read::Signal<bool>" to be present
[INFO] [stdout] stack backtrace:
[INFO] [stdout]    0:     0x59decdb368a1 - <<std[70759c8f55707aa4]::sys::backtrace::BacktraceLock>::print::DisplayBacktrace as core[df12db4294e9bfd3]::fmt::Display>::fmt
[INFO] [stdout]    1:     0x59decdb4ab4a - core[df12db4294e9bfd3]::fmt::write
[INFO] [stdout]    2:     0x59decdb3adec - <alloc[2182bb758b4b3781]::vec::Vec<u8> as core[df12db4294e9bfd3]::io::write::Write>::write_fmt
[INFO] [stdout]    3:     0x59decdb12e56 - std[70759c8f55707aa4]::panicking::default_hook::{closure#0}
[INFO] [stdout]    4:     0x59decdb2efc9 - std[70759c8f55707aa4]::panicking::default_hook
[INFO] [stdout]    5:     0x59decdabd6b0 - test[9d35eded1c95d3be]::test_main_inner::<test[9d35eded1c95d3be]::test_main_static::{closure#0}>::{closure#0}
[INFO] [stdout]    6:     0x59decdb2f182 - std[70759c8f55707aa4]::panicking::panic_with_hook
[INFO] [stdout]    7:     0x59decdb12f02 - std[70759c8f55707aa4]::panicking::panic_handler::{closure#0}
[INFO] [stdout]    8:     0x59decdb0bc59 - std[70759c8f55707aa4]::sys::backtrace::__rust_end_short_backtrace::<std[70759c8f55707aa4]::panicking::panic_handler::{closure#0}, !>
[INFO] [stdout]    9:     0x59decdb13afd - __rustc[8fa7c3cbc660c2b3]::rust_begin_unwind
[INFO] [stdout]   10:     0x59decdb4b2ac - core[df12db4294e9bfd3]::panicking::panic_fmt
[INFO] [stdout]   11:     0x59decdaa3f15 - reactive_graph[733a84d69d160926]::owner::context::expect_context::<reactive_graph[733a84d69d160926]::wrappers::read::Signal<bool>>
[INFO] [stdout]   12:     0x59decda92e33 - leptos_shadcn_accordion[8bed6d27a459b4e2]::default::__component_accordion_item
[INFO] [stdout]   13:     0x59decdaa0560 - reactive_graph[733a84d69d160926]::graph::subscriber::untrack_with_diagnostics::<leptos[62ed9f83c1f82ae8]::into_view::View<tachys[60677b8cb7eba6f6]::html::element::HtmlElement<tachys[60677b8cb7eba6f6]::html::element::elements::Div, (tachys[60677b8cb7eba6f6]::html::class::Class<leptos_shadcn_accordion[8bed6d27a459b4e2]::default::__component_accordion_item::{closure#4}>, tachys[60677b8cb7eba6f6]::html::attribute::custom::CustomAttr<&str, leptos_shadcn_accordion[8bed6d27a459b4e2]::default::__component_accordion_item::{closure#5}>, tachys[60677b8cb7eba6f6]::html::attribute::custom::CustomAttr<&str, leptos_shadcn_accordion[8bed6d27a459b4e2]::default::__component_accordion_item::{closure#6}>), (core[df12db4294e9bfd3]::option::Option<tachys[60677b8cb7eba6f6]::view::any_view::AnyView>,)>>, leptos_shadcn_accordion[8bed6d27a459b4e2]::default::AccordionItem::{closure#0}>
[INFO] [stdout]   14:     0x59decda89118 - <<alloc[2182bb758b4b3781]::boxed::Box<dyn core[df12db4294e9bfd3]::ops::function::FnOnce<(), Output = tachys[60677b8cb7eba6f6]::view::any_view::AnyView> + core[df12db4294e9bfd3]::marker::Send> as leptos[62ed9f83c1f82ae8]::children::ToChildren<leptos_shadcn_accordion[8bed6d27a459b4e2]::tdd_tests::tdd_tests::test_accordion_value_change_callback::{closure#1}>>::to_children::{closure#0} as core[df12db4294e9bfd3]::ops::function::FnOnce<()>>::call_once::{shim:vtable#0}
[INFO] [stdout]   15:     0x59decda92d0f - leptos_shadcn_accordion[8bed6d27a459b4e2]::default::__component_accordion
[INFO] [stdout]   16:     0x59decdaa0456 - reactive_graph[733a84d69d160926]::graph::subscriber::untrack_with_diagnostics::<leptos[62ed9f83c1f82ae8]::into_view::View<tachys[60677b8cb7eba6f6]::html::element::HtmlElement<tachys[60677b8cb7eba6f6]::html::element::elements::Div, (tachys[60677b8cb7eba6f6]::html::class::Class<leptos_shadcn_accordion[8bed6d27a459b4e2]::default::__component_accordion::{closure#3}>, tachys[60677b8cb7eba6f6]::html::attribute::custom::CustomAttr<&str, leptos_shadcn_accordion[8bed6d27a459b4e2]::default::__component_accordion::{closure#4}>), (core[df12db4294e9bfd3]::option::Option<tachys[60677b8cb7eba6f6]::view::any_view::AnyView>,)>>, leptos_shadcn_accordion[8bed6d27a459b4e2]::default::Accordion::{closure#0}>
[INFO] [stdout]   17:     0x59decda8c1f1 - leptos_shadcn_accordion[8bed6d27a459b4e2]::tdd_tests::tdd_tests::test_accordion_value_change_callback
[INFO] [stdout]   18:     0x59decdaad959 - <leptos_shadcn_accordion[8bed6d27a459b4e2]::tdd_tests::tdd_tests::test_accordion_value_change_callback::{closure#0} as core[df12db4294e9bfd3]::ops::function::FnOnce<()>>::call_once
[INFO] [stdout]   19:     0x59decdab099b - test[9d35eded1c95d3be]::__rust_begin_short_backtrace::<core[df12db4294e9bfd3]::result::Result<(), alloc[2182bb758b4b3781]::string::String>, fn() -> core[df12db4294e9bfd3]::result::Result<(), alloc[2182bb758b4b3781]::string::String>>
[INFO] [stdout]   20:     0x59decdabe005 - test[9d35eded1c95d3be]::run_test::{closure#0}
[INFO] [stdout]   21:     0x59decdab78c4 - std[70759c8f55707aa4]::sys::backtrace::__rust_begin_short_backtrace::<test[9d35eded1c95d3be]::run_test::{closure#1}, ()>
[INFO] [stdout]   22:     0x59decdac1162 - <std[70759c8f55707aa4]::thread::lifecycle::spawn_unchecked<test[9d35eded1c95d3be]::run_test::{closure#1}, ()>::{closure#1} as core[df12db4294e9bfd3]::ops::function::FnOnce<()>>::call_once::{shim:vtable#0}
[INFO] [stdout]   23:     0x59decdb36179 - <std[70759c8f55707aa4]::sys::thread::unix::Thread>::new::thread_start
[INFO] [stdout]   24:     0x7a163157adfa - <unknown>
[INFO] [stdout]   25:     0x7a163160e3d4 - clone
[INFO] [stdout]   26:                0x0 - <unknown>
[INFO] [stdout] 
[INFO] [stdout] ---- tdd_tests::tdd_tests::test_accordion_as_child_prop stdout ----
[INFO] [stdout] 
[INFO] [stdout] thread 'tdd_tests::tdd_tests::test_accordion_as_child_prop' (3724) panicked at /opt/rustwide/cargo-home/registry/src/index.crates.io-1949cf8c6b5b557f/reactive_graph-0.2.7/src/owner/context.rs:306:9:
[INFO] [stdout] Location { file: "src/default.rs", line: 79, column: 30 } expected context of type "reactive_graph::wrappers::read::Signal<bool>" to be present
[INFO] [stdout] stack backtrace:
[INFO] [stdout]    0:     0x59decdb368a1 - <<std[70759c8f55707aa4]::sys::backtrace::BacktraceLock>::print::DisplayBacktrace as core[df12db4294e9bfd3]::fmt::Display>::fmt
[INFO] [stdout]    1:     0x59decdb4ab4a - core[df12db4294e9bfd3]::fmt::write
[INFO] [stdout]    2:     0x59decdb3adec - <alloc[2182bb758b4b3781]::vec::Vec<u8> as core[df12db4294e9bfd3]::io::write::Write>::write_fmt
[INFO] [stdout]    3:     0x59decdb12e56 - std[70759c8f55707aa4]::panicking::default_hook::{closure#0}
[INFO] [stdout]    4:     0x59decdb2efc9 - std[70759c8f55707aa4]::panicking::default_hook
[INFO] [stdout]    5:     0x59decdabd6b0 - test[9d35eded1c95d3be]::test_main_inner::<test[9d35eded1c95d3be]::test_main_static::{closure#0}>::{closure#0}
[INFO] [stdout]    6:     0x59decdb2f182 - std[70759c8f55707aa4]::panicking::panic_with_hook
[INFO] [stdout]    7:     0x59decdb12f02 - std[70759c8f55707aa4]::panicking::panic_handler::{closure#0}
[INFO] [stdout]    8:     0x59decdb0bc59 - std[70759c8f55707aa4]::sys::backtrace::__rust_end_short_backtrace::<std[70759c8f55707aa4]::panicking::panic_handler::{closure#0}, !>
[INFO] [stdout]    9:     0x59decdb13afd - __rustc[8fa7c3cbc660c2b3]::rust_begin_unwind
[INFO] [stdout]   10:     0x59decdb4b2ac - core[df12db4294e9bfd3]::panicking::panic_fmt
[INFO] [stdout]   11:     0x59decdaa3f15 - reactive_graph[733a84d69d160926]::owner::context::expect_context::<reactive_graph[733a84d69d160926]::wrappers::read::Signal<bool>>
[INFO] [stdout]   12:     0x59decda92e33 - leptos_shadcn_accordion[8bed6d27a459b4e2]::default::__component_accordion_item
[INFO] [stdout]   13:     0x59decdaa0560 - reactive_graph[733a84d69d160926]::graph::subscriber::untrack_with_diagnostics::<leptos[62ed9f83c1f82ae8]::into_view::View<tachys[60677b8cb7eba6f6]::html::element::HtmlElement<tachys[60677b8cb7eba6f6]::html::element::elements::Div, (tachys[60677b8cb7eba6f6]::html::class::Class<leptos_shadcn_accordion[8bed6d27a459b4e2]::default::__component_accordion_item::{closure#4}>, tachys[60677b8cb7eba6f6]::html::attribute::custom::CustomAttr<&str, leptos_shadcn_accordion[8bed6d27a459b4e2]::default::__component_accordion_item::{closure#5}>, tachys[60677b8cb7eba6f6]::html::attribute::custom::CustomAttr<&str, leptos_shadcn_accordion[8bed6d27a459b4e2]::default::__component_accordion_item::{closure#6}>), (core[df12db4294e9bfd3]::option::Option<tachys[60677b8cb7eba6f6]::view::any_view::AnyView>,)>>, leptos_shadcn_accordion[8bed6d27a459b4e2]::default::AccordionItem::{closure#0}>
[INFO] [stdout]   14:     0x59decda86e48 - <<alloc[2182bb758b4b3781]::boxed::Box<dyn core[df12db4294e9bfd3]::ops::function::FnOnce<(), Output = tachys[60677b8cb7eba6f6]::view::any_view::AnyView> + core[df12db4294e9bfd3]::marker::Send> as leptos[62ed9f83c1f82ae8]::children::ToChildren<leptos_shadcn_accordion[8bed6d27a459b4e2]::tdd_tests::tdd_tests::test_accordion_as_child_prop::{closure#0}>>::to_children::{closure#0} as core[df12db4294e9bfd3]::ops::function::FnOnce<()>>::call_once::{shim:vtable#0}
[INFO] [stdout]   15:     0x59decda92d0f - leptos_shadcn_accordion[8bed6d27a459b4e2]::default::__component_accordion
[INFO] [stdout]   16:     0x59decdaa0456 - reactive_graph[733a84d69d160926]::graph::subscriber::untrack_with_diagnostics::<leptos[62ed9f83c1f82ae8]::into_view::View<tachys[60677b8cb7eba6f6]::html::element::HtmlElement<tachys[60677b8cb7eba6f6]::html::element::elements::Div, (tachys[60677b8cb7eba6f6]::html::class::Class<leptos_shadcn_accordion[8bed6d27a459b4e2]::default::__component_accordion::{closure#3}>, tachys[60677b8cb7eba6f6]::html::attribute::custom::CustomAttr<&str, leptos_shadcn_accordion[8bed6d27a459b4e2]::default::__component_accordion::{closure#4}>), (core[df12db4294e9bfd3]::option::Option<tachys[60677b8cb7eba6f6]::view::any_view::AnyView>,)>>, leptos_shadcn_accordion[8bed6d27a459b4e2]::default::Accordion::{closure#0}>
[INFO] [stdout]   17:     0x59decda89ab3 - leptos_shadcn_accordion[8bed6d27a459b4e2]::tdd_tests::tdd_tests::test_accordion_as_child_prop
[INFO] [stdout]   18:     0x59decdaad579 - <leptos_shadcn_accordion[8bed6d27a459b4e2]::tdd_tests::tdd_tests::test_accordion_as_child_prop::{closure#0} as core[df12db4294e9bfd3]::ops::function::FnOnce<()>>::call_once
[INFO] [stdout]   19:     0x59decdab099b - test[9d35eded1c95d3be]::__rust_begin_short_backtrace::<core[df12db4294e9bfd3]::result::Result<(), alloc[2182bb758b4b3781]::string::String>, fn() -> core[df12db4294e9bfd3]::result::Result<(), alloc[2182bb758b4b3781]::string::String>>
[INFO] [stdout]   20:     0x59decdabe005 - test[9d35eded1c95d3be]::run_test::{closure#0}
[INFO] [stdout]   21:     0x59decdab78c4 - std[70759c8f55707aa4]::sys::backtrace::__rust_begin_short_backtrace::<test[9d35eded1c95d3be]::run_test::{closure#1}, ()>
[INFO] [stdout]   22:     0x59decdac1162 - <std[70759c8f55707aa4]::thread::lifecycle::spawn_unchecked<test[9d35eded1c95d3be]::run_test::{closure#1}, ()>::{closure#1} as core[df12db4294e9bfd3]::ops::function::FnOnce<()>>::call_once::{shim:vtable#0}
[INFO] [stdout]   23:     0x59decdb36179 - <std[70759c8f55707aa4]::sys::thread::unix::Thread>::new::thread_start
[INFO] [stdout]   24:     0x7a163157adfa - <unknown>
[INFO] [stdout]   25:     0x7a163160e3d4 - clone
[INFO] [stdout]   26:                0x0 - <unknown>
[INFO] [stdout] 
[INFO] [stdout] ---- tdd_tests::tdd_tests::test_accordion_item_disabled stdout ----
[INFO] [stdout] 
[INFO] [stdout] thread 'tdd_tests::tdd_tests::test_accordion_item_disabled' (3739) panicked at /opt/rustwide/cargo-home/registry/src/index.crates.io-1949cf8c6b5b557f/reactive_graph-0.2.7/src/owner/context.rs:306:9:
[INFO] [stdout] Location { file: "src/default.rs", line: 79, column: 30 } expected context of type "reactive_graph::wrappers::read::Signal<bool>" to be present
[INFO] [stdout] stack backtrace:
[INFO] [stdout]    0:     0x59decdb368a1 - <<std[70759c8f55707aa4]::sys::backtrace::BacktraceLock>::print::DisplayBacktrace as core[df12db4294e9bfd3]::fmt::Display>::fmt
[INFO] [stdout]    1:     0x59decdb4ab4a - core[df12db4294e9bfd3]::fmt::write
[INFO] [stdout]    2:     0x59decdb3adec - <alloc[2182bb758b4b3781]::vec::Vec<u8> as core[df12db4294e9bfd3]::io::write::Write>::write_fmt
[INFO] [stdout]    3:     0x59decdb12e56 - std[70759c8f55707aa4]::panicking::default_hook::{closure#0}
[INFO] [stdout]    4:     0x59decdb2efc9 - std[70759c8f55707aa4]::panicking::default_hook
[INFO] [stdout]    5:     0x59decdabd6b0 - test[9d35eded1c95d3be]::test_main_inner::<test[9d35eded1c95d3be]::test_main_static::{closure#0}>::{closure#0}
[INFO] [stdout]    6:     0x59decdb2f182 - std[70759c8f55707aa4]::panicking::panic_with_hook
[INFO] [stdout]    7:     0x59decdb12f02 - std[70759c8f55707aa4]::panicking::panic_handler::{closure#0}
[INFO] [stdout]    8:     0x59decdb0bc59 - std[70759c8f55707aa4]::sys::backtrace::__rust_end_short_backtrace::<std[70759c8f55707aa4]::panicking::panic_handler::{closure#0}, !>
[INFO] [stdout]    9:     0x59decdb13afd - __rustc[8fa7c3cbc660c2b3]::rust_begin_unwind
[INFO] [stdout]   10:     0x59decdb4b2ac - core[df12db4294e9bfd3]::panicking::panic_fmt
[INFO] [stdout]   11:     0x59decdaa3f15 - reactive_graph[733a84d69d160926]::owner::context::expect_context::<reactive_graph[733a84d69d160926]::wrappers::read::Signal<bool>>
[INFO] [stdout]   12:     0x59decda92e33 - leptos_shadcn_accordion[8bed6d27a459b4e2]::default::__component_accordion_item
[INFO] [stdout]   13:     0x59decdaa0560 - reactive_graph[733a84d69d160926]::graph::subscriber::untrack_with_diagnostics::<leptos[62ed9f83c1f82ae8]::into_view::View<tachys[60677b8cb7eba6f6]::html::element::HtmlElement<tachys[60677b8cb7eba6f6]::html::element::elements::Div, (tachys[60677b8cb7eba6f6]::html::class::Class<leptos_shadcn_accordion[8bed6d27a459b4e2]::default::__component_accordion_item::{closure#4}>, tachys[60677b8cb7eba6f6]::html::attribute::custom::CustomAttr<&str, leptos_shadcn_accordion[8bed6d27a459b4e2]::default::__component_accordion_item::{closure#5}>, tachys[60677b8cb7eba6f6]::html::attribute::custom::CustomAttr<&str, leptos_shadcn_accordion[8bed6d27a459b4e2]::default::__component_accordion_item::{closure#6}>), (core[df12db4294e9bfd3]::option::Option<tachys[60677b8cb7eba6f6]::view::any_view::AnyView>,)>>, leptos_shadcn_accordion[8bed6d27a459b4e2]::default::AccordionItem::{closure#0}>
[INFO] [stdout]   14:     0x59decda8a0da - leptos_shadcn_accordion[8bed6d27a459b4e2]::tdd_tests::tdd_tests::test_accordion_item_disabled
[INFO] [stdout]   15:     0x59decdaad5b9 - <leptos_shadcn_accordion[8bed6d27a459b4e2]::tdd_tests::tdd_tests::test_accordion_item_disabled::{closure#0} as core[df12db4294e9bfd3]::ops::function::FnOnce<()>>::call_once
[INFO] [stdout]   16:     0x59decdab099b - test[9d35eded1c95d3be]::__rust_begin_short_backtrace::<core[df12db4294e9bfd3]::result::Result<(), alloc[2182bb758b4b3781]::string::String>, fn() -> core[df12db4294e9bfd3]::result::Result<(), alloc[2182bb758b4b3781]::string::String>>
[INFO] [stdout]   17:     0x59decdabe005 - test[9d35eded1c95d3be]::run_test::{closure#0}
[INFO] [stdout]   18:     0x59decdab78c4 - std[70759c8f55707aa4]::sys::backtrace::__rust_begin_short_backtrace::<test[9d35eded1c95d3be]::run_test::{closure#1}, ()>
[INFO] [stdout]   19:     0x59decdac1162 - <std[70759c8f55707aa4]::thread::lifecycle::spawn_unchecked<test[9d35eded1c95d3be]::run_test::{closure#1}, ()>::{closure#1} as core[df12db4294e9bfd3]::ops::function::FnOnce<()>>::call_once::{shim:vtable#0}
[INFO] [stdout]   20:     0x59decdb36179 - <std[70759c8f55707aa4]::sys::thread::unix::Thread>::new::thread_start
[INFO] [stdout]   21:     0x7a163157adfa - <unknown>
[INFO] [stdout]   22:     0x7a163160e3d4 - clone
[INFO] [stdout]   23:                0x0 - <unknown>
[INFO] [stdout] 
[INFO] [stdout] ---- tdd_tests::tdd_tests::test_accordion_keyboard_navigation stdout ----
[INFO] [stdout] 
[INFO] [stdout] thread 'tdd_tests::tdd_tests::test_accordion_keyboard_navigation' (3740) panicked at /opt/rustwide/cargo-home/registry/src/index.crates.io-1949cf8c6b5b557f/reactive_graph-0.2.7/src/owner/context.rs:306:9:
[INFO] [stdout] Location { file: "src/default.rs", line: 79, column: 30 } expected context of type "reactive_graph::wrappers::read::Signal<bool>" to be present
[INFO] [stdout] stack backtrace:
[INFO] [stdout]    0:     0x59decdb368a1 - <<std[70759c8f55707aa4]::sys::backtrace::BacktraceLock>::print::DisplayBacktrace as core[df12db4294e9bfd3]::fmt::Display>::fmt
[INFO] [stdout]    1:     0x59decdb4ab4a - core[df12db4294e9bfd3]::fmt::write
[INFO] [stdout]    2:     0x59decdb3adec - <alloc[2182bb758b4b3781]::vec::Vec<u8> as core[df12db4294e9bfd3]::io::write::Write>::write_fmt
[INFO] [stdout]    3:     0x59decdb12e56 - std[70759c8f55707aa4]::panicking::default_hook::{closure#0}
[INFO] [stdout]    4:     0x59decdb2efc9 - std[70759c8f55707aa4]::panicking::default_hook
[INFO] [stdout]    5:     0x59decdabd6b0 - test[9d35eded1c95d3be]::test_main_inner::<test[9d35eded1c95d3be]::test_main_static::{closure#0}>::{closure#0}
[INFO] [stdout]    6:     0x59decdb2f182 - std[70759c8f55707aa4]::panicking::panic_with_hook
[INFO] [stdout]    7:     0x59decdb12f02 - std[70759c8f55707aa4]::panicking::panic_handler::{closure#0}
[INFO] [stdout]    8:     0x59decdb0bc59 - std[70759c8f55707aa4]::sys::backtrace::__rust_end_short_backtrace::<std[70759c8f55707aa4]::panicking::panic_handler::{closure#0}, !>
[INFO] [stdout]    9:     0x59decdb13afd - __rustc[8fa7c3cbc660c2b3]::rust_begin_unwind
[INFO] [stdout]   10:     0x59decdb4b2ac - core[df12db4294e9bfd3]::panicking::panic_fmt
[INFO] [stdout]   11:     0x59decdaa3f15 - reactive_graph[733a84d69d160926]::owner::context::expect_context::<reactive_graph[733a84d69d160926]::wrappers::read::Signal<bool>>
[INFO] [stdout]   12:     0x59decda92e33 - leptos_shadcn_accordion[8bed6d27a459b4e2]::default::__component_accordion_item
[INFO] [stdout]   13:     0x59decdaa0560 - reactive_graph[733a84d69d160926]::graph::subscriber::untrack_with_diagnostics::<leptos[62ed9f83c1f82ae8]::into_view::View<tachys[60677b8cb7eba6f6]::html::element::HtmlElement<tachys[60677b8cb7eba6f6]::html::element::elements::Div, (tachys[60677b8cb7eba6f6]::html::class::Class<leptos_shadcn_accordion[8bed6d27a459b4e2]::default::__component_accordion_item::{closure#4}>, tachys[60677b8cb7eba6f6]::html::attribute::custom::CustomAttr<&str, leptos_shadcn_accordion[8bed6d27a459b4e2]::default::__component_accordion_item::{closure#5}>, tachys[60677b8cb7eba6f6]::html::attribute::custom::CustomAttr<&str, leptos_shadcn_accordion[8bed6d27a459b4e2]::default::__component_accordion_item::{closure#6}>), (core[df12db4294e9bfd3]::option::Option<tachys[60677b8cb7eba6f6]::view::any_view::AnyView>,)>>, leptos_shadcn_accordion[8bed6d27a459b4e2]::default::AccordionItem::{closure#0}>
[INFO] [stdout]   14:     0x59decda888e8 - <<alloc[2182bb758b4b3781]::boxed::Box<dyn core[df12db4294e9bfd3]::ops::function::FnOnce<(), Output = tachys[60677b8cb7eba6f6]::view::any_view::AnyView> + core[df12db4294e9bfd3]::marker::Send> as leptos[62ed9f83c1f82ae8]::children::ToChildren<leptos_shadcn_accordion[8bed6d27a459b4e2]::tdd_tests::tdd_tests::test_accordion_keyboard_navigation::{closure#0}>>::to_children::{closure#0} as core[df12db4294e9bfd3]::ops::function::FnOnce<()>>::call_once::{shim:vtable#0}
[INFO] [stderr] error: test failed, to rerun pass `--lib`
[INFO] [stdout]   15:     0x59decda92d0f - leptos_shadcn_accordion[8bed6d27a459b4e2]::default::__component_accordion
[INFO] [stdout]   16:     0x59decdaa0456 - reactive_graph[733a84d69d160926]::graph::subscriber::untrack_with_diagnostics::<leptos[62ed9f83c1f82ae8]::into_view::View<tachys[60677b8cb7eba6f6]::html::element::HtmlElement<tachys[60677b8cb7eba6f6]::html::element::elements::Div, (tachys[60677b8cb7eba6f6]::html::class::Class<leptos_shadcn_accordion[8bed6d27a459b4e2]::default::__component_accordion::{closure#3}>, tachys[60677b8cb7eba6f6]::html::attribute::custom::CustomAttr<&str, leptos_shadcn_accordion[8bed6d27a459b4e2]::default::__component_accordion::{closure#4}>), (core[df12db4294e9bfd3]::option::Option<tachys[60677b8cb7eba6f6]::view::any_view::AnyView>,)>>, leptos_shadcn_accordion[8bed6d27a459b4e2]::default::Accordion::{closure#0}>
[INFO] [stdout]   17:     0x59decda8b9e3 - leptos_shadcn_accordion[8bed6d27a459b4e2]::tdd_tests::tdd_tests::test_accordion_keyboard_navigation
[INFO] [stdout]   18:     0x59decdaad8b9 - <leptos_shadcn_accordion[8bed6d27a459b4e2]::tdd_tests::tdd_tests::test_accordion_keyboard_navigation::{closure#0} as core[df12db4294e9bfd3]::ops::function::FnOnce<()>>::call_once
[INFO] [stdout]   19:     0x59decdab099b - test[9d35eded1c95d3be]::__rust_begin_short_backtrace::<core[df12db4294e9bfd3]::result::Result<(), alloc[2182bb758b4b3781]::string::String>, fn() -> core[df12db4294e9bfd3]::result::Result<(), alloc[2182bb758b4b3781]::string::String>>
[INFO] [stdout]   20:     0x59decdabe005 - test[9d35eded1c95d3be]::run_test::{closure#0}
[INFO] [stdout]   21:     0x59decdab78c4 - std[70759c8f55707aa4]::sys::backtrace::__rust_begin_short_backtrace::<test[9d35eded1c95d3be]::run_test::{closure#1}, ()>
[INFO] [stdout]   22:     0x59decdac1162 - <std[70759c8f55707aa4]::thread::lifecycle::spawn_unchecked<test[9d35eded1c95d3be]::run_test::{closure#1}, ()>::{closure#1} as core[df12db4294e9bfd3]::ops::function::FnOnce<()>>::call_once::{shim:vtable#0}
[INFO] [stdout]   23:     0x59decdb36179 - <std[70759c8f55707aa4]::sys::thread::unix::Thread>::new::thread_start
[INFO] [stdout]   24:     0x7a163157adfa - <unknown>
[INFO] [stdout]   25:     0x7a163160e3d4 - clone
[INFO] [stdout]   26:                0x0 - <unknown>
[INFO] [stdout] 
[INFO] [stdout] ---- tdd_tests::tdd_tests::test_accordion_memory_management stdout ----
[INFO] [stdout] 
[INFO] [stdout] thread 'tdd_tests::tdd_tests::test_accordion_memory_management' (3741) panicked at /opt/rustwide/cargo-home/registry/src/index.crates.io-1949cf8c6b5b557f/reactive_graph-0.2.7/src/owner/context.rs:306:9:
[INFO] [stdout] Location { file: "src/default.rs", line: 79, column: 30 } expected context of type "reactive_graph::wrappers::read::Signal<bool>" to be present
[INFO] [stdout] stack backtrace:
[INFO] [stdout]    0:     0x59decdb368a1 - <<std[70759c8f55707aa4]::sys::backtrace::BacktraceLock>::print::DisplayBacktrace as core[df12db4294e9bfd3]::fmt::Display>::fmt
[INFO] [stdout]    1:     0x59decdb4ab4a - core[df12db4294e9bfd3]::fmt::write
[INFO] [stdout]    2:     0x59decdb3adec - <alloc[2182bb758b4b3781]::vec::Vec<u8> as core[df12db4294e9bfd3]::io::write::Write>::write_fmt
[INFO] [stdout]    3:     0x59decdb12e56 - std[70759c8f55707aa4]::panicking::default_hook::{closure#0}
[INFO] [stdout]    4:     0x59decdb2efc9 - std[70759c8f55707aa4]::panicking::default_hook
[INFO] [stdout]    5:     0x59decdabd6b0 - test[9d35eded1c95d3be]::test_main_inner::<test[9d35eded1c95d3be]::test_main_static::{closure#0}>::{closure#0}
[INFO] [stdout]    6:     0x59decdb2f182 - std[70759c8f55707aa4]::panicking::panic_with_hook
[INFO] [stdout]    7:     0x59decdb12f02 - std[70759c8f55707aa4]::panicking::panic_handler::{closure#0}
[INFO] [stdout]    8:     0x59decdb0bc59 - std[70759c8f55707aa4]::sys::backtrace::__rust_end_short_backtrace::<std[70759c8f55707aa4]::panicking::panic_handler::{closure#0}, !>
[INFO] [stdout]    9:     0x59decdb13afd - __rustc[8fa7c3cbc660c2b3]::rust_begin_unwind
[INFO] [stdout]   10:     0x59decdb4b2ac - core[df12db4294e9bfd3]::panicking::panic_fmt
[INFO] [stdout]   11:     0x59decdaa3f15 - reactive_graph[733a84d69d160926]::owner::context::expect_context::<reactive_graph[733a84d69d160926]::wrappers::read::Signal<bool>>
[INFO] [stdout]   12:     0x59decda92e33 - leptos_shadcn_accordion[8bed6d27a459b4e2]::default::__component_accordion_item
[INFO] [stdout]   13:     0x59decdaa0560 - reactive_graph[733a84d69d160926]::graph::subscriber::untrack_with_diagnostics::<leptos[62ed9f83c1f82ae8]::into_view::View<tachys[60677b8cb7eba6f6]::html::element::HtmlElement<tachys[60677b8cb7eba6f6]::html::element::elements::Div, (tachys[60677b8cb7eba6f6]::html::class::Class<leptos_shadcn_accordion[8bed6d27a459b4e2]::default::__component_accordion_item::{closure#4}>, tachys[60677b8cb7eba6f6]::html::attribute::custom::CustomAttr<&str, leptos_shadcn_accordion[8bed6d27a459b4e2]::default::__component_accordion_item::{closure#5}>, tachys[60677b8cb7eba6f6]::html::attribute::custom::CustomAttr<&str, leptos_shadcn_accordion[8bed6d27a459b4e2]::default::__component_accordion_item::{closure#6}>), (core[df12db4294e9bfd3]::option::Option<tachys[60677b8cb7eba6f6]::view::any_view::AnyView>,)>>, leptos_shadcn_accordion[8bed6d27a459b4e2]::default::AccordionItem::{closure#0}>
[INFO] [stdout]   14:     0x59decda88618 - <<alloc[2182bb758b4b3781]::boxed::Box<dyn core[df12db4294e9bfd3]::ops::function::FnOnce<(), Output = tachys[60677b8cb7eba6f6]::view::any_view::AnyView> + core[df12db4294e9bfd3]::marker::Send> as leptos[62ed9f83c1f82ae8]::children::ToChildren<leptos_shadcn_accordion[8bed6d27a459b4e2]::tdd_tests::tdd_tests::test_accordion_memory_management::{closure#0}>>::to_children::{closure#0} as core[df12db4294e9bfd3]::ops::function::FnOnce<()>>::call_once::{shim:vtable#0}
[INFO] [stdout]   15:     0x59decda92d0f - leptos_shadcn_accordion[8bed6d27a459b4e2]::default::__component_accordion
[INFO] [stdout]   16:     0x59decdaa0456 - reactive_graph[733a84d69d160926]::graph::subscriber::untrack_with_diagnostics::<leptos[62ed9f83c1f82ae8]::into_view::View<tachys[60677b8cb7eba6f6]::html::element::HtmlElement<tachys[60677b8cb7eba6f6]::html::element::elements::Div, (tachys[60677b8cb7eba6f6]::html::class::Class<leptos_shadcn_accordion[8bed6d27a459b4e2]::default::__component_accordion::{closure#3}>, tachys[60677b8cb7eba6f6]::html::attribute::custom::CustomAttr<&str, leptos_shadcn_accordion[8bed6d27a459b4e2]::default::__component_accordion::{closure#4}>), (core[df12db4294e9bfd3]::option::Option<tachys[60677b8cb7eba6f6]::view::any_view::AnyView>,)>>, leptos_shadcn_accordion[8bed6d27a459b4e2]::default::Accordion::{closure#0}>
[INFO] [stdout]   17:     0x59decda8b673 - leptos_shadcn_accordion[8bed6d27a459b4e2]::tdd_tests::tdd_tests::test_accordion_memory_management
[INFO] [stdout]   18:     0x59decdaad7b9 - <leptos_shadcn_accordion[8bed6d27a459b4e2]::tdd_tests::tdd_tests::test_accordion_memory_management::{closure#0} as core[df12db4294e9bfd3]::ops::function::FnOnce<()>>::call_once
[INFO] [stdout]   19:     0x59decdab099b - test[9d35eded1c95d3be]::__rust_begin_short_backtrace::<core[df12db4294e9bfd3]::result::Result<(), alloc[2182bb758b4b3781]::string::String>, fn() -> core[df12db4294e9bfd3]::result::Result<(), alloc[2182bb758b4b3781]::string::String>>
[INFO] [stdout]   20:     0x59decdabe005 - test[9d35eded1c95d3be]::run_test::{closure#0}
[INFO] [stdout]   21:     0x59decdab78c4 - std[70759c8f55707aa4]::sys::backtrace::__rust_begin_short_backtrace::<test[9d35eded1c95d3be]::run_test::{closure#1}, ()>
[INFO] [stdout]   22:     0x59decdac1162 - <std[70759c8f55707aa4]::thread::lifecycle::spawn_unchecked<test[9d35eded1c95d3be]::run_test::{closure#1}, ()>::{closure#1} as core[df12db4294e9bfd3]::ops::function::FnOnce<()>>::call_once::{shim:vtable#0}
[INFO] [stdout]   23:     0x59decdb36179 - <std[70759c8f55707aa4]::sys::thread::unix::Thread>::new::thread_start
[INFO] [stdout]   24:     0x7a163157adfa - <unknown>
[INFO] [stdout]   25:     0x7a163160e3d4 - clone
[INFO] [stdout]   26:                0x0 - <unknown>
[INFO] [stdout] 
[INFO] [stdout] ---- tdd_tests::tdd_tests::test_accordion_complete_workflow stdout ----
[INFO] [stdout] 
[INFO] [stdout] thread 'tdd_tests::tdd_tests::test_accordion_complete_workflow' (3728) panicked at /opt/rustwide/cargo-home/registry/src/index.crates.io-1949cf8c6b5b557f/reactive_graph-0.2.7/src/owner/context.rs:306:9:
[INFO] [stdout] Location { file: "src/default.rs", line: 79, column: 30 } expected context of type "reactive_graph::wrappers::read::Signal<bool>" to be present
[INFO] [stdout] stack backtrace:
[INFO] [stdout]    0:     0x59decdb368a1 - <<std[70759c8f55707aa4]::sys::backtrace::BacktraceLock>::print::DisplayBacktrace as core[df12db4294e9bfd3]::fmt::Display>::fmt
[INFO] [stdout]    1:     0x59decdb4ab4a - core[df12db4294e9bfd3]::fmt::write
[INFO] [stdout]    2:     0x59decdb3adec - <alloc[2182bb758b4b3781]::vec::Vec<u8> as core[df12db4294e9bfd3]::io::write::Write>::write_fmt
[INFO] [stdout]    3:     0x59decdb12e56 - std[70759c8f55707aa4]::panicking::default_hook::{closure#0}
[INFO] [stdout]    4:     0x59decdb2efc9 - std[70759c8f55707aa4]::panicking::default_hook
[INFO] [stdout]    5:     0x59decdabd6b0 - test[9d35eded1c95d3be]::test_main_inner::<test[9d35eded1c95d3be]::test_main_static::{closure#0}>::{closure#0}
[INFO] [stdout]    6:     0x59decdb2f182 - std[70759c8f55707aa4]::panicking::panic_with_hook
[INFO] [stdout]    7:     0x59decdb12f02 - std[70759c8f55707aa4]::panicking::panic_handler::{closure#0}
[INFO] [stdout]    8:     0x59decdb0bc59 - std[70759c8f55707aa4]::sys::backtrace::__rust_end_short_backtrace::<std[70759c8f55707aa4]::panicking::panic_handler::{closure#0}, !>
[INFO] [stdout]    9:     0x59decdb13afd - __rustc[8fa7c3cbc660c2b3]::rust_begin_unwind
[INFO] [stdout]   10:     0x59decdb4b2ac - core[df12db4294e9bfd3]::panicking::panic_fmt
[INFO] [stdout]   11:     0x59decdaa3f15 - reactive_graph[733a84d69d160926]::owner::context::expect_context::<reactive_graph[733a84d69d160926]::wrappers::read::Signal<bool>>
[INFO] [stdout]   12:     0x59decda92e33 - leptos_shadcn_accordion[8bed6d27a459b4e2]::default::__component_accordion_item
[INFO] [stdout]   13:     0x59decdaa0560 - reactive_graph[733a84d69d160926]::graph::subscriber::untrack_with_diagnostics::<leptos[62ed9f83c1f82ae8]::into_view::View<tachys[60677b8cb7eba6f6]::html::element::HtmlElement<tachys[60677b8cb7eba6f6]::html::element::elements::Div, (tachys[60677b8cb7eba6f6]::html::class::Class<leptos_shadcn_accordion[8bed6d27a459b4e2]::default::__component_accordion_item::{closure#4}>, tachys[60677b8cb7eba6f6]::html::attribute::custom::CustomAttr<&str, leptos_shadcn_accordion[8bed6d27a459b4e2]::default::__component_accordion_item::{closure#5}>, tachys[60677b8cb7eba6f6]::html::attribute::custom::CustomAttr<&str, leptos_shadcn_accordion[8bed6d27a459b4e2]::default::__component_accordion_item::{closure#6}>), (core[df12db4294e9bfd3]::option::Option<tachys[60677b8cb7eba6f6]::view::any_view::AnyView>,)>>, leptos_shadcn_accordion[8bed6d27a459b4e2]::default::AccordionItem::{closure#0}>
[INFO] [stdout]   14:     0x59decda88528 - <<alloc[2182bb758b4b3781]::boxed::Box<dyn core[df12db4294e9bfd3]::ops::function::FnOnce<(), Output = tachys[60677b8cb7eba6f6]::view::any_view::AnyView> + core[df12db4294e9bfd3]::marker::Send> as leptos[62ed9f83c1f82ae8]::children::ToChildren<leptos_shadcn_accordion[8bed6d27a459b4e2]::tdd_tests::tdd_tests::test_accordion_complete_workflow::{closure#1}>>::to_children::{closure#0} as core[df12db4294e9bfd3]::ops::function::FnOnce<()>>::call_once::{shim:vtable#0}
[INFO] [stdout]   15:     0x59decda92d0f - leptos_shadcn_accordion[8bed6d27a459b4e2]::default::__component_accordion
[INFO] [stdout]   16:     0x59decdaa0456 - reactive_graph[733a84d69d160926]::graph::subscriber::untrack_with_diagnostics::<leptos[62ed9f83c1f82ae8]::into_view::View<tachys[60677b8cb7eba6f6]::html::element::HtmlElement<tachys[60677b8cb7eba6f6]::html::element::elements::Div, (tachys[60677b8cb7eba6f6]::html::class::Class<leptos_shadcn_accordion[8bed6d27a459b4e2]::default::__component_accordion::{closure#3}>, tachys[60677b8cb7eba6f6]::html::attribute::custom::CustomAttr<&str, leptos_shadcn_accordion[8bed6d27a459b4e2]::default::__component_accordion::{closure#4}>), (core[df12db4294e9bfd3]::option::Option<tachys[60677b8cb7eba6f6]::view::any_view::AnyView>,)>>, leptos_shadcn_accordion[8bed6d27a459b4e2]::default::Accordion::{closure#0}>
[INFO] [stdout]   17:     0x59decda8b39f - leptos_shadcn_accordion[8bed6d27a459b4e2]::tdd_tests::tdd_tests::test_accordion_complete_workflow
[INFO] [stdout]   18:     0x59decdaad779 - <leptos_shadcn_accordion[8bed6d27a459b4e2]::tdd_tests::tdd_tests::test_accordion_complete_workflow::{closure#0} as core[df12db4294e9bfd3]::ops::function::FnOnce<()>>::call_once
[INFO] [stdout]   19:     0x59decdab099b - test[9d35eded1c95d3be]::__rust_begin_short_backtrace::<core[df12db4294e9bfd3]::result::Result<(), alloc[2182bb758b4b3781]::string::String>, fn() -> core[df12db4294e9bfd3]::result::Result<(), alloc[2182bb758b4b3781]::string::String>>
[INFO] [stdout]   20:     0x59decdabe005 - test[9d35eded1c95d3be]::run_test::{closure#0}
[INFO] [stdout]   21:     0x59decdab78c4 - std[70759c8f55707aa4]::sys::backtrace::__rust_begin_short_backtrace::<test[9d35eded1c95d3be]::run_test::{closure#1}, ()>
[INFO] [stdout]   22:     0x59decdac1162 - <std[70759c8f55707aa4]::thread::lifecycle::spawn_unchecked<test[9d35eded1c95d3be]::run_test::{closure#1}, ()>::{closure#1} as core[df12db4294e9bfd3]::ops::function::FnOnce<()>>::call_once::{shim:vtable#0}
[INFO] [stdout]   23:     0x59decdb36179 - <std[70759c8f55707aa4]::sys::thread::unix::Thread>::new::thread_start
[INFO] [stdout]   24:     0x7a163157adfa - <unknown>
[INFO] [stdout]   25:     0x7a163160e3d4 - clone
[INFO] [stdout]   26:                0x0 - <unknown>
[INFO] [stdout] 
[INFO] [stdout] ---- tdd_tests::tdd_tests::test_accordion_multiple_type stdout ----
[INFO] [stdout] 
[INFO] [stdout] thread 'tdd_tests::tdd_tests::test_accordion_multiple_type' (3743) panicked at /opt/rustwide/cargo-home/registry/src/index.crates.io-1949cf8c6b5b557f/reactive_graph-0.2.7/src/owner/context.rs:306:9:
[INFO] [stdout] Location { file: "src/default.rs", line: 79, column: 30 } expected context of type "reactive_graph::wrappers::read::Signal<bool>" to be present
[INFO] [stdout] stack backtrace:
[INFO] [stdout]    0:     0x59decdb368a1 - <<std[70759c8f55707aa4]::sys::backtrace::BacktraceLock>::print::DisplayBacktrace as core[df12db4294e9bfd3]::fmt::Display>::fmt
[INFO] [stdout]    1:     0x59decdb4ab4a - core[df12db4294e9bfd3]::fmt::write
[INFO] [stdout]    2:     0x59decdb3adec - <alloc[2182bb758b4b3781]::vec::Vec<u8> as core[df12db4294e9bfd3]::io::write::Write>::write_fmt
[INFO] [stdout]    3:     0x59decdb12e56 - std[70759c8f55707aa4]::panicking::default_hook::{closure#0}
[INFO] [stdout]    4:     0x59decdb2efc9 - std[70759c8f55707aa4]::panicking::default_hook
[INFO] [stdout]    5:     0x59decdabd6b0 - test[9d35eded1c95d3be]::test_main_inner::<test[9d35eded1c95d3be]::test_main_static::{closure#0}>::{closure#0}
[INFO] [stdout]    6:     0x59decdb2f182 - std[70759c8f55707aa4]::panicking::panic_with_hook
[INFO] [stdout]    7:     0x59decdb12f02 - std[70759c8f55707aa4]::panicking::panic_handler::{closure#0}
[INFO] [stdout]    8:     0x59decdb0bc59 - std[70759c8f55707aa4]::sys::backtrace::__rust_end_short_backtrace::<std[70759c8f55707aa4]::panicking::panic_handler::{closure#0}, !>
[INFO] [stdout]    9:     0x59decdb13afd - __rustc[8fa7c3cbc660c2b3]::rust_begin_unwind
[INFO] [stdout]   10:     0x59decdb4b2ac - core[df12db4294e9bfd3]::panicking::panic_fmt
[INFO] [stdout]   11:     0x59decdaa3f15 - reactive_graph[733a84d69d160926]::owner::context::expect_context::<reactive_graph[733a84d69d160926]::wrappers::read::Signal<bool>>
[INFO] [stdout]   12:     0x59decda92e33 - leptos_shadcn_accordion[8bed6d27a459b4e2]::default::__component_accordion_item
[INFO] [stdout]   13:     0x59decdaa0560 - reactive_graph[733a84d69d160926]::graph::subscriber::untrack_with_diagnostics::<leptos[62ed9f83c1f82ae8]::into_view::View<tachys[60677b8cb7eba6f6]::html::element::HtmlElement<tachys[60677b8cb7eba6f6]::html::element::elements::Div, (tachys[60677b8cb7eba6f6]::html::class::Class<leptos_shadcn_accordion[8bed6d27a459b4e2]::default::__component_accordion_item::{closure#4}>, tachys[60677b8cb7eba6f6]::html::attribute::custom::CustomAttr<&str, leptos_shadcn_accordion[8bed6d27a459b4e2]::default::__component_accordion_item::{closure#5}>, tachys[60677b8cb7eba6f6]::html::attribute::custom::CustomAttr<&str, leptos_shadcn_accordion[8bed6d27a459b4e2]::default::__component_accordion_item::{closure#6}>), (core[df12db4294e9bfd3]::option::Option<tachys[60677b8cb7eba6f6]::view::any_view::AnyView>,)>>, leptos_shadcn_accordion[8bed6d27a459b4e2]::default::AccordionItem::{closure#0}>
[INFO] [stdout]   14:     0x59decda87448 - <<alloc[2182bb758b4b3781]::boxed::Box<dyn core[df12db4294e9bfd3]::ops::function::FnOnce<(), Output = tachys[60677b8cb7eba6f6]::view::any_view::AnyView> + core[df12db4294e9bfd3]::marker::Send> as leptos[62ed9f83c1f82ae8]::children::ToChildren<leptos_shadcn_accordion[8bed6d27a459b4e2]::tdd_tests::tdd_tests::test_accordion_multiple_type::{closure#0}>>::to_children::{closure#0} as core[df12db4294e9bfd3]::ops::function::FnOnce<()>>::call_once::{shim:vtable#0}
[INFO] [stdout]   15:     0x59decda92d0f - leptos_shadcn_accordion[8bed6d27a459b4e2]::default::__component_accordion
[INFO] [stdout]   16:     0x59decdaa0456 - reactive_graph[733a84d69d160926]::graph::subscriber::untrack_with_diagnostics::<leptos[62ed9f83c1f82ae8]::into_view::View<tachys[60677b8cb7eba6f6]::html::element::HtmlElement<tachys[60677b8cb7eba6f6]::html::element::elements::Div, (tachys[60677b8cb7eba6f6]::html::class::Class<leptos_shadcn_accordion[8bed6d27a459b4e2]::default::__component_accordion::{closure#3}>, tachys[60677b8cb7eba6f6]::html::attribute::custom::CustomAttr<&str, leptos_shadcn_accordion[8bed6d27a459b4e2]::default::__component_accordion::{closure#4}>), (core[df12db4294e9bfd3]::option::Option<tachys[60677b8cb7eba6f6]::view::any_view::AnyView>,)>>, leptos_shadcn_accordion[8bed6d27a459b4e2]::default::Accordion::{closure#0}>
[INFO] [stdout]   17:     0x59decda8a278 - leptos_shadcn_accordion[8bed6d27a459b4e2]::tdd_tests::tdd_tests::test_accordion_multiple_type
[INFO] [stdout]   18:     0x59decdaad5d9 - <leptos_shadcn_accordion[8bed6d27a459b4e2]::tdd_tests::tdd_tests::test_accordion_multiple_type::{closure#0} as core[df12db4294e9bfd3]::ops::function::FnOnce<()>>::call_once
[INFO] [stdout]   19:     0x59decdab099b - test[9d35eded1c95d3be]::__rust_begin_short_backtrace::<core[df12db4294e9bfd3]::result::Result<(), alloc[2182bb758b4b3781]::string::String>, fn() -> core[df12db4294e9bfd3]::result::Result<(), alloc[2182bb758b4b3781]::string::String>>
[INFO] [stdout]   20:     0x59decdabe005 - test[9d35eded1c95d3be]::run_test::{closure#0}
[INFO] [stdout]   21:     0x59decdab78c4 - std[70759c8f55707aa4]::sys::backtrace::__rust_begin_short_backtrace::<test[9d35eded1c95d3be]::run_test::{closure#1}, ()>
[INFO] [stdout]   22:     0x59decdac1162 - <std[70759c8f55707aa4]::thread::lifecycle::spawn_unchecked<test[9d35eded1c95d3be]::run_test::{closure#1}, ()>::{closure#1} as core[df12db4294e9bfd3]::ops::function::FnOnce<()>>::call_once::{shim:vtable#0}
[INFO] [stdout]   23:     0x59decdb36179 - <std[70759c8f55707aa4]::sys::thread::unix::Thread>::new::thread_start
[INFO] [stdout]   24:     0x7a163157adfa - <unknown>
[INFO] [stdout]   25:     0x7a163160e3d4 - clone
[INFO] [stdout]   26:                0x0 - <unknown>
[INFO] [stdout] 
[INFO] [stdout] ---- tdd_tests::tdd_tests::test_accordion_performance_comprehensive stdout ----
[INFO] [stdout] 
[INFO] [stdout] thread 'tdd_tests::tdd_tests::test_accordion_performance_comprehensive' (3744) panicked at /opt/rustwide/cargo-home/registry/src/index.crates.io-1949cf8c6b5b557f/reactive_graph-0.2.7/src/owner/context.rs:306:9:
[INFO] [stdout] Location { file: "src/default.rs", line: 79, column: 30 } expected context of type "reactive_graph::wrappers::read::Signal<bool>" to be present
[INFO] [stdout] stack backtrace:
[INFO] [stdout]    0:     0x59decdb368a1 - <<std[70759c8f55707aa4]::sys::backtrace::BacktraceLock>::print::DisplayBacktrace as core[df12db4294e9bfd3]::fmt::Display>::fmt
[INFO] [stdout]    1:     0x59decdb4ab4a - core[df12db4294e9bfd3]::fmt::write
[INFO] [stdout]    2:     0x59decdb3adec - <alloc[2182bb758b4b3781]::vec::Vec<u8> as core[df12db4294e9bfd3]::io::write::Write>::write_fmt
[INFO] [stdout]    3:     0x59decdb12e56 - std[70759c8f55707aa4]::panicking::default_hook::{closure#0}
[INFO] [stdout]    4:     0x59decdb2efc9 - std[70759c8f55707aa4]::panicking::default_hook
[INFO] [stdout]    5:     0x59decdabd6b0 - test[9d35eded1c95d3be]::test_main_inner::<test[9d35eded1c95d3be]::test_main_static::{closure#0}>::{closure#0}
[INFO] [stdout]    6:     0x59decdb2f182 - std[70759c8f55707aa4]::panicking::panic_with_hook
[INFO] [stdout]    7:     0x59decdb12f02 - std[70759c8f55707aa4]::panicking::panic_handler::{closure#0}
[INFO] [stdout]    8:     0x59decdb0bc59 - std[70759c8f55707aa4]::sys::backtrace::__rust_end_short_backtrace::<std[70759c8f55707aa4]::panicking::panic_handler::{closure#0}, !>
[INFO] [stdout]    9:     0x59decdb13afd - __rustc[8fa7c3cbc660c2b3]::rust_begin_unwind
[INFO] [stdout]   10:     0x59decdb4b2ac - core[df12db4294e9bfd3]::panicking::panic_fmt
[INFO] [stdout]   11:     0x59decdaa3f15 - reactive_graph[733a84d69d160926]::owner::context::expect_context::<reactive_graph[733a84d69d160926]::wrappers::read::Signal<bool>>
[INFO] [stdout]   12:     0x59decda92e33 - leptos_shadcn_accordion[8bed6d27a459b4e2]::default::__component_accordion_item
[INFO] [stdout]   13:     0x59decdaa0560 - reactive_graph[733a84d69d160926]::graph::subscriber::untrack_with_diagnostics::<leptos[62ed9f83c1f82ae8]::into_view::View<tachys[60677b8cb7eba6f6]::html::element::HtmlElement<tachys[60677b8cb7eba6f6]::html::element::elements::Div, (tachys[60677b8cb7eba6f6]::html::class::Class<leptos_shadcn_accordion[8bed6d27a459b4e2]::default::__component_accordion_item::{closure#4}>, tachys[60677b8cb7eba6f6]::html::attribute::custom::CustomAttr<&str, leptos_shadcn_accordion[8bed6d27a459b4e2]::default::__component_accordion_item::{closure#5}>, tachys[60677b8cb7eba6f6]::html::attribute::custom::CustomAttr<&str, leptos_shadcn_accordion[8bed6d27a459b4e2]::default::__component_accordion_item::{closure#6}>), (core[df12db4294e9bfd3]::option::Option<tachys[60677b8cb7eba6f6]::view::any_view::AnyView>,)>>, leptos_shadcn_accordion[8bed6d27a459b4e2]::default::AccordionItem::{closure#0}>
[INFO] [stdout]   14:     0x59decda894d8 - <<alloc[2182bb758b4b3781]::boxed::Box<dyn core[df12db4294e9bfd3]::ops::function::FnOnce<(), Output = tachys[60677b8cb7eba6f6]::view::any_view::AnyView> + core[df12db4294e9bfd3]::marker::Send> as leptos[62ed9f83c1f82ae8]::children::ToChildren<leptos_shadcn_accordion[8bed6d27a459b4e2]::tdd_tests::tdd_tests::test_accordion_performance_comprehensive::{closure#0}>>::to_children::{closure#0} as core[df12db4294e9bfd3]::ops::function::FnOnce<()>>::call_once::{shim:vtable#0}
[INFO] [stdout]   15:     0x59decda92d0f - leptos_shadcn_accordion[8bed6d27a459b4e2]::default::__component_accordion
[INFO] [stdout]   16:     0x59decdaa0456 - reactive_graph[733a84d69d160926]::graph::subscriber::untrack_with_diagnostics::<leptos[62ed9f83c1f82ae8]::into_view::View<tachys[60677b8cb7eba6f6]::html::element::HtmlElement<tachys[60677b8cb7eba6f6]::html::element::elements::Div, (tachys[60677b8cb7eba6f6]::html::class::Class<leptos_shadcn_accordion[8bed6d27a459b4e2]::default::__component_accordion::{closure#3}>, tachys[60677b8cb7eba6f6]::html::attribute::custom::CustomAttr<&str, leptos_shadcn_accordion[8bed6d27a459b4e2]::default::__component_accordion::{closure#4}>), (core[df12db4294e9bfd3]::option::Option<tachys[60677b8cb7eba6f6]::view::any_view::AnyView>,)>>, leptos_shadcn_accordion[8bed6d27a459b4e2]::default::Accordion::{closure#0}>
[INFO] [stdout]   17:     0x59decda8c733 - leptos_shadcn_accordion[8bed6d27a459b4e2]::tdd_tests::tdd_tests::test_accordion_performance_comprehensive
[INFO] [stdout]   18:     0x59decdaad9d9 - <leptos_shadcn_accordion[8bed6d27a459b4e2]::tdd_tests::tdd_tests::test_accordion_performance_comprehensive::{closure#0} as core[df12db4294e9bfd3]::ops::function::FnOnce<()>>::call_once
[INFO] [stdout]   19:     0x59decdab099b - test[9d35eded1c95d3be]::__rust_begin_short_backtrace::<core[df12db4294e9bfd3]::result::Result<(), alloc[2182bb758b4b3781]::string::String>, fn() -> core[df12db4294e9bfd3]::result::Result<(), alloc[2182bb758b4b3781]::string::String>>
[INFO] [stdout]   20:     0x59decdabe005 - test[9d35eded1c95d3be]::run_test::{closure#0}
[INFO] [stdout]   21:     0x59decdab78c4 - std[70759c8f55707aa4]::sys::backtrace::__rust_begin_short_backtrace::<test[9d35eded1c95d3be]::run_test::{closure#1}, ()>
[INFO] [stdout]   22:     0x59decdac1162 - <std[70759c8f55707aa4]::thread::lifecycle::spawn_unchecked<test[9d35eded1c95d3be]::run_test::{closure#1}, ()>::{closure#1} as core[df12db4294e9bfd3]::ops::function::FnOnce<()>>::call_once::{shim:vtable#0}
[INFO] [stdout]   23:     0x59decdb36179 - <std[70759c8f55707aa4]::sys::thread::unix::Thread>::new::thread_start
[INFO] [stdout]   24:     0x7a163157adfa - <unknown>
[INFO] [stdout]   25:     0x7a163160e3d4 - clone
[INFO] [stdout]   26:                0x0 - <unknown>
[INFO] [stdout] 
[INFO] [stdout] ---- tdd_tests::tdd_tests::test_accordion_responsive_design stdout ----
[INFO] [stdout] 
[INFO] [stdout] thread 'tdd_tests::tdd_tests::test_accordion_responsive_design' (3745) panicked at /opt/rustwide/cargo-home/registry/src/index.crates.io-1949cf8c6b5b557f/reactive_graph-0.2.7/src/owner/context.rs:306:9:
[INFO] [stdout] Location { file: "src/default.rs", line: 79, column: 30 } expected context of type "reactive_graph::wrappers::read::Signal<bool>" to be present
[INFO] [stdout] stack backtrace:
[INFO] [stdout]    0:     0x59decdb368a1 - <<std[70759c8f55707aa4]::sys::backtrace::BacktraceLock>::print::DisplayBacktrace as core[df12db4294e9bfd3]::fmt::Display>::fmt
[INFO] [stdout]    1:     0x59decdb4ab4a - core[df12db4294e9bfd3]::fmt::write
[INFO] [stdout]    2:     0x59decdb3adec - <alloc[2182bb758b4b3781]::vec::Vec<u8> as core[df12db4294e9bfd3]::io::write::Write>::write_fmt
[INFO] [stdout]    3:     0x59decdb12e56 - std[70759c8f55707aa4]::panicking::default_hook::{closure#0}
[INFO] [stdout]    4:     0x59decdb2efc9 - std[70759c8f55707aa4]::panicking::default_hook
[INFO] [stdout]    5:     0x59decdabd6b0 - test[9d35eded1c95d3be]::test_main_inner::<test[9d35eded1c95d3be]::test_main_static::{closure#0}>::{closure#0}
[INFO] [stdout]    6:     0x59decdb2f182 - std[70759c8f55707aa4]::panicking::panic_with_hook
[INFO] [stdout]    7:     0x59decdb12f02 - std[70759c8f55707aa4]::panicking::panic_handler::{closure#0}
[INFO] [stdout]    8:     0x59decdb0bc59 - std[70759c8f55707aa4]::sys::backtrace::__rust_end_short_backtrace::<std[70759c8f55707aa4]::panicking::panic_handler::{closure#0}, !>
[INFO] [stdout]    9:     0x59decdb13afd - __rustc[8fa7c3cbc660c2b3]::rust_begin_unwind
[INFO] [stdout]   10:     0x59decdb4b2ac - core[df12db4294e9bfd3]::panicking::panic_fmt
[INFO] [stdout]   11:     0x59decdaa3f15 - reactive_graph[733a84d69d160926]::owner::context::expect_context::<reactive_graph[733a84d69d160926]::wrappers::read::Signal<bool>>
[INFO] [stdout]   12:     0x59decda92e33 - leptos_shadcn_accordion[8bed6d27a459b4e2]::default::__component_accordion_item
[INFO] [stdout]   13:     0x59decdaa0560 - reactive_graph[733a84d69d160926]::graph::subscriber::untrack_with_diagnostics::<leptos[62ed9f83c1f82ae8]::into_view::View<tachys[60677b8cb7eba6f6]::html::element::HtmlElement<tachys[60677b8cb7eba6f6]::html::element::elements::Div, (tachys[60677b8cb7eba6f6]::html::class::Class<leptos_shadcn_accordion[8bed6d27a459b4e2]::default::__component_accordion_item::{closure#4}>, tachys[60677b8cb7eba6f6]::html::attribute::custom::CustomAttr<&str, leptos_shadcn_accordion[8bed6d27a459b4e2]::default::__component_accordion_item::{closure#5}>, tachys[60677b8cb7eba6f6]::html::attribute::custom::CustomAttr<&str, leptos_shadcn_accordion[8bed6d27a459b4e2]::default::__component_accordion_item::{closure#6}>), (core[df12db4294e9bfd3]::option::Option<tachys[60677b8cb7eba6f6]::view::any_view::AnyView>,)>>, leptos_shadcn_accordion[8bed6d27a459b4e2]::default::AccordionItem::{closure#0}>
[INFO] [stdout]   14:     0x59decda88708 - <<alloc[2182bb758b4b3781]::boxed::Box<dyn core[df12db4294e9bfd3]::ops::function::FnOnce<(), Output = tachys[60677b8cb7eba6f6]::view::any_view::AnyView> + core[df12db4294e9bfd3]::marker::Send> as leptos[62ed9f83c1f82ae8]::children::ToChildren<leptos_shadcn_accordion[8bed6d27a459b4e2]::tdd_tests::tdd_tests::test_accordion_responsive_design::{closure#0}>>::to_children::{closure#0} as core[df12db4294e9bfd3]::ops::function::FnOnce<()>>::call_once::{shim:vtable#0}
[INFO] [stdout]   15:     0x59decda92d0f - leptos_shadcn_accordion[8bed6d27a459b4e2]::default::__component_accordion
[INFO] [stdout]   16:     0x59decdaa0456 - reactive_graph[733a84d69d160926]::graph::subscriber::untrack_with_diagnostics::<leptos[62ed9f83c1f82ae8]::into_view::View<tachys[60677b8cb7eba6f6]::html::element::HtmlElement<tachys[60677b8cb7eba6f6]::html::element::elements::Div, (tachys[60677b8cb7eba6f6]::html::class::Class<leptos_shadcn_accordion[8bed6d27a459b4e2]::default::__component_accordion::{closure#3}>, tachys[60677b8cb7eba6f6]::html::attribute::custom::CustomAttr<&str, leptos_shadcn_accordion[8bed6d27a459b4e2]::default::__component_accordion::{closure#4}>), (core[df12db4294e9bfd3]::option::Option<tachys[60677b8cb7eba6f6]::view::any_view::AnyView>,)>>, leptos_shadcn_accordion[8bed6d27a459b4e2]::default::Accordion::{closure#0}>
[INFO] [stdout]   17:     0x59decda8b7db - leptos_shadcn_accordion[8bed6d27a459b4e2]::tdd_tests::tdd_tests::test_accordion_responsive_design
[INFO] [stdout]   18:     0x59decdaad7d9 - <leptos_shadcn_accordion[8bed6d27a459b4e2]::tdd_tests::tdd_tests::test_accordion_responsive_design::{closure#0} as core[df12db4294e9bfd3]::ops::function::FnOnce<()>>::call_once
[INFO] [stdout]   19:     0x59decdab099b - test[9d35eded1c95d3be]::__rust_begin_short_backtrace::<core[df12db4294e9bfd3]::result::Result<(), alloc[2182bb758b4b3781]::string::String>, fn() -> core[df12db4294e9bfd3]::result::Result<(), alloc[2182bb758b4b3781]::string::String>>
[INFO] [stdout]   20:     0x59decdabe005 - test[9d35eded1c95d3be]::run_test::{closure#0}
[INFO] [stdout]   21:     0x59decdab78c4 - std[70759c8f55707aa4]::sys::backtrace::__rust_begin_short_backtrace::<test[9d35eded1c95d3be]::run_test::{closure#1}, ()>
[INFO] [stdout]   22:     0x59decdac1162 - <std[70759c8f55707aa4]::thread::lifecycle::spawn_unchecked<test[9d35eded1c95d3be]::run_test::{closure#1}, ()>::{closure#1} as core[df12db4294e9bfd3]::ops::function::FnOnce<()>>::call_once::{shim:vtable#0}
[INFO] [stdout]   23:     0x59decdb36179 - <std[70759c8f55707aa4]::sys::thread::unix::Thread>::new::thread_start
[INFO] [stdout]   24:     0x7a163157adfa - <unknown>
[INFO] [stdout]   25:     0x7a163160e3d4 - clone
[INFO] [stdout]   26:                0x0 - <unknown>
[INFO] [stdout] 
[INFO] [stdout] ---- tdd_tests::tdd_tests::test_accordion_single_type stdout ----
[INFO] [stdout] 
[INFO] [stdout] thread 'tdd_tests::tdd_tests::test_accordion_single_type' (3746) panicked at /opt/rustwide/cargo-home/registry/src/index.crates.io-1949cf8c6b5b557f/reactive_graph-0.2.7/src/owner/context.rs:306:9:
[INFO] [stdout] Location { file: "src/default.rs", line: 79, column: 30 } expected context of type "reactive_graph::wrappers::read::Signal<bool>" to be present
[INFO] [stdout] stack backtrace:
[INFO] [stdout]    0:     0x59decdb368a1 - <<std[70759c8f55707aa4]::sys::backtrace::BacktraceLock>::print::DisplayBacktrace as core[df12db4294e9bfd3]::fmt::Display>::fmt
[INFO] [stdout]    1:     0x59decdb4ab4a - core[df12db4294e9bfd3]::fmt::write
[INFO] [stdout]    2:     0x59decdb3adec - <alloc[2182bb758b4b3781]::vec::Vec<u8> as core[df12db4294e9bfd3]::io::write::Write>::write_fmt
[INFO] [stdout]    3:     0x59decdb12e56 - std[70759c8f55707aa4]::panicking::default_hook::{closure#0}
[INFO] [stdout]    4:     0x59decdb2efc9 - std[70759c8f55707aa4]::panicking::default_hook
[INFO] [stdout]    5:     0x59decdabd6b0 - test[9d35eded1c95d3be]::test_main_inner::<test[9d35eded1c95d3be]::test_main_static::{closure#0}>::{closure#0}
[INFO] [stdout]    6:     0x59decdb2f182 - std[70759c8f55707aa4]::panicking::panic_with_hook
[INFO] [stdout]    7:     0x59decdb12f02 - std[70759c8f55707aa4]::panicking::panic_handler::{closure#0}
[INFO] [stdout]    8:     0x59decdb0bc59 - std[70759c8f55707aa4]::sys::backtrace::__rust_end_short_backtrace::<std[70759c8f55707aa4]::panicking::panic_handler::{closure#0}, !>
[INFO] [stdout]    9:     0x59decdb13afd - __rustc[8fa7c3cbc660c2b3]::rust_begin_unwind
[INFO] [stdout]   10:     0x59decdb4b2ac - core[df12db4294e9bfd3]::panicking::panic_fmt
[INFO] [stdout]   11:     0x59decdaa3f15 - reactive_graph[733a84d69d160926]::owner::context::expect_context::<reactive_graph[733a84d69d160926]::wrappers::read::Signal<bool>>
[INFO] [stdout]   12:     0x59decda92e33 - leptos_shadcn_accordion[8bed6d27a459b4e2]::default::__component_accordion_item
[INFO] [stdout]   13:     0x59decdaa0560 - reactive_graph[733a84d69d160926]::graph::subscriber::untrack_with_diagnostics::<leptos[62ed9f83c1f82ae8]::into_view::View<tachys[60677b8cb7eba6f6]::html::element::HtmlElement<tachys[60677b8cb7eba6f6]::html::element::elements::Div, (tachys[60677b8cb7eba6f6]::html::class::Class<leptos_shadcn_accordion[8bed6d27a459b4e2]::default::__component_accordion_item::{closure#4}>, tachys[60677b8cb7eba6f6]::html::attribute::custom::CustomAttr<&str, leptos_shadcn_accordion[8bed6d27a459b4e2]::default::__component_accordion_item::{closure#5}>, tachys[60677b8cb7eba6f6]::html::attribute::custom::CustomAttr<&str, leptos_shadcn_accordion[8bed6d27a459b4e2]::default::__component_accordion_item::{closure#6}>), (core[df12db4294e9bfd3]::option::Option<tachys[60677b8cb7eba6f6]::view::any_view::AnyView>,)>>, leptos_shadcn_accordion[8bed6d27a459b4e2]::default::AccordionItem::{closure#0}>
[INFO] [stdout]   14:     0x59decda86d58 - <<alloc[2182bb758b4b3781]::boxed::Box<dyn core[df12db4294e9bfd3]::ops::function::FnOnce<(), Output = tachys[60677b8cb7eba6f6]::view::any_view::AnyView> + core[df12db4294e9bfd3]::marker::Send> as leptos[62ed9f83c1f82ae8]::children::ToChildren<leptos_shadcn_accordion[8bed6d27a459b4e2]::tdd_tests::tdd_tests::test_accordion_single_type::{closure#0}>>::to_children::{closure#0} as core[df12db4294e9bfd3]::ops::function::FnOnce<()>>::call_once::{shim:vtable#0}
[INFO] [stdout]   15:     0x59decda92d0f - leptos_shadcn_accordion[8bed6d27a459b4e2]::default::__component_accordion
[INFO] [stdout]   16:     0x59decdaa0456 - reactive_graph[733a84d69d160926]::graph::subscriber::untrack_with_diagnostics::<leptos[62ed9f83c1f82ae8]::into_view::View<tachys[60677b8cb7eba6f6]::html::element::HtmlElement<tachys[60677b8cb7eba6f6]::html::element::elements::Div, (tachys[60677b8cb7eba6f6]::html::class::Class<leptos_shadcn_accordion[8bed6d27a459b4e2]::default::__component_accordion::{closure#3}>, tachys[60677b8cb7eba6f6]::html::attribute::custom::CustomAttr<&str, leptos_shadcn_accordion[8bed6d27a459b4e2]::default::__component_accordion::{closure#4}>), (core[df12db4294e9bfd3]::option::Option<tachys[60677b8cb7eba6f6]::view::any_view::AnyView>,)>>, leptos_shadcn_accordion[8bed6d27a459b4e2]::default::Accordion::{closure#0}>
[INFO] [stdout]   17:     0x59decda89938 - leptos_shadcn_accordion[8bed6d27a459b4e2]::tdd_tests::tdd_tests::test_accordion_single_type
[INFO] [stdout]   18:     0x59decdaad559 - <leptos_shadcn_accordion[8bed6d27a459b4e2]::tdd_tests::tdd_tests::test_accordion_single_type::{closure#0} as core[df12db4294e9bfd3]::ops::function::FnOnce<()>>::call_once
[INFO] [stdout]   19:     0x59decdab099b - test[9d35eded1c95d3be]::__rust_begin_short_backtrace::<core[df12db4294e9bfd3]::result::Result<(), alloc[2182bb758b4b3781]::string::String>, fn() -> core[df12db4294e9bfd3]::result::Result<(), alloc[2182bb758b4b3781]::string::String>>
[INFO] [stdout]   20:     0x59decdabe005 - test[9d35eded1c95d3be]::run_test::{closure#0}
[INFO] [stdout]   21:     0x59decdab78c4 - std[70759c8f55707aa4]::sys::backtrace::__rust_begin_short_backtrace::<test[9d35eded1c95d3be]::run_test::{closure#1}, ()>
[INFO] [stdout]   22:     0x59decdac1162 - <std[70759c8f55707aa4]::thread::lifecycle::spawn_unchecked<test[9d35eded1c95d3be]::run_test::{closure#1}, ()>::{closure#1} as core[df12db4294e9bfd3]::ops::function::FnOnce<()>>::call_once::{shim:vtable#0}
[INFO] [stdout]   23:     0x59decdb36179 - <std[70759c8f55707aa4]::sys::thread::unix::Thread>::new::thread_start
[INFO] [stdout]   24:     0x7a163157adfa - <unknown>
[INFO] [stdout]   25:     0x7a163160e3d4 - clone
[INFO] [stdout]   26:                0x0 - <unknown>
[INFO] [stdout] 
[INFO] [stdout] ---- tdd_tests::tdd_tests::test_accordion_disabled_state stdout ----
[INFO] [stdout] 
[INFO] [stdout] thread 'tdd_tests::tdd_tests::test_accordion_disabled_state' (3733) panicked at /opt/rustwide/cargo-home/registry/src/index.crates.io-1949cf8c6b5b557f/reactive_graph-0.2.7/src/owner/context.rs:306:9:
[INFO] [stdout] Location { file: "src/default.rs", line: 79, column: 30 } expected context of type "reactive_graph::wrappers::read::Signal<bool>" to be present
[INFO] [stdout] stack backtrace:
[INFO] [stdout]    0:     0x59decdb368a1 - <<std[70759c8f55707aa4]::sys::backtrace::BacktraceLock>::print::DisplayBacktrace as core[df12db4294e9bfd3]::fmt::Display>::fmt
[INFO] [stdout]    1:     0x59decdb4ab4a - core[df12db4294e9bfd3]::fmt::write
[INFO] [stdout]    2:     0x59decdb3adec - <alloc[2182bb758b4b3781]::vec::Vec<u8> as core[df12db4294e9bfd3]::io::write::Write>::write_fmt
[INFO] [stdout]    3:     0x59decdb12e56 - std[70759c8f55707aa4]::panicking::default_hook::{closure#0}
[INFO] [stdout]    4:     0x59decdb2efc9 - std[70759c8f55707aa4]::panicking::default_hook
[INFO] [stdout]    5:     0x59decdabd6b0 - test[9d35eded1c95d3be]::test_main_inner::<test[9d35eded1c95d3be]::test_main_static::{closure#0}>::{closure#0}
[INFO] [stdout]    6:     0x59decdb2f182 - std[70759c8f55707aa4]::panicking::panic_with_hook
[INFO] [stdout]    7:     0x59decdb12f02 - std[70759c8f55707aa4]::panicking::panic_handler::{closure#0}
[INFO] [stdout]    8:     0x59decdb0bc59 - std[70759c8f55707aa4]::sys::backtrace::__rust_end_short_backtrace::<std[70759c8f55707aa4]::panicking::panic_handler::{closure#0}, !>
[INFO] [stdout]    9:     0x59decdb13afd - __rustc[8fa7c3cbc660c2b3]::rust_begin_unwind
[INFO] [stdout]   10:     0x59decdb4b2ac - core[df12db4294e9bfd3]::panicking::panic_fmt
[INFO] [stdout]   11:     0x59decdaa3f15 - reactive_graph[733a84d69d160926]::owner::context::expect_context::<reactive_graph[733a84d69d160926]::wrappers::read::Signal<bool>>
[INFO] [stdout]   12:     0x59decda92e33 - leptos_shadcn_accordion[8bed6d27a459b4e2]::default::__component_accordion_item
[INFO] [stdout]   13:     0x59decdaa0560 - reactive_graph[733a84d69d160926]::graph::subscriber::untrack_with_diagnostics::<leptos[62ed9f83c1f82ae8]::into_view::View<tachys[60677b8cb7eba6f6]::html::element::HtmlElement<tachys[60677b8cb7eba6f6]::html::element::elements::Div, (tachys[60677b8cb7eba6f6]::html::class::Class<leptos_shadcn_accordion[8bed6d27a459b4e2]::default::__component_accordion_item::{closure#4}>, tachys[60677b8cb7eba6f6]::html::attribute::custom::CustomAttr<&str, leptos_shadcn_accordion[8bed6d27a459b4e2]::default::__component_accordion_item::{closure#5}>, tachys[60677b8cb7eba6f6]::html::attribute::custom::CustomAttr<&str, leptos_shadcn_accordion[8bed6d27a459b4e2]::default::__component_accordion_item::{closure#6}>), (core[df12db4294e9bfd3]::option::Option<tachys[60677b8cb7eba6f6]::view::any_view::AnyView>,)>>, leptos_shadcn_accordion[8bed6d27a459b4e2]::default::AccordionItem::{closure#0}>
[INFO] [stdout]   14:     0x59decda87738 - <<alloc[2182bb758b4b3781]::boxed::Box<dyn core[df12db4294e9bfd3]::ops::function::FnOnce<(), Output = tachys[60677b8cb7eba6f6]::view::any_view::AnyView> + core[df12db4294e9bfd3]::marker::Send> as leptos[62ed9f83c1f82ae8]::children::ToChildren<leptos_shadcn_accordion[8bed6d27a459b4e2]::tdd_tests::tdd_tests::test_accordion_disabled_state::{closure#0}>>::to_children::{closure#0} as core[df12db4294e9bfd3]::ops::function::FnOnce<()>>::call_once::{shim:vtable#0}
[INFO] [stdout]   15:     0x59decda92d0f - leptos_shadcn_accordion[8bed6d27a459b4e2]::default::__component_accordion
[INFO] [stdout]   16:     0x59decdaa0456 - reactive_graph[733a84d69d160926]::graph::subscriber::untrack_with_diagnostics::<leptos[62ed9f83c1f82ae8]::into_view::View<tachys[60677b8cb7eba6f6]::html::element::HtmlElement<tachys[60677b8cb7eba6f6]::html::element::elements::Div, (tachys[60677b8cb7eba6f6]::html::class::Class<leptos_shadcn_accordion[8bed6d27a459b4e2]::default::__component_accordion::{closure#3}>, tachys[60677b8cb7eba6f6]::html::attribute::custom::CustomAttr<&str, leptos_shadcn_accordion[8bed6d27a459b4e2]::default::__component_accordion::{closure#4}>), (core[df12db4294e9bfd3]::option::Option<tachys[60677b8cb7eba6f6]::view::any_view::AnyView>,)>>, leptos_shadcn_accordion[8bed6d27a459b4e2]::default::Accordion::{closure#0}>
[INFO] [stdout]   17:     0x59decda8a5f8 - leptos_shadcn_accordion[8bed6d27a459b4e2]::tdd_tests::tdd_tests::test_accordion_disabled_state
[INFO] [stdout]   18:     0x59decdaad639 - <leptos_shadcn_accordion[8bed6d27a459b4e2]::tdd_tests::tdd_tests::test_accordion_disabled_state::{closure#0} as core[df12db4294e9bfd3]::ops::function::FnOnce<()>>::call_once
[INFO] [stdout]   19:     0x59decdab099b - test[9d35eded1c95d3be]::__rust_begin_short_backtrace::<core[df12db4294e9bfd3]::result::Result<(), alloc[2182bb758b4b3781]::string::String>, fn() -> core[df12db4294e9bfd3]::result::Result<(), alloc[2182bb758b4b3781]::string::String>>
[INFO] [stdout]   20:     0x59decdabe005 - test[9d35eded1c95d3be]::run_test::{closure#0}
[INFO] [stdout]   21:     0x59decdab78c4 - std[70759c8f55707aa4]::sys::backtrace::__rust_begin_short_backtrace::<test[9d35eded1c95d3be]::run_test::{closure#1}, ()>
[INFO] [stdout]   22:     0x59decdac1162 - <std[70759c8f55707aa4]::thread::lifecycle::spawn_unchecked<test[9d35eded1c95d3be]::run_test::{closure#1}, ()>::{closure#1} as core[df12db4294e9bfd3]::ops::function::FnOnce<()>>::call_once::{shim:vtable#0}
[INFO] [stdout]   23:     0x59decdb36179 - <std[70759c8f55707aa4]::sys::thread::unix::Thread>::new::thread_start
[INFO] [stdout]   24:     0x7a163157adfa - <unknown>
[INFO] [stdout]   25:     0x7a163160e3d4 - clone
[INFO] [stdout]   26:                0x0 - <unknown>
[INFO] [stdout] 
[INFO] [stdout] ---- tdd_tests::tdd_tests::test_accordion_theme_switching stdout ----
[INFO] [stdout] 
[INFO] [stdout] thread 'tdd_tests::tdd_tests::test_accordion_theme_switching' (3748) panicked at /opt/rustwide/cargo-home/registry/src/index.crates.io-1949cf8c6b5b557f/reactive_graph-0.2.7/src/owner/context.rs:306:9:
[INFO] [stdout] Location { file: "src/default.rs", line: 79, column: 30 } expected context of type "reactive_graph::wrappers::read::Signal<bool>" to be present
[INFO] [stdout] stack backtrace:
[INFO] [stdout]    0:     0x59decdb368a1 - <<std[70759c8f55707aa4]::sys::backtrace::BacktraceLock>::print::DisplayBacktrace as core[df12db4294e9bfd3]::fmt::Display>::fmt
[INFO] [stdout]    1:     0x59decdb4ab4a - core[df12db4294e9bfd3]::fmt::write
[INFO] [stdout]    2:     0x59decdb3adec - <alloc[2182bb758b4b3781]::vec::Vec<u8> as core[df12db4294e9bfd3]::io::write::Write>::write_fmt
[INFO] [stdout]    3:     0x59decdb12e56 - std[70759c8f55707aa4]::panicking::default_hook::{closure#0}
[INFO] [stdout]    4:     0x59decdb2efc9 - std[70759c8f55707aa4]::panicking::default_hook
[INFO] [stdout]    5:     0x59decdabd6b0 - test[9d35eded1c95d3be]::test_main_inner::<test[9d35eded1c95d3be]::test_main_static::{closure#0}>::{closure#0}
[INFO] [stdout]    6:     0x59decdb2f182 - std[70759c8f55707aa4]::panicking::panic_with_hook
[INFO] [stdout]    7:     0x59decdb12f02 - std[70759c8f55707aa4]::panicking::panic_handler::{closure#0}
[INFO] [stdout]    8:     0x59decdb0bc59 - std[70759c8f55707aa4]::sys::backtrace::__rust_end_short_backtrace::<std[70759c8f55707aa4]::panicking::panic_handler::{closure#0}, !>
[INFO] [stdout]    9:     0x59decdb13afd - __rustc[8fa7c3cbc660c2b3]::rust_begin_unwind
[INFO] [stdout]   10:     0x59decdb4b2ac - core[df12db4294e9bfd3]::panicking::panic_fmt
[INFO] [stdout]   11:     0x59decdaa3f15 - reactive_graph[733a84d69d160926]::owner::context::expect_context::<reactive_graph[733a84d69d160926]::wrappers::read::Signal<bool>>
[INFO] [stdout]   12:     0x59decda92e33 - leptos_shadcn_accordion[8bed6d27a459b4e2]::default::__component_accordion_item
[INFO] [stdout]   13:     0x59decdaa0560 - reactive_graph[733a84d69d160926]::graph::subscriber::untrack_with_diagnostics::<leptos[62ed9f83c1f82ae8]::into_view::View<tachys[60677b8cb7eba6f6]::html::element::HtmlElement<tachys[60677b8cb7eba6f6]::html::element::elements::Div, (tachys[60677b8cb7eba6f6]::html::class::Class<leptos_shadcn_accordion[8bed6d27a459b4e2]::default::__component_accordion_item::{closure#4}>, tachys[60677b8cb7eba6f6]::html::attribute::custom::CustomAttr<&str, leptos_shadcn_accordion[8bed6d27a459b4e2]::default::__component_accordion_item::{closure#5}>, tachys[60677b8cb7eba6f6]::html::attribute::custom::CustomAttr<&str, leptos_shadcn_accordion[8bed6d27a459b4e2]::default::__component_accordion_item::{closure#6}>), (core[df12db4294e9bfd3]::option::Option<tachys[60677b8cb7eba6f6]::view::any_view::AnyView>,)>>, leptos_shadcn_accordion[8bed6d27a459b4e2]::default::AccordionItem::{closure#0}>
[INFO] [stdout]   14:     0x59decda88168 - <<alloc[2182bb758b4b3781]::boxed::Box<dyn core[df12db4294e9bfd3]::ops::function::FnOnce<(), Output = tachys[60677b8cb7eba6f6]::view::any_view::AnyView> + core[df12db4294e9bfd3]::marker::Send> as leptos[62ed9f83c1f82ae8]::children::ToChildren<leptos_shadcn_accordion[8bed6d27a459b4e2]::tdd_tests::tdd_tests::test_accordion_theme_switching::{closure#0}>>::to_children::{closure#0} as core[df12db4294e9bfd3]::ops::function::FnOnce<()>>::call_once::{shim:vtable#0}
[INFO] [stdout]   15:     0x59decda92d0f - leptos_shadcn_accordion[8bed6d27a459b4e2]::default::__component_accordion
[INFO] [stdout]   16:     0x59decdaa0456 - reactive_graph[733a84d69d160926]::graph::subscriber::untrack_with_diagnostics::<leptos[62ed9f83c1f82ae8]::into_view::View<tachys[60677b8cb7eba6f6]::html::element::HtmlElement<tachys[60677b8cb7eba6f6]::html::element::elements::Div, (tachys[60677b8cb7eba6f6]::html::class::Class<leptos_shadcn_accordion[8bed6d27a459b4e2]::default::__component_accordion::{closure#3}>, tachys[60677b8cb7eba6f6]::html::attribute::custom::CustomAttr<&str, leptos_shadcn_accordion[8bed6d27a459b4e2]::default::__component_accordion::{closure#4}>), (core[df12db4294e9bfd3]::option::Option<tachys[60677b8cb7eba6f6]::view::any_view::AnyView>,)>>, leptos_shadcn_accordion[8bed6d27a459b4e2]::default::Accordion::{closure#0}>
[INFO] [stdout]   17:     0x59decda8abd5 - leptos_shadcn_accordion[8bed6d27a459b4e2]::tdd_tests::tdd_tests::test_accordion_theme_switching
[INFO] [stdout]   18:     0x59decdaad6f9 - <leptos_shadcn_accordion[8bed6d27a459b4e2]::tdd_tests::tdd_tests::test_accordion_theme_switching::{closure#0} as core[df12db4294e9bfd3]::ops::function::FnOnce<()>>::call_once
[INFO] [stdout]   19:     0x59decdab099b - test[9d35eded1c95d3be]::__rust_begin_short_backtrace::<core[df12db4294e9bfd3]::result::Result<(), alloc[2182bb758b4b3781]::string::String>, fn() -> core[df12db4294e9bfd3]::result::Result<(), alloc[2182bb758b4b3781]::string::String>>
[INFO] [stdout]   20:     0x59decdabe005 - test[9d35eded1c95d3be]::run_test::{closure#0}
[INFO] [stdout]   21:     0x59decdab78c4 - std[70759c8f55707aa4]::sys::backtrace::__rust_begin_short_backtrace::<test[9d35eded1c95d3be]::run_test::{closure#1}, ()>
[INFO] [stdout]   22:     0x59decdac1162 - <std[70759c8f55707aa4]::thread::lifecycle::spawn_unchecked<test[9d35eded1c95d3be]::run_test::{closure#1}, ()>::{closure#1} as core[df12db4294e9bfd3]::ops::function::FnOnce<()>>::call_once::{shim:vtable#0}
[INFO] [stdout]   23:     0x59decdb36179 - <std[70759c8f55707aa4]::sys::thread::unix::Thread>::new::thread_start
[INFO] [stdout]   24:     0x7a163157adfa - <unknown>
[INFO] [stdout]   25:     0x7a163160e3d4 - clone
[INFO] [stdout]   26:                0x0 - <unknown>
[INFO] [stdout] 
[INFO] [stdout] ---- tdd_tests::tdd_tests::test_accordion_trigger_component stdout ----
[INFO] [stdout] 
[INFO] [stdout] thread 'tdd_tests::tdd_tests::test_accordion_trigger_component' (3749) panicked at /opt/rustwide/cargo-home/registry/src/index.crates.io-1949cf8c6b5b557f/reactive_graph-0.2.7/src/owner/context.rs:306:9:
[INFO] [stdout] Location { file: "src/default.rs", line: 111, column: 22 } expected context of type "alloc::string::String" to be present
[INFO] [stdout] stack backtrace:
[INFO] [stdout]    0:     0x59decdb368a1 - <<std[70759c8f55707aa4]::sys::backtrace::BacktraceLock>::print::DisplayBacktrace as core[df12db4294e9bfd3]::fmt::Display>::fmt
[INFO] [stdout]    1:     0x59decdb4ab4a - core[df12db4294e9bfd3]::fmt::write
[INFO] [stdout]    2:     0x59decdb3adec - <alloc[2182bb758b4b3781]::vec::Vec<u8> as core[df12db4294e9bfd3]::io::write::Write>::write_fmt
[INFO] [stdout]    3:     0x59decdb12e56 - std[70759c8f55707aa4]::panicking::default_hook::{closure#0}
[INFO] [stdout]    4:     0x59decdb2efc9 - std[70759c8f55707aa4]::panicking::default_hook
[INFO] [stdout]    5:     0x59decdabd6b0 - test[9d35eded1c95d3be]::test_main_inner::<test[9d35eded1c95d3be]::test_main_static::{closure#0}>::{closure#0}
[INFO] [stdout]    6:     0x59decdb2f182 - std[70759c8f55707aa4]::panicking::panic_with_hook
[INFO] [stdout]    7:     0x59decdb12f02 - std[70759c8f55707aa4]::panicking::panic_handler::{closure#0}
[INFO] [stdout]    8:     0x59decdb0bc59 - std[70759c8f55707aa4]::sys::backtrace::__rust_end_short_backtrace::<std[70759c8f55707aa4]::panicking::panic_handler::{closure#0}, !>
[INFO] [stdout]    9:     0x59decdb13afd - __rustc[8fa7c3cbc660c2b3]::rust_begin_unwind
[INFO] [stdout]   10:     0x59decdb4b2ac - core[df12db4294e9bfd3]::panicking::panic_fmt
[INFO] [stdout]   11:     0x59decdaa404a - reactive_graph[733a84d69d160926]::owner::context::expect_context::<alloc[2182bb758b4b3781]::string::String>
[INFO] [stdout]   12:     0x59decda9343f - leptos_shadcn_accordion[8bed6d27a459b4e2]::default::__component_accordion_trigger
[INFO] [stdout]   13:     0x59decdaa073b - reactive_graph[733a84d69d160926]::graph::subscriber::untrack_with_diagnostics::<tachys[60677b8cb7eba6f6]::view::any_view::AnyView, leptos_shadcn_accordion[8bed6d27a459b4e2]::default::AccordionTrigger::{closure#0}>
[INFO] [stdout]   14:     0x59decdaad861 - <leptos_shadcn_accordion[8bed6d27a459b4e2]::tdd_tests::tdd_tests::test_accordion_trigger_component::{closure#0} as core[df12db4294e9bfd3]::ops::function::FnOnce<()>>::call_once
[INFO] [stdout]   15:     0x59decdab099b - test[9d35eded1c95d3be]::__rust_begin_short_backtrace::<core[df12db4294e9bfd3]::result::Result<(), alloc[2182bb758b4b3781]::string::String>, fn() -> core[df12db4294e9bfd3]::result::Result<(), alloc[2182bb758b4b3781]::string::String>>
[INFO] [stdout]   16:     0x59decdabe005 - test[9d35eded1c95d3be]::run_test::{closure#0}
[INFO] [stdout]   17:     0x59decdab78c4 - std[70759c8f55707aa4]::sys::backtrace::__rust_begin_short_backtrace::<test[9d35eded1c95d3be]::run_test::{closure#1}, ()>
[INFO] [stdout]   18:     0x59decdac1162 - <std[70759c8f55707aa4]::thread::lifecycle::spawn_unchecked<test[9d35eded1c95d3be]::run_test::{closure#1}, ()>::{closure#1} as core[df12db4294e9bfd3]::ops::function::FnOnce<()>>::call_once::{shim:vtable#0}
[INFO] [stdout]   19:     0x59decdb36179 - <std[70759c8f55707aa4]::sys::thread::unix::Thread>::new::thread_start
[INFO] [stdout]   20:     0x7a163157adfa - <unknown>
[INFO] [stdout]   21:     0x7a163160e3d4 - clone
[INFO] [stdout]   22:                0x0 - <unknown>
[INFO] [stdout] 
[INFO] [stdout] ---- tdd_tests::tdd_tests::test_accordion_validation_comprehensive stdout ----
[INFO] [stdout] 
[INFO] [stdout] thread 'tdd_tests::tdd_tests::test_accordion_validation_comprehensive' (3750) panicked at /opt/rustwide/cargo-home/registry/src/index.crates.io-1949cf8c6b5b557f/reactive_graph-0.2.7/src/owner/context.rs:306:9:
[INFO] [stdout] Location { file: "src/default.rs", line: 79, column: 30 } expected context of type "reactive_graph::wrappers::read::Signal<bool>" to be present
[INFO] [stdout] stack backtrace:
[INFO] [stdout]    0:     0x59decdb368a1 - <<std[70759c8f55707aa4]::sys::backtrace::BacktraceLock>::print::DisplayBacktrace as core[df12db4294e9bfd3]::fmt::Display>::fmt
[INFO] [stdout]    1:     0x59decdb4ab4a - core[df12db4294e9bfd3]::fmt::write
[INFO] [stdout]    2:     0x59decdb3adec - <alloc[2182bb758b4b3781]::vec::Vec<u8> as core[df12db4294e9bfd3]::io::write::Write>::write_fmt
[INFO] [stdout]    3:     0x59decdb12e56 - std[70759c8f55707aa4]::panicking::default_hook::{closure#0}
[INFO] [stdout]    4:     0x59decdb2efc9 - std[70759c8f55707aa4]::panicking::default_hook
[INFO] [stdout]    5:     0x59decdabd6b0 - test[9d35eded1c95d3be]::test_main_inner::<test[9d35eded1c95d3be]::test_main_static::{closure#0}>::{closure#0}
[INFO] [stdout]    6:     0x59decdb2f182 - std[70759c8f55707aa4]::panicking::panic_with_hook
[INFO] [stdout]    7:     0x59decdb12f02 - std[70759c8f55707aa4]::panicking::panic_handler::{closure#0}
[INFO] [stdout]    8:     0x59decdb0bc59 - std[70759c8f55707aa4]::sys::backtrace::__rust_end_short_backtrace::<std[70759c8f55707aa4]::panicking::panic_handler::{closure#0}, !>
[INFO] [stdout]    9:     0x59decdb13afd - __rustc[8fa7c3cbc660c2b3]::rust_begin_unwind
[INFO] [stdout]   10:     0x59decdb4b2ac - core[df12db4294e9bfd3]::panicking::panic_fmt
[INFO] [stdout]   11:     0x59decdaa3f15 - reactive_graph[733a84d69d160926]::owner::context::expect_context::<reactive_graph[733a84d69d160926]::wrappers::read::Signal<bool>>
[INFO] [stdout]   12:     0x59decda92e33 - leptos_shadcn_accordion[8bed6d27a459b4e2]::default::__component_accordion_item
[INFO] [stdout]   13:     0x59decdaa0560 - reactive_graph[733a84d69d160926]::graph::subscriber::untrack_with_diagnostics::<leptos[62ed9f83c1f82ae8]::into_view::View<tachys[60677b8cb7eba6f6]::html::element::HtmlElement<tachys[60677b8cb7eba6f6]::html::element::elements::Div, (tachys[60677b8cb7eba6f6]::html::class::Class<leptos_shadcn_accordion[8bed6d27a459b4e2]::default::__component_accordion_item::{closure#4}>, tachys[60677b8cb7eba6f6]::html::attribute::custom::CustomAttr<&str, leptos_shadcn_accordion[8bed6d27a459b4e2]::default::__component_accordion_item::{closure#5}>, tachys[60677b8cb7eba6f6]::html::attribute::custom::CustomAttr<&str, leptos_shadcn_accordion[8bed6d27a459b4e2]::default::__component_accordion_item::{closure#6}>), (core[df12db4294e9bfd3]::option::Option<tachys[60677b8cb7eba6f6]::view::any_view::AnyView>,)>>, leptos_shadcn_accordion[8bed6d27a459b4e2]::default::AccordionItem::{closure#0}>
[INFO] [stdout]   14:     0x59decda893e8 - <<alloc[2182bb758b4b3781]::boxed::Box<dyn core[df12db4294e9bfd3]::ops::function::FnOnce<(), Output = tachys[60677b8cb7eba6f6]::view::any_view::AnyView> + core[df12db4294e9bfd3]::marker::Send> as leptos[62ed9f83c1f82ae8]::children::ToChildren<leptos_shadcn_accordion[8bed6d27a459b4e2]::tdd_tests::tdd_tests::test_accordion_validation_comprehensive::{closure#0}>>::to_children::{closure#0} as core[df12db4294e9bfd3]::ops::function::FnOnce<()>>::call_once::{shim:vtable#0}
[INFO] [stdout]   15:     0x59decda92d0f - leptos_shadcn_accordion[8bed6d27a459b4e2]::default::__component_accordion
[INFO] [stdout]   16:     0x59decdaa0456 - reactive_graph[733a84d69d160926]::graph::subscriber::untrack_with_diagnostics::<leptos[62ed9f83c1f82ae8]::into_view::View<tachys[60677b8cb7eba6f6]::html::element::HtmlElement<tachys[60677b8cb7eba6f6]::html::element::elements::Div, (tachys[60677b8cb7eba6f6]::html::class::Class<leptos_shadcn_accordion[8bed6d27a459b4e2]::default::__component_accordion::{closure#3}>, tachys[60677b8cb7eba6f6]::html::attribute::custom::CustomAttr<&str, leptos_shadcn_accordion[8bed6d27a459b4e2]::default::__component_accordion::{closure#4}>), (core[df12db4294e9bfd3]::option::Option<tachys[60677b8cb7eba6f6]::view::any_view::AnyView>,)>>, leptos_shadcn_accordion[8bed6d27a459b4e2]::default::Accordion::{closure#0}>
[INFO] [stdout]   17:     0x59decda8c633 - leptos_shadcn_accordion[8bed6d27a459b4e2]::tdd_tests::tdd_tests::test_accordion_validation_comprehensive
[INFO] [stdout]   18:     0x59decdaad9b9 - <leptos_shadcn_accordion[8bed6d27a459b4e2]::tdd_tests::tdd_tests::test_accordion_validation_comprehensive::{closure#0} as core[df12db4294e9bfd3]::ops::function::FnOnce<()>>::call_once
[INFO] [stdout]   19:     0x59decdab099b - test[9d35eded1c95d3be]::__rust_begin_short_backtrace::<core[df12db4294e9bfd3]::result::Result<(), alloc[2182bb758b4b3781]::string::String>, fn() -> core[df12db4294e9bfd3]::result::Result<(), alloc[2182bb758b4b3781]::string::String>>
[INFO] [stdout]   20:     0x59decdabe005 - test[9d35eded1c95d3be]::run_test::{closure#0}
[INFO] [stdout]   21:     0x59decdab78c4 - std[70759c8f55707aa4]::sys::backtrace::__rust_begin_short_backtrace::<test[9d35eded1c95d3be]::run_test::{closure#1}, ()>
[INFO] [stdout]   22:     0x59decdac1162 - <std[70759c8f55707aa4]::thread::lifecycle::spawn_unchecked<test[9d35eded1c95d3be]::run_test::{closure#1}, ()>::{closure#1} as core[df12db4294e9bfd3]::ops::function::FnOnce<()>>::call_once::{shim:vtable#0}
[INFO] [stdout]   23:     0x59decdb36179 - <std[70759c8f55707aa4]::sys::thread::unix::Thread>::new::thread_start
[INFO] [stdout]   24:     0x7a163157adfa - <unknown>
[INFO] [stdout]   25:     0x7a163160e3d4 - clone
[INFO] [stdout]   26:                0x0 - <unknown>
[INFO] [stdout] 
[INFO] [stdout] ---- tdd_tests::tdd_tests::test_accordion_integration_scenarios stdout ----
[INFO] [stdout] 
[INFO] [stdout] thread 'tdd_tests::tdd_tests::test_accordion_integration_scenarios' (3737) panicked at /opt/rustwide/cargo-home/registry/src/index.crates.io-1949cf8c6b5b557f/reactive_graph-0.2.7/src/owner/context.rs:306:9:
[INFO] [stdout] Location { file: "src/default.rs", line: 79, column: 30 } expected context of type "reactive_graph::wrappers::read::Signal<bool>" to be present
[INFO] [stdout] stack backtrace:
[INFO] [stdout]    0:     0x59decdb368a1 - <<std[70759c8f55707aa4]::sys::backtrace::BacktraceLock>::print::DisplayBacktrace as core[df12db4294e9bfd3]::fmt::Display>::fmt
[INFO] [stdout]    1:     0x59decdb4ab4a - core[df12db4294e9bfd3]::fmt::write
[INFO] [stdout]    2:     0x59decdb3adec - <alloc[2182bb758b4b3781]::vec::Vec<u8> as core[df12db4294e9bfd3]::io::write::Write>::write_fmt
[INFO] [stdout]    3:     0x59decdb12e56 - std[70759c8f55707aa4]::panicking::default_hook::{closure#0}
[INFO] [stdout]    4:     0x59decdb2efc9 - std[70759c8f55707aa4]::panicking::default_hook
[INFO] [stdout]    5:     0x59decdabd6b0 - test[9d35eded1c95d3be]::test_main_inner::<test[9d35eded1c95d3be]::test_main_static::{closure#0}>::{closure#0}
[INFO] [stdout]    6:     0x59decdb2f182 - std[70759c8f55707aa4]::panicking::panic_with_hook
[INFO] [stdout]    7:     0x59decdb12f02 - std[70759c8f55707aa4]::panicking::panic_handler::{closure#0}
[INFO] [stdout]    8:     0x59decdb0bc59 - std[70759c8f55707aa4]::sys::backtrace::__rust_end_short_backtrace::<std[70759c8f55707aa4]::panicking::panic_handler::{closure#0}, !>
[INFO] [stdout]    9:     0x59decdb13afd - __rustc[8fa7c3cbc660c2b3]::rust_begin_unwind
[INFO] [stdout]   10:     0x59decdb4b2ac - core[df12db4294e9bfd3]::panicking::panic_fmt
[INFO] [stdout]   11:     0x59decdaa3f15 - reactive_graph[733a84d69d160926]::owner::context::expect_context::<reactive_graph[733a84d69d160926]::wrappers::read::Signal<bool>>
[INFO] [stdout]   12:     0x59decda92e33 - leptos_shadcn_accordion[8bed6d27a459b4e2]::default::__component_accordion_item
[INFO] [stdout]   13:     0x59decdaa0560 - reactive_graph[733a84d69d160926]::graph::subscriber::untrack_with_diagnostics::<leptos[62ed9f83c1f82ae8]::into_view::View<tachys[60677b8cb7eba6f6]::html::element::HtmlElement<tachys[60677b8cb7eba6f6]::html::element::elements::Div, (tachys[60677b8cb7eba6f6]::html::class::Class<leptos_shadcn_accordion[8bed6d27a459b4e2]::default::__component_accordion_item::{closure#4}>, tachys[60677b8cb7eba6f6]::html::attribute::custom::CustomAttr<&str, leptos_shadcn_accordion[8bed6d27a459b4e2]::default::__component_accordion_item::{closure#5}>, tachys[60677b8cb7eba6f6]::html::attribute::custom::CustomAttr<&str, leptos_shadcn_accordion[8bed6d27a459b4e2]::default::__component_accordion_item::{closure#6}>), (core[df12db4294e9bfd3]::option::Option<tachys[60677b8cb7eba6f6]::view::any_view::AnyView>,)>>, leptos_shadcn_accordion[8bed6d27a459b4e2]::default::AccordionItem::{closure#0}>
[INFO] [stdout]   14:     0x59decda88e69 - <<alloc[2182bb758b4b3781]::boxed::Box<dyn core[df12db4294e9bfd3]::ops::function::FnOnce<(), Output = tachys[60677b8cb7eba6f6]::view::any_view::AnyView> + core[df12db4294e9bfd3]::marker::Send> as leptos[62ed9f83c1f82ae8]::children::ToChildren<leptos_shadcn_accordion[8bed6d27a459b4e2]::tdd_tests::tdd_tests::test_accordion_integration_scenarios::{closure#0}>>::to_children::{closure#0} as core[df12db4294e9bfd3]::ops::function::FnOnce<()>>::call_once::{shim:vtable#0}
[INFO] [stdout]   15:     0x59decda92d0f - leptos_shadcn_accordion[8bed6d27a459b4e2]::default::__component_accordion
[INFO] [stdout]   16:     0x59decdaa0456 - reactive_graph[733a84d69d160926]::graph::subscriber::untrack_with_diagnostics::<leptos[62ed9f83c1f82ae8]::into_view::View<tachys[60677b8cb7eba6f6]::html::element::HtmlElement<tachys[60677b8cb7eba6f6]::html::element::elements::Div, (tachys[60677b8cb7eba6f6]::html::class::Class<leptos_shadcn_accordion[8bed6d27a459b4e2]::default::__component_accordion::{closure#3}>, tachys[60677b8cb7eba6f6]::html::attribute::custom::CustomAttr<&str, leptos_shadcn_accordion[8bed6d27a459b4e2]::default::__component_accordion::{closure#4}>), (core[df12db4294e9bfd3]::option::Option<tachys[60677b8cb7eba6f6]::view::any_view::AnyView>,)>>, leptos_shadcn_accordion[8bed6d27a459b4e2]::default::Accordion::{closure#0}>
[INFO] [stdout]   17:     0x59decda8c077 - leptos_shadcn_accordion[8bed6d27a459b4e2]::tdd_tests::tdd_tests::test_accordion_integration_scenarios
[INFO] [stdout]   18:     0x59decdaad939 - <leptos_shadcn_accordion[8bed6d27a459b4e2]::tdd_tests::tdd_tests::test_accordion_integration_scenarios::{closure#0} as core[df12db4294e9bfd3]::ops::function::FnOnce<()>>::call_once
[INFO] [stdout]   19:     0x59decdab099b - test[9d35eded1c95d3be]::__rust_begin_short_backtrace::<core[df12db4294e9bfd3]::result::Result<(), alloc[2182bb758b4b3781]::string::String>, fn() -> core[df12db4294e9bfd3]::result::Result<(), alloc[2182bb758b4b3781]::string::String>>
[INFO] [stdout]   20:     0x59decdabe005 - test[9d35eded1c95d3be]::run_test::{closure#0}
[INFO] [stdout]   21:     0x59decdab78c4 - std[70759c8f55707aa4]::sys::backtrace::__rust_begin_short_backtrace::<test[9d35eded1c95d3be]::run_test::{closure#1}, ()>
[INFO] [stdout]   22:     0x59decdac1162 - <std[70759c8f55707aa4]::thread::lifecycle::spawn_unchecked<test[9d35eded1c95d3be]::run_test::{closure#1}, ()>::{closure#1} as core[df12db4294e9bfd3]::ops::function::FnOnce<()>>::call_once::{shim:vtable#0}
[INFO] [stdout]   23:     0x59decdb36179 - <std[70759c8f55707aa4]::sys::thread::unix::Thread>::new::thread_start
[INFO] [stdout]   24:     0x7a163157adfa - <unknown>
[INFO] [stdout]   25:     0x7a163160e3d4 - clone
[INFO] [stdout]   26:                0x0 - <unknown>
[INFO] [stdout] 
[INFO] [stdout] ---- tdd_tests::tdd_tests::test_accordion_value_management stdout ----
[INFO] [stdout] 
[INFO] [stdout] thread 'tdd_tests::tdd_tests::test_accordion_value_management' (3752) panicked at /opt/rustwide/cargo-home/registry/src/index.crates.io-1949cf8c6b5b557f/reactive_graph-0.2.7/src/owner/context.rs:306:9:
[INFO] [stdout] Location { file: "src/default.rs", line: 79, column: 30 } expected context of type "reactive_graph::wrappers::read::Signal<bool>" to be present
[INFO] [stdout] stack backtrace:
[INFO] [stdout]    0:     0x59decdb368a1 - <<std[70759c8f55707aa4]::sys::backtrace::BacktraceLock>::print::DisplayBacktrace as core[df12db4294e9bfd3]::fmt::Display>::fmt
[INFO] [stdout]    1:     0x59decdb4ab4a - core[df12db4294e9bfd3]::fmt::write
[INFO] [stdout]    2:     0x59decdb3adec - <alloc[2182bb758b4b3781]::vec::Vec<u8> as core[df12db4294e9bfd3]::io::write::Write>::write_fmt
[INFO] [stdout]    3:     0x59decdb12e56 - std[70759c8f55707aa4]::panicking::default_hook::{closure#0}
[INFO] [stdout]    4:     0x59decdb2efc9 - std[70759c8f55707aa4]::panicking::default_hook
[INFO] [stdout]    5:     0x59decdabd6b0 - test[9d35eded1c95d3be]::test_main_inner::<test[9d35eded1c95d3be]::test_main_static::{closure#0}>::{closure#0}
[INFO] [stdout]    6:     0x59decdb2f182 - std[70759c8f55707aa4]::panicking::panic_with_hook
[INFO] [stdout]    7:     0x59decdb12f02 - std[70759c8f55707aa4]::panicking::panic_handler::{closure#0}
[INFO] [stdout]    8:     0x59decdb0bc59 - std[70759c8f55707aa4]::sys::backtrace::__rust_end_short_backtrace::<std[70759c8f55707aa4]::panicking::panic_handler::{closure#0}, !>
[INFO] [stdout]    9:     0x59decdb13afd - __rustc[8fa7c3cbc660c2b3]::rust_begin_unwind
[INFO] [stdout]   10:     0x59decdb4b2ac - core[df12db4294e9bfd3]::panicking::panic_fmt
[INFO] [stdout]   11:     0x59decdaa3f15 - reactive_graph[733a84d69d160926]::owner::context::expect_context::<reactive_graph[733a84d69d160926]::wrappers::read::Signal<bool>>
[INFO] [stdout]   12:     0x59decda92e33 - leptos_shadcn_accordion[8bed6d27a459b4e2]::default::__component_accordion_item
[INFO] [stdout]   13:     0x59decdaa0560 - reactive_graph[733a84d69d160926]::graph::subscriber::untrack_with_diagnostics::<leptos[62ed9f83c1f82ae8]::into_view::View<tachys[60677b8cb7eba6f6]::html::element::HtmlElement<tachys[60677b8cb7eba6f6]::html::element::elements::Div, (tachys[60677b8cb7eba6f6]::html::class::Class<leptos_shadcn_accordion[8bed6d27a459b4e2]::default::__component_accordion_item::{closure#4}>, tachys[60677b8cb7eba6f6]::html::attribute::custom::CustomAttr<&str, leptos_shadcn_accordion[8bed6d27a459b4e2]::default::__component_accordion_item::{closure#5}>, tachys[60677b8cb7eba6f6]::html::attribute::custom::CustomAttr<&str, leptos_shadcn_accordion[8bed6d27a459b4e2]::default::__component_accordion_item::{closure#6}>), (core[df12db4294e9bfd3]::option::Option<tachys[60677b8cb7eba6f6]::view::any_view::AnyView>,)>>, leptos_shadcn_accordion[8bed6d27a459b4e2]::default::AccordionItem::{closure#0}>
[INFO] [stdout]   14:     0x59decda88348 - <<alloc[2182bb758b4b3781]::boxed::Box<dyn core[df12db4294e9bfd3]::ops::function::FnOnce<(), Output = tachys[60677b8cb7eba6f6]::view::any_view::AnyView> + core[df12db4294e9bfd3]::marker::Send> as leptos[62ed9f83c1f82ae8]::children::ToChildren<leptos_shadcn_accordion[8bed6d27a459b4e2]::tdd_tests::tdd_tests::test_accordion_value_management::{closure#0}>>::to_children::{closure#0} as core[df12db4294e9bfd3]::ops::function::FnOnce<()>>::call_once::{shim:vtable#0}
[INFO] [stdout]   15:     0x59decda92d0f - leptos_shadcn_accordion[8bed6d27a459b4e2]::default::__component_accordion
[INFO] [stdout]   16:     0x59decdaa0456 - reactive_graph[733a84d69d160926]::graph::subscriber::untrack_with_diagnostics::<leptos[62ed9f83c1f82ae8]::into_view::View<tachys[60677b8cb7eba6f6]::html::element::HtmlElement<tachys[60677b8cb7eba6f6]::html::element::elements::Div, (tachys[60677b8cb7eba6f6]::html::class::Class<leptos_shadcn_accordion[8bed6d27a459b4e2]::default::__component_accordion::{closure#3}>, tachys[60677b8cb7eba6f6]::html::attribute::custom::CustomAttr<&str, leptos_shadcn_accordion[8bed6d27a459b4e2]::default::__component_accordion::{closure#4}>), (core[df12db4294e9bfd3]::option::Option<tachys[60677b8cb7eba6f6]::view::any_view::AnyView>,)>>, leptos_shadcn_accordion[8bed6d27a459b4e2]::default::Accordion::{closure#0}>
[INFO] [stdout]   17:     0x59decda8ae4d - leptos_shadcn_accordion[8bed6d27a459b4e2]::tdd_tests::tdd_tests::test_accordion_value_management
[INFO] [stdout]   18:     0x59decdaad739 - <leptos_shadcn_accordion[8bed6d27a459b4e2]::tdd_tests::tdd_tests::test_accordion_value_management::{closure#0} as core[df12db4294e9bfd3]::ops::function::FnOnce<()>>::call_once
[INFO] [stdout]   19:     0x59decdab099b - test[9d35eded1c95d3be]::__rust_begin_short_backtrace::<core[df12db4294e9bfd3]::result::Result<(), alloc[2182bb758b4b3781]::string::String>, fn() -> core[df12db4294e9bfd3]::result::Result<(), alloc[2182bb758b4b3781]::string::String>>
[INFO] [stdout]   20:     0x59decdabe005 - test[9d35eded1c95d3be]::run_test::{closure#0}
[INFO] [stdout]   21:     0x59decdab78c4 - std[70759c8f55707aa4]::sys::backtrace::__rust_begin_short_backtrace::<test[9d35eded1c95d3be]::run_test::{closure#1}, ()>
[INFO] [stdout]   22:     0x59decdac1162 - <std[70759c8f55707aa4]::thread::lifecycle::spawn_unchecked<test[9d35eded1c95d3be]::run_test::{closure#1}, ()>::{closure#1} as core[df12db4294e9bfd3]::ops::function::FnOnce<()>>::call_once::{shim:vtable#0}
[INFO] [stdout]   23:     0x59decdb36179 - <std[70759c8f55707aa4]::sys::thread::unix::Thread>::new::thread_start
[INFO] [stdout]   24:     0x7a163157adfa - <unknown>
[INFO] [stdout]   25:     0x7a163160e3d4 - clone
[INFO] [stdout]   26:                0x0 - <unknown>
[INFO] [stdout] 
[INFO] [stdout] ---- tdd_tests::tdd_tests::test_accordion_vertical_orientation stdout ----
[INFO] [stdout] 
[INFO] [stdout] thread 'tdd_tests::tdd_tests::test_accordion_vertical_orientation' (3753) panicked at /opt/rustwide/cargo-home/registry/src/index.crates.io-1949cf8c6b5b557f/reactive_graph-0.2.7/src/owner/context.rs:306:9:
[INFO] [stdout] Location { file: "src/default.rs", line: 79, column: 30 } expected context of type "reactive_graph::wrappers::read::Signal<bool>" to be present
[INFO] [stdout] stack backtrace:
[INFO] [stdout]    0:     0x59decdb368a1 - <<std[70759c8f55707aa4]::sys::backtrace::BacktraceLock>::print::DisplayBacktrace as core[df12db4294e9bfd3]::fmt::Display>::fmt
[INFO] [stdout]    1:     0x59decdb4ab4a - core[df12db4294e9bfd3]::fmt::write
[INFO] [stdout]    2:     0x59decdb3adec - <alloc[2182bb758b4b3781]::vec::Vec<u8> as core[df12db4294e9bfd3]::io::write::Write>::write_fmt
[INFO] [stdout]    3:     0x59decdb12e56 - std[70759c8f55707aa4]::panicking::default_hook::{closure#0}
[INFO] [stdout]    4:     0x59decdb2efc9 - std[70759c8f55707aa4]::panicking::default_hook
[INFO] [stdout]    5:     0x59decdabd6b0 - test[9d35eded1c95d3be]::test_main_inner::<test[9d35eded1c95d3be]::test_main_static::{closure#0}>::{closure#0}
[INFO] [stdout]    6:     0x59decdb2f182 - std[70759c8f55707aa4]::panicking::panic_with_hook
[INFO] [stdout]    7:     0x59decdb12f02 - std[70759c8f55707aa4]::panicking::panic_handler::{closure#0}
[INFO] [stdout]    8:     0x59decdb0bc59 - std[70759c8f55707aa4]::sys::backtrace::__rust_end_short_backtrace::<std[70759c8f55707aa4]::panicking::panic_handler::{closure#0}, !>
[INFO] [stdout]    9:     0x59decdb13afd - __rustc[8fa7c3cbc660c2b3]::rust_begin_unwind
[INFO] [stdout]   10:     0x59decdb4b2ac - core[df12db4294e9bfd3]::panicking::panic_fmt
[INFO] [stdout]   11:     0x59decdaa3f15 - reactive_graph[733a84d69d160926]::owner::context::expect_context::<reactive_graph[733a84d69d160926]::wrappers::read::Signal<bool>>
[INFO] [stdout]   12:     0x59decda92e33 - leptos_shadcn_accordion[8bed6d27a459b4e2]::default::__component_accordion_item
[INFO] [stdout]   13:     0x59decdaa0560 - reactive_graph[733a84d69d160926]::graph::subscriber::untrack_with_diagnostics::<leptos[62ed9f83c1f82ae8]::into_view::View<tachys[60677b8cb7eba6f6]::html::element::HtmlElement<tachys[60677b8cb7eba6f6]::html::element::elements::Div, (tachys[60677b8cb7eba6f6]::html::class::Class<leptos_shadcn_accordion[8bed6d27a459b4e2]::default::__component_accordion_item::{closure#4}>, tachys[60677b8cb7eba6f6]::html::attribute::custom::CustomAttr<&str, leptos_shadcn_accordion[8bed6d27a459b4e2]::default::__component_accordion_item::{closure#5}>, tachys[60677b8cb7eba6f6]::html::attribute::custom::CustomAttr<&str, leptos_shadcn_accordion[8bed6d27a459b4e2]::default::__component_accordion_item::{closure#6}>), (core[df12db4294e9bfd3]::option::Option<tachys[60677b8cb7eba6f6]::view::any_view::AnyView>,)>>, leptos_shadcn_accordion[8bed6d27a459b4e2]::default::AccordionItem::{closure#0}>
[INFO] [stdout]   14:     0x59decda88ac8 - <<alloc[2182bb758b4b3781]::boxed::Box<dyn core[df12db4294e9bfd3]::ops::function::FnOnce<(), Output = tachys[60677b8cb7eba6f6]::view::any_view::AnyView> + core[df12db4294e9bfd3]::marker::Send> as leptos[62ed9f83c1f82ae8]::children::ToChildren<leptos_shadcn_accordion[8bed6d27a459b4e2]::tdd_tests::tdd_tests::test_accordion_vertical_orientation::{closure#0}>>::to_children::{closure#0} as core[df12db4294e9bfd3]::ops::function::FnOnce<()>>::call_once::{shim:vtable#0}
[INFO] [stdout]   15:     0x59decda92d0f - leptos_shadcn_accordion[8bed6d27a459b4e2]::default::__component_accordion
[INFO] [stdout]   16:     0x59decdaa0456 - reactive_graph[733a84d69d160926]::graph::subscriber::untrack_with_diagnostics::<leptos[62ed9f83c1f82ae8]::into_view::View<tachys[60677b8cb7eba6f6]::html::element::HtmlElement<tachys[60677b8cb7eba6f6]::html::element::elements::Div, (tachys[60677b8cb7eba6f6]::html::class::Class<leptos_shadcn_accordion[8bed6d27a459b4e2]::default::__component_accordion::{closure#3}>, tachys[60677b8cb7eba6f6]::html::attribute::custom::CustomAttr<&str, leptos_shadcn_accordion[8bed6d27a459b4e2]::default::__component_accordion::{closure#4}>), (core[df12db4294e9bfd3]::option::Option<tachys[60677b8cb7eba6f6]::view::any_view::AnyView>,)>>, leptos_shadcn_accordion[8bed6d27a459b4e2]::default::Accordion::{closure#0}>
[INFO] [stdout]   17:     0x59decda8bcb8 - leptos_shadcn_accordion[8bed6d27a459b4e2]::tdd_tests::tdd_tests::test_accordion_vertical_orientation
[INFO] [stdout]   18:     0x59decdaad8f9 - <leptos_shadcn_accordion[8bed6d27a459b4e2]::tdd_tests::tdd_tests::test_accordion_vertical_orientation::{closure#0} as core[df12db4294e9bfd3]::ops::function::FnOnce<()>>::call_once
[INFO] [stdout]   19:     0x59decdab099b - test[9d35eded1c95d3be]::__rust_begin_short_backtrace::<core[df12db4294e9bfd3]::result::Result<(), alloc[2182bb758b4b3781]::string::String>, fn() -> core[df12db4294e9bfd3]::result::Result<(), alloc[2182bb758b4b3781]::string::String>>
[INFO] [stdout]   20:     0x59decdabe005 - test[9d35eded1c95d3be]::run_test::{closure#0}
[INFO] [stdout]   21:     0x59decdab78c4 - std[70759c8f55707aa4]::sys::backtrace::__rust_begin_short_backtrace::<test[9d35eded1c95d3be]::run_test::{closure#1}, ()>
[INFO] [stdout]   22:     0x59decdac1162 - <std[70759c8f55707aa4]::thread::lifecycle::spawn_unchecked<test[9d35eded1c95d3be]::run_test::{closure#1}, ()>::{closure#1} as core[df12db4294e9bfd3]::ops::function::FnOnce<()>>::call_once::{shim:vtable#0}
[INFO] [stdout]   23:     0x59decdb36179 - <std[70759c8f55707aa4]::sys::thread::unix::Thread>::new::thread_start
[INFO] [stdout]   24:     0x7a163157adfa - <unknown>
[INFO] [stdout]   25:     0x7a163160e3d4 - clone
[INFO] [stdout]   26:                0x0 - <unknown>
[INFO] [stdout] 
[INFO] [stdout] 
[INFO] [stdout] failures:
[INFO] [stdout]     tdd_tests::tdd_tests::test_accordion_accessibility_comprehensive
[INFO] [stdout]     tdd_tests::tdd_tests::test_accordion_accessibility_features
[INFO] [stdout]     tdd_tests::tdd_tests::test_accordion_advanced_interactions
[INFO] [stdout]     tdd_tests::tdd_tests::test_accordion_animation_support
[INFO] [stdout]     tdd_tests::tdd_tests::test_accordion_aria_attributes
[INFO] [stdout]     tdd_tests::tdd_tests::test_accordion_as_child_prop
[INFO] [stdout]     tdd_tests::tdd_tests::test_accordion_basic_rendering
[INFO] [stdout]     tdd_tests::tdd_tests::test_accordion_click_handling
[INFO] [stdout]     tdd_tests::tdd_tests::test_accordion_collapsible_property
[INFO] [stdout]     tdd_tests::tdd_tests::test_accordion_complete_workflow
[INFO] [stdout]     tdd_tests::tdd_tests::test_accordion_content_component
[INFO] [stdout]     tdd_tests::tdd_tests::test_accordion_context_management
[INFO] [stdout]     tdd_tests::tdd_tests::test_accordion_custom_styling
[INFO] [stdout]     tdd_tests::tdd_tests::test_accordion_default_value
[INFO] [stdout]     tdd_tests::tdd_tests::test_accordion_disabled_state
[INFO] [stdout]     tdd_tests::tdd_tests::test_accordion_error_handling
[INFO] [stdout]     tdd_tests::tdd_tests::test_accordion_force_mount
[INFO] [stdout]     tdd_tests::tdd_tests::test_accordion_horizontal_orientation
[INFO] [stdout]     tdd_tests::tdd_tests::test_accordion_integration_scenarios
[INFO] [stdout]     tdd_tests::tdd_tests::test_accordion_item_component
[INFO] [stdout]     tdd_tests::tdd_tests::test_accordion_item_disabled
[INFO] [stdout]     tdd_tests::tdd_tests::test_accordion_keyboard_navigation
[INFO] [stdout]     tdd_tests::tdd_tests::test_accordion_memory_management
[INFO] [stdout]     tdd_tests::tdd_tests::test_accordion_multiple_items
[INFO] [stdout]     tdd_tests::tdd_tests::test_accordion_multiple_type
[INFO] [stdout]     tdd_tests::tdd_tests::test_accordion_performance_comprehensive
[INFO] [stdout]     tdd_tests::tdd_tests::test_accordion_responsive_design
[INFO] [stdout]     tdd_tests::tdd_tests::test_accordion_single_type
[INFO] [stdout]     tdd_tests::tdd_tests::test_accordion_state_management
[INFO] [stdout]     tdd_tests::tdd_tests::test_accordion_theme_switching
[INFO] [stdout]     tdd_tests::tdd_tests::test_accordion_trigger_component
[INFO] [stdout]     tdd_tests::tdd_tests::test_accordion_validation_comprehensive
[INFO] [stdout]     tdd_tests::tdd_tests::test_accordion_value_change_callback
[INFO] [stdout]     tdd_tests::tdd_tests::test_accordion_value_management
[INFO] [stdout]     tdd_tests::tdd_tests::test_accordion_vertical_orientation
[INFO] [stdout] 
[INFO] [stdout] test result: FAILED. 5 passed; 35 failed; 0 ignored; 0 measured; 0 filtered out; finished in 0.01s
[INFO] [stdout] 
[INFO] running `Command { std: "docker" "inspect" "fb5ddb30f926525fb469c76b81a4e6db34c2cf2f77a1494dc3fe0bed37364fa3", kill_on_drop: false }`
[INFO] running `Command { std: "docker" "rm" "-f" "fb5ddb30f926525fb469c76b81a4e6db34c2cf2f77a1494dc3fe0bed37364fa3", kill_on_drop: false }`
[INFO] [stdout] fb5ddb30f926525fb469c76b81a4e6db34c2cf2f77a1494dc3fe0bed37364fa3
