[INFO] fetching crate leptos-axum-socket 0.7.0...
[INFO] testing leptos-axum-socket-0.7.0 against 1.99.0-beta.8+cargoflags=--release for beta-release-1.100-2
[INFO] extracting crate leptos-axum-socket 0.7.0 into /workspace/builds/worker-4-tc1/source
[INFO] started tweaking crates.io crate leptos-axum-socket 0.7.0
[INFO] finished tweaking crates.io crate leptos-axum-socket 0.7.0
[INFO] tweaked toml for crates.io crate leptos-axum-socket 0.7.0 written to /workspace/builds/worker-4-tc1/source/Cargo.toml
[INFO] validating manifest of crates.io crate leptos-axum-socket 0.7.0 on toolchain 1.99.0-beta.8
[INFO] running `Command { std: CARGO_HOME="/workspace/cargo-home" RUSTUP_HOME="/workspace/rustup-home" "/workspace/cargo-home/bin/cargo" "+1.99.0-beta.8" "metadata" "--manifest-path" "Cargo.toml" "--no-deps", kill_on_drop: false }`
[INFO] crate crates.io crate leptos-axum-socket 0.7.0 already has a lockfile, it will not be regenerated
[INFO] running `Command { std: CARGO_HOME="/workspace/cargo-home" RUSTUP_HOME="/workspace/rustup-home" "/workspace/cargo-home/bin/cargo" "+1.99.0-beta.8" "fetch" "--manifest-path" "Cargo.toml", kill_on_drop: false }`
[INFO] [stderr]     Updating crates.io index
[INFO] [stderr]  Downloading crates ...
[INFO] [stderr]   Downloaded leptos_axum v0.8.10
[INFO] [stderr]   Downloaded uuid v1.23.4
[INFO] [stderr]   Downloaded http-range-header v0.4.2
[INFO] [stderr]   Downloaded xxhash-rust v0.8.16
[INFO] [stderr]   Downloaded leptos_router_macro v0.8.6
[INFO] [stderr]   Downloaded html-escape v0.2.14
[INFO] [stderr]   Downloaded multer v3.1.0
[INFO] [stderr]   Downloaded leptos_router v0.8.14
[INFO] [stderr]   Downloaded default-struct-builder v0.5.1
[INFO] [stderr]   Downloaded leptos_integration_utils v0.8.8
[INFO] [stderr]   Downloaded leptos_meta v0.8.6
[INFO] [stderr]   Downloaded camino v1.2.4
[INFO] [stderr]   Downloaded cookie v0.18.1
[INFO] [stderr]   Downloaded toml v1.1.2+spec-1.1.0
[INFO] [stderr]   Downloaded leptos-use v0.19.0
[INFO] running `Command { std: "docker" "create" "-v" "/var/lib/crater-agent-workspace/builds/worker-4-tc1/source:/opt/rustwide/workdir:ro,Z" "-v" "/var/lib/crater-agent-workspace/builds/worker-4-tc1/target:/opt/rustwide/target:rw,Z" "-v" "/var/lib/crater-agent-workspace/cargo-home:/opt/rustwide/cargo-home:ro,Z" "-v" "/var/lib/crater-agent-workspace/rustup-home:/opt/rustwide/rustup-home:ro,Z" "-m" "1610612736" "--network" "none" "ghcr.io/rust-lang/crates-build-env/linux@sha256:77db811e55d90add9212f6832c23229e3de5f1c1f9905e8cb07319ea15df73ac" "sleep" "infinity", kill_on_drop: false }`
[INFO] [stdout] 120411a025c65f5afe816a94bf2036cc89dda979b0bd77e6f045c8b038bc66a3
[INFO] running `Command { std: "docker" "start" "120411a025c65f5afe816a94bf2036cc89dda979b0bd77e6f045c8b038bc66a3", kill_on_drop: false }`
[INFO] running `Command { std: "docker" "inspect" "120411a025c65f5afe816a94bf2036cc89dda979b0bd77e6f045c8b038bc66a3", kill_on_drop: false }`
[INFO] running `Command { std: "docker" "exec" "-e" "SOURCE_DIR=/opt/rustwide/workdir" "-e" "CARGO_HOME=/opt/rustwide/cargo-home" "-e" "RUSTUP_HOME=/opt/rustwide/rustup-home" "-e" "CARGO_TARGET_DIR=/opt/rustwide/target" "-w" "/opt/rustwide/workdir" "--user" "0:0" "120411a025c65f5afe816a94bf2036cc89dda979b0bd77e6f045c8b038bc66a3" "/opt/rustwide/cargo-home/bin/cargo" "+1.99.0-beta.8" "metadata" "--no-deps" "--format-version=1", kill_on_drop: false }`
[INFO] running `Command { std: "docker" "inspect" "120411a025c65f5afe816a94bf2036cc89dda979b0bd77e6f045c8b038bc66a3", kill_on_drop: false }`
[INFO] running `Command { std: "docker" "exec" "-e" "SOURCE_DIR=/opt/rustwide/workdir" "-e" "CARGO_HOME=/opt/rustwide/cargo-home" "-e" "RUSTUP_HOME=/opt/rustwide/rustup-home" "-e" "CARGO_TARGET_DIR=/opt/rustwide/target" "-e" "CARGO_INCREMENTAL=0" "-e" "RUST_BACKTRACE=full" "-e" "RUSTFLAGS=--cap-lints=warn" "-e" "RUSTDOCFLAGS=--cap-lints=warn" "-w" "/opt/rustwide/workdir" "--user" "0:0" "120411a025c65f5afe816a94bf2036cc89dda979b0bd77e6f045c8b038bc66a3" "/opt/rustwide/cargo-home/bin/cargo" "+1.99.0-beta.8" "build" "--frozen" "--message-format=json" "--release", kill_on_drop: false }`
[INFO] [stderr]    Compiling proc-macro2 v1.0.106
[INFO] [stderr]    Compiling quote v1.0.46
[INFO] [stderr]    Compiling serde_core v1.0.228
[INFO] [stderr]    Compiling wasm-bindgen-shared v0.2.126
[INFO] [stderr]    Compiling unicode-ident v1.0.24
[INFO] [stderr]    Compiling futures-sink v0.3.32
[INFO] [stderr]    Compiling futures-io v0.3.32
[INFO] [stderr]    Compiling serde v1.0.228
[INFO] [stderr]    Compiling futures-channel v0.3.32
[INFO] [stderr]    Compiling futures-task v0.3.32
[INFO] [stderr]    Compiling slab v0.4.12
[INFO] [stderr]    Compiling wasm-bindgen v0.2.126
[INFO] [stderr]    Compiling crossbeam-utils v0.8.21
[INFO] [stderr]    Compiling convert_case v0.11.0
[INFO] [stderr]    Compiling proc-macro2-diagnostics v0.10.1
[INFO] [stderr]    Compiling writeable v0.6.3
[INFO] [stderr]    Compiling libc v0.2.186
[INFO] [stderr]    Compiling litemap v0.8.2
[INFO] [stderr]    Compiling or_poisoned v0.1.0
[INFO] [stderr]    Compiling unicode-xid v0.2.6
[INFO] [stderr]    Compiling icu_normalizer_data v2.2.0
[INFO] [stderr]    Compiling smallvec v1.15.2
[INFO] [stderr]    Compiling parking v2.2.1
[INFO] [stderr]    Compiling icu_properties_data v2.2.0
[INFO] [stderr]    Compiling generic-array v0.14.7
[INFO] [stderr]    Compiling throw_error v0.3.1
[INFO] [stderr]    Compiling slotmap v1.1.1
[INFO] [stderr]    Compiling typenum v1.20.1
[INFO] [stderr]    Compiling anyhow v1.0.103
[INFO] [stderr]    Compiling camino v1.2.4
[INFO] [stderr]    Compiling konst_macro_rules v0.2.19
[INFO] [stderr]    Compiling indexmap v2.14.0
[INFO] [stderr]    Compiling konst v0.2.20
[INFO] [stderr]    Compiling syn v2.0.118
[INFO] [stderr]    Compiling proc-macro-error-attr2 v2.0.0
[INFO] [stderr]    Compiling concurrent-queue v2.5.0
[INFO] [stderr]    Compiling const_format_proc_macros v0.2.34
[INFO] [stderr]    Compiling proc-macro-utils v0.10.0
[INFO] [stderr]    Compiling event-listener v5.4.1
[INFO] [stderr]    Compiling event-listener-strategy v0.5.4
[INFO] [stderr]    Compiling send_wrapper v0.6.0
[INFO] [stderr]    Compiling reactive_graph v0.2.14
[INFO] [stderr]    Compiling server_fn_macro v0.8.10
[INFO] [stderr]    Compiling async-lock v3.4.2
[INFO] [stderr]    Compiling const_format v0.2.36
[INFO] [stderr]    Compiling either v1.16.0
[INFO] [stderr]    Compiling xxhash-rust v0.8.16
[INFO] [stderr]    Compiling rustc-hash v2.1.3
[INFO] [stderr]    Compiling guardian v1.3.0
[INFO] [stderr]    Compiling itertools v0.14.0
[INFO] [stderr]    Compiling block-buffer v0.10.4
[INFO] [stderr]    Compiling crypto-common v0.1.7
[INFO] [stderr]    Compiling manyhow-macros v0.11.4
[INFO] [stderr]    Compiling thiserror v2.0.18
[INFO] [stderr]    Compiling tachys v0.2.18
[INFO] [stderr]    Compiling winnow v1.0.3
[INFO] [stderr]    Compiling prettyplease v0.2.37
[INFO] [stderr]    Compiling yansi v1.0.1
[INFO] [stderr]    Compiling serde_json v1.0.150
[INFO] [stderr]    Compiling serde_spanned v1.1.1
[INFO] [stderr]    Compiling toml_datetime v1.1.1+spec-1.1.0
[INFO] [stderr]    Compiling digest v0.10.7
[INFO] [stderr]    Compiling toml_parser v1.1.2+spec-1.1.0
[INFO] [stderr]    Compiling either_of v0.1.9
[INFO] [stderr]    Compiling getrandom v0.4.3
[INFO] [stderr]    Compiling server_fn v0.8.13
[INFO] [stderr]    Compiling aho-corasick v1.1.4
[INFO] [stderr]    Compiling unicode-segmentation v1.13.3
[INFO] [stderr]    Compiling synstructure v0.13.2
[INFO] [stderr]    Compiling wasm-bindgen-macro-support v0.2.126
[INFO] [stderr]    Compiling proc-macro-error2 v2.0.1
[INFO] [stderr]    Compiling manyhow v0.11.4
[INFO] [stderr]    Compiling equivalent v1.0.2
[INFO] [stderr]    Compiling collection_literals v1.0.3
[INFO] [stderr]    Compiling drain_filter_polyfill v0.1.3
[INFO] [stderr]    Compiling hashbrown v0.17.1
[INFO] [stderr]    Compiling erased v0.1.2
[INFO] [stderr]    Compiling interpolator v0.5.0
[INFO] [stderr]    Compiling serde_derive v1.0.228
[INFO] [stderr]    Compiling thiserror-impl v2.0.18
[INFO] [stderr]    Compiling futures-macro v0.3.32
[INFO] [stderr]    Compiling zerofrom-derive v0.1.7
[INFO] [stderr]    Compiling yoke-derive v0.8.2
[INFO] [stderr]    Compiling futures-util v0.3.32
[INFO] [stderr]    Compiling zerovec-derive v0.11.3
[INFO] [stderr]    Compiling displaydoc v0.2.6
[INFO] [stderr]    Compiling zerofrom v0.1.8
[INFO] [stderr]    Compiling yoke v0.8.3
[INFO] [stderr]    Compiling derive-where v1.6.1
[INFO] [stderr]    Compiling zerotrie v0.2.4
[INFO] [stderr]    Compiling syn_derive v0.2.0
[INFO] [stderr]    Compiling zerovec v0.11.6
[INFO] [stderr]    Compiling reactive_stores_macro v0.4.3
[INFO] [stderr]    Compiling thiserror-impl v1.0.69
[INFO] [stderr]    Compiling tinystr v0.8.3
[INFO] [stderr]    Compiling icu_locale_core v2.2.0
[INFO] [stderr]    Compiling potential_utf v0.1.5
[INFO] [stderr]    Compiling wasm-bindgen-macro v0.2.126
[INFO] [stderr]    Compiling icu_collections v2.2.0
[INFO] [stderr]    Compiling quote-use-macros v0.8.4
[INFO] [stderr]    Compiling pin-project-internal v1.1.13
[INFO] [stderr]    Compiling thiserror v1.0.69
[INFO] [stderr]    Compiling oco_ref v0.2.1
[INFO] [stderr]    Compiling icu_provider v2.2.0
[INFO] [stderr]    Compiling quote-use v0.8.4
[INFO] [stderr]    Compiling async-trait v0.1.89
[INFO] [stderr]    Compiling futures-executor v0.3.32
[INFO] [stderr]    Compiling icu_normalizer v2.2.0
[INFO] [stderr]    Compiling futures v0.3.32
[INFO] [stderr]    Compiling hydration_context v0.3.1
[INFO] [stderr]    Compiling icu_properties v2.2.0
[INFO] [stderr]    Compiling js-sys v0.3.103
[INFO] [stderr]    Compiling pin-project v1.1.13
[INFO] [stderr]    Compiling same-file v1.0.6
[INFO] [stderr]    Compiling next_tuple v0.1.0
[INFO] [stderr]    Compiling html-escape v0.2.14
[INFO] [stderr]    Compiling const_str_slice_concat v0.1.0
[INFO] [stderr]    Compiling darling_core v0.20.11
[INFO] [stderr]    Compiling walkdir v2.5.0
[INFO] [stderr]    Compiling attribute-derive-macro v0.10.5
[INFO] [stderr]    Compiling idna_adapter v1.2.2
[INFO] [stderr]    Compiling rstml v0.12.1
[INFO] [stderr]    Compiling idna v1.1.0
[INFO] [stderr]    Compiling serde_qs v0.15.0
[INFO] [stderr]    Compiling url v2.5.8
[INFO] [stderr]    Compiling server_fn_macro_default v0.8.5
[INFO] [stderr]    Compiling typed-builder-macro v0.23.2
[INFO] [stderr]    Compiling sha2 v0.10.9
[INFO] [stderr]    Compiling regex-automata v0.4.14
[INFO] [stderr]    Compiling convert_case v0.6.0
[INFO] [stderr]    Compiling toml v1.1.2+spec-1.1.0
[INFO] [stderr]    Compiling leptos_macro v0.8.17
[INFO] [stderr]    Compiling base16 v0.2.1
[INFO] [stderr]    Compiling const-str v1.1.0
[INFO] [stderr]    Compiling pathdiff v0.2.3
[INFO] [stderr]    Compiling wasm_split_macros v0.2.2
[INFO] [stderr]    Compiling leptos_hot_reload v0.8.6
[INFO] [stderr]    Compiling config v0.15.25
[INFO] [stderr]    Compiling typed-builder v0.23.2
[INFO] [stderr]    Compiling uuid v1.23.4
[INFO] [stderr]    Compiling darling_macro v0.20.11
[INFO] [stderr]    Compiling attribute-derive v0.10.5
[INFO] [stderr]    Compiling codee v0.3.5
[INFO] [stderr]    Compiling regex v1.12.4
[INFO] [stderr]    Compiling convert_case_extras v0.2.0
[INFO] [stderr]    Compiling leptos v0.8.20
[INFO] [stderr]    Compiling async-once-cell v0.5.4
[INFO] [stderr]    Compiling wasm_split_helpers v0.2.3
[INFO] [stderr]    Compiling leptos_config v0.8.10
[INFO] [stderr]    Compiling wasm-bindgen-futures v0.4.76
[INFO] [stderr]    Compiling web-sys v0.3.103
[INFO] [stderr]    Compiling any_spawner v0.3.0
[INFO] [stderr]    Compiling darling v0.20.11
[INFO] [stderr]    Compiling leptos-use v0.19.0
[INFO] [stderr]    Compiling default-struct-builder v0.5.1
[INFO] [stderr]    Compiling tracing-attributes v0.1.31
[INFO] [stderr]    Compiling serde_urlencoded v0.7.1
[INFO] [stderr]    Compiling tracing v0.1.44
[INFO] [stderr]    Compiling reactive_stores v0.4.3
[INFO] [stderr]    Compiling gloo-utils v0.2.0
[INFO] [stderr]    Compiling gloo-net v0.6.0
[INFO] [stderr]    Compiling wasm-streams v0.5.0
[INFO] [stderr]    Compiling leptos_server v0.8.7
[INFO] [stderr]    Compiling leptos_dom v0.8.8
[INFO] [stderr]    Compiling leptos-axum-socket v0.7.0 (/opt/rustwide/workdir)
[INFO] [stderr]     Finished `release` profile [optimized] target(s) in 4m 37s
[INFO] [stderr] warning: the following packages contain code that will be rejected by a future version of Rust: proc-macro-error2 v2.0.1
[INFO] [stderr] note: to see what the problems were, use the option `--future-incompat-report`, or run `cargo report future-incompatibilities --id 1`
[INFO] running `Command { std: "docker" "inspect" "120411a025c65f5afe816a94bf2036cc89dda979b0bd77e6f045c8b038bc66a3", kill_on_drop: false }`
[INFO] running `Command { std: "docker" "exec" "-e" "SOURCE_DIR=/opt/rustwide/workdir" "-e" "CARGO_HOME=/opt/rustwide/cargo-home" "-e" "RUSTUP_HOME=/opt/rustwide/rustup-home" "-e" "CARGO_TARGET_DIR=/opt/rustwide/target" "-e" "CARGO_INCREMENTAL=0" "-e" "RUST_BACKTRACE=full" "-e" "RUSTFLAGS=--cap-lints=warn" "-e" "RUSTDOCFLAGS=--cap-lints=warn" "-w" "/opt/rustwide/workdir" "--user" "0:0" "120411a025c65f5afe816a94bf2036cc89dda979b0bd77e6f045c8b038bc66a3" "/opt/rustwide/cargo-home/bin/cargo" "+1.99.0-beta.8" "test" "--frozen" "--no-run" "--message-format=json" "--release", kill_on_drop: false }`
[INFO] [stderr]    Compiling leptos-axum-socket v0.7.0 (/opt/rustwide/workdir)
[INFO] [stderr]     Finished `release` profile [optimized] target(s) in 0.75s
[INFO] [stderr] warning: the following packages contain code that will be rejected by a future version of Rust: proc-macro-error2 v2.0.1
[INFO] [stderr] note: to see what the problems were, use the option `--future-incompat-report`, or run `cargo report future-incompatibilities --id 1`
[INFO] running `Command { std: "docker" "inspect" "120411a025c65f5afe816a94bf2036cc89dda979b0bd77e6f045c8b038bc66a3", kill_on_drop: false }`
[INFO] running `Command { std: "docker" "exec" "-e" "SOURCE_DIR=/opt/rustwide/workdir" "-e" "CARGO_HOME=/opt/rustwide/cargo-home" "-e" "RUSTUP_HOME=/opt/rustwide/rustup-home" "-e" "CARGO_TARGET_DIR=/opt/rustwide/target" "-e" "CARGO_INCREMENTAL=0" "-e" "RUST_BACKTRACE=full" "-e" "RUSTFLAGS=--cap-lints=warn" "-e" "RUSTDOCFLAGS=--cap-lints=warn" "-w" "/opt/rustwide/workdir" "--user" "0:0" "120411a025c65f5afe816a94bf2036cc89dda979b0bd77e6f045c8b038bc66a3" "/opt/rustwide/cargo-home/bin/cargo" "+1.99.0-beta.8" "test" "--frozen" "--release", kill_on_drop: false }`
[INFO] [stderr]     Finished `release` profile [optimized] target(s) in 0.21s
[INFO] [stderr] warning: the following packages contain code that will be rejected by a future version of Rust: proc-macro-error2 v2.0.1
[INFO] [stderr] note: to see what the problems were, use the option `--future-incompat-report`, or run `cargo report future-incompatibilities --id 1`
[INFO] [stderr]      Running unittests src/lib.rs (/opt/rustwide/target/release/deps/leptos_axum_socket-6dcc53ecda3ed730)
[INFO] [stdout] 
[INFO] [stdout] running 0 tests
[INFO] [stdout] 
[INFO] [stdout] test result: ok. 0 passed; 0 failed; 0 ignored; 0 measured; 0 filtered out; finished in 0.00s
[INFO] [stdout] 
[INFO] [stderr]    Doc-tests leptos_axum_socket
[INFO] [stdout] 
[INFO] [stdout] running 6 tests
[INFO] [stdout] test src/channel/context.rs - channel::context::provide_socket_context_with_query (line 248) ... ignored
[INFO] [stdout] test src/lib.rs - SocketMsg (line 225) ... FAILED
[INFO] [stdout] test src/lib.rs - (line 84) ... ok
[INFO] [stdout] test src/lib.rs - (line 100) ... FAILED
[INFO] [stdout] test src/lib.rs - (line 5) ... FAILED
[INFO] [stdout] test src/lib.rs - (line 197) ... ok
[INFO] [stdout] 
[INFO] [stdout] failures:
[INFO] [stdout] 
[INFO] [stdout] ---- src/lib.rs - SocketMsg (line 225) stdout ----
[INFO] [stdout] error[E0433]: cannot find module or crate `axum` in this scope
[INFO] [stdout]    --> src/lib.rs:229:5
[INFO] [stdout]     |
[INFO] [stdout] 229 | use axum::extract::FromRef;
[INFO] [stdout]     |     ^^^^ use of unresolved module or unlinked crate `axum`
[INFO] [stdout]     |
[INFO] [stdout]     = help: if you wanted to use a crate named `axum`, use `cargo add axum` to add it to your `Cargo.toml`
[INFO] [stdout] 
[INFO] [stdout] error[E0432]: unresolved import `leptos_axum_socket::ServerSocket`
[INFO] [stdout]    --> src/lib.rs:227:26
[INFO] [stdout]     |
[INFO] [stdout] 227 | use leptos_axum_socket::{ServerSocket, SocketMsg};
[INFO] [stdout]     |                          ^^^^^^^^^^^^ no `ServerSocket` in the root
[INFO] [stdout] 
[INFO] [stdout] error: aborting due to 2 previous errors
[INFO] [stdout] 
[INFO] [stdout] Some errors have detailed explanations: E0432, E0433.
[INFO] [stdout] For more information about an error, try `rustc --explain E0432`.
[INFO] [stdout] Couldn't compile the test.
[INFO] [stdout] ---- src/lib.rs - (line 100) stdout ----
[INFO] [stdout] error[E0432]: unresolved imports `leptos_axum_socket::ServerSocket`, `leptos_axum_socket::SocketRoute`, `leptos_axum_socket::handlers`
[INFO] [stdout]    --> src/lib.rs:103:26
[INFO] [stdout]     |
[INFO] [stdout] 103 | use leptos_axum_socket::{ServerSocket, SocketMsg, SocketRoute, handlers::upgrade_websocket};
[INFO] [stdout]     |                          ^^^^^^^^^^^^             ^^^^^^^^^^^  ^^^^^^^^ could not find `handlers` in `leptos_axum_socket`
[INFO] [stdout]     |                          |                        |
[INFO] [stdout]     |                          |                        no `SocketRoute` in the root
[INFO] [stdout]     |                          no `ServerSocket` in the root
[INFO] [stdout]     |
[INFO] [stdout] note: found an item that was configured out
[INFO] [stdout]    --> src/lib.rs:261:11
[INFO] [stdout]     |
[INFO] [stdout] 260 | #[cfg(feature = "ssr")]
[INFO] [stdout]     |       --------------- the item is gated behind the `ssr` feature
[INFO] [stdout] 261 | pub trait SocketRoute<S>
[INFO] [stdout]     |           ^^^^^^^^^^^
[INFO] [stdout] note: found an item that was configured out
[INFO] [stdout]    --> src/lib.rs:216:9
[INFO] [stdout]     |
[INFO] [stdout] 215 | #[cfg(feature = "ssr")]
[INFO] [stdout]     |       --------------- the item is gated behind the `ssr` feature
[INFO] [stdout] 216 | pub mod handlers;
[INFO] [stdout]     |         ^^^^^^^^
[INFO] [stdout] 
[INFO] [stdout] error[E0433]: cannot find module or crate `axum` in this scope
[INFO] [stdout]    --> src/lib.rs:105:5
[INFO] [stdout]     |
[INFO] [stdout] 105 | use axum::{Router, extract::{State, WebSocketUpgrade, FromRef}, response::Response};
[INFO] [stdout]     |     ^^^^ use of unresolved module or unlinked crate `axum`
[INFO] [stdout]     |
[INFO] [stdout]     = help: if you wanted to use a crate named `axum`, use `cargo add axum` to add it to your `Cargo.toml`
[INFO] [stdout] 
[INFO] [stdout] error[E0432]: unresolved import `axum`
[INFO] [stdout]    --> src/lib.rs:105:5
[INFO] [stdout]     |
[INFO] [stdout] 105 | use axum::{Router, extract::{State, WebSocketUpgrade, FromRef}, response::Response};
[INFO] [stdout]     |     ^^^^ use of unresolved module or unlinked crate `axum`
[INFO] [stdout]     |
[INFO] [stdout]     = help: if you wanted to use a crate named `axum`, use `cargo add axum` to add it to your `Cargo.toml`
[INFO] [stdout] 
[INFO] [stdout] error[E0432]: unresolved import `leptos_axum`
[INFO] [stdout]    --> src/lib.rs:106:5
[INFO] [stdout]     |
[INFO] [stdout] 106 | use leptos_axum::{generate_route_list, LeptosRoutes};
[INFO] [stdout]     |     ^^^^^^^^^^^ use of unresolved module or unlinked crate `leptos_axum`
[INFO] [stdout]     |
[INFO] [stdout]     = help: if you wanted to use a crate named `leptos_axum`, use `cargo add leptos_axum` to add it to your `Cargo.toml`
[INFO] [stdout] 
[INFO] [stdout] error[E0433]: cannot find module or crate `tokio` in this scope
[INFO] [stdout]    --> src/lib.rs:137:3
[INFO] [stdout]     |
[INFO] [stdout] 137 | #[tokio::main]
[INFO] [stdout]     |   ^^^^^ use of unresolved module or unlinked crate `tokio`
[INFO] [stdout] 
[INFO] [stdout] error[E0425]: cannot find value `connect_to_websocket` in this scope
[INFO] [stdout]    --> src/lib.rs:171:23
[INFO] [stdout]     |
[INFO] [stdout] 171 |         .socket_route(connect_to_websocket)    // Register the socket route (implementation below)
[INFO] [stdout]     |                       ^^^^^^^^^^^^^^^^^^^^ not found in this scope
[INFO] [stdout]     |
[INFO] [stdout] note: found an item that was configured out
[INFO] [stdout]    --> src/lib.rs:183:14
[INFO] [stdout]     |
[INFO] [stdout] 182 | #[cfg(feature = "ssr")]
[INFO] [stdout]     |       --------------- the item is gated behind the `ssr` feature
[INFO] [stdout] 183 | pub async fn connect_to_websocket(
[INFO] [stdout]     |              ^^^^^^^^^^^^^^^^^^^^
[INFO] [stdout] 
[INFO] [stdout] error[E0433]: cannot find module or crate `tokio` in this scope
[INFO] [stdout]    --> src/lib.rs:175:20
[INFO] [stdout]     |
[INFO] [stdout] 175 |     let listener = tokio::net::TcpListener::bind(&addr).await.unwrap();
[INFO] [stdout]     |                    ^^^^^ use of unresolved module or unlinked crate `tokio`
[INFO] [stdout]     |
[INFO] [stdout]     = help: if you wanted to use a crate named `tokio`, use `cargo add tokio` to add it to your `Cargo.toml`
[INFO] [stdout] help: consider importing this struct
[INFO] [stdout]     |
[INFO] [stdout] 102 + use std::net::TcpListener;
[INFO] [stdout]     |
[INFO] [stdout] help: if you import `TcpListener`, refer to it directly
[INFO] [stdout]     |
[INFO] [stdout] 175 -     let listener = tokio::net::TcpListener::bind(&addr).await.unwrap();
[INFO] [stdout] 175 +     let listener = TcpListener::bind(&addr).await.unwrap();
[INFO] [stdout]     |
[INFO] [stdout] 
[INFO] [stdout] error[E0433]: cannot find module or crate `leptos_axum` in this scope
[INFO] [stdout]    --> src/lib.rs:172:19
[INFO] [stdout]     |
[INFO] [stdout] 172 |         .fallback(leptos_axum::file_and_error_handler::<AppState, _>(shell))
[INFO] [stdout]     |                   ^^^^^^^^^^^ use of unresolved module or unlinked crate `leptos_axum`
[INFO] [stdout]     |
[INFO] [stdout]     = help: if you wanted to use a crate named `leptos_axum`, use `cargo add leptos_axum` to add it to your `Cargo.toml`
[INFO] [stdout] 
[INFO] [stdout] error[E0752]: `main` function is not allowed to be `async`
[INFO] [stdout]    --> src/lib.rs:138:1
[INFO] [stdout]     |
[INFO] [stdout] 138 | async fn main() {
[INFO] [stdout]     | ^^^^^^^^^^^^^^^ `main` function is not allowed to be `async`
[INFO] [stdout] 
[INFO] [stdout] error: aborting due to 9 previous errors
[INFO] [stdout] 
[INFO] [stdout] Some errors have detailed explanations: E0425, E0432, E0433, E0752.
[INFO] [stdout] For more information about an error, try `rustc --explain E0425`.
[INFO] [stdout] Couldn't compile the test.
[INFO] [stdout] ---- src/lib.rs - (line 5) stdout ----
[INFO] [stdout] error[E0433]: cannot find module or crate `axum` in this scope
[INFO] [stdout]   --> src/lib.rs:10:5
[INFO] [stdout]    |
[INFO] [stdout] 10 | use axum::extract::{State, FromRef};
[INFO] [stdout]    |     ^^^^ use of unresolved module or unlinked crate `axum`
[INFO] [stdout]    |
[INFO] [stdout]    = help: if you wanted to use a crate named `axum`, use `cargo add axum` to add it to your `Cargo.toml`
[INFO] [stdout] 
[INFO] [stdout] error[E0432]: unresolved import `leptos_axum_socket::ServerSocket`
[INFO] [stdout]  --> src/lib.rs:8:49
[INFO] [stdout]   |
[INFO] [stdout] 8 | use leptos_axum_socket::{expect_socket_context, ServerSocket, SocketMsg};
[INFO] [stdout]   |                                                 ^^^^^^^^^^^^ no `ServerSocket` in the root
[INFO] [stdout] 
[INFO] [stdout] error: aborting due to 2 previous errors
[INFO] [stdout] 
[INFO] [stdout] Some errors have detailed explanations: E0432, E0433.
[INFO] [stdout] For more information about an error, try `rustc --explain E0432`.
[INFO] [stdout] Couldn't compile the test.
[INFO] [stdout] 
[INFO] [stdout] failures:
[INFO] [stdout]     src/lib.rs - (line 100)
[INFO] [stdout]     src/lib.rs - (line 5)
[INFO] [stdout]     src/lib.rs - SocketMsg (line 225)
[INFO] [stdout] 
[INFO] [stdout] test result: FAILED. 2 passed; 3 failed; 1 ignored; 0 measured; 0 filtered out; finished in 0.65s
[INFO] [stdout] 
[INFO] [stdout] all doctests ran in 0.91s; merged doctests compilation took 0.26s
[INFO] [stderr] error: doctest failed, to rerun pass `--doc`
[INFO] running `Command { std: "docker" "inspect" "120411a025c65f5afe816a94bf2036cc89dda979b0bd77e6f045c8b038bc66a3", kill_on_drop: false }`
[INFO] running `Command { std: "docker" "rm" "-f" "120411a025c65f5afe816a94bf2036cc89dda979b0bd77e6f045c8b038bc66a3", kill_on_drop: false }`
[INFO] [stdout] 120411a025c65f5afe816a94bf2036cc89dda979b0bd77e6f045c8b038bc66a3
