[INFO] fetching crate lepcc 0.1.0...
[INFO] testing lepcc-0.1.0 against 1.99.0-beta.8+cargoflags=--release for beta-release-1.100-2
[INFO] extracting crate lepcc 0.1.0 into /workspace/builds/worker-3-tc1/source
[INFO] started tweaking crates.io crate lepcc 0.1.0
[INFO] removed 0 missing examples
[INFO] finished tweaking crates.io crate lepcc 0.1.0
[INFO] tweaked toml for crates.io crate lepcc 0.1.0 written to /workspace/builds/worker-3-tc1/source/Cargo.toml
[INFO] validating manifest of crates.io crate lepcc 0.1.0 on toolchain 1.99.0-beta.8
[INFO] running `Command { std: CARGO_HOME="/workspace/cargo-home" RUSTUP_HOME="/workspace/rustup-home" "/workspace/cargo-home/bin/cargo" "+1.99.0-beta.8" "metadata" "--manifest-path" "Cargo.toml" "--no-deps", kill_on_drop: false }`
[INFO] crate crates.io crate lepcc 0.1.0 already has a lockfile, it will not be regenerated
[INFO] running `Command { std: CARGO_HOME="/workspace/cargo-home" RUSTUP_HOME="/workspace/rustup-home" "/workspace/cargo-home/bin/cargo" "+1.99.0-beta.8" "fetch" "--manifest-path" "Cargo.toml", kill_on_drop: false }`
[INFO] running `Command { std: "docker" "create" "-v" "/var/lib/crater-agent-workspace/builds/worker-3-tc1/source:/opt/rustwide/workdir:ro,Z" "-v" "/var/lib/crater-agent-workspace/builds/worker-3-tc1/target:/opt/rustwide/target:rw,Z" "-v" "/var/lib/crater-agent-workspace/cargo-home:/opt/rustwide/cargo-home:ro,Z" "-v" "/var/lib/crater-agent-workspace/rustup-home:/opt/rustwide/rustup-home:ro,Z" "-m" "1610612736" "--network" "none" "ghcr.io/rust-lang/crates-build-env/linux@sha256:77db811e55d90add9212f6832c23229e3de5f1c1f9905e8cb07319ea15df73ac" "sleep" "infinity", kill_on_drop: false }`
[INFO] [stdout] d5321275ad6996bc3e5fd8d04a554059b01a3279bd4c864c01d235c9e0ee175b
[INFO] running `Command { std: "docker" "start" "d5321275ad6996bc3e5fd8d04a554059b01a3279bd4c864c01d235c9e0ee175b", kill_on_drop: false }`
[INFO] running `Command { std: "docker" "inspect" "d5321275ad6996bc3e5fd8d04a554059b01a3279bd4c864c01d235c9e0ee175b", kill_on_drop: false }`
[INFO] running `Command { std: "docker" "exec" "-e" "SOURCE_DIR=/opt/rustwide/workdir" "-e" "CARGO_HOME=/opt/rustwide/cargo-home" "-e" "RUSTUP_HOME=/opt/rustwide/rustup-home" "-e" "CARGO_TARGET_DIR=/opt/rustwide/target" "-w" "/opt/rustwide/workdir" "--user" "0:0" "d5321275ad6996bc3e5fd8d04a554059b01a3279bd4c864c01d235c9e0ee175b" "/opt/rustwide/cargo-home/bin/cargo" "+1.99.0-beta.8" "metadata" "--no-deps" "--format-version=1", kill_on_drop: false }`
[INFO] running `Command { std: "docker" "inspect" "d5321275ad6996bc3e5fd8d04a554059b01a3279bd4c864c01d235c9e0ee175b", kill_on_drop: false }`
[INFO] running `Command { std: "docker" "exec" "-e" "SOURCE_DIR=/opt/rustwide/workdir" "-e" "CARGO_HOME=/opt/rustwide/cargo-home" "-e" "RUSTUP_HOME=/opt/rustwide/rustup-home" "-e" "CARGO_TARGET_DIR=/opt/rustwide/target" "-e" "CARGO_INCREMENTAL=0" "-e" "RUST_BACKTRACE=full" "-e" "RUSTFLAGS=--cap-lints=warn" "-e" "RUSTDOCFLAGS=--cap-lints=warn" "-w" "/opt/rustwide/workdir" "--user" "0:0" "d5321275ad6996bc3e5fd8d04a554059b01a3279bd4c864c01d235c9e0ee175b" "/opt/rustwide/cargo-home/bin/cargo" "+1.99.0-beta.8" "build" "--frozen" "--message-format=json" "--release", kill_on_drop: false }`
[INFO] [stderr]    Compiling lepcc v0.1.0 (/opt/rustwide/workdir)
[INFO] [stderr]     Finished `release` profile [optimized] target(s) in 2.26s
[INFO] running `Command { std: "docker" "inspect" "d5321275ad6996bc3e5fd8d04a554059b01a3279bd4c864c01d235c9e0ee175b", kill_on_drop: false }`
[INFO] running `Command { std: "docker" "exec" "-e" "SOURCE_DIR=/opt/rustwide/workdir" "-e" "CARGO_HOME=/opt/rustwide/cargo-home" "-e" "RUSTUP_HOME=/opt/rustwide/rustup-home" "-e" "CARGO_TARGET_DIR=/opt/rustwide/target" "-e" "CARGO_INCREMENTAL=0" "-e" "RUST_BACKTRACE=full" "-e" "RUSTFLAGS=--cap-lints=warn" "-e" "RUSTDOCFLAGS=--cap-lints=warn" "-w" "/opt/rustwide/workdir" "--user" "0:0" "d5321275ad6996bc3e5fd8d04a554059b01a3279bd4c864c01d235c9e0ee175b" "/opt/rustwide/cargo-home/bin/cargo" "+1.99.0-beta.8" "test" "--frozen" "--no-run" "--message-format=json" "--release", kill_on_drop: false }`
[INFO] [stderr]    Compiling lepcc v0.1.0 (/opt/rustwide/workdir)
[INFO] [stderr]     Finished `release` profile [optimized] target(s) in 5.35s
[INFO] running `Command { std: "docker" "inspect" "d5321275ad6996bc3e5fd8d04a554059b01a3279bd4c864c01d235c9e0ee175b", kill_on_drop: false }`
[INFO] running `Command { std: "docker" "exec" "-e" "SOURCE_DIR=/opt/rustwide/workdir" "-e" "CARGO_HOME=/opt/rustwide/cargo-home" "-e" "RUSTUP_HOME=/opt/rustwide/rustup-home" "-e" "CARGO_TARGET_DIR=/opt/rustwide/target" "-e" "CARGO_INCREMENTAL=0" "-e" "RUST_BACKTRACE=full" "-e" "RUSTFLAGS=--cap-lints=warn" "-e" "RUSTDOCFLAGS=--cap-lints=warn" "-w" "/opt/rustwide/workdir" "--user" "0:0" "d5321275ad6996bc3e5fd8d04a554059b01a3279bd4c864c01d235c9e0ee175b" "/opt/rustwide/cargo-home/bin/cargo" "+1.99.0-beta.8" "test" "--frozen" "--release", kill_on_drop: false }`
[INFO] [stderr]     Finished `release` profile [optimized] target(s) in 0.03s
[INFO] [stderr]      Running unittests src/lib.rs (/opt/rustwide/target/release/deps/lepcc-7a804d437d5cde6d)
[INFO] [stdout] 
[INFO] [stdout] running 45 tests
[INFO] [stdout] test api::tests::test_invalid_array_length_rgb ... ok
[INFO] [stdout] test bit_mask::tests::test_bitmask_count_valid_bits ... ok
[INFO] [stdout] test bit_stuffer2::tests::test_bit_stuffer_large_values ... ok
[INFO] [stdout] test api::tests::test_compress_decompress_xyz_array ... ok
[INFO] [stdout] test api::tests::test_get_blob_type_xyz ... ok
[INFO] [stdout] test api::tests::test_compress_decompress_rgb_array ... ok
[INFO] [stdout] test bit_stuffer2::tests::test_bit_stuffer_multiple_values ... ok
[INFO] [stdout] test api::tests::test_invalid_array_length_xyz ... ok
[INFO] [stdout] test cluster_rgb::tests::test_invalid_file_key ... ok
[INFO] [stdout] test bit_stuffer2::tests::test_bits_needed_32 ... ok
[INFO] [stdout] test bit_mask::tests::test_bitmask_set_all ... ok
[INFO] [stdout] test common::tests::test_fletcher32_empty ... FAILED
[INFO] [stdout] test common::tests::test_fletcher32_odd_length ... ok
[INFO] [stdout] test bit_stuffer2::tests::test_bit_stuffer_compression ... ok
[INFO] [stdout] test bit_stuffer2::tests::test_compute_num_bytes_needed ... ok
[INFO] [stdout] test bit_stuffer2::tests::test_bit_stuffer_empty ... ok
[INFO] [stdout] test cluster_rgb::tests::test_rgb_roundtrip ... ok
[INFO] [stdout] test common::tests::test_fletcher32_consistency ... ok
[INFO] [stdout] test bit_mask::tests::test_bitmask_next_valid_bit ... FAILED
[INFO] [stdout] test common::tests::test_fletcher32_simple ... ok
[INFO] [stdout] test error::tests::test_error_conversion_from_errcode ... ok
[INFO] [stdout] test error::tests::test_error_display ... ok
[INFO] [stdout] test intensity::tests::test_basic_intensity_encoding ... FAILED
[INFO] [stdout] test huffman::tests::test_huffman_simple ... ok
[INFO] [stdout] test api::tests::test_get_blob_type_rgb ... ok
[INFO] [stdout] test bit_mask::tests::test_bitmask_basic ... ok
[INFO] [stdout] test huffman::tests::test_huffman_encode_decode ... ok
[INFO] [stdout] test cluster_rgb::tests::test_basic_rgb_encoding ... FAILED
[INFO] [stdout] test bit_stuffer2::tests::test_bit_stuffer_single_value ... ok
[INFO] [stdout] test intensity::tests::test_find_upscale_factor ... FAILED
[INFO] [stdout] test intensity::tests::test_intensity_roundtrip ... FAILED
[INFO] [stdout] test intensity::tests::test_invalid_file_key ... ok
[INFO] [stdout] test lepcc_xyz::tests::test_cell3d_sorting ... ok
[INFO] [stdout] test lepcc_xyz::tests::test_compute_extent ... ok
[INFO] [stdout] test lepcc_xyz::tests::test_encode_decode_header ... ok
[INFO] [stdout] test types::tests::test_flat_xyz_iter ... ok
[INFO] [stdout] test types::tests::test_point3d_sub ... ok
[INFO] [stdout] test types::tests::test_blob_type_conversion ... ok
[INFO] [stdout] test types::tests::test_extent_contains ... ok
[INFO] [stdout] test flag_bytes::tests::test_basic_flag_bytes_encoding ... FAILED
[INFO] [stdout] test tests::test_compression_roundtrip_simple_xyz ... ok
[INFO] [stdout] test flag_bytes::tests::test_flag_bytes_roundtrip ... ok
[INFO] [stdout] test types::tests::test_rgb_eq ... ok
[INFO] [stdout] test flag_bytes::tests::test_invalid_file_key ... ok
[INFO] [stdout] test tests::test_compression_roundtrip_simple_rgb ... ok
[INFO] [stdout] 
[INFO] [stdout] failures:
[INFO] [stdout] 
[INFO] [stdout] ---- common::tests::test_fletcher32_empty stdout ----
[INFO] [stdout] 
[INFO] [stdout] thread 'common::tests::test_fletcher32_empty' (630) panicked at src/common.rs:80:9:
[INFO] [stdout] assertion `left == right` failed
[INFO] [stdout]   left: 4294967295
[INFO] [stdout]  right: 4294901760
[INFO] [stdout] stack backtrace:
[INFO] [stdout]    0:     0x5c59f9f79d11 - <<std[70759c8f55707aa4]::sys::backtrace::BacktraceLock>::print::DisplayBacktrace as core[df12db4294e9bfd3]::fmt::Display>::fmt
[INFO] [stdout]    1:     0x5c59f9f8e49a - core[df12db4294e9bfd3]::fmt::write
[INFO] [stdout]    2:     0x5c59f9f7e1ac - <alloc[2182bb758b4b3781]::vec::Vec<u8> as core[df12db4294e9bfd3]::io::write::Write>::write_fmt
[INFO] [stdout]    3:     0x5c59f9f56306 - std[70759c8f55707aa4]::panicking::default_hook::{closure#0}
[INFO] [stdout]    4:     0x5c59f9f72479 - std[70759c8f55707aa4]::panicking::default_hook
[INFO] [stdout]    5:     0x5c59f9f0e900 - test[9d35eded1c95d3be]::test_main_inner::<test[9d35eded1c95d3be]::test_main_static::{closure#0}>::{closure#0}
[INFO] [stdout]    6:     0x5c59f9f72632 - std[70759c8f55707aa4]::panicking::panic_with_hook
[INFO] [stdout]    7:     0x5c59f9f563b2 - std[70759c8f55707aa4]::panicking::panic_handler::{closure#0}
[INFO] [stdout]    8:     0x5c59f9f4f139 - std[70759c8f55707aa4]::sys::backtrace::__rust_end_short_backtrace::<std[70759c8f55707aa4]::panicking::panic_handler::{closure#0}, !>
[INFO] [stdout]    9:     0x5c59f9f56fad - __rustc[8fa7c3cbc660c2b3]::rust_begin_unwind
[INFO] [stdout]   10:     0x5c59f9f8ebcc - core[df12db4294e9bfd3]::panicking::panic_fmt
[INFO] [stdout]   11:     0x5c59f9f8eae3 - core[df12db4294e9bfd3]::panicking::assert_failed_inner
[INFO] [stdout]   12:     0x5c59f9f4ed0a - core[df12db4294e9bfd3]::panicking::assert_failed::<u32, u32>
[INFO] [stdout]   13:     0x5c59f9ef57e6 - lepcc[624b3ad894c39d16]::common::tests::test_fletcher32_empty
[INFO] [stdout]   14:     0x5c59f9efaa6e - <lepcc[624b3ad894c39d16]::common::tests::test_fletcher32_empty::{closure#0} as core[df12db4294e9bfd3]::ops::function::FnOnce<()>>::call_once
[INFO] [stdout]   15:     0x5c59f9f01beb - test[9d35eded1c95d3be]::__rust_begin_short_backtrace::<core[df12db4294e9bfd3]::result::Result<(), alloc[2182bb758b4b3781]::string::String>, fn() -> core[df12db4294e9bfd3]::result::Result<(), alloc[2182bb758b4b3781]::string::String>>
[INFO] [stdout]   16:     0x5c59f9f0f255 - test[9d35eded1c95d3be]::run_test::{closure#0}
[INFO] [stdout]   17:     0x5c59f9f08b14 - std[70759c8f55707aa4]::sys::backtrace::__rust_begin_short_backtrace::<test[9d35eded1c95d3be]::run_test::{closure#1}, ()>
[INFO] [stdout]   18:     0x5c59f9f123b2 - <std[70759c8f55707aa4]::thread::lifecycle::spawn_unchecked<test[9d35eded1c95d3be]::run_test::{closure#1}, ()>::{closure#1} as core[df12db4294e9bfd3]::ops::function::FnOnce<()>>::call_once::{shim:vtable#0}
[INFO] [stdout]   19:     0x5c59f9f795e9 - <std[70759c8f55707aa4]::sys::thread::unix::Thread>::new::thread_start
[INFO] [stdout]   20:     0x78effe80edfa - <unknown>
[INFO] [stdout]   21:     0x78effe8a23d4 - clone
[INFO] [stdout]   22:                0x0 - <unknown>
[INFO] [stdout] 
[INFO] [stdout] ---- bit_mask::tests::test_bitmask_next_valid_bit stdout ----
[INFO] [stdout] 
[INFO] [stdout] thread 'bit_mask::tests::test_bitmask_next_valid_bit' (617) panicked at src/bit_mask.rs:258:9:
[INFO] [stdout] assertion `left == right` failed
[INFO] [stdout]   left: 7
[INFO] [stdout]  right: 23
[INFO] [stdout] stack backtrace:
[INFO] [stdout]    0:     0x5c59f9f79d11 - <<std[70759c8f55707aa4]::sys::backtrace::BacktraceLock>::print::DisplayBacktrace as core[df12db4294e9bfd3]::fmt::Display>::fmt
[INFO] [stdout]    1:     0x5c59f9f8e49a - core[df12db4294e9bfd3]::fmt::write
[INFO] [stdout]    2:     0x5c59f9f7e1ac - <alloc[2182bb758b4b3781]::vec::Vec<u8> as core[df12db4294e9bfd3]::io::write::Write>::write_fmt
[INFO] [stdout]    3:     0x5c59f9f56306 - std[70759c8f55707aa4]::panicking::default_hook::{closure#0}
[INFO] [stdout]    4:     0x5c59f9f72479 - std[70759c8f55707aa4]::panicking::default_hook
[INFO] [stdout]    5:     0x5c59f9f0e900 - test[9d35eded1c95d3be]::test_main_inner::<test[9d35eded1c95d3be]::test_main_static::{closure#0}>::{closure#0}
[INFO] [stdout]    6:     0x5c59f9f72632 - std[70759c8f55707aa4]::panicking::panic_with_hook
[INFO] [stdout]    7:     0x5c59f9f563b2 - std[70759c8f55707aa4]::panicking::panic_handler::{closure#0}
[INFO] [stdout]    8:     0x5c59f9f4f139 - std[70759c8f55707aa4]::sys::backtrace::__rust_end_short_backtrace::<std[70759c8f55707aa4]::panicking::panic_handler::{closure#0}, !>
[INFO] [stdout]    9:     0x5c59f9f56fad - __rustc[8fa7c3cbc660c2b3]::rust_begin_unwind
[INFO] [stdout]   10:     0x5c59f9f8ebcc - core[df12db4294e9bfd3]::panicking::panic_fmt
[INFO] [stdout]   11:     0x5c59f9f8eae3 - core[df12db4294e9bfd3]::panicking::assert_failed_inner
[INFO] [stdout]   12:     0x5c59f9efbb0f - core[df12db4294e9bfd3]::panicking::assert_failed::<i64, i64>
[INFO] [stdout]   13:     0x5c59f9ef05a9 - lepcc[624b3ad894c39d16]::bit_mask::tests::test_bitmask_next_valid_bit
[INFO] [stdout]   14:     0x5c59f9efaaf9 - <lepcc[624b3ad894c39d16]::bit_mask::tests::test_bitmask_next_valid_bit::{closure#0} as core[df12db4294e9bfd3]::ops::function::FnOnce<()>>::call_once
[INFO] [stdout]   15:     0x5c59f9f01beb - test[9d35eded1c95d3be]::__rust_begin_short_backtrace::<core[df12db4294e9bfd3]::result::Result<(), alloc[2182bb758b4b3781]::string::String>, fn() -> core[df12db4294e9bfd3]::result::Result<(), alloc[2182bb758b4b3781]::string::String>>
[INFO] [stdout]   16:     0x5c59f9f0f255 - test[9d35eded1c95d3be]::run_test::{closure#0}
[INFO] [stdout]   17:     0x5c59f9f08b14 - std[70759c8f55707aa4]::sys::backtrace::__rust_begin_short_backtrace::<test[9d35eded1c95d3be]::run_test::{closure#1}, ()>
[INFO] [stdout]   18:     0x5c59f9f123b2 - <std[70759c8f55707aa4]::thread::lifecycle::spawn_unchecked<test[9d35eded1c95d3be]::run_test::{closure#1}, ()>::{closure#1} as core[df12db4294e9bfd3]::ops::function::FnOnce<()>>::call_once::{shim:vtable#0}
[INFO] [stdout]   19:     0x5c59f9f795e9 - <std[70759c8f55707aa4]::sys::thread::unix::Thread>::new::thread_start
[INFO] [stdout]   20:     0x78effe80edfa - <unknown>
[INFO] [stdout]   21:     0x78effe8a23d4 - clone
[INFO] [stdout]   22:                0x0 - <unknown>
[INFO] [stdout] 
[INFO] [stdout] ---- intensity::tests::test_basic_intensity_encoding stdout ----
[INFO] [stdout] 
[INFO] [stdout] thread 'intensity::tests::test_basic_intensity_encoding' (640) panicked at src/intensity.rs:306:9:
[INFO] [stdout] assertion `left == right` failed
[INFO] [stdout]   left: 37
[INFO] [stdout]  right: 5
[INFO] [stdout] stack backtrace:
[INFO] [stdout]    0:     0x5c59f9f79d11 - <<std[70759c8f55707aa4]::sys::backtrace::BacktraceLock>::print::DisplayBacktrace as core[df12db4294e9bfd3]::fmt::Display>::fmt
[INFO] [stdout]    1:     0x5c59f9f8e49a - core[df12db4294e9bfd3]::fmt::write
[INFO] [stdout]    2:     0x5c59f9f7e1ac - <alloc[2182bb758b4b3781]::vec::Vec<u8> as core[df12db4294e9bfd3]::io::write::Write>::write_fmt
[INFO] [stdout]    3:     0x5c59f9f56306 - std[70759c8f55707aa4]::panicking::default_hook::{closure#0}
[INFO] [stdout]    4:     0x5c59f9f72479 - std[70759c8f55707aa4]::panicking::default_hook
[INFO] [stdout]    5:     0x5c59f9f0e900 - test[9d35eded1c95d3be]::test_main_inner::<test[9d35eded1c95d3be]::test_main_static::{closure#0}>::{closure#0}
[INFO] [stdout]    6:     0x5c59f9f72632 - std[70759c8f55707aa4]::panicking::panic_with_hook
[INFO] [stdout]    7:     0x5c59f9f563b2 - std[70759c8f55707aa4]::panicking::panic_handler::{closure#0}
[INFO] [stdout]    8:     0x5c59f9f4f139 - std[70759c8f55707aa4]::sys::backtrace::__rust_end_short_backtrace::<std[70759c8f55707aa4]::panicking::panic_handler::{closure#0}, !>
[INFO] [stdout]    9:     0x5c59f9f56fad - __rustc[8fa7c3cbc660c2b3]::rust_begin_unwind
[INFO] [stdout]   10:     0x5c59f9f8ebcc - core[df12db4294e9bfd3]::panicking::panic_fmt
[INFO] [stdout]   11:     0x5c59f9f8eae3 - core[df12db4294e9bfd3]::panicking::assert_failed_inner
[INFO] [stdout]   12:     0x5c59f9f4ed0a - core[df12db4294e9bfd3]::panicking::assert_failed::<u32, u32>
[INFO] [stdout]   13:     0x5c59f9efdc8a - lepcc[624b3ad894c39d16]::intensity::tests::test_basic_intensity_encoding
[INFO] [stdout]   14:     0x5c59f9efab99 - <lepcc[624b3ad894c39d16]::intensity::tests::test_basic_intensity_encoding::{closure#0} as core[df12db4294e9bfd3]::ops::function::FnOnce<()>>::call_once
[INFO] [stdout]   15:     0x5c59f9f01beb - test[9d35eded1c95d3be]::__rust_begin_short_backtrace::<core[df12db4294e9bfd3]::result::Result<(), alloc[2182bb758b4b3781]::string::String>, fn() -> core[df12db4294e9bfd3]::result::Result<(), alloc[2182bb758b4b3781]::string::String>>
[INFO] [stdout]   16:     0x5c59f9f0f255 - test[9d35eded1c95d3be]::run_test::{closure#0}
[INFO] [stdout]   17:     0x5c59f9f08b14 - std[70759c8f55707aa4]::sys::backtrace::__rust_begin_short_backtrace::<test[9d35eded1c95d3be]::run_test::{closure#1}, ()>
[INFO] [stdout]   18:     0x5c59f9f123b2 - <std[70759c8f55707aa4]::thread::lifecycle::spawn_unchecked<test[9d35eded1c95d3be]::run_test::{closure#1}, ()>::{closure#1} as core[df12db4294e9bfd3]::ops::function::FnOnce<()>>::call_once::{shim:vtable#0}
[INFO] [stdout]   19:     0x5c59f9f795e9 - <std[70759c8f55707aa4]::sys::thread::unix::Thread>::new::thread_start
[INFO] [stdout]   20:     0x78effe80edfa - <unknown>
[INFO] [stdout]   21:     0x78effe8a23d4 - clone
[INFO] [stdout]   22:                0x0 - <unknown>
[INFO] [stdout] 
[INFO] [stdout] ---- cluster_rgb::tests::test_basic_rgb_encoding stdout ----
[INFO] [stdout] 
[INFO] [stdout] thread 'cluster_rgb::tests::test_basic_rgb_encoding' (626) panicked at src/cluster_rgb.rs:537:9:
[INFO] [stdout] assertion `left == right` failed
[INFO] [stdout]   left: 41
[INFO] [stdout]  right: 3
[INFO] [stdout] stack backtrace:
[INFO] [stdout]    0:     0x5c59f9f79d11 - <<std[70759c8f55707aa4]::sys::backtrace::BacktraceLock>::print::DisplayBacktrace as core[df12db4294e9bfd3]::fmt::Display>::fmt
[INFO] [stdout]    1:     0x5c59f9f8e49a - core[df12db4294e9bfd3]::fmt::write
[INFO] [stdout]    2:     0x5c59f9f7e1ac - <alloc[2182bb758b4b3781]::vec::Vec<u8> as core[df12db4294e9bfd3]::io::write::Write>::write_fmt
[INFO] [stdout]    3:     0x5c59f9f56306 - std[70759c8f55707aa4]::panicking::default_hook::{closure#0}
[INFO] [stdout]    4:     0x5c59f9f72479 - std[70759c8f55707aa4]::panicking::default_hook
[INFO] [stdout]    5:     0x5c59f9f0e900 - test[9d35eded1c95d3be]::test_main_inner::<test[9d35eded1c95d3be]::test_main_static::{closure#0}>::{closure#0}
[INFO] [stdout]    6:     0x5c59f9f72632 - std[70759c8f55707aa4]::panicking::panic_with_hook
[INFO] [stdout]    7:     0x5c59f9f563b2 - std[70759c8f55707aa4]::panicking::panic_handler::{closure#0}
[INFO] [stdout]    8:     0x5c59f9f4f139 - std[70759c8f55707aa4]::sys::backtrace::__rust_end_short_backtrace::<std[70759c8f55707aa4]::panicking::panic_handler::{closure#0}, !>
[INFO] [stdout]    9:     0x5c59f9f56fad - __rustc[8fa7c3cbc660c2b3]::rust_begin_unwind
[INFO] [stdout]   10:     0x5c59f9f8ebcc - core[df12db4294e9bfd3]::panicking::panic_fmt
[INFO] [stdout]   11:     0x5c59f9f8eae3 - core[df12db4294e9bfd3]::panicking::assert_failed_inner
[INFO] [stdout]   12:     0x5c59f9f4ed0a - core[df12db4294e9bfd3]::panicking::assert_failed::<u32, u32>
[INFO] [stdout]   13:     0x5c59f9efc929 - lepcc[624b3ad894c39d16]::cluster_rgb::tests::test_basic_rgb_encoding
[INFO] [stdout]   14:     0x5c59f9efa689 - <lepcc[624b3ad894c39d16]::cluster_rgb::tests::test_basic_rgb_encoding::{closure#0} as core[df12db4294e9bfd3]::ops::function::FnOnce<()>>::call_once
[INFO] [stdout]   15:     0x5c59f9f01beb - test[9d35eded1c95d3be]::__rust_begin_short_backtrace::<core[df12db4294e9bfd3]::result::Result<(), alloc[2182bb758b4b3781]::string::String>, fn() -> core[df12db4294e9bfd3]::result::Result<(), alloc[2182bb758b4b3781]::string::String>>
[INFO] [stdout]   16:     0x5c59f9f0f255 - test[9d35eded1c95d3be]::run_test::{closure#0}
[INFO] [stdout]   17:     0x5c59f9f08b14 - std[70759c8f55707aa4]::sys::backtrace::__rust_begin_short_backtrace::<test[9d35eded1c95d3be]::run_test::{closure#1}, ()>
[INFO] [stdout]   18:     0x5c59f9f123b2 - <std[70759c8f55707aa4]::thread::lifecycle::spawn_unchecked<test[9d35eded1c95d3be]::run_test::{closure#1}, ()>::{closure#1} as core[df12db4294e9bfd3]::ops::function::FnOnce<()>>::call_once::{shim:vtable#0}
[INFO] [stdout]   19:     0x5c59f9f795e9 - <std[70759c8f55707aa4]::sys::thread::unix::Thread>::new::thread_start
[INFO] [stdout]   20:     0x78effe80edfa - <unknown>
[INFO] [stdout]   21:     0x78effe8a23d4 - clone
[INFO] [stdout]   22:                0x0 - <unknown>
[INFO] [stdout] 
[INFO] [stdout] ---- intensity::tests::test_find_upscale_factor stdout ----
[INFO] [stdout] 
[INFO] [stdout] thread 'intensity::tests::test_find_upscale_factor' (641) panicked at src/intensity.rs:335:9:
[INFO] [stdout] assertion `left == right` failed
[INFO] [stdout]   left: 1
[INFO] [stdout]  right: 10
[INFO] [stdout] stack backtrace:
[INFO] [stdout]    0:     0x5c59f9f79d11 - <<std[70759c8f55707aa4]::sys::backtrace::BacktraceLock>::print::DisplayBacktrace as core[df12db4294e9bfd3]::fmt::Display>::fmt
[INFO] [stdout]    1:     0x5c59f9f8e49a - core[df12db4294e9bfd3]::fmt::write
[INFO] [stdout]    2:     0x5c59f9f7e1ac - <alloc[2182bb758b4b3781]::vec::Vec<u8> as core[df12db4294e9bfd3]::io::write::Write>::write_fmt
[INFO] [stdout]    3:     0x5c59f9f56306 - std[70759c8f55707aa4]::panicking::default_hook::{closure#0}
[INFO] [stdout]    4:     0x5c59f9f72479 - std[70759c8f55707aa4]::panicking::default_hook
[INFO] [stdout]    5:     0x5c59f9f0e900 - test[9d35eded1c95d3be]::test_main_inner::<test[9d35eded1c95d3be]::test_main_static::{closure#0}>::{closure#0}
[INFO] [stdout]    6:     0x5c59f9f72632 - std[70759c8f55707aa4]::panicking::panic_with_hook
[INFO] [stdout]    7:     0x5c59f9f563b2 - std[70759c8f55707aa4]::panicking::panic_handler::{closure#0}
[INFO] [stdout]    8:     0x5c59f9f4f139 - std[70759c8f55707aa4]::sys::backtrace::__rust_end_short_backtrace::<std[70759c8f55707aa4]::panicking::panic_handler::{closure#0}, !>
[INFO] [stdout]    9:     0x5c59f9f56fad - __rustc[8fa7c3cbc660c2b3]::rust_begin_unwind
[INFO] [stdout]   10:     0x5c59f9f8ebcc - core[df12db4294e9bfd3]::panicking::panic_fmt
[INFO] [stdout]   11:     0x5c59f9f8eae3 - core[df12db4294e9bfd3]::panicking::assert_failed_inner
[INFO] [stdout]   12:     0x5c59f9f4ecd5 - core[df12db4294e9bfd3]::panicking::assert_failed::<i32, i32>
[INFO] [stdout]   13:     0x5c59f9efd718 - lepcc[624b3ad894c39d16]::intensity::tests::test_find_upscale_factor
[INFO] [stdout]   14:     0x5c59f9efab59 - <lepcc[624b3ad894c39d16]::intensity::tests::test_find_upscale_factor::{closure#0} as core[df12db4294e9bfd3]::ops::function::FnOnce<()>>::call_once
[INFO] [stdout]   15:     0x5c59f9f01beb - test[9d35eded1c95d3be]::__rust_begin_short_backtrace::<core[df12db4294e9bfd3]::result::Result<(), alloc[2182bb758b4b3781]::string::String>, fn() -> core[df12db4294e9bfd3]::result::Result<(), alloc[2182bb758b4b3781]::string::String>>
[INFO] [stdout]   16:     0x5c59f9f0f255 - test[9d35eded1c95d3be]::run_test::{closure#0}
[INFO] [stdout]   17:     0x5c59f9f08b14 - std[70759c8f55707aa4]::sys::backtrace::__rust_begin_short_backtrace::<test[9d35eded1c95d3be]::run_test::{closure#1}, ()>
[INFO] [stdout]   18:     0x5c59f9f123b2 - <std[70759c8f55707aa4]::thread::lifecycle::spawn_unchecked<test[9d35eded1c95d3be]::run_test::{closure#1}, ()>::{closure#1} as core[df12db4294e9bfd3]::ops::function::FnOnce<()>>::call_once::{shim:vtable#0}
[INFO] [stdout]   19:     0x5c59f9f795e9 - <std[70759c8f55707aa4]::sys::thread::unix::Thread>::new::thread_start
[INFO] [stdout]   20:     0x78effe80edfa - <unknown>
[INFO] [stdout]   21:     0x78effe8a23d4 - clone
[INFO] [stdout]   22:                0x0 - <unknown>
[INFO] [stdout] 
[INFO] [stdout] ---- intensity::tests::test_intensity_roundtrip stdout ----
[INFO] [stdout] 
[INFO] [stdout] thread 'intensity::tests::test_intensity_roundtrip' (642) panicked at src/intensity.rs:317:58:
[INFO] [stdout] called `Result::unwrap()` on an `Err` value: Failed("Invalid header values")
[INFO] [stdout] stack backtrace:
[INFO] [stdout]    0:     0x5c59f9f79d11 - <<std[70759c8f55707aa4]::sys::backtrace::BacktraceLock>::print::DisplayBacktrace as core[df12db4294e9bfd3]::fmt::Display>::fmt
[INFO] [stdout]    1:     0x5c59f9f8e49a - core[df12db4294e9bfd3]::fmt::write
[INFO] [stdout]    2:     0x5c59f9f7e1ac - <alloc[2182bb758b4b3781]::vec::Vec<u8> as core[df12db4294e9bfd3]::io::write::Write>::write_fmt
[INFO] [stdout]    3:     0x5c59f9f56306 - std[70759c8f55707aa4]::panicking::default_hook::{closure#0}
[INFO] [stdout]    4:     0x5c59f9f72479 - std[70759c8f55707aa4]::panicking::default_hook
[INFO] [stdout]    5:     0x5c59f9f0e900 - test[9d35eded1c95d3be]::test_main_inner::<test[9d35eded1c95d3be]::test_main_static::{closure#0}>::{closure#0}
[INFO] [stdout]    6:     0x5c59f9f72632 - std[70759c8f55707aa4]::panicking::panic_with_hook
[INFO] [stdout]    7:     0x5c59f9f563b2 - std[70759c8f55707aa4]::panicking::panic_handler::{closure#0}
[INFO] [stdout]    8:     0x5c59f9f4f139 - std[70759c8f55707aa4]::sys::backtrace::__rust_end_short_backtrace::<std[70759c8f55707aa4]::panicking::panic_handler::{closure#0}, !>
[INFO] [stdout]    9:     0x5c59f9f56fad - __rustc[8fa7c3cbc660c2b3]::rust_begin_unwind
[INFO] [stdout]   10:     0x5c59f9f8ebcc - core[df12db4294e9bfd3]::panicking::panic_fmt
[INFO] [stdout]   11:     0x5c59f9f8e9a2 - core[df12db4294e9bfd3]::result::unwrap_failed
[INFO] [stdout]   12:     0x5c59f9efd9b2 - lepcc[624b3ad894c39d16]::intensity::tests::test_intensity_roundtrip
[INFO] [stdout]   13:     0x5c59f9efab79 - <lepcc[624b3ad894c39d16]::intensity::tests::test_intensity_roundtrip::{closure#0} as core[df12db4294e9bfd3]::ops::function::FnOnce<()>>::call_once
[INFO] [stdout]   14:     0x5c59f9f01beb - test[9d35eded1c95d3be]::__rust_begin_short_backtrace::<core[df12db4294e9bfd3]::result::Result<(), alloc[2182bb758b4b3781]::string::String>, fn() -> core[df12db4294e9bfd3]::result::Result<(), alloc[2182bb758b4b3781]::string::String>>
[INFO] [stdout]   15:     0x5c59f9f0f255 - test[9d35eded1c95d3be]::run_test::{closure#0}
[INFO] [stdout]   16:     0x5c59f9f08b14 - std[70759c8f55707aa4]::sys::backtrace::__rust_begin_short_backtrace::<test[9d35eded1c95d3be]::run_test::{closure#1}, ()>
[INFO] [stdout]   17:     0x5c59f9f123b2 - <std[70759c8f55707aa4]::thread::lifecycle::spawn_unchecked<test[9d35eded1c95d3be]::run_test::{closure#1}, ()>::{closure#1} as core[df12db4294e9bfd3]::ops::function::FnOnce<()>>::call_once::{shim:vtable#0}
[INFO] [stdout]   18:     0x5c59f9f795e9 - <std[70759c8f55707aa4]::sys::thread::unix::Thread>::new::thread_start
[INFO] [stdout]   19:     0x78effe80edfa - <unknown>
[INFO] [stdout]   20:     0x78effe8a23d4 - clone
[INFO] [stdout]   21:                0x0 - <unknown>
[INFO] [stdout] 
[INFO] [stdout] ---- flag_bytes::tests::test_basic_flag_bytes_encoding stdout ----
[INFO] [stdout] 
[INFO] [stdout] thread 'flag_bytes::tests::test_basic_flag_bytes_encoding' (635) panicked at src/flag_bytes.rs:267:9:
[INFO] [stdout] assertion `left == right` failed
[INFO] [stdout]   left: 36
[INFO] [stdout]  right: 6
[INFO] [stdout] stack backtrace:
[INFO] [stdout]    0:     0x5c59f9f79d11 - <<std[70759c8f55707aa4]::sys::backtrace::BacktraceLock>::print::DisplayBacktrace as core[df12db4294e9bfd3]::fmt::Display>::fmt
[INFO] [stdout]    1:     0x5c59f9f8e49a - core[df12db4294e9bfd3]::fmt::write
[INFO] [stdout]    2:     0x5c59f9f7e1ac - <alloc[2182bb758b4b3781]::vec::Vec<u8> as core[df12db4294e9bfd3]::io::write::Write>::write_fmt
[INFO] [stdout]    3:     0x5c59f9f56306 - std[70759c8f55707aa4]::panicking::default_hook::{closure#0}
[INFO] [stdout]    4:     0x5c59f9f72479 - std[70759c8f55707aa4]::panicking::default_hook
[INFO] [stdout]    5:     0x5c59f9f0e900 - test[9d35eded1c95d3be]::test_main_inner::<test[9d35eded1c95d3be]::test_main_static::{closure#0}>::{closure#0}
[INFO] [stdout]    6:     0x5c59f9f72632 - std[70759c8f55707aa4]::panicking::panic_with_hook
[INFO] [stdout]    7:     0x5c59f9f563b2 - std[70759c8f55707aa4]::panicking::panic_handler::{closure#0}
[INFO] [stdout]    8:     0x5c59f9f4f139 - std[70759c8f55707aa4]::sys::backtrace::__rust_end_short_backtrace::<std[70759c8f55707aa4]::panicking::panic_handler::{closure#0}, !>
[INFO] [stdout]    9:     0x5c59f9f56fad - __rustc[8fa7c3cbc660c2b3]::rust_begin_unwind
[INFO] [stdout]   10:     0x5c59f9f8ebcc - core[df12db4294e9bfd3]::panicking::panic_fmt
[INFO] [stdout]   11:     0x5c59f9f8eae3 - core[df12db4294e9bfd3]::panicking::assert_failed_inner
[INFO] [stdout]   12:     0x5c59f9f4ed0a - core[df12db4294e9bfd3]::panicking::assert_failed::<u32, u32>
[INFO] [stdout]   13:     0x5c59f9efc1c9 - lepcc[624b3ad894c39d16]::flag_bytes::tests::test_basic_flag_bytes_encoding
[INFO] [stdout]   14:     0x5c59f9efa629 - <lepcc[624b3ad894c39d16]::flag_bytes::tests::test_basic_flag_bytes_encoding::{closure#0} as core[df12db4294e9bfd3]::ops::function::FnOnce<()>>::call_once
[INFO] [stdout]   15:     0x5c59f9f01beb - test[9d35eded1c95d3be]::__rust_begin_short_backtrace::<core[df12db4294e9bfd3]::result::Result<(), alloc[2182bb758b4b3781]::string::String>, fn() -> core[df12db4294e9bfd3]::result::Result<(), alloc[2182bb758b4b3781]::string::String>>
[INFO] [stdout]   16:     0x5c59f9f0f255 - test[9d35eded1c95d3be]::run_test::{closure#0}
[INFO] [stdout]   17:     0x5c59f9f08b14 - std[70759c8f55707aa4]::sys::backtrace::__rust_begin_short_backtrace::<test[9d35eded1c95d3be]::run_test::{closure#1}, ()>
[INFO] [stdout]   18:     0x5c59f9f123b2 - <std[70759c8f55707aa4]::thread::lifecycle::spawn_unchecked<test[9d35eded1c95d3be]::run_test::{closure#1}, ()>::{closure#1} as core[df12db4294e9bfd3]::ops::function::FnOnce<()>>::call_once::{shim:vtable#0}
[INFO] [stdout]   19:     0x5c59f9f795e9 - <std[70759c8f55707aa4]::sys::thread::unix::Thread>::new::thread_start
[INFO] [stdout]   20:     0x78effe80edfa - <unknown>
[INFO] [stdout]   21:     0x78effe8a23d4 - clone
[INFO] [stdout]   22:                0x0 - <unknown>
[INFO] [stdout] 
[INFO] [stdout] 
[INFO] [stdout] failures:
[INFO] [stdout]     bit_mask::tests::test_bitmask_next_valid_bit
[INFO] [stdout]     cluster_rgb::tests::test_basic_rgb_encoding
[INFO] [stdout]     common::tests::test_fletcher32_empty
[INFO] [stdout]     flag_bytes::tests::test_basic_flag_bytes_encoding
[INFO] [stdout]     intensity::tests::test_basic_intensity_encoding
[INFO] [stdout]     intensity::tests::test_find_upscale_factor
[INFO] [stdout]     intensity::tests::test_intensity_roundtrip
[INFO] [stdout] 
[INFO] [stdout] test result: FAILED. 38 passed; 7 failed; 0 ignored; 0 measured; 0 filtered out; finished in 0.01s
[INFO] [stdout] 
[INFO] [stderr] error: test failed, to rerun pass `--lib`
[INFO] running `Command { std: "docker" "inspect" "d5321275ad6996bc3e5fd8d04a554059b01a3279bd4c864c01d235c9e0ee175b", kill_on_drop: false }`
[INFO] running `Command { std: "docker" "rm" "-f" "d5321275ad6996bc3e5fd8d04a554059b01a3279bd4c864c01d235c9e0ee175b", kill_on_drop: false }`
[INFO] [stdout] d5321275ad6996bc3e5fd8d04a554059b01a3279bd4c864c01d235c9e0ee175b
