[INFO] fetching crate leolib 0.8.0...
[INFO] testing leolib-0.8.0 against 1.100.0-beta.1+cargoflags=--release for beta-release-1.100-2
[INFO] extracting crate leolib 0.8.0 into /workspace/builds/worker-4-tc2/source
[INFO] started tweaking crates.io crate leolib 0.8.0
[INFO] removed 0 missing examples
[INFO] removed 0 missing tests
[INFO] finished tweaking crates.io crate leolib 0.8.0
[INFO] tweaked toml for crates.io crate leolib 0.8.0 written to /workspace/builds/worker-4-tc2/source/Cargo.toml
[INFO] validating manifest of crates.io crate leolib 0.8.0 on toolchain 1.100.0-beta.1
[INFO] running `Command { std: CARGO_HOME="/workspace/cargo-home" RUSTUP_HOME="/workspace/rustup-home" "/workspace/cargo-home/bin/cargo" "+1.100.0-beta.1" "metadata" "--manifest-path" "Cargo.toml" "--no-deps", kill_on_drop: false }`
[INFO] crate crates.io crate leolib 0.8.0 already has a lockfile, it will not be regenerated
[INFO] running `Command { std: CARGO_HOME="/workspace/cargo-home" RUSTUP_HOME="/workspace/rustup-home" "/workspace/cargo-home/bin/cargo" "+1.100.0-beta.1" "fetch" "--manifest-path" "Cargo.toml", kill_on_drop: false }`
[INFO] running `Command { std: "docker" "create" "-v" "/var/lib/crater-agent-workspace/builds/worker-4-tc2/source:/opt/rustwide/workdir:ro,Z" "-v" "/var/lib/crater-agent-workspace/builds/worker-4-tc2/target:/opt/rustwide/target:rw,Z" "-v" "/var/lib/crater-agent-workspace/cargo-home:/opt/rustwide/cargo-home:ro,Z" "-v" "/var/lib/crater-agent-workspace/rustup-home:/opt/rustwide/rustup-home:ro,Z" "-m" "1610612736" "--network" "none" "ghcr.io/rust-lang/crates-build-env/linux@sha256:77db811e55d90add9212f6832c23229e3de5f1c1f9905e8cb07319ea15df73ac" "sleep" "infinity", kill_on_drop: false }`
[INFO] [stdout] b0610e0a0f67fe5242285000b4627cb33363cff11cb6baa8c03661a8f5000f1e
[INFO] running `Command { std: "docker" "start" "b0610e0a0f67fe5242285000b4627cb33363cff11cb6baa8c03661a8f5000f1e", kill_on_drop: false }`
[INFO] running `Command { std: "docker" "inspect" "b0610e0a0f67fe5242285000b4627cb33363cff11cb6baa8c03661a8f5000f1e", kill_on_drop: false }`
[INFO] running `Command { std: "docker" "exec" "-e" "SOURCE_DIR=/opt/rustwide/workdir" "-e" "CARGO_HOME=/opt/rustwide/cargo-home" "-e" "RUSTUP_HOME=/opt/rustwide/rustup-home" "-e" "CARGO_TARGET_DIR=/opt/rustwide/target" "-w" "/opt/rustwide/workdir" "--user" "0:0" "b0610e0a0f67fe5242285000b4627cb33363cff11cb6baa8c03661a8f5000f1e" "/opt/rustwide/cargo-home/bin/cargo" "+1.100.0-beta.1" "metadata" "--no-deps" "--format-version=1", kill_on_drop: false }`
[INFO] running `Command { std: "docker" "inspect" "b0610e0a0f67fe5242285000b4627cb33363cff11cb6baa8c03661a8f5000f1e", kill_on_drop: false }`
[INFO] running `Command { std: "docker" "exec" "-e" "SOURCE_DIR=/opt/rustwide/workdir" "-e" "CARGO_HOME=/opt/rustwide/cargo-home" "-e" "RUSTUP_HOME=/opt/rustwide/rustup-home" "-e" "CARGO_TARGET_DIR=/opt/rustwide/target" "-e" "CARGO_INCREMENTAL=0" "-e" "RUST_BACKTRACE=full" "-e" "RUSTFLAGS=--cap-lints=warn" "-e" "RUSTDOCFLAGS=--cap-lints=warn" "-w" "/opt/rustwide/workdir" "--user" "0:0" "b0610e0a0f67fe5242285000b4627cb33363cff11cb6baa8c03661a8f5000f1e" "/opt/rustwide/cargo-home/bin/cargo" "+1.100.0-beta.1" "build" "--frozen" "--message-format=json" "--release", kill_on_drop: false }`
[INFO] [stderr]    Compiling aho-corasick v1.1.5
[INFO] [stderr]    Compiling quick-xml v0.42.0
[INFO] [stderr]    Compiling regex-automata v0.4.18
[INFO] [stderr]    Compiling regex v1.13.1
[INFO] [stderr]    Compiling leolib v0.8.0 (/opt/rustwide/workdir)
[INFO] [stderr]     Finished `release` profile [optimized] target(s) in 50.11s
[INFO] running `Command { std: "docker" "inspect" "b0610e0a0f67fe5242285000b4627cb33363cff11cb6baa8c03661a8f5000f1e", kill_on_drop: false }`
[INFO] running `Command { std: "docker" "exec" "-e" "SOURCE_DIR=/opt/rustwide/workdir" "-e" "CARGO_HOME=/opt/rustwide/cargo-home" "-e" "RUSTUP_HOME=/opt/rustwide/rustup-home" "-e" "CARGO_TARGET_DIR=/opt/rustwide/target" "-e" "CARGO_INCREMENTAL=0" "-e" "RUST_BACKTRACE=full" "-e" "RUSTFLAGS=--cap-lints=warn" "-e" "RUSTDOCFLAGS=--cap-lints=warn" "-w" "/opt/rustwide/workdir" "--user" "0:0" "b0610e0a0f67fe5242285000b4627cb33363cff11cb6baa8c03661a8f5000f1e" "/opt/rustwide/cargo-home/bin/cargo" "+1.100.0-beta.1" "test" "--frozen" "--no-run" "--message-format=json" "--release", kill_on_drop: false }`
[INFO] [stderr]    Compiling zerocopy v0.8.59
[INFO] [stderr]    Compiling find-msvc-tools v0.1.12
[INFO] [stderr]    Compiling syn v2.0.119
[INFO] [stderr]    Compiling syn v3.0.5
[INFO] [stderr]    Compiling either v1.18.0
[INFO] [stderr]    Compiling clap_lex v1.1.1
[INFO] [stderr]    Compiling serde_json v1.0.151
[INFO] [stderr]    Compiling getrandom v0.4.3
[INFO] [stderr]    Compiling cc v1.4.5
[INFO] [stderr]    Compiling clap_builder v4.6.7
[INFO] [stderr]    Compiling page_size v0.6.0
[INFO] [stderr]    Compiling tempfile v3.27.0
[INFO] [stderr]    Compiling itertools v0.13.0
[INFO] [stderr]    Compiling alloca v0.4.0
[INFO] [stderr]    Compiling serde_derive v1.0.229
[INFO] [stderr]    Compiling criterion-plot v0.8.2
[INFO] [stderr]    Compiling clap v4.6.7
[INFO] [stderr]    Compiling zerocopy-derive v0.8.59
[INFO] [stderr]    Compiling serde v1.0.229
[INFO] [stderr]    Compiling tinytemplate v1.2.1
[INFO] [stderr]    Compiling half v2.7.1
[INFO] [stderr]    Compiling ciborium-ll v0.2.2
[INFO] [stderr]    Compiling ciborium v0.2.2
[INFO] [stderr]    Compiling criterion v0.8.2
[INFO] [stderr]    Compiling leolib v0.8.0 (/opt/rustwide/workdir)
[INFO] [stderr]     Finished `release` profile [optimized] target(s) in 1m 40s
[INFO] running `Command { std: "docker" "inspect" "b0610e0a0f67fe5242285000b4627cb33363cff11cb6baa8c03661a8f5000f1e", kill_on_drop: false }`
[INFO] running `Command { std: "docker" "exec" "-e" "SOURCE_DIR=/opt/rustwide/workdir" "-e" "CARGO_HOME=/opt/rustwide/cargo-home" "-e" "RUSTUP_HOME=/opt/rustwide/rustup-home" "-e" "CARGO_TARGET_DIR=/opt/rustwide/target" "-e" "CARGO_INCREMENTAL=0" "-e" "RUST_BACKTRACE=full" "-e" "RUSTFLAGS=--cap-lints=warn" "-e" "RUSTDOCFLAGS=--cap-lints=warn" "-w" "/opt/rustwide/workdir" "--user" "0:0" "b0610e0a0f67fe5242285000b4627cb33363cff11cb6baa8c03661a8f5000f1e" "/opt/rustwide/cargo-home/bin/cargo" "+1.100.0-beta.1" "test" "--frozen" "--release", kill_on_drop: false }`
[INFO] [stderr]     Finished `release` profile [optimized] target(s) in 0.15s
[INFO] [stderr]      Running unittests src/lib.rs (/opt/rustwide/target/release/build/leolib/af38798180b78953/out/leolib-af38798180b78953)
[INFO] [stdout] 
[INFO] [stdout] running 165 tests
[INFO] [stdout] test atclean::tests::the_leo_sentinel_gives_up_its_delimiters ... ok
[INFO] [stdout] test atclean::tests::an_unchanged_file_produces_the_same_private_lines ... ok
[INFO] [stdout] test atfile_read::tests::a_clone_with_children_reads_back_with_one_parent_link_each ... ok
[INFO] [stdout] test atfile_read::tests::a_blackened_delimiter_after_a_directive_reads_back ... ok
[INFO] [stdout] test atfile_read::tests::at_first_and_at_last_lines_survive ... ok
[INFO] [stdout] test atfile_write::tests::a_child_nothing_includes_is_refused_on_write ... ok
[INFO] [stdout] test atfile_read::tests::a_tangled_file_reads_back_into_the_same_tree ... ok
[INFO] [stdout] test atfile_write::tests::a_file_gets_leo_and_node_sentinels ... ok
[INFO] [stdout] test atfile_read::tests::a_clone_reads_back_as_one_vnode ... ok
[INFO] [stdout] test atfile_write::tests::a_line_that_looks_like_a_sentinel_is_marked_verbatim ... ok
[INFO] [stdout] test atfile_write::tests::at_all_writes_every_node_so_nothing_is_an_orphan ... ok
[INFO] [stdout] test atfile_write::tests::a_section_reference_writes_the_definition_in_place ... ok
[INFO] [stdout] test atfile_write::tests::at_clean_writes_no_sentinels ... ok
[INFO] [stdout] test atfile_write::tests::an_undefined_section_reference_is_an_error ... ok
[INFO] [stdout] test atfile_write::tests::at_others_indents_its_children ... ok
[INFO] [stdout] test atclean::tests::a_line_added_to_a_node_stays_in_that_node ... ok
[INFO] [stdout] test atfile_read::tests::a_doc_part_survives_the_round_trip ... ok
[INFO] [stdout] test atclean::tests::an_edited_line_lands_in_the_right_node ... ok
[INFO] [stdout] test atfile_read::tests::a_verbatim_line_survives_the_round_trip ... ok
[INFO] [stdout] test atfile_read::tests::a_directive_that_changes_the_delimiter_still_reads_back ... ok
[INFO] [stdout] test document::tests::copy_marked_makes_new_nodes_that_keep_their_marks ... ok
[INFO] [stdout] test document::tests::delete_marked_keeps_the_last_top_level_node ... ok
[INFO] [stdout] test document::tests::a_long_session_frees_what_undo_can_no_longer_reach ... ok
[INFO] [stdout] test document::tests::clone_find_all_skips_a_match_subtree_unless_flattened ... ok
[INFO] [stdout] test document::tests::clone_find_all_skips_nosearch_trees_and_its_own_results ... ok
[INFO] [stdout] test document::tests::clone_marked_gathers_each_top_marked_node_once_and_undoes_as_one ... ok
[INFO] [stdout] test document::tests::delete_marked_survives_a_marked_child_of_a_cloned_parent ... ok
[INFO] [stdout] test document::tests::deleting_the_last_node_still_leaves_a_selection ... ok
[INFO] [stdout] test document::tests::delete_marked_takes_every_marked_tree_and_undoes_as_one ... ok
[INFO] [stdout] test document::tests::demote_makes_following_siblings_children ... ok
[INFO] [stdout] test document::tests::every_move_undoes ... ok
[INFO] [stdout] test document::tests::extract_a_section_keeps_the_reference_and_undoes_as_one ... ok
[INFO] [stdout] test document::tests::demote_with_no_following_siblings_does_nothing ... ok
[INFO] [stdout] test document::tests::insert_child_goes_first_and_unfolds_the_parent ... ok
[INFO] [stdout] test document::tests::mark_commands_change_only_what_needs_it_as_one_undo ... ok
[INFO] [stdout] test document::tests::move_down_swaps_with_the_next_sibling ... ok
[INFO] [stdout] test document::tests::move_node_lands_before_after_or_inside_and_undoes ... ok
[INFO] [stdout] test document::tests::move_left_makes_a_sibling_of_the_parent ... ok
[INFO] [stdout] test document::tests::move_marked_from_a_marked_node_goes_last ... ok
[INFO] [stdout] test document::tests::move_marked_gathers_the_marked_trees_after_the_selection_and_undoes_as_one ... ok
[INFO] [stdout] test document::tests::nothing_marked_gathers_nothing ... ok
[INFO] [stdout] test document::tests::paste_makes_an_independent_copy ... ok
[INFO] [stdout] test document::tests::move_node_refuses_a_place_inside_the_moved_tree ... ok
[INFO] [stdout] test document::tests::move_right_makes_a_child_of_the_previous_sibling ... ok
[INFO] [stdout] test document::tests::promote_is_the_inverse_of_demote ... ok
[INFO] [stdout] test document::tests::sort_children_sorts_below_and_dirties_the_file ... ok
[INFO] [stdout] test document::tests::sort_siblings_ignores_case_keeps_ties_in_order_and_undoes ... ok
[INFO] [stdout] test document::tests::unmark_all_clears_every_mark_as_one_undo ... ok
[INFO] [stdout] test document::tests::move_up_swaps_with_the_previous_sibling ... ok
[INFO] [stdout] test external::tests::the_utf8_aliases_are_supported_and_nothing_else_is ... ok
[INFO] [stdout] test gnx::tests::a_login_name_is_cleaned_as_leo_cleans_it ... ok
[INFO] [stdout] test gnx::tests::gnxs_are_unique_and_well_formed ... ok
[INFO] [stdout] test gnx::tests::scan_gnx_fills_in_the_default_id ... ok
[INFO] [stdout] test goto::tests::a_body_as_code_blanks_its_directives ... ok
[INFO] [stdout] test gnx::tests::a_leo_id_file_gives_its_first_line_cleaned ... ok
[INFO] [stdout] test goto::tests::a_file_maps_each_line_to_a_row_and_its_indent ... ok
[INFO] [stdout] test goto::tests::a_clean_file_counts_only_its_own_lines ... ok
[INFO] [stdout] test document::tests::promote_undoes_redoes_and_marks_the_outline_changed ... ok
[INFO] [stdout] test goto::tests::a_node_in_no_mappable_file_has_no_lines ... ok
[INFO] [stdout] test goto::tests::a_sentinel_file_counts_its_sentinels_as_lines ... ok
[INFO] [stdout] test document::tests::extract_otherwise_heads_the_child_with_the_first_line ... ok
[INFO] [stdout] test document::tests::extract_names_a_definition_and_keeps_every_line ... ok
[INFO] [stdout] test external::tests::a_replaced_file_leaves_no_temp_file_and_an_error_names_the_file ... ok
[INFO] [stdout] test document::tests::a_file_imports_as_an_auto_tree_once ... ok
[INFO] [stdout] test importers::block::tests::a_python_module_preamble_stays_on_the_root ... ok
[INFO] [stdout] test importers::block::tests::a_rust_raw_string_hides_its_braces ... ok
[INFO] [stdout] test goto::tests::a_file_the_sentinel_writer_does_not_write_has_no_line_map ... ok
[INFO] [stdout] test importers::block::tests::a_markdown_file_splits_at_its_headings ... ok
[INFO] [stdout] test importers::block::tests::a_file_with_no_blocks_becomes_one_node ... ok
[INFO] [stdout] test goto::tests::a_clean_file_and_a_code_auto_file_map_their_own_lines ... ok
[INFO] [stdout] test importers::block::tests::an_org_file_round_trips_through_its_own_writer ... ok
[INFO] [stdout] test importers::block::tests::an_unknown_extension_has_no_importer ... ok
[INFO] [stdout] test importers::block::tests::an_ini_file_splits_at_its_sections ... ok
[INFO] [stdout] test importers::block::tests::rust_lifetimes_are_not_string_delimiters ... ok
[INFO] [stdout] test importers::block::tests::a_string_containing_a_brace_does_not_confuse_c ... ok
[INFO] [stdout] test importers::tests::a_python_escape_before_a_multibyte_character_imports ... ok
[INFO] [stdout] test importers::block::tests::a_python_class_docstring_moves_to_the_class_node ... ok
[INFO] [stdout] test importers::block::tests::an_otl_file_splits_at_its_tab_depth ... ok
[INFO] [stdout] test importers::block::tests::python_classes_and_defs_become_nodes ... ok
[INFO] [stdout] test importers::tests::an_at_auto_name_wins_over_the_extension ... ok
[INFO] [stdout] test leofile::tests::a_byte_order_mark_does_not_shift_the_lines_an_error_names ... ok
[INFO] [stdout] test importers::tests::the_importer_is_chosen_by_extension ... ok
[INFO] [stdout] test leofile::tests::a_descendent_ua_blob_survives_an_edit_outside_its_subtree ... ok
[INFO] [stdout] test leofile::tests::a_gnx_holding_xml_characters_survives_a_save ... ok
[INFO] [stdout] test leofile::tests::a_mismatched_closing_tag_names_both_lines ... ok
[INFO] [stdout] test leofile::tests::a_leo_file_that_is_not_utf8_is_refused ... ok
[INFO] [stdout] test leofile::tests::a_node_listed_inside_itself_is_refused ... ok
[INFO] [stdout] test leofile::tests::a_cut_short_leo_file_names_the_element_left_open ... ok
[INFO] [stdout] test leofile::tests::a_descendent_ua_blob_goes_when_its_subtree_is_restructured ... ok
[INFO] [stdout] test leofile::tests::a_descendent_ua_blob_is_written_back_when_nothing_moved ... ok
[INFO] [stdout] test leofile::tests::a_v_element_attribute_named_tx_does_not_break_the_saved_file ... ok
[INFO] [stdout] test leofile::tests::a_pickled_ua_is_written_byte_for_byte ... ok
[INFO] [stdout] test leofile::tests::an_at_clean_tree_is_stored_in_the_leo_file ... ok
[INFO] [stdout] test leofile::tests::an_opaque_ua_is_written_so_the_file_reads_back ... ok
[INFO] [stdout] test leofile::tests::an_unknown_entity_is_an_error ... ok
[INFO] [stdout] test leofile::tests::an_at_file_tree_is_not_stored_in_the_leo_file ... ok
[INFO] [stdout] test leofile::tests::a_tree_survives_a_round_trip ... ok
[INFO] [stdout] test leofile::tests::references_and_line_ends_are_read_as_written ... ok
[INFO] [stdout] test node::tests::directive_names_are_whole_words ... ok
[INFO] [stdout] test node::tests::indented_directives_do_not_count ... ok
[INFO] [stdout] test leofile::tests::writing_refuses_an_encoding_the_writer_cannot_produce ... ok
[INFO] [stdout] test leofile::tests::clones_survive_a_round_trip_as_one_vnode ... ok
[INFO] [stdout] test node::tests::a_bare_directive_is_not_a_file_node ... ok
[INFO] [stdout] test node::tests::section_names_match_loosely ... ok
[INFO] [stdout] test outline::tests::a_body_at_path_holds_for_every_at_file_kind_but_at_file ... ok
[INFO] [stdout] test outline::tests::a_declared_language_reaches_the_descendants_and_no_further ... ok
[INFO] [stdout] test outline::tests::a_minted_gnx_is_never_one_the_outline_holds ... ok
[INFO] [stdout] test outline::tests::a_new_outline_has_one_node ... ok
[INFO] [stdout] test outline::tests::a_value_a_directive_cannot_use_does_not_hide_an_ancestors ... ok
[INFO] [stdout] test outline::tests::a_node_with_nothing_declaring_a_language_has_none ... ok
[INFO] [stdout] test outline::tests::an_at_file_extension_declares_a_language_for_its_subtree ... ok
[INFO] [stdout] test outline::tests::clones_share_a_vnode_and_appear_twice ... ok
[INFO] [stdout] test outline::tests::contract_all_other_nodes_leaves_the_path_to_the_node ... ok
[INFO] [stdout] test outline::tests::expand_to_level_unfolds_exactly_that_deep ... ok
[INFO] [stdout] test outline::tests::language_comes_from_the_at_file_extension ... ok
[INFO] [stdout] test outline::tests::marks_are_walked_in_outline_order_and_wrap ... ok
[INFO] [stdout] test outline::tests::next_clone_walks_the_places_one_vnode_appears ... ok
[INFO] [stdout] test outline::tests::a_nodes_position_is_found_from_its_gnx ... ok
[INFO] [stdout] test outline::tests::a_position_that_no_longer_links_finds_nothing ... ok
[INFO] [stdout] test outline::tests::the_last_visible_position_respects_folds ... ok
[INFO] [stdout] test outline::tests::editing_a_node_dirties_its_ancestor_file_node ... ok
[INFO] [stdout] test outline::tests::promote_splices_children_in_place ... ok
[INFO] [stdout] test pickle::tests::a_memo_reference_reads_as_the_object_it_names ... ok
[INFO] [stdout] test pickle::tests::a_real_blob_is_written_back_byte_for_byte ... ok
[INFO] [stdout] test outline::tests::an_at_language_directive_wins_over_the_extension ... ok
[INFO] [stdout] test outline::tests::the_only_marked_node_is_its_own_next ... ok
[INFO] [stdout] test outline::tests::deleting_an_earlier_sibling_adjusts_the_mover ... ok
[INFO] [stdout] test pickle::tests::a_hostile_blob_is_refused_not_allocated ... ok
[INFO] [stdout] test pickle::tests::a_python_2_string_reads_as_text ... ok
[INFO] [stdout] test pickle::tests::a_real_blob_reads_as_python_unpickles_it ... ok
[INFO] [stdout] test pickle::tests::a_value_this_module_cannot_read_is_refused ... ok
[INFO] [stdout] test pickle::tests::a_value_too_costly_to_write_back_is_refused_on_read ... ok
[INFO] [stdout] test position::tests::ancestry_is_by_position_not_by_vnode ... ok
[INFO] [stdout] test position::tests::node_after_tree_skips_descendants ... ok
[INFO] [stdout] test position::tests::thread_back_is_the_inverse_of_thread_next ... ok
[INFO] [stdout] test reformat::tests::a_paragraph_is_filled_to_the_page_width ... ok
[INFO] [stdout] test position::tests::thread_next_visits_the_outline_in_order ... ok
[INFO] [stdout] test reformat::tests::a_blank_body_has_no_paragraph ... ok
[INFO] [stdout] test reformat::tests::a_word_longer_than_the_page_has_its_own_line ... ok
[INFO] [stdout] test leofile::tests::a_recovery_copy_holds_external_trees_and_leaves_the_outline_alone ... ok
[INFO] [stdout] test reformat::tests::the_first_two_lines_set_the_indentation ... ok
[INFO] [stdout] test reformat::tests::wrapping_matches_leos ... ok
[INFO] [stdout] test seqmatch::tests::identical_sequences_are_one_equal_block ... ok
[INFO] [stdout] test seqmatch::tests::opcodes_match_pythons_for_a_mixed_edit ... ok
[INFO] [stdout] test settings::tests::a_settings_headline_is_parsed_as_leo_parses_it ... ok
[INFO] [stdout] test reformat::tests::only_the_cursors_paragraph_changes_and_the_cursor_moves_past_it ... ok
[INFO] [stdout] test settings::tests::an_outlines_settings_set_its_config_and_bad_values_are_reported ... ok
[INFO] [stdout] test seqmatch::tests::an_empty_source_is_one_insert ... ok
[INFO] [stdout] test settings::tests::env_and_host_conditions_are_tested_as_leo_tests_them ... ok
[INFO] [stdout] test undo::tests::a_group_undoes_as_one_operation ... ok
[INFO] [stdout] test undo::tests::a_new_edit_discards_the_redo_stack ... ok
[INFO] [stdout] test undo::tests::undo_and_redo_restore_a_headline ... ok
[INFO] [stdout] test undo::tests::undoing_a_delete_puts_the_subtree_back ... ok
[INFO] [stdout] test util::tests::delims_from_string_handles_rem_hack ... ok
[INFO] [stdout] test util::tests::leading_ws_counts_tabs_as_columns ... ok
[INFO] [stdout] test state::tests::an_outline_with_no_file_name_has_no_state_file ... ok
[INFO] [stdout] test util::tests::match_word_needs_boundaries ... ok
[INFO] [stdout] test state::tests::the_state_path_distinguishes_directories ... ok
[INFO] [stdout] test pickle::tests::every_supported_value_survives_a_round_trip ... ok
[INFO] [stdout] test util::tests::variables_in_a_path_are_expanded_as_python_expands_them ... ok
[INFO] [stdout] test reformat::tests::an_at_line_is_a_paragraph_of_its_own ... ok
[INFO] [stdout] test pickle::tests::floats_and_tuples_are_read_and_written_as_cpython_writes_them ... ok
[INFO] [stdout] test util::tests::remove_leading_whitespace_counts_columns_and_takes_a_tab_whole ... ok
[INFO] [stdout] test util::tests::split_lines_keeps_endings ... ok
[INFO] [stdout] test outline::tests::outlines_saved_and_reopened_in_one_second_keep_every_node ... ok
[INFO] [stdout] 
[INFO] [stdout] test result: ok. 165 passed; 0 failed; 0 ignored; 0 measured; 0 filtered out; finished in 0.25s
[INFO] [stdout] 
[INFO] [stderr]      Running tests/corpus.rs (/opt/rustwide/target/release/build/leolib/6182544d8c43c815/out/corpus-6182544d8c43c815)
[INFO] [stdout] 
[INFO] [stdout] running 7 tests
[INFO] [stdout] test the_at_ignore_case_reaches_neither_the_reader_nor_the_writer ... FAILED
[INFO] [stdout] test every_external_file_tangles_to_the_bytes_on_disk ... FAILED
[INFO] [stdout] test every_importable_file_survives_an_at_auto_round_trip ... FAILED
[INFO] [stdout] test every_case_reads_as_python_leo_reads_it ... FAILED
[INFO] [stdout] test the_leo_writer_reproduces_every_outline ... FAILED
[INFO] [stdout] test every_at_auto_node_writes_back_as_python_leo_writes_it ... FAILED
[INFO] [stdout] test every_importable_file_survives_an_at_file_import ... FAILED
[INFO] [stdout] 
[INFO] [stdout] failures:
[INFO] [stdout] 
[INFO] [stdout] ---- the_at_ignore_case_reaches_neither_the_reader_nor_the_writer stdout ----
[INFO] [stdout] 
[INFO] [stdout] thread 'the_at_ignore_case_reaches_neither_the_reader_nor_the_writer' (1155) panicked at tests/corpus.rs:399:65:
[INFO] [stdout] called `Result::unwrap()` on an `Err` value: NotFound { path: "/opt/demo/cases/at_ignore/at_ignore.leo" }
[INFO] [stdout] stack backtrace:
[INFO] [stdout]    0:     0x57b751a194e1 - <<std[617be2ca0a6fd877]::sys::backtrace::BacktraceLock>::print::DisplayBacktrace as core[a373ad73a504971]::fmt::Display>::fmt
[INFO] [stdout]    1:     0x57b751a301aa - core[a373ad73a504971]::fmt::write
[INFO] [stdout]    2:     0x57b751a1d9ec - <alloc[2e1b2a31b91974c5]::vec::Vec<u8> as core[a373ad73a504971]::io::write::Write>::write_fmt
[INFO] [stdout]    3:     0x57b7519f3126 - std[617be2ca0a6fd877]::panicking::default_hook::{closure#0}
[INFO] [stdout]    4:     0x57b751a108a9 - std[617be2ca0a6fd877]::panicking::default_hook
[INFO] [stdout]    5:     0x57b751838130 - test[aada8e7e76ba119b]::test_main_inner::{closure#0}
[INFO] [stdout]    6:     0x57b751a10a62 - std[617be2ca0a6fd877]::panicking::panic_with_hook
[INFO] [stdout]    7:     0x57b7519f31d2 - std[617be2ca0a6fd877]::panicking::panic_handler::{closure#0}
[INFO] [stdout]    8:     0x57b7519ebb99 - std[617be2ca0a6fd877]::sys::backtrace::__rust_end_short_backtrace::<std[617be2ca0a6fd877]::panicking::panic_handler::{closure#0}, !>
[INFO] [stdout]    9:     0x57b7519f3ddd - __rustc[ea4f61d10b84890b]::rust_begin_unwind
[INFO] [stdout]   10:     0x57b751a3098c - core[a373ad73a504971]::panicking::panic_fmt
[INFO] [stdout]   11:     0x57b751a30762 - core[a373ad73a504971]::result::unwrap_failed
[INFO] [stdout]   12:     0x57b75181f068 - <corpus[7efb56e42b367337]::the_at_ignore_case_reaches_neither_the_reader_nor_the_writer::{closure#0} as core[a373ad73a504971]::ops::function::FnOnce<()>>::call_once
[INFO] [stdout]   13:     0x57b75182b57b - test[aada8e7e76ba119b]::__rust_begin_short_backtrace::<core[a373ad73a504971]::result::Result<(), alloc[2e1b2a31b91974c5]::string::String>, fn() -> core[a373ad73a504971]::result::Result<(), alloc[2e1b2a31b91974c5]::string::String>>
[INFO] [stdout]   14:     0x57b751838755 - test[aada8e7e76ba119b]::run_test::{closure#0}
[INFO] [stdout]   15:     0x57b751832044 - std[617be2ca0a6fd877]::sys::backtrace::__rust_begin_short_backtrace::<test[aada8e7e76ba119b]::run_test::{closure#1}, ()>
[INFO] [stdout]   16:     0x57b75183b7e2 - <std[617be2ca0a6fd877]::thread::lifecycle::spawn_unchecked<test[aada8e7e76ba119b]::run_test::{closure#1}, ()>::{closure#1} as core[a373ad73a504971]::ops::function::FnOnce<()>>::call_once::{shim:vtable#0}
[INFO] [stdout]   17:     0x57b751a184bf - <std[617be2ca0a6fd877]::sys::thread::unix::Thread>::new::thread_start
[INFO] [stdout]   18:     0x708443e64dfa - <unknown>
[INFO] [stdout]   19:     0x708443ef83d4 - clone
[INFO] [stdout]   20:                0x0 - <unknown>
[INFO] [stdout] 
[INFO] [stdout] ---- every_external_file_tangles_to_the_bytes_on_disk stdout ----
[INFO] [stdout] 
[INFO] [stdout] thread 'every_external_file_tangles_to_the_bytes_on_disk' (1152) panicked at tests/corpus.rs:72:5:
[INFO] [stdout] no corpus under /opt/rustwide/workdir/../../demo
[INFO] [stdout] stack backtrace:
[INFO] [stdout]    0:     0x57b751a194e1 - <<std[617be2ca0a6fd877]::sys::backtrace::BacktraceLock>::print::DisplayBacktrace as core[a373ad73a504971]::fmt::Display>::fmt
[INFO] [stdout]    1:     0x57b751a301aa - core[a373ad73a504971]::fmt::write
[INFO] [stdout]    2:     0x57b751a1d9ec - <alloc[2e1b2a31b91974c5]::vec::Vec<u8> as core[a373ad73a504971]::io::write::Write>::write_fmt
[INFO] [stdout]    3:     0x57b7519f3126 - std[617be2ca0a6fd877]::panicking::default_hook::{closure#0}
[INFO] [stdout]    4:     0x57b751a108a9 - std[617be2ca0a6fd877]::panicking::default_hook
[INFO] [stdout]    5:     0x57b751838130 - test[aada8e7e76ba119b]::test_main_inner::{closure#0}
[INFO] [stdout]    6:     0x57b751a10a62 - std[617be2ca0a6fd877]::panicking::panic_with_hook
[INFO] [stdout]    7:     0x57b7519f31d2 - std[617be2ca0a6fd877]::panicking::panic_handler::{closure#0}
[INFO] [stdout]    8:     0x57b7519ebb99 - std[617be2ca0a6fd877]::sys::backtrace::__rust_end_short_backtrace::<std[617be2ca0a6fd877]::panicking::panic_handler::{closure#0}, !>
[INFO] [stdout]    9:     0x57b7519f3ddd - __rustc[ea4f61d10b84890b]::rust_begin_unwind
[INFO] [stdout]   10:     0x57b751a3098c - core[a373ad73a504971]::panicking::panic_fmt
[INFO] [stdout]   11:     0x57b751817232 - corpus[7efb56e42b367337]::cases
[INFO] [stdout]   12:     0x57b751819d7e - <corpus[7efb56e42b367337]::every_external_file_tangles_to_the_bytes_on_disk::{closure#0} as core[a373ad73a504971]::ops::function::FnOnce<()>>::call_once
[INFO] [stdout]   13:     0x57b75182b57b - test[aada8e7e76ba119b]::__rust_begin_short_backtrace::<core[a373ad73a504971]::result::Result<(), alloc[2e1b2a31b91974c5]::string::String>, fn() -> core[a373ad73a504971]::result::Result<(), alloc[2e1b2a31b91974c5]::string::String>>
[INFO] [stdout]   14:     0x57b751838755 - test[aada8e7e76ba119b]::run_test::{closure#0}
[INFO] [stdout]   15:     0x57b751832044 - std[617be2ca0a6fd877]::sys::backtrace::__rust_begin_short_backtrace::<test[aada8e7e76ba119b]::run_test::{closure#1}, ()>
[INFO] [stdout]   16:     0x57b75183b7e2 - <std[617be2ca0a6fd877]::thread::lifecycle::spawn_unchecked<test[aada8e7e76ba119b]::run_test::{closure#1}, ()>::{closure#1} as core[a373ad73a504971]::ops::function::FnOnce<()>>::call_once::{shim:vtable#0}
[INFO] [stdout]   17:     0x57b751a184bf - <std[617be2ca0a6fd877]::sys::thread::unix::Thread>::new::thread_start
[INFO] [stdout]   18:     0x708443e64dfa - <unknown>
[INFO] [stdout]   19:     0x708443ef83d4 - clone
[INFO] [stdout]   20:                0x0 - <unknown>
[INFO] [stdout] 
[INFO] [stdout] ---- every_importable_file_survives_an_at_auto_round_trip stdout ----
[INFO] [stdout] 
[INFO] [stdout] thread 'every_importable_file_survives_an_at_auto_round_trip' (1153) panicked at tests/corpus.rs:288:5:
[INFO] [stdout] only 0 importable files in the corpus
[INFO] [stdout] stack backtrace:
[INFO] [stdout]    0:     0x57b751a194e1 - <<std[617be2ca0a6fd877]::sys::backtrace::BacktraceLock>::print::DisplayBacktrace as core[a373ad73a504971]::fmt::Display>::fmt
[INFO] [stdout]    1:     0x57b751a301aa - core[a373ad73a504971]::fmt::write
[INFO] [stdout]    2:     0x57b751a1d9ec - <alloc[2e1b2a31b91974c5]::vec::Vec<u8> as core[a373ad73a504971]::io::write::Write>::write_fmt
[INFO] [stdout]    3:     0x57b7519f3126 - std[617be2ca0a6fd877]::panicking::default_hook::{closure#0}
[INFO] [stdout]    4:     0x57b751a108a9 - std[617be2ca0a6fd877]::panicking::default_hook
[INFO] [stdout]    5:     0x57b751838130 - test[aada8e7e76ba119b]::test_main_inner::{closure#0}
[INFO] [stdout]    6:     0x57b751a10a62 - std[617be2ca0a6fd877]::panicking::panic_with_hook
[INFO] [stdout]    7:     0x57b7519f31d2 - std[617be2ca0a6fd877]::panicking::panic_handler::{closure#0}
[INFO] [stdout]    8:     0x57b7519ebb99 - std[617be2ca0a6fd877]::sys::backtrace::__rust_end_short_backtrace::<std[617be2ca0a6fd877]::panicking::panic_handler::{closure#0}, !>
[INFO] [stdout]    9:     0x57b7519f3ddd - __rustc[ea4f61d10b84890b]::rust_begin_unwind
[INFO] [stdout]   10:     0x57b751a3098c - core[a373ad73a504971]::panicking::panic_fmt
[INFO] [stdout]   11:     0x57b75181d427 - <corpus[7efb56e42b367337]::every_importable_file_survives_an_at_auto_round_trip::{closure#0} as core[a373ad73a504971]::ops::function::FnOnce<()>>::call_once
[INFO] [stdout]   12:     0x57b75182b57b - test[aada8e7e76ba119b]::__rust_begin_short_backtrace::<core[a373ad73a504971]::result::Result<(), alloc[2e1b2a31b91974c5]::string::String>, fn() -> core[a373ad73a504971]::result::Result<(), alloc[2e1b2a31b91974c5]::string::String>>
[INFO] [stdout]   13:     0x57b751838755 - test[aada8e7e76ba119b]::run_test::{closure#0}
[INFO] [stdout]   14:     0x57b751832044 - std[617be2ca0a6fd877]::sys::backtrace::__rust_begin_short_backtrace::<test[aada8e7e76ba119b]::run_test::{closure#1}, ()>
[INFO] [stdout]   15:     0x57b75183b7e2 - <std[617be2ca0a6fd877]::thread::lifecycle::spawn_unchecked<test[aada8e7e76ba119b]::run_test::{closure#1}, ()>::{closure#1} as core[a373ad73a504971]::ops::function::FnOnce<()>>::call_once::{shim:vtable#0}
[INFO] [stdout]   16:     0x57b751a184bf - <std[617be2ca0a6fd877]::sys::thread::unix::Thread>::new::thread_start
[INFO] [stdout]   17:     0x708443e64dfa - <unknown>
[INFO] [stdout]   18:     0x708443ef83d4 - clone
[INFO] [stdout]   19:                0x0 - <unknown>
[INFO] [stderr] error: test failed, to rerun pass `--test corpus`
[INFO] [stdout] 
[INFO] [stdout] ---- every_case_reads_as_python_leo_reads_it stdout ----
[INFO] [stdout] 
[INFO] [stdout] thread 'every_case_reads_as_python_leo_reads_it' (1151) panicked at tests/corpus.rs:72:5:
[INFO] [stdout] no corpus under /opt/rustwide/workdir/../../demo
[INFO] [stdout] stack backtrace:
[INFO] [stdout]    0:     0x57b751a194e1 - <<std[617be2ca0a6fd877]::sys::backtrace::BacktraceLock>::print::DisplayBacktrace as core[a373ad73a504971]::fmt::Display>::fmt
[INFO] [stdout]    1:     0x57b751a301aa - core[a373ad73a504971]::fmt::write
[INFO] [stdout]    2:     0x57b751a1d9ec - <alloc[2e1b2a31b91974c5]::vec::Vec<u8> as core[a373ad73a504971]::io::write::Write>::write_fmt
[INFO] [stdout]    3:     0x57b7519f3126 - std[617be2ca0a6fd877]::panicking::default_hook::{closure#0}
[INFO] [stdout]    4:     0x57b751a108a9 - std[617be2ca0a6fd877]::panicking::default_hook
[INFO] [stdout]    5:     0x57b751838130 - test[aada8e7e76ba119b]::test_main_inner::{closure#0}
[INFO] [stdout]    6:     0x57b751a10a62 - std[617be2ca0a6fd877]::panicking::panic_with_hook
[INFO] [stdout]    7:     0x57b7519f31d2 - std[617be2ca0a6fd877]::panicking::panic_handler::{closure#0}
[INFO] [stdout]    8:     0x57b7519ebb99 - std[617be2ca0a6fd877]::sys::backtrace::__rust_end_short_backtrace::<std[617be2ca0a6fd877]::panicking::panic_handler::{closure#0}, !>
[INFO] [stdout]    9:     0x57b7519f3ddd - __rustc[ea4f61d10b84890b]::rust_begin_unwind
[INFO] [stdout]   10:     0x57b751a3098c - core[a373ad73a504971]::panicking::panic_fmt
[INFO] [stdout]   11:     0x57b751817232 - corpus[7efb56e42b367337]::cases
[INFO] [stdout]   12:     0x57b7518187a4 - <corpus[7efb56e42b367337]::every_case_reads_as_python_leo_reads_it::{closure#0} as core[a373ad73a504971]::ops::function::FnOnce<()>>::call_once
[INFO] [stdout]   13:     0x57b75182b57b - test[aada8e7e76ba119b]::__rust_begin_short_backtrace::<core[a373ad73a504971]::result::Result<(), alloc[2e1b2a31b91974c5]::string::String>, fn() -> core[a373ad73a504971]::result::Result<(), alloc[2e1b2a31b91974c5]::string::String>>
[INFO] [stdout]   14:     0x57b751838755 - test[aada8e7e76ba119b]::run_test::{closure#0}
[INFO] [stdout]   15:     0x57b751832044 - std[617be2ca0a6fd877]::sys::backtrace::__rust_begin_short_backtrace::<test[aada8e7e76ba119b]::run_test::{closure#1}, ()>
[INFO] [stdout]   16:     0x57b75183b7e2 - <std[617be2ca0a6fd877]::thread::lifecycle::spawn_unchecked<test[aada8e7e76ba119b]::run_test::{closure#1}, ()>::{closure#1} as core[a373ad73a504971]::ops::function::FnOnce<()>>::call_once::{shim:vtable#0}
[INFO] [stdout]   17:     0x57b751a184bf - <std[617be2ca0a6fd877]::sys::thread::unix::Thread>::new::thread_start
[INFO] [stdout]   18:     0x708443e64dfa - <unknown>
[INFO] [stdout]   19:     0x708443ef83d4 - clone
[INFO] [stdout]   20:                0x0 - <unknown>
[INFO] [stdout] 
[INFO] [stdout] ---- the_leo_writer_reproduces_every_outline stdout ----
[INFO] [stdout] 
[INFO] [stdout] thread 'the_leo_writer_reproduces_every_outline' (1156) panicked at tests/corpus.rs:72:5:
[INFO] [stdout] no corpus under /opt/rustwide/workdir/../../demo
[INFO] [stdout] stack backtrace:
[INFO] [stdout]    0:     0x57b751a194e1 - <<std[617be2ca0a6fd877]::sys::backtrace::BacktraceLock>::print::DisplayBacktrace as core[a373ad73a504971]::fmt::Display>::fmt
[INFO] [stdout]    1:     0x57b751a301aa - core[a373ad73a504971]::fmt::write
[INFO] [stdout]    2:     0x57b751a1d9ec - <alloc[2e1b2a31b91974c5]::vec::Vec<u8> as core[a373ad73a504971]::io::write::Write>::write_fmt
[INFO] [stdout]    3:     0x57b7519f3126 - std[617be2ca0a6fd877]::panicking::default_hook::{closure#0}
[INFO] [stdout]    4:     0x57b751a108a9 - std[617be2ca0a6fd877]::panicking::default_hook
[INFO] [stdout]    5:     0x57b751838130 - test[aada8e7e76ba119b]::test_main_inner::{closure#0}
[INFO] [stdout]    6:     0x57b751a10a62 - std[617be2ca0a6fd877]::panicking::panic_with_hook
[INFO] [stdout]    7:     0x57b7519f31d2 - std[617be2ca0a6fd877]::panicking::panic_handler::{closure#0}
[INFO] [stdout]    8:     0x57b7519ebb99 - std[617be2ca0a6fd877]::sys::backtrace::__rust_end_short_backtrace::<std[617be2ca0a6fd877]::panicking::panic_handler::{closure#0}, !>
[INFO] [stdout]    9:     0x57b7519f3ddd - __rustc[ea4f61d10b84890b]::rust_begin_unwind
[INFO] [stdout]   10:     0x57b751a3098c - core[a373ad73a504971]::panicking::panic_fmt
[INFO] [stdout]   11:     0x57b751817232 - corpus[7efb56e42b367337]::cases
[INFO] [stdout]   12:     0x57b751819860 - <corpus[7efb56e42b367337]::the_leo_writer_reproduces_every_outline::{closure#0} as core[a373ad73a504971]::ops::function::FnOnce<()>>::call_once
[INFO] [stdout]   13:     0x57b75182b57b - test[aada8e7e76ba119b]::__rust_begin_short_backtrace::<core[a373ad73a504971]::result::Result<(), alloc[2e1b2a31b91974c5]::string::String>, fn() -> core[a373ad73a504971]::result::Result<(), alloc[2e1b2a31b91974c5]::string::String>>
[INFO] [stdout]   14:     0x57b751838755 - test[aada8e7e76ba119b]::run_test::{closure#0}
[INFO] [stdout]   15:     0x57b751832044 - std[617be2ca0a6fd877]::sys::backtrace::__rust_begin_short_backtrace::<test[aada8e7e76ba119b]::run_test::{closure#1}, ()>
[INFO] [stdout]   16:     0x57b75183b7e2 - <std[617be2ca0a6fd877]::thread::lifecycle::spawn_unchecked<test[aada8e7e76ba119b]::run_test::{closure#1}, ()>::{closure#1} as core[a373ad73a504971]::ops::function::FnOnce<()>>::call_once::{shim:vtable#0}
[INFO] [stdout]   17:     0x57b751a184bf - <std[617be2ca0a6fd877]::sys::thread::unix::Thread>::new::thread_start
[INFO] [stdout]   18:     0x708443e64dfa - <unknown>
[INFO] [stdout]   19:     0x708443ef83d4 - clone
[INFO] [stdout]   20:                0x0 - <unknown>
[INFO] [stdout] 
[INFO] [stdout] ---- every_at_auto_node_writes_back_as_python_leo_writes_it stdout ----
[INFO] [stdout] 
[INFO] [stdout] thread 'every_at_auto_node_writes_back_as_python_leo_writes_it' (1150) panicked at tests/corpus.rs:72:5:
[INFO] [stdout] no corpus under /opt/rustwide/workdir/../../demo
[INFO] [stdout] stack backtrace:
[INFO] [stdout]    0:     0x57b751a194e1 - <<std[617be2ca0a6fd877]::sys::backtrace::BacktraceLock>::print::DisplayBacktrace as core[a373ad73a504971]::fmt::Display>::fmt
[INFO] [stdout]    1:     0x57b751a301aa - core[a373ad73a504971]::fmt::write
[INFO] [stdout]    2:     0x57b751a1d9ec - <alloc[2e1b2a31b91974c5]::vec::Vec<u8> as core[a373ad73a504971]::io::write::Write>::write_fmt
[INFO] [stdout]    3:     0x57b7519f3126 - std[617be2ca0a6fd877]::panicking::default_hook::{closure#0}
[INFO] [stdout]    4:     0x57b751a108a9 - std[617be2ca0a6fd877]::panicking::default_hook
[INFO] [stdout]    5:     0x57b751838130 - test[aada8e7e76ba119b]::test_main_inner::{closure#0}
[INFO] [stdout]    6:     0x57b751a10a62 - std[617be2ca0a6fd877]::panicking::panic_with_hook
[INFO] [stdout]    7:     0x57b7519f31d2 - std[617be2ca0a6fd877]::panicking::panic_handler::{closure#0}
[INFO] [stdout]    8:     0x57b7519ebb99 - std[617be2ca0a6fd877]::sys::backtrace::__rust_end_short_backtrace::<std[617be2ca0a6fd877]::panicking::panic_handler::{closure#0}, !>
[INFO] [stdout]    9:     0x57b7519f3ddd - __rustc[ea4f61d10b84890b]::rust_begin_unwind
[INFO] [stdout]   10:     0x57b751a3098c - core[a373ad73a504971]::panicking::panic_fmt
[INFO] [stdout]   11:     0x57b751817232 - corpus[7efb56e42b367337]::cases
[INFO] [stdout]   12:     0x57b75181d599 - <corpus[7efb56e42b367337]::every_at_auto_node_writes_back_as_python_leo_writes_it::{closure#0} as core[a373ad73a504971]::ops::function::FnOnce<()>>::call_once
[INFO] [stdout]   13:     0x57b75182b57b - test[aada8e7e76ba119b]::__rust_begin_short_backtrace::<core[a373ad73a504971]::result::Result<(), alloc[2e1b2a31b91974c5]::string::String>, fn() -> core[a373ad73a504971]::result::Result<(), alloc[2e1b2a31b91974c5]::string::String>>
[INFO] [stdout]   14:     0x57b751838755 - test[aada8e7e76ba119b]::run_test::{closure#0}
[INFO] [stdout]   15:     0x57b751832044 - std[617be2ca0a6fd877]::sys::backtrace::__rust_begin_short_backtrace::<test[aada8e7e76ba119b]::run_test::{closure#1}, ()>
[INFO] [stdout]   16:     0x57b75183b7e2 - <std[617be2ca0a6fd877]::thread::lifecycle::spawn_unchecked<test[aada8e7e76ba119b]::run_test::{closure#1}, ()>::{closure#1} as core[a373ad73a504971]::ops::function::FnOnce<()>>::call_once::{shim:vtable#0}
[INFO] [stdout]   17:     0x57b751a184bf - <std[617be2ca0a6fd877]::sys::thread::unix::Thread>::new::thread_start
[INFO] [stdout]   18:     0x708443e64dfa - <unknown>
[INFO] [stdout]   19:     0x708443ef83d4 - clone
[INFO] [stdout]   20:                0x0 - <unknown>
[INFO] [stdout] 
[INFO] [stdout] ---- every_importable_file_survives_an_at_file_import stdout ----
[INFO] [stdout] 
[INFO] [stdout] thread 'every_importable_file_survives_an_at_file_import' (1154) panicked at tests/corpus.rs:329:5:
[INFO] [stdout] no corpus file imported as a split tree
[INFO] [stdout] stack backtrace:
[INFO] [stdout]    0:     0x57b751a194e1 - <<std[617be2ca0a6fd877]::sys::backtrace::BacktraceLock>::print::DisplayBacktrace as core[a373ad73a504971]::fmt::Display>::fmt
[INFO] [stdout]    1:     0x57b751a301aa - core[a373ad73a504971]::fmt::write
[INFO] [stdout]    2:     0x57b751a1d9ec - <alloc[2e1b2a31b91974c5]::vec::Vec<u8> as core[a373ad73a504971]::io::write::Write>::write_fmt
[INFO] [stdout]    3:     0x57b7519f3126 - std[617be2ca0a6fd877]::panicking::default_hook::{closure#0}
[INFO] [stdout]    4:     0x57b751a108a9 - std[617be2ca0a6fd877]::panicking::default_hook
[INFO] [stdout]    5:     0x57b751838130 - test[aada8e7e76ba119b]::test_main_inner::{closure#0}
[INFO] [stdout]    6:     0x57b751a10a62 - std[617be2ca0a6fd877]::panicking::panic_with_hook
[INFO] [stdout]    7:     0x57b7519f3204 - std[617be2ca0a6fd877]::panicking::panic_handler::{closure#0}
[INFO] [stdout]    8:     0x57b7519ebb99 - std[617be2ca0a6fd877]::sys::backtrace::__rust_end_short_backtrace::<std[617be2ca0a6fd877]::panicking::panic_handler::{closure#0}, !>
[INFO] [stdout]    9:     0x57b7519f3ddd - __rustc[ea4f61d10b84890b]::rust_begin_unwind
[INFO] [stdout]   10:     0x57b751a3098c - core[a373ad73a504971]::panicking::panic_fmt
[INFO] [stdout]   11:     0x57b75181cb14 - <corpus[7efb56e42b367337]::every_importable_file_survives_an_at_file_import::{closure#0} as core[a373ad73a504971]::ops::function::FnOnce<()>>::call_once
[INFO] [stdout]   12:     0x57b75182b57b - test[aada8e7e76ba119b]::__rust_begin_short_backtrace::<core[a373ad73a504971]::result::Result<(), alloc[2e1b2a31b91974c5]::string::String>, fn() -> core[a373ad73a504971]::result::Result<(), alloc[2e1b2a31b91974c5]::string::String>>
[INFO] [stdout]   13:     0x57b751838755 - test[aada8e7e76ba119b]::run_test::{closure#0}
[INFO] [stdout]   14:     0x57b751832044 - std[617be2ca0a6fd877]::sys::backtrace::__rust_begin_short_backtrace::<test[aada8e7e76ba119b]::run_test::{closure#1}, ()>
[INFO] [stdout]   15:     0x57b75183b7e2 - <std[617be2ca0a6fd877]::thread::lifecycle::spawn_unchecked<test[aada8e7e76ba119b]::run_test::{closure#1}, ()>::{closure#1} as core[a373ad73a504971]::ops::function::FnOnce<()>>::call_once::{shim:vtable#0}
[INFO] [stdout]   16:     0x57b751a184bf - <std[617be2ca0a6fd877]::sys::thread::unix::Thread>::new::thread_start
[INFO] [stdout]   17:     0x708443e64dfa - <unknown>
[INFO] [stdout]   18:     0x708443ef83d4 - clone
[INFO] [stdout]   19:                0x0 - <unknown>
[INFO] [stdout] 
[INFO] [stdout] 
[INFO] [stdout] failures:
[INFO] [stdout]     every_at_auto_node_writes_back_as_python_leo_writes_it
[INFO] [stdout]     every_case_reads_as_python_leo_reads_it
[INFO] [stdout]     every_external_file_tangles_to_the_bytes_on_disk
[INFO] [stdout]     every_importable_file_survives_an_at_auto_round_trip
[INFO] [stdout]     every_importable_file_survives_an_at_file_import
[INFO] [stdout]     the_at_ignore_case_reaches_neither_the_reader_nor_the_writer
[INFO] [stdout]     the_leo_writer_reproduces_every_outline
[INFO] [stdout] 
[INFO] [stdout] test result: FAILED. 0 passed; 7 failed; 0 ignored; 0 measured; 0 filtered out; finished in 0.01s
[INFO] [stdout] 
[INFO] running `Command { std: "docker" "inspect" "b0610e0a0f67fe5242285000b4627cb33363cff11cb6baa8c03661a8f5000f1e", kill_on_drop: false }`
[INFO] running `Command { std: "docker" "rm" "-f" "b0610e0a0f67fe5242285000b4627cb33363cff11cb6baa8c03661a8f5000f1e", kill_on_drop: false }`
[INFO] [stdout] b0610e0a0f67fe5242285000b4627cb33363cff11cb6baa8c03661a8f5000f1e
