[INFO] fetching crate leo3-codegen 0.3.1...
[INFO] testing leo3-codegen-0.3.1 against 1.100.0-beta.1+cargoflags=--release for beta-release-1.100-2
[INFO] extracting crate leo3-codegen 0.3.1 into /workspace/builds/worker-3-tc2/source
[INFO] started tweaking crates.io crate leo3-codegen 0.3.1
[INFO] removed 0 missing tests
[INFO] finished tweaking crates.io crate leo3-codegen 0.3.1
[INFO] tweaked toml for crates.io crate leo3-codegen 0.3.1 written to /workspace/builds/worker-3-tc2/source/Cargo.toml
[INFO] validating manifest of crates.io crate leo3-codegen 0.3.1 on toolchain 1.100.0-beta.1
[INFO] running `Command { std: CARGO_HOME="/workspace/cargo-home" RUSTUP_HOME="/workspace/rustup-home" "/workspace/cargo-home/bin/cargo" "+1.100.0-beta.1" "metadata" "--manifest-path" "Cargo.toml" "--no-deps", kill_on_drop: false }`
[INFO] crate crates.io crate leo3-codegen 0.3.1 already has a lockfile, it will not be regenerated
[INFO] running `Command { std: CARGO_HOME="/workspace/cargo-home" RUSTUP_HOME="/workspace/rustup-home" "/workspace/cargo-home/bin/cargo" "+1.100.0-beta.1" "fetch" "--manifest-path" "Cargo.toml", kill_on_drop: false }`
[INFO] running `Command { std: "docker" "create" "-v" "/var/lib/crater-agent-workspace/builds/worker-3-tc2/source:/opt/rustwide/workdir:ro,Z" "-v" "/var/lib/crater-agent-workspace/builds/worker-3-tc2/target:/opt/rustwide/target:rw,Z" "-v" "/var/lib/crater-agent-workspace/cargo-home:/opt/rustwide/cargo-home:ro,Z" "-v" "/var/lib/crater-agent-workspace/rustup-home:/opt/rustwide/rustup-home:ro,Z" "-m" "1610612736" "--network" "none" "ghcr.io/rust-lang/crates-build-env/linux@sha256:77db811e55d90add9212f6832c23229e3de5f1c1f9905e8cb07319ea15df73ac" "sleep" "infinity", kill_on_drop: false }`
[INFO] [stdout] 1ea12d5a953285b01459974964b5ab0951633dc39a4be0115cbec1960f42e07f
[INFO] running `Command { std: "docker" "start" "1ea12d5a953285b01459974964b5ab0951633dc39a4be0115cbec1960f42e07f", kill_on_drop: false }`
[INFO] running `Command { std: "docker" "inspect" "1ea12d5a953285b01459974964b5ab0951633dc39a4be0115cbec1960f42e07f", kill_on_drop: false }`
[INFO] running `Command { std: "docker" "exec" "-e" "SOURCE_DIR=/opt/rustwide/workdir" "-e" "CARGO_HOME=/opt/rustwide/cargo-home" "-e" "RUSTUP_HOME=/opt/rustwide/rustup-home" "-e" "CARGO_TARGET_DIR=/opt/rustwide/target" "-w" "/opt/rustwide/workdir" "--user" "0:0" "1ea12d5a953285b01459974964b5ab0951633dc39a4be0115cbec1960f42e07f" "/opt/rustwide/cargo-home/bin/cargo" "+1.100.0-beta.1" "metadata" "--no-deps" "--format-version=1", kill_on_drop: false }`
[INFO] running `Command { std: "docker" "inspect" "1ea12d5a953285b01459974964b5ab0951633dc39a4be0115cbec1960f42e07f", kill_on_drop: false }`
[INFO] running `Command { std: "docker" "exec" "-e" "SOURCE_DIR=/opt/rustwide/workdir" "-e" "CARGO_HOME=/opt/rustwide/cargo-home" "-e" "RUSTUP_HOME=/opt/rustwide/rustup-home" "-e" "CARGO_TARGET_DIR=/opt/rustwide/target" "-e" "CARGO_INCREMENTAL=0" "-e" "RUST_BACKTRACE=full" "-e" "RUSTFLAGS=--cap-lints=warn" "-e" "RUSTDOCFLAGS=--cap-lints=warn" "-w" "/opt/rustwide/workdir" "--user" "0:0" "1ea12d5a953285b01459974964b5ab0951633dc39a4be0115cbec1960f42e07f" "/opt/rustwide/cargo-home/bin/cargo" "+1.100.0-beta.1" "build" "--frozen" "--message-format=json" "--release", kill_on_drop: false }`
[INFO] [stderr]    Compiling proc-macro2 v1.0.103
[INFO] [stderr]    Compiling quote v1.0.42
[INFO] [stderr]    Compiling unicode-ident v1.0.22
[INFO] [stderr]    Compiling serde_core v1.0.228
[INFO] [stderr]    Compiling serde v1.0.228
[INFO] [stderr]    Compiling memchr v2.7.6
[INFO] [stderr]    Compiling serde_json v1.0.145
[INFO] [stderr]    Compiling itoa v1.0.15
[INFO] [stderr]    Compiling object v0.36.7
[INFO] [stderr]    Compiling ryu v1.0.20
[INFO] [stderr]    Compiling cfg-if v1.0.4
[INFO] [stderr]    Compiling libloading v0.9.0
[INFO] [stderr]    Compiling syn v2.0.111
[INFO] [stderr]    Compiling serde_derive v1.0.228
[INFO] [stderr]    Compiling leo3-binding-ir v0.3.1
[INFO] [stderr]    Compiling leo3-codegen v0.3.1 (/opt/rustwide/workdir)
[INFO] [stderr] warning: unused dependency `libloading`
[INFO] [stderr]  --> Cargo.toml:8:15
[INFO] [stderr]   |
[INFO] [stderr] 8 | [dependencies.libloading]
[INFO] [stderr]   |               ^^^^^^^^^^^
[INFO] [stderr]   |
[INFO] [stderr]   = note: `cargo::unused_dependencies` is set to `warn` by default
[INFO] [stderr] help: consider removing the dependency on `libloading`
[INFO] [stderr] warning: `leo3-codegen` (manifest) generated 1 warning
[INFO] [stderr]     Finished `release` profile [optimized] target(s) in 1m 05s
[INFO] running `Command { std: "docker" "inspect" "1ea12d5a953285b01459974964b5ab0951633dc39a4be0115cbec1960f42e07f", kill_on_drop: false }`
[INFO] running `Command { std: "docker" "exec" "-e" "SOURCE_DIR=/opt/rustwide/workdir" "-e" "CARGO_HOME=/opt/rustwide/cargo-home" "-e" "RUSTUP_HOME=/opt/rustwide/rustup-home" "-e" "CARGO_TARGET_DIR=/opt/rustwide/target" "-e" "CARGO_INCREMENTAL=0" "-e" "RUST_BACKTRACE=full" "-e" "RUSTFLAGS=--cap-lints=warn" "-e" "RUSTDOCFLAGS=--cap-lints=warn" "-w" "/opt/rustwide/workdir" "--user" "0:0" "1ea12d5a953285b01459974964b5ab0951633dc39a4be0115cbec1960f42e07f" "/opt/rustwide/cargo-home/bin/cargo" "+1.100.0-beta.1" "test" "--frozen" "--no-run" "--message-format=json" "--release", kill_on_drop: false }`
[INFO] [stderr]    Compiling leo3-codegen v0.3.1 (/opt/rustwide/workdir)
[INFO] [stderr]     Finished `release` profile [optimized] target(s) in 3.24s
[INFO] running `Command { std: "docker" "inspect" "1ea12d5a953285b01459974964b5ab0951633dc39a4be0115cbec1960f42e07f", kill_on_drop: false }`
[INFO] running `Command { std: "docker" "exec" "-e" "SOURCE_DIR=/opt/rustwide/workdir" "-e" "CARGO_HOME=/opt/rustwide/cargo-home" "-e" "RUSTUP_HOME=/opt/rustwide/rustup-home" "-e" "CARGO_TARGET_DIR=/opt/rustwide/target" "-e" "CARGO_INCREMENTAL=0" "-e" "RUST_BACKTRACE=full" "-e" "RUSTFLAGS=--cap-lints=warn" "-e" "RUSTDOCFLAGS=--cap-lints=warn" "-w" "/opt/rustwide/workdir" "--user" "0:0" "1ea12d5a953285b01459974964b5ab0951633dc39a4be0115cbec1960f42e07f" "/opt/rustwide/cargo-home/bin/cargo" "+1.100.0-beta.1" "test" "--frozen" "--release", kill_on_drop: false }`
[INFO] [stderr]     Finished `release` profile [optimized] target(s) in 0.06s
[INFO] [stderr]      Running unittests src/main.rs (/opt/rustwide/target/release/build/leo3-codegen/451f2cd5edce2052/out/leo3_codegen-451f2cd5edce2052)
[INFO] [stdout] 
[INFO] [stderr]      Running tests/codegen_integration.rs (/opt/rustwide/target/release/build/leo3-codegen/74e574d59f957e57/out/codegen_integration-74e574d59f957e57)
[INFO] [stdout] running 0 tests
[INFO] [stdout] 
[INFO] [stdout] test result: ok. 0 passed; 0 failed; 0 ignored; 0 measured; 0 filtered out; finished in 0.00s
[INFO] [stdout] 
[INFO] [stdout] 
[INFO] [stdout] running 2 tests
[INFO] [stderr] error: manifest path `/opt/rustwide/workdir/../leo3/tests/fixtures/leanmodule_runtime_fixture/Cargo.toml` does not exist
[INFO] [stdout] test metadata_is_recoverable_from_dedicated_section ... FAILED
[INFO] [stderr] error: manifest path `/opt/rustwide/workdir/../leo3/tests/fixtures/leanmodule_runtime_fixture/Cargo.toml` does not exist
[INFO] [stdout] test codegen_generates_module_and_class_lean_files ... FAILED
[INFO] [stdout] 
[INFO] [stdout] failures:
[INFO] [stdout] 
[INFO] [stdout] ---- metadata_is_recoverable_from_dedicated_section stdout ----
[INFO] [stdout] 
[INFO] [stdout] thread 'metadata_is_recoverable_from_dedicated_section' (673) panicked at tests/codegen_integration.rs:61:5:
[INFO] [stdout] fixture cargo build failed
[INFO] [stdout] stack backtrace:
[INFO] [stdout]    0:     0x64c5bff6d951 - <<std[617be2ca0a6fd877]::sys::backtrace::BacktraceLock>::print::DisplayBacktrace as core[a373ad73a504971]::fmt::Display>::fmt
[INFO] [stdout]    1:     0x64c5bff8223a - core[a373ad73a504971]::fmt::write
[INFO] [stdout]    2:     0x64c5bff71dec - <alloc[2e1b2a31b91974c5]::vec::Vec<u8> as core[a373ad73a504971]::io::write::Write>::write_fmt
[INFO] [stdout]    3:     0x64c5bff48416 - std[617be2ca0a6fd877]::panicking::default_hook::{closure#0}
[INFO] [stdout]    4:     0x64c5bff65299 - std[617be2ca0a6fd877]::panicking::default_hook
[INFO] [stdout]    5:     0x64c5bfeffdd0 - test[aada8e7e76ba119b]::test_main_inner::{closure#0}
[INFO] [stdout]    6:     0x64c5bff65452 - std[617be2ca0a6fd877]::panicking::panic_with_hook
[INFO] [stdout]    7:     0x64c5bff484f4 - std[617be2ca0a6fd877]::panicking::panic_handler::{closure#0}
[INFO] [stdout]    8:     0x64c5bff40f99 - std[617be2ca0a6fd877]::sys::backtrace::__rust_end_short_backtrace::<std[617be2ca0a6fd877]::panicking::panic_handler::{closure#0}, !>
[INFO] [stdout]    9:     0x64c5bff490cd - __rustc[ea4f61d10b84890b]::rust_begin_unwind
[INFO] [stdout]   10:     0x64c5bff8296c - core[a373ad73a504971]::panicking::panic_fmt
[INFO] [stdout]   11:     0x64c5bfee9120 - codegen_integration[185dd491ed40fd50]::build_fixture
[INFO] [stdout]   12:     0x64c5bfeea5f1 - <codegen_integration[185dd491ed40fd50]::metadata_is_recoverable_from_dedicated_section::{closure#0} as core[a373ad73a504971]::ops::function::FnOnce<()>>::call_once
[INFO] [stdout]   13:     0x64c5bfef321b - test[aada8e7e76ba119b]::__rust_begin_short_backtrace::<core[a373ad73a504971]::result::Result<(), alloc[2e1b2a31b91974c5]::string::String>, fn() -> core[a373ad73a504971]::result::Result<(), alloc[2e1b2a31b91974c5]::string::String>>
[INFO] [stdout]   14:     0x64c5bff003f5 - test[aada8e7e76ba119b]::run_test::{closure#0}
[INFO] [stdout]   15:     0x64c5bfef9ce4 - std[617be2ca0a6fd877]::sys::backtrace::__rust_begin_short_backtrace::<test[aada8e7e76ba119b]::run_test::{closure#1}, ()>
[INFO] [stdout]   16:     0x64c5bff03482 - <std[617be2ca0a6fd877]::thread::lifecycle::spawn_unchecked<test[aada8e7e76ba119b]::run_test::{closure#1}, ()>::{closure#1} as core[a373ad73a504971]::ops::function::FnOnce<()>>::call_once::{shim:vtable#0}
[INFO] [stdout]   17:     0x64c5bff6cb3f - <std[617be2ca0a6fd877]::sys::thread::unix::Thread>::new::thread_start
[INFO] [stdout]   18:     0x7f0e52e29dfa - <unknown>
[INFO] [stdout]   19:     0x7f0e52ebd3d4 - clone
[INFO] [stdout]   20:                0x0 - <unknown>
[INFO] [stdout] 
[INFO] [stdout] ---- codegen_generates_module_and_class_lean_files stdout ----
[INFO] [stdout] 
[INFO] [stdout] thread 'codegen_generates_module_and_class_lean_files' (672) panicked at tests/codegen_integration.rs:61:5:
[INFO] [stdout] fixture cargo build failed
[INFO] [stdout] stack backtrace:
[INFO] [stdout]    0:     0x64c5bff6d951 - <<std[617be2ca0a6fd877]::sys::backtrace::BacktraceLock>::print::DisplayBacktrace as core[a373ad73a504971]::fmt::Display>::fmt
[INFO] [stdout]    1:     0x64c5bff8223a - core[a373ad73a504971]::fmt::write
[INFO] [stdout]    2:     0x64c5bff71dec - <alloc[2e1b2a31b91974c5]::vec::Vec<u8> as core[a373ad73a504971]::io::write::Write>::write_fmt
[INFO] [stdout]    3:     0x64c5bff48416 - std[617be2ca0a6fd877]::panicking::default_hook::{closure#0}
[INFO] [stdout]    4:     0x64c5bff65299 - std[617be2ca0a6fd877]::panicking::default_hook
[INFO] [stdout]    5:     0x64c5bfeffdd0 - test[aada8e7e76ba119b]::test_main_inner::{closure#0}
[INFO] [stdout]    6:     0x64c5bff65452 - std[617be2ca0a6fd877]::panicking::panic_with_hook
[INFO] [stdout]    7:     0x64c5bff484f4 - std[617be2ca0a6fd877]::panicking::panic_handler::{closure#0}
[INFO] [stdout]    8:     0x64c5bff40f99 - std[617be2ca0a6fd877]::sys::backtrace::__rust_end_short_backtrace::<std[617be2ca0a6fd877]::panicking::panic_handler::{closure#0}, !>
[INFO] [stdout]    9:     0x64c5bff490cd - __rustc[ea4f61d10b84890b]::rust_begin_unwind
[INFO] [stdout]   10:     0x64c5bff8296c - core[a373ad73a504971]::panicking::panic_fmt
[INFO] [stdout]   11:     0x64c5bfee9120 - codegen_integration[185dd491ed40fd50]::build_fixture
[INFO] [stdout]   12:     0x64c5bfee9b96 - <codegen_integration[185dd491ed40fd50]::codegen_generates_module_and_class_lean_files::{closure#0} as core[a373ad73a504971]::ops::function::FnOnce<()>>::call_once
[INFO] [stdout]   13:     0x64c5bfef321b - test[aada8e7e76ba119b]::__rust_begin_short_backtrace::<core[a373ad73a504971]::result::Result<(), alloc[2e1b2a31b91974c5]::string::String>, fn() -> core[a373ad73a504971]::result::Result<(), alloc[2e1b2a31b91974c5]::string::String>>
[INFO] [stdout]   14:     0x64c5bff003f5 - test[aada8e7e76ba119b]::run_test::{closure#0}
[INFO] [stdout]   15:     0x64c5bfef9ce4 - std[617be2ca0a6fd877]::sys::backtrace::__rust_begin_short_backtrace::<test[aada8e7e76ba119b]::run_test::{closure#1}, ()>
[INFO] [stdout]   16:     0x64c5bff03482 - <std[617be2ca0a6fd877]::thread::lifecycle::spawn_unchecked<test[aada8e7e76ba119b]::run_test::{closure#1}, ()>::{closure#1} as core[a373ad73a504971]::ops::function::FnOnce<()>>::call_once::{shim:vtable#0}
[INFO] [stdout]   17:     0x64c5bff6cb3f - <std[617be2ca0a6fd877]::sys::thread::unix::Thread>::new::thread_start
[INFO] [stdout]   18:     0x7f0e52e29dfa - <unknown>
[INFO] [stdout]   19:     0x7f0e52ebd3d4 - clone
[INFO] [stdout]   20:                0x0 - <unknown>
[INFO] [stdout] 
[INFO] [stdout] 
[INFO] [stdout] failures:
[INFO] [stdout]     codegen_generates_module_and_class_lean_files
[INFO] [stdout]     metadata_is_recoverable_from_dedicated_section
[INFO] [stdout] 
[INFO] [stdout] test result: FAILED. 0 passed; 2 failed; 0 ignored; 0 measured; 0 filtered out; finished in 0.09s
[INFO] [stdout] 
[INFO] [stderr] error: test failed, to rerun pass `--test codegen_integration`
[INFO] running `Command { std: "docker" "inspect" "1ea12d5a953285b01459974964b5ab0951633dc39a4be0115cbec1960f42e07f", kill_on_drop: false }`
[INFO] running `Command { std: "docker" "rm" "-f" "1ea12d5a953285b01459974964b5ab0951633dc39a4be0115cbec1960f42e07f", kill_on_drop: false }`
[INFO] [stdout] 1ea12d5a953285b01459974964b5ab0951633dc39a4be0115cbec1960f42e07f
