[INFO] fetching crate lenso-otel-plugin 0.1.4...
[INFO] testing lenso-otel-plugin-0.1.4 against 1.99.0-beta.8+cargoflags=--release for beta-release-1.100-2
[INFO] extracting crate lenso-otel-plugin 0.1.4 into /workspace/builds/worker-6-tc1/source
[INFO] started tweaking crates.io crate lenso-otel-plugin 0.1.4
[INFO] removed 0 missing tests
[INFO] finished tweaking crates.io crate lenso-otel-plugin 0.1.4
[INFO] tweaked toml for crates.io crate lenso-otel-plugin 0.1.4 written to /workspace/builds/worker-6-tc1/source/Cargo.toml
[INFO] validating manifest of crates.io crate lenso-otel-plugin 0.1.4 on toolchain 1.99.0-beta.8
[INFO] running `Command { std: CARGO_HOME="/workspace/cargo-home" RUSTUP_HOME="/workspace/rustup-home" "/workspace/cargo-home/bin/cargo" "+1.99.0-beta.8" "metadata" "--manifest-path" "Cargo.toml" "--no-deps", kill_on_drop: false }`
[INFO] crate crates.io crate lenso-otel-plugin 0.1.4 already has a lockfile, it will not be regenerated
[INFO] running `Command { std: CARGO_HOME="/workspace/cargo-home" RUSTUP_HOME="/workspace/rustup-home" "/workspace/cargo-home/bin/cargo" "+1.99.0-beta.8" "fetch" "--manifest-path" "Cargo.toml", kill_on_drop: false }`
[INFO] [stderr]     Updating crates.io index
[INFO] [stderr]  Downloading crates ...
[INFO] [stderr]   Downloaded smallvec v1.16.0
[INFO] [stderr]   Downloaded lenso-runtime-codec v0.4.1
[INFO] [stderr]   Downloaded lenso-native-adapter v0.3.13
[INFO] [stderr]   Downloaded lenso-native-adapter-macros v0.2.4
[INFO] [stderr]   Downloaded tinyvec v1.13.2
[INFO] [stderr]   Downloaded quinn-proto v0.11.17
[INFO] [stderr]   Downloaded opentelemetry v0.32.0
[INFO] [stderr]   Downloaded opentelemetry-proto v0.32.0
[INFO] [stderr]   Downloaded opentelemetry_sdk v0.32.1
[INFO] [stderr]   Downloaded rustls v0.23.44
[INFO] running `Command { std: "docker" "create" "-v" "/var/lib/crater-agent-workspace/builds/worker-6-tc1/source:/opt/rustwide/workdir:ro,Z" "-v" "/var/lib/crater-agent-workspace/builds/worker-6-tc1/target:/opt/rustwide/target:rw,Z" "-v" "/var/lib/crater-agent-workspace/cargo-home:/opt/rustwide/cargo-home:ro,Z" "-v" "/var/lib/crater-agent-workspace/rustup-home:/opt/rustwide/rustup-home:ro,Z" "-m" "1610612736" "--network" "none" "ghcr.io/rust-lang/crates-build-env/linux@sha256:77db811e55d90add9212f6832c23229e3de5f1c1f9905e8cb07319ea15df73ac" "sleep" "infinity", kill_on_drop: false }`
[INFO] [stdout] 36047bdadf73e3482a299f14d71712892fb99261225535861c53bed5b3fcb132
[INFO] running `Command { std: "docker" "start" "36047bdadf73e3482a299f14d71712892fb99261225535861c53bed5b3fcb132", kill_on_drop: false }`
[INFO] running `Command { std: "docker" "inspect" "36047bdadf73e3482a299f14d71712892fb99261225535861c53bed5b3fcb132", kill_on_drop: false }`
[INFO] running `Command { std: "docker" "exec" "-e" "SOURCE_DIR=/opt/rustwide/workdir" "-e" "CARGO_HOME=/opt/rustwide/cargo-home" "-e" "RUSTUP_HOME=/opt/rustwide/rustup-home" "-e" "CARGO_TARGET_DIR=/opt/rustwide/target" "-w" "/opt/rustwide/workdir" "--user" "0:0" "36047bdadf73e3482a299f14d71712892fb99261225535861c53bed5b3fcb132" "/opt/rustwide/cargo-home/bin/cargo" "+1.99.0-beta.8" "metadata" "--no-deps" "--format-version=1", kill_on_drop: false }`
[INFO] running `Command { std: "docker" "inspect" "36047bdadf73e3482a299f14d71712892fb99261225535861c53bed5b3fcb132", kill_on_drop: false }`
[INFO] running `Command { std: "docker" "exec" "-e" "SOURCE_DIR=/opt/rustwide/workdir" "-e" "CARGO_HOME=/opt/rustwide/cargo-home" "-e" "RUSTUP_HOME=/opt/rustwide/rustup-home" "-e" "CARGO_TARGET_DIR=/opt/rustwide/target" "-e" "CARGO_INCREMENTAL=0" "-e" "RUST_BACKTRACE=full" "-e" "RUSTFLAGS=--cap-lints=warn" "-e" "RUSTDOCFLAGS=--cap-lints=warn" "-w" "/opt/rustwide/workdir" "--user" "0:0" "36047bdadf73e3482a299f14d71712892fb99261225535861c53bed5b3fcb132" "/opt/rustwide/cargo-home/bin/cargo" "+1.99.0-beta.8" "build" "--frozen" "--message-format=json" "--release", kill_on_drop: false }`
[INFO] [stderr]    Compiling syn v3.0.4
[INFO] [stderr]    Compiling libc v0.2.189
[INFO] [stderr]    Compiling syn v2.0.119
[INFO] [stderr]    Compiling futures-channel v0.3.34
[INFO] [stderr]    Compiling find-msvc-tools v0.1.12
[INFO] [stderr]    Compiling litemap v0.8.3
[INFO] [stderr]    Compiling writeable v0.6.4
[INFO] [stderr]    Compiling smallvec v1.16.0
[INFO] [stderr]    Compiling icu_normalizer_data v2.3.0
[INFO] [stderr]    Compiling serde_core v1.0.229
[INFO] [stderr]    Compiling icu_properties_data v2.3.0
[INFO] [stderr]    Compiling http v1.5.0
[INFO] [stderr]    Compiling zerocopy v0.8.57
[INFO] [stderr]    Compiling digest v0.10.7
[INFO] [stderr]    Compiling winnow v1.0.4
[INFO] [stderr]    Compiling bitflags v2.13.1
[INFO] [stderr]    Compiling cc v1.4.5
[INFO] [stderr]    Compiling rustls v0.23.44
[INFO] [stderr]    Compiling anyhow v1.0.104
[INFO] [stderr]    Compiling thiserror v2.0.20
[INFO] [stderr]    Compiling tower-service v0.3.3
[INFO] [stderr]    Compiling indexmap v2.14.1
[INFO] [stderr]    Compiling sha2 v0.10.9
[INFO] [stderr]    Compiling form_urlencoded v1.2.2
[INFO] [stderr]    Compiling toml_datetime v1.1.1+spec-1.1.0
[INFO] [stderr]    Compiling either v1.18.0
[INFO] [stderr]    Compiling rustix v1.1.4
[INFO] [stderr]    Compiling tracing v0.1.44
[INFO] [stderr]    Compiling sync_wrapper v1.0.2
[INFO] [stderr]    Compiling winnow v0.7.15
[INFO] [stderr]    Compiling tower-layer v0.3.3
[INFO] [stderr]    Compiling ipnet v2.12.2
[INFO] [stderr]    Compiling itertools v0.14.0
[INFO] [stderr]    Compiling toml_parser v1.1.3+spec-1.1.0
[INFO] [stderr]    Compiling hex v0.4.3
[INFO] [stderr]    Compiling lenso-plugin-authoring v0.2.0
[INFO] [stderr]    Compiling inventory v0.3.24
[INFO] [stderr]    Compiling log v0.4.34
[INFO] [stderr]    Compiling hmac v0.12.1
[INFO] [stderr]    Compiling http-body v1.1.0
[INFO] [stderr]    Compiling http-body-util v0.1.5
[INFO] [stderr]    Compiling toml_edit v0.25.13+spec-1.1.0
[INFO] [stderr]    Compiling socket2 v0.6.5
[INFO] [stderr]    Compiling mio v1.2.3
[INFO] [stderr]    Compiling getrandom v0.2.17
[INFO] [stderr]    Compiling ring v0.17.14
[INFO] [stderr]    Compiling getrandom v0.3.4
[INFO] [stderr]    Compiling tokio v1.53.1
[INFO] [stderr]    Compiling getrandom v0.4.3
[INFO] [stderr]    Compiling proc-macro-crate v3.5.0
[INFO] [stderr]    Compiling rand_core v0.9.5
[INFO] [stderr]    Compiling toml_datetime v0.7.5+spec-1.1.0
[INFO] [stderr]    Compiling serde_spanned v1.1.1
[INFO] [stderr]    Compiling serde_json v1.0.151
[INFO] [stderr]    Compiling tempfile v3.27.0
[INFO] [stderr]    Compiling toml v0.9.12+spec-1.1.0
[INFO] [stderr]    Compiling zerovec-derive v0.11.6
[INFO] [stderr]    Compiling futures-macro v0.3.34
[INFO] [stderr]    Compiling displaydoc v0.2.7
[INFO] [stderr]    Compiling serde_derive v1.0.229
[INFO] [stderr]    Compiling thiserror-impl v2.0.20
[INFO] [stderr]    Compiling opentelemetry v0.32.0
[INFO] [stderr]    Compiling futures-util v0.3.34
[INFO] [stderr]    Compiling synstructure v0.13.2
[INFO] [stderr]    Compiling zerofrom-derive v0.1.7
[INFO] [stderr]    Compiling yoke-derive v0.8.2
[INFO] [stderr]    Compiling prost-derive v0.14.4
[INFO] [stderr]    Compiling lenso-native-adapter-macros v0.2.4
[INFO] [stderr]    Compiling ppv-lite86 v0.2.21
[INFO] [stderr]    Compiling hyper v1.11.1
[INFO] [stderr]    Compiling zerofrom v0.1.8
[INFO] [stderr]    Compiling yoke v0.8.3
[INFO] [stderr]    Compiling rand_chacha v0.9.0
[INFO] [stderr]    Compiling zerovec v0.11.8
[INFO] [stderr]    Compiling zerotrie v0.2.5
[INFO] [stderr]    Compiling tinystr v0.8.4
[INFO] [stderr]    Compiling potential_utf v0.1.6
[INFO] [stderr]    Compiling serde v1.0.229
[INFO] [stderr]    Compiling rand v0.9.5
[INFO] [stderr]    Compiling icu_collections v2.3.0
[INFO] [stderr]    Compiling icu_locale_core v2.3.0
[INFO] [stderr]    Compiling lenso-app-plan v0.4.1
[INFO] [stderr]    Compiling serde_urlencoded v0.7.1
[INFO] [stderr]    Compiling prost v0.14.4
[INFO] [stderr]    Compiling icu_provider v2.3.1
[INFO] [stderr]    Compiling futures-executor v0.3.34
[INFO] [stderr]    Compiling tower v0.5.3
[INFO] [stderr]    Compiling hyper-util v0.1.20
[INFO] [stderr]    Compiling futures v0.3.34
[INFO] [stderr]    Compiling opentelemetry_sdk v0.32.1
[INFO] [stderr]    Compiling icu_normalizer v2.3.0
[INFO] [stderr]    Compiling icu_properties v2.3.0
[INFO] [stderr]    Compiling opentelemetry-proto v0.32.0
[INFO] [stderr]    Compiling idna_adapter v1.2.2
[INFO] [stderr]    Compiling idna v1.1.0
[INFO] [stderr]    Compiling url v2.5.8
[INFO] [stderr]    Compiling lenso-kernel v0.3.6
[INFO] [stderr]    Compiling tower-http v0.6.11
[INFO] [stderr]    Compiling lenso-runtime-codec v0.4.1
[INFO] [stderr]    Compiling lenso-native-adapter v0.3.13
[INFO] [stderr]    Compiling rustls-webpki v0.103.15
[INFO] [stderr]    Compiling tokio-rustls v0.26.5
[INFO] [stderr]    Compiling hyper-rustls v0.27.9
[INFO] [stderr]    Compiling reqwest v0.12.28
[INFO] [stderr]    Compiling lenso-otel-plugin v0.1.4 (/opt/rustwide/workdir)
[INFO] [stderr]     Finished `release` profile [optimized] target(s) in 1m 33s
[INFO] running `Command { std: "docker" "inspect" "36047bdadf73e3482a299f14d71712892fb99261225535861c53bed5b3fcb132", kill_on_drop: false }`
[INFO] running `Command { std: "docker" "exec" "-e" "SOURCE_DIR=/opt/rustwide/workdir" "-e" "CARGO_HOME=/opt/rustwide/cargo-home" "-e" "RUSTUP_HOME=/opt/rustwide/rustup-home" "-e" "CARGO_TARGET_DIR=/opt/rustwide/target" "-e" "CARGO_INCREMENTAL=0" "-e" "RUST_BACKTRACE=full" "-e" "RUSTFLAGS=--cap-lints=warn" "-e" "RUSTDOCFLAGS=--cap-lints=warn" "-w" "/opt/rustwide/workdir" "--user" "0:0" "36047bdadf73e3482a299f14d71712892fb99261225535861c53bed5b3fcb132" "/opt/rustwide/cargo-home/bin/cargo" "+1.99.0-beta.8" "test" "--frozen" "--no-run" "--message-format=json" "--release", kill_on_drop: false }`
[INFO] [stderr]    Compiling tokio-macros v2.7.2
[INFO] [stderr]    Compiling tokio v1.53.1
[INFO] [stderr]    Compiling hyper v1.11.1
[INFO] [stderr]    Compiling tower v0.5.3
[INFO] [stderr]    Compiling tokio-rustls v0.26.5
[INFO] [stderr]    Compiling tower-http v0.6.11
[INFO] [stderr]    Compiling hyper-util v0.1.20
[INFO] [stderr]    Compiling hyper-rustls v0.27.9
[INFO] [stderr]    Compiling reqwest v0.12.28
[INFO] [stderr]    Compiling lenso-otel-plugin v0.1.4 (/opt/rustwide/workdir)
[INFO] [stderr]     Finished `release` profile [optimized] target(s) in 38.91s
[INFO] running `Command { std: "docker" "inspect" "36047bdadf73e3482a299f14d71712892fb99261225535861c53bed5b3fcb132", kill_on_drop: false }`
[INFO] running `Command { std: "docker" "exec" "-e" "SOURCE_DIR=/opt/rustwide/workdir" "-e" "CARGO_HOME=/opt/rustwide/cargo-home" "-e" "RUSTUP_HOME=/opt/rustwide/rustup-home" "-e" "CARGO_TARGET_DIR=/opt/rustwide/target" "-e" "CARGO_INCREMENTAL=0" "-e" "RUST_BACKTRACE=full" "-e" "RUSTFLAGS=--cap-lints=warn" "-e" "RUSTDOCFLAGS=--cap-lints=warn" "-w" "/opt/rustwide/workdir" "--user" "0:0" "36047bdadf73e3482a299f14d71712892fb99261225535861c53bed5b3fcb132" "/opt/rustwide/cargo-home/bin/cargo" "+1.99.0-beta.8" "test" "--frozen" "--release", kill_on_drop: false }`
[INFO] [stderr]     Finished `release` profile [optimized] target(s) in 0.18s
[INFO] [stderr]      Running unittests src/lib.rs (/opt/rustwide/target/release/deps/lenso_otel_plugin-8af0f24ee575b199)
[INFO] [stdout] 
[INFO] [stdout] running 5 tests
[INFO] [stdout] test export::tests::stable_route_replaces_and_closes_generations_safely ... ok
[INFO] [stderr]      Running tests/diagnostic_signals.rs (/opt/rustwide/target/release/deps/diagnostic_signals-b7e5daa7d1b79f16)
[INFO] [stdout] test export::tests::individual_signal_fields_and_attribute_cardinality_have_exact_bounds ... ok
[INFO] [stdout] test export::tests::body_attribute_and_aggregate_encoded_sizes_have_exact_bounds ... ok
[INFO] [stdout] test export::tests::queue_is_bounded_and_non_blocking ... ok
[INFO] [stdout] test export::tests::invalid_signal_is_rejected_before_it_enters_the_queue ... ok
[INFO] [stdout] 
[INFO] [stdout] test result: ok. 5 passed; 0 failed; 0 ignored; 0 measured; 0 filtered out; finished in 0.01s
[INFO] [stdout] 
[INFO] [stdout] 
[INFO] [stdout] running 3 tests
[INFO] [stdout] test runtime_failure_export_contains_only_a_sanitized_category ... ok
[INFO] [stdout] test converts_structural_runtime_facts_to_an_otel_log_without_payloads ... ok
[INFO] [stdout] test application_signals_have_explicit_otel_shapes ... ok
[INFO] [stderr]      Running tests/otlp_http.rs (/opt/rustwide/target/release/deps/otlp_http-b0f24ec9d1fe46b0)
[INFO] [stdout] 
[INFO] [stdout] test result: ok. 3 passed; 0 failed; 0 ignored; 0 measured; 0 filtered out; finished in 0.00s
[INFO] [stdout] 
[INFO] [stdout] 
[INFO] [stdout] running 3 tests
[INFO] [stdout] test validates_private_exporter_configuration_without_exposing_the_token ... ok
[INFO] [stdout] test exports_a_completed_http_server_span_as_otlp_protobuf ... ok
[INFO] [stdout] test exports_logs_to_the_distinct_otlp_endpoint ... ok
[INFO] [stdout] 
[INFO] [stdout] test result: ok. 3 passed; 0 failed; 0 ignored; 0 measured; 0 filtered out; finished in 0.01s
[INFO] [stdout] 
[INFO] [stderr]      Running tests/plugin.rs (/opt/rustwide/target/release/deps/plugin-1d5338b6a0dcdbfd)
[INFO] [stdout] 
[INFO] [stdout] running 7 tests
[INFO] [stdout] test exporter_stats_are_observable_without_becoming_runtime_diagnostics ... ok
[INFO] [stdout] test removing_otel_preserves_business_and_app_outcomes ... ok
[INFO] [stdout] test exporter_failures_are_isolated_from_app_terminal_outcomes ... ok
[INFO] [stdout] test slow_exporter_drops_bounded_telemetry_and_shutdown_remains_bounded ... ok
[INFO] [stderr]      Running tests/trace_context.rs (/opt/rustwide/target/release/deps/trace_context-234da3fbad6e849d)
[INFO] [stdout] test explicit_telemetry_capability_enqueues_through_a_declared_binding ... ok
[INFO] [stdout] test exporter_is_async_and_explicit_telemetry_does_not_gate_readiness ... ok
[INFO] [stdout] test telemetry_queues_are_isolated_by_module_instance_and_close_on_shutdown ... ok
[INFO] [stdout] 
[INFO] [stdout] test result: ok. 7 passed; 0 failed; 0 ignored; 0 measured; 0 filtered out; finished in 0.00s
[INFO] [stdout] 
[INFO] [stdout] 
[INFO] [stdout] running 5 tests
[INFO] [stdout] test injects_a_registered_sealed_extension_without_overwrite ... ok
[INFO] [stdout] test matches_the_shared_rust_typescript_trace_contract ... FAILED
[INFO] [stdout] test parses_and_round_trips_w3c_trace_context ... ok
[INFO] [stdout] test native_adapter_preserves_and_filters_sealed_trace_context ... ok
[INFO] [stdout] test rejects_forged_issuer_or_proof_and_hides_uncovered_targets ... ok
[INFO] [stdout] 
[INFO] [stdout] failures:
[INFO] [stdout] 
[INFO] [stdout] ---- matches_the_shared_rust_typescript_trace_contract stdout ----
[INFO] [stdout] 
[INFO] [stdout] thread 'matches_the_shared_rust_typescript_trace_contract' (2585) panicked at tests/trace_context.rs:36:49:
[INFO] [stdout] trace fixture should be readable: Os { code: 2, kind: NotFound, message: "No such file or directory" }
[INFO] [stdout] stack backtrace:
[INFO] [stdout]    0:     0x561345a01281 - <<std[70759c8f55707aa4]::sys::backtrace::BacktraceLock>::print::DisplayBacktrace as core[df12db4294e9bfd3]::fmt::Display>::fmt
[INFO] [stdout]    1:     0x561345a1646a - core[df12db4294e9bfd3]::fmt::write
[INFO] [stdout]    2:     0x561345a0571c - <alloc[2182bb758b4b3781]::vec::Vec<u8> as core[df12db4294e9bfd3]::io::write::Write>::write_fmt
[INFO] [stdout]    3:     0x5613459dd246 - std[70759c8f55707aa4]::panicking::default_hook::{closure#0}
[INFO] [stdout]    4:     0x5613459f9549 - std[70759c8f55707aa4]::panicking::default_hook
[INFO] [stdout]    5:     0x561345900f40 - test[9d35eded1c95d3be]::test_main_inner::<test[9d35eded1c95d3be]::test_main_static::{closure#0}>::{closure#0}
[INFO] [stdout]    6:     0x5613459f9702 - std[70759c8f55707aa4]::panicking::panic_with_hook
[INFO] [stdout]    7:     0x5613459dd2f2 - std[70759c8f55707aa4]::panicking::panic_handler::{closure#0}
[INFO] [stdout]    8:     0x5613459d5ee9 - std[70759c8f55707aa4]::sys::backtrace::__rust_end_short_backtrace::<std[70759c8f55707aa4]::panicking::panic_handler::{closure#0}, !>
[INFO] [stdout]    9:     0x5613459ddeed - __rustc[8fa7c3cbc660c2b3]::rust_begin_unwind
[INFO] [stdout]   10:     0x561345a16bcc - core[df12db4294e9bfd3]::panicking::panic_fmt
[INFO] [stdout]   11:     0x561345a169a2 - core[df12db4294e9bfd3]::result::unwrap_failed
[INFO] [stdout]   12:     0x5613458daa8e - <trace_context[f7bc067a578b0613]::matches_the_shared_rust_typescript_trace_contract::{closure#0} as core[df12db4294e9bfd3]::ops::function::FnOnce<()>>::call_once
[INFO] [stdout]   13:     0x5613458f422b - test[9d35eded1c95d3be]::__rust_begin_short_backtrace::<core[df12db4294e9bfd3]::result::Result<(), alloc[2182bb758b4b3781]::string::String>, fn() -> core[df12db4294e9bfd3]::result::Result<(), alloc[2182bb758b4b3781]::string::String>>
[INFO] [stdout]   14:     0x561345901895 - test[9d35eded1c95d3be]::run_test::{closure#0}
[INFO] [stdout]   15:     0x5613458fb154 - std[70759c8f55707aa4]::sys::backtrace::__rust_begin_short_backtrace::<test[9d35eded1c95d3be]::run_test::{closure#1}, ()>
[INFO] [stdout]   16:     0x5613459049f2 - <std[70759c8f55707aa4]::thread::lifecycle::spawn_unchecked<test[9d35eded1c95d3be]::run_test::{closure#1}, ()>::{closure#1} as core[df12db4294e9bfd3]::ops::function::FnOnce<()>>::call_once::{shim:vtable#0}
[INFO] [stdout]   17:     0x561345a00809 - <std[70759c8f55707aa4]::sys::thread::unix::Thread>::new::thread_start
[INFO] [stdout]   18:     0x7304214cbdfa - <unknown>
[INFO] [stdout]   19:     0x73042155f3d4 - clone
[INFO] [stdout]   20:                0x0 - <unknown>
[INFO] [stdout] 
[INFO] [stdout] 
[INFO] [stdout] failures:
[INFO] [stdout]     matches_the_shared_rust_typescript_trace_contract
[INFO] [stdout] 
[INFO] [stdout] test result: FAILED. 4 passed; 1 failed; 0 ignored; 0 measured; 0 filtered out; finished in 0.00s
[INFO] [stdout] 
[INFO] [stderr] error: test failed, to rerun pass `--test trace_context`
[INFO] running `Command { std: "docker" "inspect" "36047bdadf73e3482a299f14d71712892fb99261225535861c53bed5b3fcb132", kill_on_drop: false }`
[INFO] running `Command { std: "docker" "rm" "-f" "36047bdadf73e3482a299f14d71712892fb99261225535861c53bed5b3fcb132", kill_on_drop: false }`
[INFO] [stdout] 36047bdadf73e3482a299f14d71712892fb99261225535861c53bed5b3fcb132
