[INFO] fetching crate lenso-kernel 0.3.13...
[INFO] testing lenso-kernel-0.3.13 against 1.99.0-beta.8+cargoflags=--release for beta-release-1.100-2
[INFO] extracting crate lenso-kernel 0.3.13 into /workspace/builds/worker-6-tc1/source
[INFO] started tweaking crates.io crate lenso-kernel 0.3.13
[INFO] removed 0 missing tests
[INFO] finished tweaking crates.io crate lenso-kernel 0.3.13
[INFO] tweaked toml for crates.io crate lenso-kernel 0.3.13 written to /workspace/builds/worker-6-tc1/source/Cargo.toml
[INFO] validating manifest of crates.io crate lenso-kernel 0.3.13 on toolchain 1.99.0-beta.8
[INFO] running `Command { std: CARGO_HOME="/workspace/cargo-home" RUSTUP_HOME="/workspace/rustup-home" "/workspace/cargo-home/bin/cargo" "+1.99.0-beta.8" "metadata" "--manifest-path" "Cargo.toml" "--no-deps", kill_on_drop: false }`
[INFO] crate crates.io crate lenso-kernel 0.3.13 already has a lockfile, it will not be regenerated
[INFO] running `Command { std: CARGO_HOME="/workspace/cargo-home" RUSTUP_HOME="/workspace/rustup-home" "/workspace/cargo-home/bin/cargo" "+1.99.0-beta.8" "fetch" "--manifest-path" "Cargo.toml", kill_on_drop: false }`
[INFO] [stderr]     Updating crates.io index
[INFO] [stderr]  Downloading crates ...
[INFO] [stderr]   Downloaded lenso-app-plan v0.4.7
[INFO] running `Command { std: "docker" "create" "-v" "/var/lib/crater-agent-workspace/builds/worker-6-tc1/source:/opt/rustwide/workdir:ro,Z" "-v" "/var/lib/crater-agent-workspace/builds/worker-6-tc1/target:/opt/rustwide/target:rw,Z" "-v" "/var/lib/crater-agent-workspace/cargo-home:/opt/rustwide/cargo-home:ro,Z" "-v" "/var/lib/crater-agent-workspace/rustup-home:/opt/rustwide/rustup-home:ro,Z" "-m" "1610612736" "--network" "none" "ghcr.io/rust-lang/crates-build-env/linux@sha256:77db811e55d90add9212f6832c23229e3de5f1c1f9905e8cb07319ea15df73ac" "sleep" "infinity", kill_on_drop: false }`
[INFO] [stdout] 0e26f8aa8b68f2dd6a665cfa65b0b37028b5bf6790f3da314e51a9c5c2a67794
[INFO] running `Command { std: "docker" "start" "0e26f8aa8b68f2dd6a665cfa65b0b37028b5bf6790f3da314e51a9c5c2a67794", kill_on_drop: false }`
[INFO] running `Command { std: "docker" "inspect" "0e26f8aa8b68f2dd6a665cfa65b0b37028b5bf6790f3da314e51a9c5c2a67794", kill_on_drop: false }`
[INFO] running `Command { std: "docker" "exec" "-e" "SOURCE_DIR=/opt/rustwide/workdir" "-e" "CARGO_HOME=/opt/rustwide/cargo-home" "-e" "RUSTUP_HOME=/opt/rustwide/rustup-home" "-e" "CARGO_TARGET_DIR=/opt/rustwide/target" "-w" "/opt/rustwide/workdir" "--user" "0:0" "0e26f8aa8b68f2dd6a665cfa65b0b37028b5bf6790f3da314e51a9c5c2a67794" "/opt/rustwide/cargo-home/bin/cargo" "+1.99.0-beta.8" "metadata" "--no-deps" "--format-version=1", kill_on_drop: false }`
[INFO] running `Command { std: "docker" "inspect" "0e26f8aa8b68f2dd6a665cfa65b0b37028b5bf6790f3da314e51a9c5c2a67794", kill_on_drop: false }`
[INFO] running `Command { std: "docker" "exec" "-e" "SOURCE_DIR=/opt/rustwide/workdir" "-e" "CARGO_HOME=/opt/rustwide/cargo-home" "-e" "RUSTUP_HOME=/opt/rustwide/rustup-home" "-e" "CARGO_TARGET_DIR=/opt/rustwide/target" "-e" "CARGO_INCREMENTAL=0" "-e" "RUST_BACKTRACE=full" "-e" "RUSTFLAGS=--cap-lints=warn" "-e" "RUSTDOCFLAGS=--cap-lints=warn" "-w" "/opt/rustwide/workdir" "--user" "0:0" "0e26f8aa8b68f2dd6a665cfa65b0b37028b5bf6790f3da314e51a9c5c2a67794" "/opt/rustwide/cargo-home/bin/cargo" "+1.99.0-beta.8" "build" "--frozen" "--message-format=json" "--release", kill_on_drop: false }`
[INFO] [stderr]    Compiling syn v3.0.3
[INFO] [stderr]    Compiling futures-core v0.3.34
[INFO] [stderr]    Compiling serde_json v1.0.151
[INFO] [stderr]    Compiling futures-channel v0.3.34
[INFO] [stderr]    Compiling futures-macro v0.3.34
[INFO] [stderr]    Compiling serde_derive v1.0.229
[INFO] [stderr]    Compiling futures-util v0.3.34
[INFO] [stderr]    Compiling serde v1.0.229
[INFO] [stderr]    Compiling lenso-app-plan v0.4.7
[INFO] [stderr]    Compiling futures-executor v0.3.34
[INFO] [stderr]    Compiling futures v0.3.34
[INFO] [stderr]    Compiling lenso-kernel v0.3.13 (/opt/rustwide/workdir)
[INFO] [stderr]     Finished `release` profile [optimized] target(s) in 56.58s
[INFO] running `Command { std: "docker" "inspect" "0e26f8aa8b68f2dd6a665cfa65b0b37028b5bf6790f3da314e51a9c5c2a67794", kill_on_drop: false }`
[INFO] running `Command { std: "docker" "exec" "-e" "SOURCE_DIR=/opt/rustwide/workdir" "-e" "CARGO_HOME=/opt/rustwide/cargo-home" "-e" "RUSTUP_HOME=/opt/rustwide/rustup-home" "-e" "CARGO_TARGET_DIR=/opt/rustwide/target" "-e" "CARGO_INCREMENTAL=0" "-e" "RUST_BACKTRACE=full" "-e" "RUSTFLAGS=--cap-lints=warn" "-e" "RUSTDOCFLAGS=--cap-lints=warn" "-w" "/opt/rustwide/workdir" "--user" "0:0" "0e26f8aa8b68f2dd6a665cfa65b0b37028b5bf6790f3da314e51a9c5c2a67794" "/opt/rustwide/cargo-home/bin/cargo" "+1.99.0-beta.8" "test" "--frozen" "--no-run" "--message-format=json" "--release", kill_on_drop: false }`
[INFO] [stderr]    Compiling lenso-kernel v0.3.13 (/opt/rustwide/workdir)
[INFO] [stderr]     Finished `release` profile [optimized] target(s) in 2m 11s
[INFO] running `Command { std: "docker" "inspect" "0e26f8aa8b68f2dd6a665cfa65b0b37028b5bf6790f3da314e51a9c5c2a67794", kill_on_drop: false }`
[INFO] running `Command { std: "docker" "exec" "-e" "SOURCE_DIR=/opt/rustwide/workdir" "-e" "CARGO_HOME=/opt/rustwide/cargo-home" "-e" "RUSTUP_HOME=/opt/rustwide/rustup-home" "-e" "CARGO_TARGET_DIR=/opt/rustwide/target" "-e" "CARGO_INCREMENTAL=0" "-e" "RUST_BACKTRACE=full" "-e" "RUSTFLAGS=--cap-lints=warn" "-e" "RUSTDOCFLAGS=--cap-lints=warn" "-w" "/opt/rustwide/workdir" "--user" "0:0" "0e26f8aa8b68f2dd6a665cfa65b0b37028b5bf6790f3da314e51a9c5c2a67794" "/opt/rustwide/cargo-home/bin/cargo" "+1.99.0-beta.8" "test" "--frozen" "--release", kill_on_drop: false }`
[INFO] [stderr]     Finished `release` profile [optimized] target(s) in 0.08s
[INFO] [stderr]      Running unittests src/lib.rs (/opt/rustwide/target/release/deps/lenso_kernel-9a6f8f32029c88e9)
[INFO] [stdout] 
[INFO] [stdout] running 15 tests
[INFO] [stdout] test diagnostics::tests::compact_probe_does_not_enable_rich_invocation_records ... ok
[INFO] [stdout] test invocation::tests::child_request_has_fresh_identity_and_one_way_cancellation ... ok
[INFO] [stdout] test invocation::tests::cloning_context_reuses_caller_storage ... ok
[INFO] [stdout] test invocation::tests::resolved_caller_reuses_matching_storage_and_overrides_spoofed_identity ... ok
[INFO] [stdout] test lifecycle::tests::admission_close_waiter_ignores_the_initial_startup_gate ... ok
[INFO] [stdout] test lifecycle::tests::child_cancellation_is_one_way ... ok
[INFO] [stdout] test settlement::tests::an_already_accepted_success_survives_later_cancellation ... ok
[INFO] [stdout] test request::typed_endpoint_tests::default_dispatch_uses_runtime_typed_endpoint ... ok
[INFO] [stdout] test settlement::tests::cancellation_precedes_inclusive_deadline_and_same_poll_completion ... ok
[INFO] [stdout] test diagnostics::tests::filters_sources_before_building_a_record ... ok
[INFO] [stdout] test settlement::tests::cancelled_waiter_retains_execution_and_capacity_until_work_really_finishes ... ok
[INFO] [stdout] test settlement::tests::dropped_waiter_does_not_drop_the_execution_owner ... ok
[INFO] [stdout] test diagnostics::tests::does_not_build_a_record_without_an_interested_observer ... ok
[INFO] [stdout] test driver::tests::ready_work_does_not_register_cancellation_waiters ... ok
[INFO] [stdout] test settlement::tests::provider_context_carries_a_relative_dispatch_budget ... ok
[INFO] [stdout] 
[INFO] [stdout] test result: ok. 15 passed; 0 failed; 0 ignored; 0 measured; 0 filtered out; finished in 0.00s
[INFO] [stdout] 
[INFO] [stderr]      Running tests/empty_boot.rs (/opt/rustwide/target/release/deps/empty_boot-085ca410a2d45563)
[INFO] [stdout] 
[INFO] [stdout] running 6 tests
[INFO] [stdout] test produces_the_same_terminal_outcome_for_the_same_driver_script ... ok
[INFO] [stdout] test rejects_an_invalid_plan_before_boot ... ok
[INFO] [stdout] test reports_a_requested_shutdown ... ok
[INFO] [stdout] test boots_an_empty_resolved_app_plan ... ok
[INFO] [stdout] test deterministic_driver_distinguishes_abnormal_task_failure_from_cancellation ... ok
[INFO] [stderr]      Running tests/execution_classes.rs (/opt/rustwide/target/release/deps/execution_classes-56975b913ff2c265)
[INFO] [stdout] test deterministic_driver_wakes_timers_and_joins_or_cancels_local_tasks ... ok
[INFO] [stdout] 
[INFO] [stdout] test result: ok. 6 passed; 0 failed; 0 ignored; 0 measured; 0 filtered out; finished in 0.00s
[INFO] [stdout] 
[INFO] [stdout] 
[INFO] [stdout] running 6 tests
[INFO] [stdout] test kernel_rejects_a_missing_execution_class_before_any_adapter_prepares ... ok
[INFO] [stdout] test catalog_composes_many_bindings_prepared_by_different_execution_classes ... ok
[INFO] [stdout] test runner_catalog_composes_independent_execution_adapter_plugins ... ok
[INFO] [stdout] test runner_catalog_rejects_duplicate_execution_class_plugins ... ok
[INFO] [stdout] test kernel_rejects_a_missing_prepared_binding_before_lifecycle ... ok
[INFO] [stdout] test kernel_rejects_an_incomplete_adapter_result_before_lifecycle ... ok
[INFO] [stdout] 
[INFO] [stdout] test result: ok. 6 passed; 0 failed; 0 ignored; 0 measured; 0 filtered out; finished in 0.01s
[INFO] [stdout] 
[INFO] [stderr]      Running tests/execution_supervision.rs (/opt/rustwide/target/release/deps/execution_supervision-93384ac076c69d27)
[INFO] [stdout] 
[INFO] [stdout] running 13 tests
[INFO] [stdout] test cancelled_kernel_event_delivery_still_reports_late_failure ... ok
[INFO] [stdout] test cancelled_waiter_does_not_hide_late_plugin_failure ... ok
[INFO] [stdout] test cancelled_stream_open_still_reports_late_failure ... ok
[INFO] [stdout] test late_failure_respects_restart_never ... ok
[INFO] [stdout] test cancelled_stream_operations_still_report_late_failure_and_cancel_once ... ok
[INFO] [stdout] test immediate_live_failure_is_not_replaced_by_its_own_generation_cancellation ... ok
[INFO] [stdout] test same_poll_cancellation_wins_delivery_but_does_not_hide_provider_failure ... ok
[INFO] [stdout] test retained_execution_blocks_recreation_until_resources_are_released ... ok
[INFO] [stdout] test successful_domain_and_admission_outcomes_do_not_supervise ... ok
[INFO] [stdout] test duplicate_generation_failure_waits_for_old_execution_and_recreates_once ... ok
[INFO] [stdout] test cancelled_event_admission_still_reports_late_failure ... ok
[INFO] [stdout] test dropped_waiter_does_not_hide_late_plugin_failure ... ok
[INFO] [stdout] test accepted_failure_survives_cancel_and_late_poll_without_failing_the_replacement ... ok
[INFO] [stdout] 
[INFO] [stdout] test result: ok. 13 passed; 0 failed; 0 ignored; 0 measured; 0 filtered out; finished in 0.00s
[INFO] [stdout] 
[INFO] [stderr]      Running tests/invocation_context.rs (/opt/rustwide/target/release/deps/invocation_context-c0a1b14067ae20be)
[INFO] [stdout] 
[INFO] [stdout] running 3 tests
[INFO] [stdout] test ordinary_extensions_are_kept_separate_from_caller_identity ... ok
[INFO] [stdout] test sealed_extensions_are_opaque_and_cannot_be_overwritten ... ok
[INFO] [stdout] test sealed_extensions_only_propagate_to_covered_capability_operations ... ok
[INFO] [stdout] 
[INFO] [stdout] test result: ok. 3 passed; 0 failed; 0 ignored; 0 measured; 0 filtered out; finished in 0.00s
[INFO] [stdout] 
[INFO] [stderr]      Running tests/lifecycle.rs (/opt/rustwide/target/release/deps/lifecycle-d4c2bc7509dedacb)
[INFO] [stdout] 
[INFO] [stdout] running 3 tests
[INFO] [stdout] test activation_failure_never_opens_readiness_and_unwinds_all_prepared_instances_in_reverse_order ... ok
[INFO] [stdout] test prepare_failure_keeps_the_app_not_ready_and_rolls_back_prepared_instances_once ... ok
[INFO] [stdout] test successful_startup_prepares_and_activates_in_dependency_order_and_opens_one_gate ... ok
[INFO] [stdout] 
[INFO] [stdout] test result: ok. 3 passed; 0 failed; 0 ignored; 0 measured; 0 filtered out; finished in 0.00s
[INFO] [stdout] 
[INFO] [stderr]      Running tests/native_event.rs (/opt/rustwide/target/release/deps/native_event-84a0bda6165fbd0d)
[INFO] [stdout] 
[INFO] [stdout] running 7 tests
[INFO] [stdout] test dropped_authoring_v2_event_admission_remains_owned_until_settlement ... ok
[INFO] [stdout] test adapter_owned_admission_reports_the_acknowledged_commit_even_if_the_deadline_elapses ... ok
[INFO] [stdout] test one_event_handle_materializes_one_explicit_subscriber ... ok
[INFO] [stdout] test one_binding_shares_one_event_mailbox_across_operations ... ok
[INFO] [stdout] test event_fan_out_attempts_every_binding_in_deterministic_order_and_preserves_fifo ... ok
[INFO] [stdout] test many_event_handle_with_no_bindings_is_an_empty_success ... ok
[INFO] [stdout] test zero_capacity_event_binding_never_accepts_a_publication ... ok
[INFO] [stdout] 
[INFO] [stdout] test result: ok. 7 passed; 0 failed; 0 ignored; 0 measured; 0 filtered out; finished in 0.00s
[INFO] [stdout] 
[INFO] [stderr]      Running tests/native_stream.rs (/opt/rustwide/target/release/deps/native_stream-ed9ed62c22a37136)
[INFO] [stdout] 
[INFO] [stdout] running 7 tests
[INFO] [stdout] test stream_open_preserves_domain_errors_and_bounded_admission ... ok
[INFO] [stdout] test provider_failure_terminates_only_the_nested_stream ... ok
[INFO] [stdout] test blocked_stream_operations_observe_cancellation_and_deadline ... ok
[INFO] [stdout] test stream_cancel_is_idempotent_and_completes_as_cancelled ... ok
[INFO] [stdout] test dropped_authoring_v2_stream_operation_remains_owned_until_settlement ... ok
[INFO] [stdout] test established_stream_stays_bound_to_its_opening_generation ... ok
[INFO] [stdout] test stream_is_full_duplex_and_half_close_is_independent ... ok
[INFO] [stdout] 
[INFO] [stdout] test result: ok. 7 passed; 0 failed; 0 ignored; 0 measured; 0 filtered out; finished in 0.02s
[INFO] [stdout] 
[INFO] [stderr]      Running tests/plan_transition.rs (/opt/rustwide/target/release/deps/plan_transition-2a5b816eb2ecc328)
[INFO] [stdout] 
[INFO] [stdout] running 8 tests
[INFO] [stdout] test late_constructor_cannot_reset_cancelled_attempts_cleanup_budget ... ok
[INFO] [stdout] test retained_physical_execution_blocks_commit_after_caller_reply ... ok
[INFO] [stdout] test inflight_request_rejects_commit_and_finishes_against_old_snapshot ... ok
[INFO] [stdout] test retirement_failure_preserves_committed_snapshot_and_fences_admission ... ok
[INFO] [stdout] test stale_or_forged_receipt_and_missing_opt_in_fail_before_recreation ... ok
[INFO] [stdout] test replacement_updates_stable_handle_and_only_affected_generation ... ok
[INFO] [stdout] test failed_readiness_keeps_predecessor_and_retires_candidate ... ok
[INFO] [stdout] test dropped_caller_keeps_driver_owned_rollback_and_shutdown_waits ... ok
[INFO] [stdout] 
[INFO] [stdout] test result: ok. 8 passed; 0 failed; 0 ignored; 0 measured; 0 filtered out; finished in 0.01s
[INFO] [stdout] 
[INFO] [stderr]      Running tests/portable_core_repository_boundary.rs (/opt/rustwide/target/release/deps/portable_core_repository_boundary-5553313d3b36acb3)
[INFO] [stdout] 
[INFO] [stdout] running 1 test
[INFO] [stdout] test portable_core_packages_keep_their_dependency_boundary ... FAILED
[INFO] [stdout] 
[INFO] [stdout] failures:
[INFO] [stdout] 
[INFO] [stdout] ---- portable_core_packages_keep_their_dependency_boundary stdout ----
[INFO] [stdout] 
[INFO] [stdout] thread 'portable_core_packages_keep_their_dependency_boundary' (1081) panicked at tests/portable_core_repository_boundary.rs:60:59:
[INFO] [stdout] read package manifest: Os { code: 2, kind: NotFound, message: "No such file or directory" }
[INFO] [stdout] stack backtrace:
[INFO] [stdout]    0:     0x64b44beb2e91 - <<std[70759c8f55707aa4]::sys::backtrace::BacktraceLock>::print::DisplayBacktrace as core[df12db4294e9bfd3]::fmt::Display>::fmt
[INFO] [stdout]    1:     0x64b44bec73ca - core[df12db4294e9bfd3]::fmt::write
[INFO] [stdout]    2:     0x64b44beb761c - <alloc[2182bb758b4b3781]::vec::Vec<u8> as core[df12db4294e9bfd3]::io::write::Write>::write_fmt
[INFO] [stdout]    3:     0x64b44be8e476 - std[70759c8f55707aa4]::panicking::default_hook::{closure#0}
[INFO] [stdout]    4:     0x64b44beab079 - std[70759c8f55707aa4]::panicking::default_hook
[INFO] [stdout]    5:     0x64b44be46420 - test[9d35eded1c95d3be]::test_main_inner::<test[9d35eded1c95d3be]::test_main_static::{closure#0}>::{closure#0}
[INFO] [stdout]    6:     0x64b44beab232 - std[70759c8f55707aa4]::panicking::panic_with_hook
[INFO] [stdout]    7:     0x64b44be8e522 - std[70759c8f55707aa4]::panicking::panic_handler::{closure#0}
[INFO] [stdout]    8:     0x64b44be87079 - std[70759c8f55707aa4]::sys::backtrace::__rust_end_short_backtrace::<std[70759c8f55707aa4]::panicking::panic_handler::{closure#0}, !>
[INFO] [stdout]    9:     0x64b44be8f11d - __rustc[8fa7c3cbc660c2b3]::rust_begin_unwind
[INFO] [stdout]   10:     0x64b44bec7afc - core[df12db4294e9bfd3]::panicking::panic_fmt
[INFO] [stdout]   11:     0x64b44bec78d2 - core[df12db4294e9bfd3]::result::unwrap_failed
[INFO] [stdout]   12:     0x64b44be35eb5 - <portable_core_repository_boundary[a6e526b7931cad88]::portable_core_packages_keep_their_dependency_boundary::{closure#0} as core[df12db4294e9bfd3]::ops::function::FnOnce<()>>::call_once
[INFO] [stdout]   13:     0x64b44be3970b - test[9d35eded1c95d3be]::__rust_begin_short_backtrace::<core[df12db4294e9bfd3]::result::Result<(), alloc[2182bb758b4b3781]::string::String>, fn() -> core[df12db4294e9bfd3]::result::Result<(), alloc[2182bb758b4b3781]::string::String>>
[INFO] [stdout]   14:     0x64b44be46d75 - test[9d35eded1c95d3be]::run_test::{closure#0}
[INFO] [stdout]   15:     0x64b44be40634 - std[70759c8f55707aa4]::sys::backtrace::__rust_begin_short_backtrace::<test[9d35eded1c95d3be]::run_test::{closure#1}, ()>
[INFO] [stdout]   16:     0x64b44be49ed2 - <std[70759c8f55707aa4]::thread::lifecycle::spawn_unchecked<test[9d35eded1c95d3be]::run_test::{closure#1}, ()>::{closure#1} as core[df12db4294e9bfd3]::ops::function::FnOnce<()>>::call_once::{shim:vtable#0}
[INFO] [stdout]   17:     0x64b44beb23f9 - <std[70759c8f55707aa4]::sys::thread::unix::Thread>::new::thread_start
[INFO] [stdout]   18:     0x713deeed3dfa - <unknown>
[INFO] [stdout]   19:     0x713deef673d4 - clone
[INFO] [stdout]   20:                0x0 - <unknown>
[INFO] [stdout] 
[INFO] [stdout] 
[INFO] [stdout] failures:
[INFO] [stdout]     portable_core_packages_keep_their_dependency_boundary
[INFO] [stdout] 
[INFO] [stdout] test result: FAILED. 0 passed; 1 failed; 0 ignored; 0 measured; 0 filtered out; finished in 0.00s
[INFO] [stdout] 
[INFO] [stderr] error: test failed, to rerun pass `--test portable_core_repository_boundary`
[INFO] running `Command { std: "docker" "inspect" "0e26f8aa8b68f2dd6a665cfa65b0b37028b5bf6790f3da314e51a9c5c2a67794", kill_on_drop: false }`
[INFO] running `Command { std: "docker" "rm" "-f" "0e26f8aa8b68f2dd6a665cfa65b0b37028b5bf6790f3da314e51a9c5c2a67794", kill_on_drop: false }`
[INFO] [stdout] 0e26f8aa8b68f2dd6a665cfa65b0b37028b5bf6790f3da314e51a9c5c2a67794
