[INFO] fetching crate lemon_bugsnag_rs 0.1.2...
[INFO] testing lemon_bugsnag_rs-0.1.2 against 1.99.0-beta.8+cargoflags=--release for beta-release-1.100-2
[INFO] extracting crate lemon_bugsnag_rs 0.1.2 into /workspace/builds/worker-2-tc1/source
[INFO] started tweaking crates.io crate lemon_bugsnag_rs 0.1.2
[INFO] removed 0 missing tests
[INFO] finished tweaking crates.io crate lemon_bugsnag_rs 0.1.2
[INFO] tweaked toml for crates.io crate lemon_bugsnag_rs 0.1.2 written to /workspace/builds/worker-2-tc1/source/Cargo.toml
[INFO] validating manifest of crates.io crate lemon_bugsnag_rs 0.1.2 on toolchain 1.99.0-beta.8
[INFO] running `Command { std: CARGO_HOME="/workspace/cargo-home" RUSTUP_HOME="/workspace/rustup-home" "/workspace/cargo-home/bin/cargo" "+1.99.0-beta.8" "metadata" "--manifest-path" "Cargo.toml" "--no-deps", kill_on_drop: false }`
[INFO] crate crates.io crate lemon_bugsnag_rs 0.1.2 already has a lockfile, it will not be regenerated
[INFO] running `Command { std: CARGO_HOME="/workspace/cargo-home" RUSTUP_HOME="/workspace/rustup-home" "/workspace/cargo-home/bin/cargo" "+1.99.0-beta.8" "fetch" "--manifest-path" "Cargo.toml", kill_on_drop: false }`
[INFO] [stderr]  Downloading crates ...
[INFO] [stderr]   Downloaded rustls v0.23.33
[INFO] running `Command { std: "docker" "create" "-v" "/var/lib/crater-agent-workspace/builds/worker-2-tc1/source:/opt/rustwide/workdir:ro,Z" "-v" "/var/lib/crater-agent-workspace/builds/worker-2-tc1/target:/opt/rustwide/target:rw,Z" "-v" "/var/lib/crater-agent-workspace/cargo-home:/opt/rustwide/cargo-home:ro,Z" "-v" "/var/lib/crater-agent-workspace/rustup-home:/opt/rustwide/rustup-home:ro,Z" "-m" "1610612736" "--network" "none" "ghcr.io/rust-lang/crates-build-env/linux@sha256:77db811e55d90add9212f6832c23229e3de5f1c1f9905e8cb07319ea15df73ac" "sleep" "infinity", kill_on_drop: false }`
[INFO] [stdout] e7622be66df3761a5bbd4f89e9edd491a42410f85569789782434be8b41a496d
[INFO] running `Command { std: "docker" "start" "e7622be66df3761a5bbd4f89e9edd491a42410f85569789782434be8b41a496d", kill_on_drop: false }`
[INFO] running `Command { std: "docker" "inspect" "e7622be66df3761a5bbd4f89e9edd491a42410f85569789782434be8b41a496d", kill_on_drop: false }`
[INFO] running `Command { std: "docker" "exec" "-e" "SOURCE_DIR=/opt/rustwide/workdir" "-e" "CARGO_HOME=/opt/rustwide/cargo-home" "-e" "RUSTUP_HOME=/opt/rustwide/rustup-home" "-e" "CARGO_TARGET_DIR=/opt/rustwide/target" "-w" "/opt/rustwide/workdir" "--user" "0:0" "e7622be66df3761a5bbd4f89e9edd491a42410f85569789782434be8b41a496d" "/opt/rustwide/cargo-home/bin/cargo" "+1.99.0-beta.8" "metadata" "--no-deps" "--format-version=1", kill_on_drop: false }`
[INFO] running `Command { std: "docker" "inspect" "e7622be66df3761a5bbd4f89e9edd491a42410f85569789782434be8b41a496d", kill_on_drop: false }`
[INFO] running `Command { std: "docker" "exec" "-e" "SOURCE_DIR=/opt/rustwide/workdir" "-e" "CARGO_HOME=/opt/rustwide/cargo-home" "-e" "RUSTUP_HOME=/opt/rustwide/rustup-home" "-e" "CARGO_TARGET_DIR=/opt/rustwide/target" "-e" "CARGO_INCREMENTAL=0" "-e" "RUST_BACKTRACE=full" "-e" "RUSTFLAGS=--cap-lints=warn" "-e" "RUSTDOCFLAGS=--cap-lints=warn" "-w" "/opt/rustwide/workdir" "--user" "0:0" "e7622be66df3761a5bbd4f89e9edd491a42410f85569789782434be8b41a496d" "/opt/rustwide/cargo-home/bin/cargo" "+1.99.0-beta.8" "build" "--frozen" "--message-format=json" "--release", kill_on_drop: false }`
[INFO] [stderr]    Compiling syn v2.0.106
[INFO] [stderr]    Compiling openssl-sys v0.9.110
[INFO] [stderr]    Compiling ring v0.17.14
[INFO] [stderr]    Compiling openssl v0.10.74
[INFO] [stderr]    Compiling socket2 v0.6.1
[INFO] [stderr]    Compiling mio v1.1.0
[INFO] [stderr]    Compiling http v0.2.12
[INFO] [stderr]    Compiling getrandom v0.2.16
[INFO] [stderr]    Compiling log v0.4.28
[INFO] [stderr]    Compiling bitflags v2.9.4
[INFO] [stderr]    Compiling futures-util v0.3.31
[INFO] [stderr]    Compiling socket2 v0.5.10
[INFO] [stderr]    Compiling serde_json v1.0.145
[INFO] [stderr]    Compiling object v0.37.3
[INFO] [stderr]    Compiling rustc-demangle v0.1.26
[INFO] [stderr]    Compiling native-tls v0.2.14
[INFO] [stderr]    Compiling tokio v1.48.0
[INFO] [stderr]    Compiling http-body v0.4.6
[INFO] [stderr]    Compiling synstructure v0.13.2
[INFO] [stderr]    Compiling zerovec-derive v0.11.1
[INFO] [stderr]    Compiling displaydoc v0.2.5
[INFO] [stderr]    Compiling openssl-macros v0.1.1
[INFO] [stderr]    Compiling serde_derive v1.0.228
[INFO] [stderr]    Compiling zerofrom-derive v0.1.6
[INFO] [stderr]    Compiling yoke-derive v0.8.0
[INFO] [stderr]    Compiling zerofrom v0.1.6
[INFO] [stderr]    Compiling yoke v0.8.0
[INFO] [stderr]    Compiling zerovec v0.11.4
[INFO] [stderr]    Compiling zerotrie v0.2.2
[INFO] [stderr]    Compiling tokio-util v0.7.16
[INFO] [stderr]    Compiling backtrace v0.3.76
[INFO] [stderr]    Compiling h2 v0.3.27
[INFO] [stderr]    Compiling tinystr v0.8.1
[INFO] [stderr]    Compiling potential_utf v0.1.3
[INFO] [stderr]    Compiling icu_collections v2.0.0
[INFO] [stderr]    Compiling icu_locale_core v2.0.0
[INFO] [stderr]    Compiling serde v1.0.228
[INFO] [stderr]    Compiling icu_provider v2.0.0
[INFO] [stderr]    Compiling serde_urlencoded v0.7.1
[INFO] [stderr]    Compiling chrono v0.4.42
[INFO] [stderr]    Compiling icu_normalizer v2.0.0
[INFO] [stderr]    Compiling icu_properties v2.0.1
[INFO] [stderr]    Compiling tokio-native-tls v0.3.1
[INFO] [stderr]    Compiling idna_adapter v1.2.1
[INFO] [stderr]    Compiling hyper v0.14.32
[INFO] [stderr]    Compiling idna v1.1.0
[INFO] [stderr]    Compiling url v2.5.7
[INFO] [stderr]    Compiling rustls v0.21.12
[INFO] [stderr]    Compiling sct v0.7.1
[INFO] [stderr]    Compiling rustls-webpki v0.101.7
[INFO] [stderr]    Compiling hyper-tls v0.5.0
[INFO] [stderr]    Compiling reqwest v0.11.27
[INFO] [stderr]    Compiling lemon_bugsnag_rs v0.1.2 (/opt/rustwide/workdir)
[INFO] [stderr]     Finished `release` profile [optimized] target(s) in 1m 02s
[INFO] running `Command { std: "docker" "inspect" "e7622be66df3761a5bbd4f89e9edd491a42410f85569789782434be8b41a496d", kill_on_drop: false }`
[INFO] running `Command { std: "docker" "exec" "-e" "SOURCE_DIR=/opt/rustwide/workdir" "-e" "CARGO_HOME=/opt/rustwide/cargo-home" "-e" "RUSTUP_HOME=/opt/rustwide/rustup-home" "-e" "CARGO_TARGET_DIR=/opt/rustwide/target" "-e" "CARGO_INCREMENTAL=0" "-e" "RUST_BACKTRACE=full" "-e" "RUSTFLAGS=--cap-lints=warn" "-e" "RUSTDOCFLAGS=--cap-lints=warn" "-w" "/opt/rustwide/workdir" "--user" "0:0" "e7622be66df3761a5bbd4f89e9edd491a42410f85569789782434be8b41a496d" "/opt/rustwide/cargo-home/bin/cargo" "+1.99.0-beta.8" "test" "--frozen" "--no-run" "--message-format=json" "--release", kill_on_drop: false }`
[INFO] [stderr]    Compiling lemon_bugsnag_rs v0.1.2 (/opt/rustwide/workdir)
[INFO] [stderr]     Finished `release` profile [optimized] target(s) in 4.93s
[INFO] running `Command { std: "docker" "inspect" "e7622be66df3761a5bbd4f89e9edd491a42410f85569789782434be8b41a496d", kill_on_drop: false }`
[INFO] running `Command { std: "docker" "exec" "-e" "SOURCE_DIR=/opt/rustwide/workdir" "-e" "CARGO_HOME=/opt/rustwide/cargo-home" "-e" "RUSTUP_HOME=/opt/rustwide/rustup-home" "-e" "CARGO_TARGET_DIR=/opt/rustwide/target" "-e" "CARGO_INCREMENTAL=0" "-e" "RUST_BACKTRACE=full" "-e" "RUSTFLAGS=--cap-lints=warn" "-e" "RUSTDOCFLAGS=--cap-lints=warn" "-w" "/opt/rustwide/workdir" "--user" "0:0" "e7622be66df3761a5bbd4f89e9edd491a42410f85569789782434be8b41a496d" "/opt/rustwide/cargo-home/bin/cargo" "+1.99.0-beta.8" "test" "--frozen" "--release", kill_on_drop: false }`
[INFO] [stderr]     Finished `release` profile [optimized] target(s) in 0.16s
[INFO] [stderr]      Running unittests src/lib.rs (/opt/rustwide/target/release/deps/lemon_bugsnag_rs-62e24fd277dff689)
[INFO] [stdout] 
[INFO] [stdout] running 7 tests
[INFO] [stdout] test common::builder::client_builder::test::client_builder_internal_build::build_error_client_internal ... ok
[INFO] [stdout] test common::traits::backend_builder_trait_sync::test::test_blah ... ok
[INFO] [stdout] test error::payload::payload::error_payload::api_key ... ok
[INFO] [stdout] test common::error::test::test_create_error ... ok
[INFO] [stdout] test error::payload::payload::error_payload::payload_version ... ok
[INFO] [stdout] test common::builder::client_builder::test::client_builder_setters::error_client_builder ... ok
[INFO] [stdout] test test::error_synchronous_reqwest ... ok
[INFO] [stdout] 
[INFO] [stdout] test result: ok. 7 passed; 0 failed; 0 ignored; 0 measured; 0 filtered out; finished in 0.09s
[INFO] [stdout] 
[INFO] [stderr]      Running tests/common.rs (/opt/rustwide/target/release/deps/common-0679f0415b78ed2e)
[INFO] [stdout] 
[INFO] [stdout] running 1 test
[INFO] [stdout] test test_error_configure ... ok
[INFO] [stdout] 
[INFO] [stdout] test result: ok. 1 passed; 0 failed; 0 ignored; 0 measured; 0 filtered out; finished in 0.00s
[INFO] [stdout] 
[INFO] [stderr]      Running tests/mod.rs (/opt/rustwide/target/release/deps/mod-c036ae9b355d4db7)
[INFO] [stdout] 
[INFO] [stdout] running 2 tests
[INFO] [stdout] test error::reqwest_send::reqwest_error_send_sync::test_reqwest_error_send_sync ... FAILED
[INFO] [stdout] test error::reqwest_send::reqwest_error_send_sync::test_reqwest_error_configure_send_sync ... FAILED
[INFO] [stdout] 
[INFO] [stdout] failures:
[INFO] [stdout] 
[INFO] [stdout] ---- error::reqwest_send::reqwest_error_send_sync::test_reqwest_error_send_sync stdout ----
[INFO] [stdout] 
[INFO] [stdout] thread 'error::reqwest_send::reqwest_error_send_sync::test_reqwest_error_send_sync' (1437) panicked at tests/utility/mod.rs:45:62:
[INFO] [stdout] called `Result::unwrap()` on an `Err` value: NotPresent
[INFO] [stdout] stack backtrace:
[INFO] [stdout]    0:     0x5722f9188581 - <<std[70759c8f55707aa4]::sys::backtrace::BacktraceLock>::print::DisplayBacktrace as core[df12db4294e9bfd3]::fmt::Display>::fmt
[INFO] [stdout]    1:     0x5722f919f07a - core[df12db4294e9bfd3]::fmt::write
[INFO] [stdout]    2:     0x5722f918d04c - <alloc[2182bb758b4b3781]::vec::Vec<u8> as core[df12db4294e9bfd3]::io::write::Write>::write_fmt
[INFO] [stdout]    3:     0x5722f91631b6 - std[70759c8f55707aa4]::panicking::default_hook::{closure#0}
[INFO] [stdout]    4:     0x5722f9180399 - std[70759c8f55707aa4]::panicking::default_hook
[INFO] [stdout]    5:     0x5722f8f8d440 - test[9d35eded1c95d3be]::test_main_inner::<test[9d35eded1c95d3be]::test_main_static::{closure#0}>::{closure#0}
[INFO] [stdout]    6:     0x5722f91806c2 - std[70759c8f55707aa4]::panicking::panic_with_hook
[INFO] [stdout]    7:     0x5722f9163262 - std[70759c8f55707aa4]::panicking::panic_handler::{closure#0}
[INFO] [stdout]    8:     0x5722f915bf09 - std[70759c8f55707aa4]::sys::backtrace::__rust_end_short_backtrace::<std[70759c8f55707aa4]::panicking::panic_handler::{closure#0}, !>
[INFO] [stdout]    9:     0x5722f916404d - __rustc[8fa7c3cbc660c2b3]::rust_begin_unwind
[INFO] [stdout]   10:     0x5722f919f7dc - core[df12db4294e9bfd3]::panicking::panic_fmt
[INFO] [stdout]   11:     0x5722f919f5b2 - core[df12db4294e9bfd3]::result::unwrap_failed
[INFO] [stdout]   12:     0x5722f8f6b279 - mod[9dd075575436171c]::utility::get_error_client_builder
[INFO] [stdout]   13:     0x5722f8f767cb - mod[9dd075575436171c]::error::reqwest_send::reqwest_error_send_sync::test_reqwest_error_send_sync
[INFO] [stdout]   14:     0x5722f8f7d399 - <mod[9dd075575436171c]::error::reqwest_send::reqwest_error_send_sync::test_reqwest_error_send_sync::{closure#0} as core[df12db4294e9bfd3]::ops::function::FnOnce<()>>::call_once
[INFO] [stdout]   15:     0x5722f8f8072b - test[9d35eded1c95d3be]::__rust_begin_short_backtrace::<core[df12db4294e9bfd3]::result::Result<(), alloc[2182bb758b4b3781]::string::String>, fn() -> core[df12db4294e9bfd3]::result::Result<(), alloc[2182bb758b4b3781]::string::String>>
[INFO] [stdout]   16:     0x5722f8f8dd95 - test[9d35eded1c95d3be]::run_test::{closure#0}
[INFO] [stdout]   17:     0x5722f8f87654 - std[70759c8f55707aa4]::sys::backtrace::__rust_begin_short_backtrace::<test[9d35eded1c95d3be]::run_test::{closure#1}, ()>
[INFO] [stdout]   18:     0x5722f8f90ef2 - <std[70759c8f55707aa4]::thread::lifecycle::spawn_unchecked<test[9d35eded1c95d3be]::run_test::{closure#1}, ()>::{closure#1} as core[df12db4294e9bfd3]::ops::function::FnOnce<()>>::call_once::{shim:vtable#0}
[INFO] [stdout]   19:     0x5722f9187aa9 - <std[70759c8f55707aa4]::sys::thread::unix::Thread>::new::thread_start
[INFO] [stdout]   20:     0x7f4f6ecb6dfa - <unknown>
[INFO] [stdout]   21:     0x7f4f6ed4a3d4 - clone
[INFO] [stdout]   22:                0x0 - <unknown>
[INFO] [stdout] 
[INFO] [stdout] ---- error::reqwest_send::reqwest_error_send_sync::test_reqwest_error_configure_send_sync stdout ----
[INFO] [stdout] 
[INFO] [stdout] thread 'error::reqwest_send::reqwest_error_send_sync::test_reqwest_error_configure_send_sync' (1436) panicked at tests/error/reqwest_send.rs:57:17:
[INFO] [stdout] NAB_BUGSNAG_RS_API_KEY not found in environment, or contains invalid unicode
[INFO] [stdout] stack backtrace:
[INFO] [stdout]    0:     0x5722f9188581 - <<std[70759c8f55707aa4]::sys::backtrace::BacktraceLock>::print::DisplayBacktrace as core[df12db4294e9bfd3]::fmt::Display>::fmt
[INFO] [stdout]    1:     0x5722f919f07a - core[df12db4294e9bfd3]::fmt::write
[INFO] [stdout]    2:     0x5722f918d04c - <alloc[2182bb758b4b3781]::vec::Vec<u8> as core[df12db4294e9bfd3]::io::write::Write>::write_fmt
[INFO] [stdout]    3:     0x5722f91631b6 - std[70759c8f55707aa4]::panicking::default_hook::{closure#0}
[INFO] [stdout]    4:     0x5722f9180399 - std[70759c8f55707aa4]::panicking::default_hook
[INFO] [stdout]    5:     0x5722f8f8d440 - test[9d35eded1c95d3be]::test_main_inner::<test[9d35eded1c95d3be]::test_main_static::{closure#0}>::{closure#0}
[INFO] [stdout]    6:     0x5722f91806c2 - std[70759c8f55707aa4]::panicking::panic_with_hook
[INFO] [stdout]    7:     0x5722f916281c - std[70759c8f55707aa4]::panicking::begin_panic::<&str>::{closure#0}
[INFO] [stdout]    8:     0x5722f915bee9 - std[70759c8f55707aa4]::sys::backtrace::__rust_end_short_backtrace::<std[70759c8f55707aa4]::panicking::begin_panic<&str>::{closure#0}, !>
[INFO] [stdout]    9:     0x5722f9158d0b - std[70759c8f55707aa4]::panicking::begin_panic::<&str>
[INFO] [stdout]   10:     0x5722f8f76754 - mod[9dd075575436171c]::error::reqwest_send::reqwest_error_send_sync::test_reqwest_error_configure_send_sync::{closure#0}
[INFO] [stdout]   11:     0x5722f8f7c254 - mod[9dd075575436171c]::error::reqwest_send::reqwest_error_send_sync::test_reqwest_error_configure_send_sync
[INFO] [stdout]   12:     0x5722f8f7d3b9 - <mod[9dd075575436171c]::error::reqwest_send::reqwest_error_send_sync::test_reqwest_error_configure_send_sync::{closure#0} as core[df12db4294e9bfd3]::ops::function::FnOnce<()>>::call_once
[INFO] [stdout]   13:     0x5722f8f8072b - test[9d35eded1c95d3be]::__rust_begin_short_backtrace::<core[df12db4294e9bfd3]::result::Result<(), alloc[2182bb758b4b3781]::string::String>, fn() -> core[df12db4294e9bfd3]::result::Result<(), alloc[2182bb758b4b3781]::string::String>>
[INFO] [stdout]   14:     0x5722f8f8dd95 - test[9d35eded1c95d3be]::run_test::{closure#0}
[INFO] [stdout]   15:     0x5722f8f87654 - std[70759c8f55707aa4]::sys::backtrace::__rust_begin_short_backtrace::<test[9d35eded1c95d3be]::run_test::{closure#1}, ()>
[INFO] [stdout]   16:     0x5722f8f90ef2 - <std[70759c8f55707aa4]::thread::lifecycle::spawn_unchecked<test[9d35eded1c95d3be]::run_test::{closure#1}, ()>::{closure#1} as core[df12db4294e9bfd3]::ops::function::FnOnce<()>>::call_once::{shim:vtable#0}
[INFO] [stdout]   17:     0x5722f9187aa9 - <std[70759c8f55707aa4]::sys::thread::unix::Thread>::new::thread_start
[INFO] [stdout]   18:     0x7f4f6ecb6dfa - <unknown>
[INFO] [stdout]   19:     0x7f4f6ed4a3d4 - clone
[INFO] [stdout]   20:                0x0 - <unknown>
[INFO] [stdout] 
[INFO] [stdout] 
[INFO] [stdout] failures:
[INFO] [stdout]     error::reqwest_send::reqwest_error_send_sync::test_reqwest_error_configure_send_sync
[INFO] [stdout]     error::reqwest_send::reqwest_error_send_sync::test_reqwest_error_send_sync
[INFO] [stdout] 
[INFO] [stdout] test result: FAILED. 0 passed; 2 failed; 0 ignored; 0 measured; 0 filtered out; finished in 0.00s
[INFO] [stdout] 
[INFO] [stderr] error: test failed, to rerun pass `--test mod`
[INFO] running `Command { std: "docker" "inspect" "e7622be66df3761a5bbd4f89e9edd491a42410f85569789782434be8b41a496d", kill_on_drop: false }`
[INFO] running `Command { std: "docker" "rm" "-f" "e7622be66df3761a5bbd4f89e9edd491a42410f85569789782434be8b41a496d", kill_on_drop: false }`
[INFO] [stdout] e7622be66df3761a5bbd4f89e9edd491a42410f85569789782434be8b41a496d
