[INFO] fetching crate lemma-lsp 0.10.0...
[INFO] testing lemma-lsp-0.10.0 against 1.100.0-beta.1+cargoflags=--release for beta-release-1.100-2
[INFO] extracting crate lemma-lsp 0.10.0 into /workspace/builds/worker-1-tc2/source
[INFO] started tweaking crates.io crate lemma-lsp 0.10.0
[INFO] finished tweaking crates.io crate lemma-lsp 0.10.0
[INFO] tweaked toml for crates.io crate lemma-lsp 0.10.0 written to /workspace/builds/worker-1-tc2/source/Cargo.toml
[INFO] validating manifest of crates.io crate lemma-lsp 0.10.0 on toolchain 1.100.0-beta.1
[INFO] running `Command { std: CARGO_HOME="/workspace/cargo-home" RUSTUP_HOME="/workspace/rustup-home" "/workspace/cargo-home/bin/cargo" "+1.100.0-beta.1" "metadata" "--manifest-path" "Cargo.toml" "--no-deps", kill_on_drop: false }`
[INFO] crate crates.io crate lemma-lsp 0.10.0 already has a lockfile, it will not be regenerated
[INFO] running `Command { std: CARGO_HOME="/workspace/cargo-home" RUSTUP_HOME="/workspace/rustup-home" "/workspace/cargo-home/bin/cargo" "+1.100.0-beta.1" "fetch" "--manifest-path" "Cargo.toml", kill_on_drop: false }`
[INFO] running `Command { std: "docker" "create" "-v" "/var/lib/crater-agent-workspace/builds/worker-1-tc2/source:/opt/rustwide/workdir:ro,Z" "-v" "/var/lib/crater-agent-workspace/builds/worker-1-tc2/target:/opt/rustwide/target:rw,Z" "-v" "/var/lib/crater-agent-workspace/cargo-home:/opt/rustwide/cargo-home:ro,Z" "-v" "/var/lib/crater-agent-workspace/rustup-home:/opt/rustwide/rustup-home:ro,Z" "-m" "1610612736" "--network" "none" "ghcr.io/rust-lang/crates-build-env/linux@sha256:77db811e55d90add9212f6832c23229e3de5f1c1f9905e8cb07319ea15df73ac" "sleep" "infinity", kill_on_drop: false }`
[INFO] [stdout] 7b6c04789c871bb1fdff559bdecb3171ad383f272ed44dfe4da04e513e2ece39
[INFO] running `Command { std: "docker" "start" "7b6c04789c871bb1fdff559bdecb3171ad383f272ed44dfe4da04e513e2ece39", kill_on_drop: false }`
[INFO] running `Command { std: "docker" "inspect" "7b6c04789c871bb1fdff559bdecb3171ad383f272ed44dfe4da04e513e2ece39", kill_on_drop: false }`
[INFO] running `Command { std: "docker" "exec" "-e" "SOURCE_DIR=/opt/rustwide/workdir" "-e" "CARGO_HOME=/opt/rustwide/cargo-home" "-e" "RUSTUP_HOME=/opt/rustwide/rustup-home" "-e" "CARGO_TARGET_DIR=/opt/rustwide/target" "-w" "/opt/rustwide/workdir" "--user" "0:0" "7b6c04789c871bb1fdff559bdecb3171ad383f272ed44dfe4da04e513e2ece39" "/opt/rustwide/cargo-home/bin/cargo" "+1.100.0-beta.1" "metadata" "--no-deps" "--format-version=1", kill_on_drop: false }`
[INFO] running `Command { std: "docker" "inspect" "7b6c04789c871bb1fdff559bdecb3171ad383f272ed44dfe4da04e513e2ece39", kill_on_drop: false }`
[INFO] running `Command { std: "docker" "exec" "-e" "SOURCE_DIR=/opt/rustwide/workdir" "-e" "CARGO_HOME=/opt/rustwide/cargo-home" "-e" "RUSTUP_HOME=/opt/rustwide/rustup-home" "-e" "CARGO_TARGET_DIR=/opt/rustwide/target" "-e" "CARGO_INCREMENTAL=0" "-e" "RUST_BACKTRACE=full" "-e" "RUSTFLAGS=--cap-lints=warn" "-e" "RUSTDOCFLAGS=--cap-lints=warn" "-w" "/opt/rustwide/workdir" "--user" "0:0" "7b6c04789c871bb1fdff559bdecb3171ad383f272ed44dfe4da04e513e2ece39" "/opt/rustwide/cargo-home/bin/cargo" "+1.100.0-beta.1" "build" "--frozen" "--message-format=json" "--release", kill_on_drop: false }`
[INFO] [stderr]    Compiling serde_core v1.0.229
[INFO] [stderr]    Compiling serde v1.0.229
[INFO] [stderr]    Compiling num-traits v0.2.19
[INFO] [stderr]    Compiling thiserror v2.0.21
[INFO] [stderr]    Compiling syn v3.0.6
[INFO] [stderr]    Compiling ref-cast v1.0.27
[INFO] [stderr]    Compiling serde_json v1.0.151
[INFO] [stderr]    Compiling futures-channel v0.3.34
[INFO] [stderr]    Compiling crc32c v0.6.8
[INFO] [stderr]    Compiling syn v2.0.119
[INFO] [stderr]    Compiling smallvec v1.16.2
[INFO] [stderr]    Compiling borrow-or-share v0.2.4
[INFO] [stderr]    Compiling rust_decimal v1.43.0
[INFO] [stderr]    Compiling arrayvec v0.7.8
[INFO] [stderr]    Compiling bitflags v2.13.2
[INFO] [stderr]    Compiling parking_lot_core v0.9.12
[INFO] [stderr]    Compiling dashmap v6.2.1
[INFO] [stderr]    Compiling indexmap v2.14.2
[INFO] [stderr]    Compiling serde_derive v1.0.229
[INFO] [stderr]    Compiling futures-macro v0.3.34
[INFO] [stderr]    Compiling ref-cast-impl v1.0.27
[INFO] [stderr]    Compiling thiserror-impl v2.0.21
[INFO] [stderr]    Compiling tokio-macros v2.7.2
[INFO] [stderr]    Compiling fluent-uri v0.4.1
[INFO] [stderr]    Compiling tokio v1.53.2
[INFO] [stderr]    Compiling futures-util v0.3.34
[INFO] [stderr]    Compiling cobs v0.3.0
[INFO] [stderr]    Compiling tracing-attributes v0.1.31
[INFO] [stderr]    Compiling tracing v0.1.44
[INFO] [stderr]    Compiling postcard v1.1.3
[INFO] [stderr]    Compiling ls-types v0.0.6
[INFO] [stderr]    Compiling chrono v0.4.45
[INFO] [stderr]    Compiling tokio-util v0.7.19
[INFO] [stderr]    Compiling tower v0.5.3
[INFO] [stderr]    Compiling futures v0.3.34
[INFO] [stderr]    Compiling lemma-engine v0.10.0
[INFO] [stderr]    Compiling tower-lsp-server v0.23.0
[INFO] [stderr]    Compiling lemma-lsp v0.10.0 (/opt/rustwide/workdir)
[INFO] [stderr]     Finished `release` profile [optimized] target(s) in 4m 02s
[INFO] running `Command { std: "docker" "inspect" "7b6c04789c871bb1fdff559bdecb3171ad383f272ed44dfe4da04e513e2ece39", kill_on_drop: false }`
[INFO] running `Command { std: "docker" "exec" "-e" "SOURCE_DIR=/opt/rustwide/workdir" "-e" "CARGO_HOME=/opt/rustwide/cargo-home" "-e" "RUSTUP_HOME=/opt/rustwide/rustup-home" "-e" "CARGO_TARGET_DIR=/opt/rustwide/target" "-e" "CARGO_INCREMENTAL=0" "-e" "RUST_BACKTRACE=full" "-e" "RUSTFLAGS=--cap-lints=warn" "-e" "RUSTDOCFLAGS=--cap-lints=warn" "-w" "/opt/rustwide/workdir" "--user" "0:0" "7b6c04789c871bb1fdff559bdecb3171ad383f272ed44dfe4da04e513e2ece39" "/opt/rustwide/cargo-home/bin/cargo" "+1.100.0-beta.1" "test" "--frozen" "--no-run" "--message-format=json" "--release", kill_on_drop: false }`
[INFO] [stderr]    Compiling lemma-lsp v0.10.0 (/opt/rustwide/workdir)
[INFO] [stderr]     Finished `release` profile [optimized] target(s) in 9.10s
[INFO] running `Command { std: "docker" "inspect" "7b6c04789c871bb1fdff559bdecb3171ad383f272ed44dfe4da04e513e2ece39", kill_on_drop: false }`
[INFO] running `Command { std: "docker" "exec" "-e" "SOURCE_DIR=/opt/rustwide/workdir" "-e" "CARGO_HOME=/opt/rustwide/cargo-home" "-e" "RUSTUP_HOME=/opt/rustwide/rustup-home" "-e" "CARGO_TARGET_DIR=/opt/rustwide/target" "-e" "CARGO_INCREMENTAL=0" "-e" "RUST_BACKTRACE=full" "-e" "RUSTFLAGS=--cap-lints=warn" "-e" "RUSTDOCFLAGS=--cap-lints=warn" "-w" "/opt/rustwide/workdir" "--user" "0:0" "7b6c04789c871bb1fdff559bdecb3171ad383f272ed44dfe4da04e513e2ece39" "/opt/rustwide/cargo-home/bin/cargo" "+1.100.0-beta.1" "test" "--frozen" "--release", kill_on_drop: false }`
[INFO] [stderr]     Finished `release` profile [optimized] target(s) in 0.14s
[INFO] [stderr]      Running unittests src/lib.rs (/opt/rustwide/target/release/build/lemma-lsp/41f758da5f2f3acd/out/lemma_lsp-41f758da5f2f3acd)
[INFO] [stdout] 
[INFO] [stdout] running 88 tests
[INFO] [stdout] test completion::tests::file_top_offers_repo_and_spec ... ok
[INFO] [stdout] test completion::tests::parse_failed_still_offers_type_keywords ... ok
[INFO] [stdout] test completion::tests::qualified_type_after_dot_in_data_stays_type_annotation ... ok
[INFO] [stdout] test completion::tests::spec_member_context_after_dot_in_rule ... ok
[INFO] [stdout] test completion::tests::keyword_catalog_covers_spec ... ok
[INFO] [stdout] test completion::tests::type_annotation_after_data_colon ... ok
[INFO] [stdout] test completion::tests::spec_member_context_while_typing_member ... ok
[INFO] [stdout] test completion::tests::command_sets_partition_all_variants ... ok
[INFO] [stdout] test completion::tests::arrow_on_rule_offers_list_queries ... ok
[INFO] [stdout] test completion::tests::arrow_on_data_offers_data_commands_not_list_queries ... ok
[INFO] [stdout] test completion::tests::expression_offers_local_data_and_rule_names ... ok
[INFO] [stdout] test diagnostics::tests::byte_offset_to_position_at_end_of_text ... ok
[INFO] [stdout] test completion::tests::unit_literal_after_unit_command ... ok
[INFO] [stdout] test completion::tests::uses_target_context ... ok
[INFO] [stdout] test diagnostics::tests::byte_offset_to_position_unicode ... ok
[INFO] [stdout] test diagnostics::tests::byte_offset_to_position_first_line ... ok
[INFO] [stdout] test diagnostics::tests::byte_offset_to_position_middle_of_second_line ... ok
[INFO] [stdout] test diagnostics::tests::byte_offset_to_position_second_line ... ok
[INFO] [stdout] test completion::tests::spec_body_offers_declarations ... ok
[INFO] [stdout] test diagnostics::tests::errors_keep_error_severity ... ok
[INFO] [stdout] test diagnostics::tests::byte_offset_to_position_beyond_text_clamps ... ok
[INFO] [stdout] test diagnostics::tests::byte_offset_to_position_empty_text ... ok
[INFO] [stdout] test diagnostics::tests::span_to_range_multiline ... ok
[INFO] [stdout] test semantic_tokens::tests::commentary_delimiters_colored_as_comment ... ok
[INFO] [stdout] test semantic_tokens::tests::condition_references_and_literals ... ok
[INFO] [stdout] test diagnostics::tests::position_within_range_treats_end_as_exclusive ... ok
[INFO] [stdout] test diagnostics::tests::errors_to_diagnostics_filters_by_file_attribute ... ok
[INFO] [stdout] test diagnostics::tests::span_to_range_single_line ... ok
[INFO] [stdout] test diagnostics::tests::errors_to_diagnostics_with_multiple_errors ... ok
[INFO] [stdout] test diagnostics::tests::position_to_byte_offset_round_trips ... ok
[INFO] [stdout] test semantic_tokens::tests::constraint_word_as_string_arg_stays_data_body ... ok
[INFO] [stdout] test completion::tests::show_backed_symbols_include_imported_data ... ok
[INFO] [stdout] test semantic_tokens::tests::data_body_granular_type_and_constraints ... ok
[INFO] [stdout] test semantic_tokens::tests::data_body_terminated_by_meta ... ok
[INFO] [stdout] test semantic_tokens::tests::declaration_keywords_restart_state_from_any_context ... ok
[INFO] [stdout] test semantic_tokens::tests::data_body_terminated_by_uses ... ok
[INFO] [stdout] test semantic_tokens::tests::data_body_ends_at_next_declaration ... ok
[INFO] [stdout] test semantic_tokens::tests::data_keyword_field_type_and_colon ... ok
[INFO] [stdout] test semantic_tokens::tests::meta_is_declaration ... ok
[INFO] [stdout] test semantic_tokens::tests::multiline_commentary_delimiters_colored ... ok
[INFO] [stdout] test semantic_tokens::tests::multiline_string_literal_token_lengths_include_quotes ... ok
[INFO] [stdout] test semantic_tokens::tests::repo_declaration_one_logical_name ... ok
[INFO] [stdout] test semantic_tokens::tests::dot_in_reference_path_colored ... ok
[INFO] [stdout] test semantic_tokens::tests::rule_body_identifiers_are_reference ... ok
[INFO] [stdout] test semantic_tokens::tests::simple_repo_name_no_qualifier ... ok
[INFO] [stdout] test semantic_tokens::tests::repo_keyword_and_qualifier_same_colour ... ok
[INFO] [stdout] test semantic_tokens::tests::rule_keyword_name_and_colon ... ok
[INFO] [stdout] test semantic_tokens::tests::spec_effective_full_date_same_colour_as_name ... ok
[INFO] [stdout] test semantic_tokens::tests::unless_then_are_control ... ok
[INFO] [stdout] test semantic_tokens::tests::spec_effective_year_same_colour_as_name ... ok
[INFO] [stdout] test semantic_tokens::tests::string_literal_token_length_includes_quotes ... ok
[INFO] [stdout] test semantic_tokens::tests::string_and_number_and_bool_all_value ... ok
[INFO] [stdout] test semantic_tokens::tests::uses_block_with_binding_path_colon_punctuation ... ok
[INFO] [stdout] test semantic_tokens::tests::uses_bare_qualified_path_and_year_are_reference ... ok
[INFO] [stdout] test semantic_tokens::tests::spec_followed_by_repo_spelling_is_class_not_namespace ... ok
[INFO] [stdout] test semantic_tokens::tests::spec_keyword_and_name_same_colour ... ok
[INFO] [stdout] test semantic_tokens::tests::uses_alias_qualified_path_and_year_are_reference ... ok
[INFO] [stdout] test semantic_tokens::tests::uses_is_declaration ... ok
[INFO] [stdout] test server::tests::hover_on_registry_ref_emits_only_repository_lemmabase_link ... ok
[INFO] [stdout] test server::tests::position_within_range_spans_multiple_lines ... ok
[INFO] [stdout] test server::tests::embedded_stdlib_view_path_lives_under_lemma_deps ... ok
[INFO] [stdout] test server::tests::position_within_range_treats_end_as_exclusive ... ok
[INFO] [stdout] test server::tests::ensure_embedded_stdlib_writes_units_lemma_when_missing ... ok
[INFO] [stdout] test semantic_tokens::tests::uses_with_alias ... ok
[INFO] [stdout] test server::tests::ensure_embedded_stdlib_overwrites_stale_content ... ok
[INFO] [stdout] test workspace::tests::apply_disk_files_tracks_membership_and_skips_open_overlays ... ok
[INFO] [stdout] test server::tests::ensure_embedded_stdlib_is_idempotent_when_content_already_matches ... ok
[INFO] [stdout] test workspace::tests::cross_spec_reference_resolves_when_consumer_sorts_before_provider ... ok
[INFO] [stdout] test workspace::tests::cross_spec_reference_resolves_when_both_files_present ... ok
[INFO] [stdout] test server::tests::registry_uses_emits_single_unified_document_link ... FAILED
[INFO] [stdout] test workspace::tests::deps_lemma_files_use_registry_identity_like_dependency_load ... ok
[INFO] [stdout] test workspace::tests::missing_cross_spec_reference_produces_planning_error ... ok
[INFO] [stdout] test workspace::tests::non_file_uri_attribute_is_uri_string ... ok
[INFO] [stdout] test server::tests::uses_lemma_units_produces_link_to_lemma_deps_lemma_std ... ok
[INFO] [stdout] test workspace::tests::record_saved_baseline_updates_restore_text ... ok
[INFO] [stdout] test workspace::tests::planning_error_stays_on_owning_file_only ... ok
[INFO] [stdout] test workspace::tests::remove_file_clears_it_from_workspace ... ok
[INFO] [stdout] test workspace::tests::restore_disk_text_after_overlay ... ok
[INFO] [stdout] test workspace::tests::validate_workspace_rejects_forward_pin_same_name_import ... ok
[INFO] [stdout] test workspace::tests::same_file_different_urls_produces_single_entry ... ok
[INFO] [stdout] test workspace::tests::disk_rename_does_not_leave_duplicate_spec_diagnostic ... ok
[INFO] [stdout] test workspace::tests::update_file_with_parse_error_produces_diagnostics ... ok
[INFO] [stdout] test workspace::tests::virtual_bundle_hex_path_scopes_unnamed_repo_like_dependency_load ... ok
[INFO] [stdout] test workspace::tests::update_file_and_validate_single_valid_spec ... ok
[INFO] [stdout] test workspace::tests::inline_registry_repo_spec_loads_with_dependency_provenance ... ok
[INFO] [stdout] test workspace::tests::validate_workspace_uses_lemma_duration_compound_units ... ok
[INFO] [stdout] test workspace::tests::validate_workspace_rejects_stdlib_units_missing_with_target ... ok
[INFO] [stdout] test workspace::tests::validate_workspace_reports_duplicate_spec_on_both_files ... ok
[INFO] [stdout] 
[INFO] [stdout] failures:
[INFO] [stdout] 
[INFO] [stdout] ---- server::tests::registry_uses_emits_single_unified_document_link stdout ----
[INFO] [stdout] 
[INFO] [stdout] thread 'server::tests::registry_uses_emits_single_unified_document_link' (1053) panicked at src/server.rs:1193:48:
[INFO] [stdout] read dep: Os { code: 2, kind: NotFound, message: "No such file or directory" }
[INFO] [stdout] stack backtrace:
[INFO] [stdout]    0:     0x60915ed9c9d1 - <<std[617be2ca0a6fd877]::sys::backtrace::BacktraceLock>::print::DisplayBacktrace as core[a373ad73a504971]::fmt::Display>::fmt
[INFO] [stdout]    1:     0x60915edb294a - core[a373ad73a504971]::fmt::write
[INFO] [stdout]    2:     0x60915eda0f1c - <alloc[2e1b2a31b91974c5]::vec::Vec<u8> as core[a373ad73a504971]::io::write::Write>::write_fmt
[INFO] [stdout]    3:     0x60915ed76c66 - std[617be2ca0a6fd877]::panicking::default_hook::{closure#0}
[INFO] [stdout]    4:     0x60915ed93d99 - std[617be2ca0a6fd877]::panicking::default_hook
[INFO] [stdout]    5:     0x60915ea338c0 - test[aada8e7e76ba119b]::test_main_inner::{closure#0}
[INFO] [stdout]    6:     0x60915ed93f52 - std[617be2ca0a6fd877]::panicking::panic_with_hook
[INFO] [stdout]    7:     0x60915ed76d12 - std[617be2ca0a6fd877]::panicking::panic_handler::{closure#0}
[INFO] [stdout]    8:     0x60915ed6f779 - std[617be2ca0a6fd877]::sys::backtrace::__rust_end_short_backtrace::<std[617be2ca0a6fd877]::panicking::panic_handler::{closure#0}, !>
[INFO] [stdout]    9:     0x60915ed7791d - __rustc[ea4f61d10b84890b]::rust_begin_unwind
[INFO] [stdout]   10:     0x60915edb307c - core[a373ad73a504971]::panicking::panic_fmt
[INFO] [stdout]   11:     0x60915edb2e52 - core[a373ad73a504971]::result::unwrap_failed
[INFO] [stdout]   12:     0x60915e9f9469 - <lemma_lsp[998a63249a93f42a]::server::tests::registry_uses_emits_single_unified_document_link::{closure#0} as core[a373ad73a504971]::ops::function::FnOnce<()>>::call_once
[INFO] [stdout]   13:     0x60915ea26d0b - test[aada8e7e76ba119b]::__rust_begin_short_backtrace::<core[a373ad73a504971]::result::Result<(), alloc[2e1b2a31b91974c5]::string::String>, fn() -> core[a373ad73a504971]::result::Result<(), alloc[2e1b2a31b91974c5]::string::String>>
[INFO] [stdout]   14:     0x60915ea33ee5 - test[aada8e7e76ba119b]::run_test::{closure#0}
[INFO] [stdout]   15:     0x60915ea2d7d4 - std[617be2ca0a6fd877]::sys::backtrace::__rust_begin_short_backtrace::<test[aada8e7e76ba119b]::run_test::{closure#1}, ()>
[INFO] [stdout]   16:     0x60915ea36f72 - <std[617be2ca0a6fd877]::thread::lifecycle::spawn_unchecked<test[aada8e7e76ba119b]::run_test::{closure#1}, ()>::{closure#1} as core[a373ad73a504971]::ops::function::FnOnce<()>>::call_once::{shim:vtable#0}
[INFO] [stdout]   17:     0x60915ed9b9df - <std[617be2ca0a6fd877]::sys::thread::unix::Thread>::new::thread_start
[INFO] [stdout]   18:     0x7fb4c8a1ddfa - <unknown>
[INFO] [stdout]   19:     0x7fb4c8ab13d4 - clone
[INFO] [stdout]   20:                0x0 - <unknown>
[INFO] [stdout] 
[INFO] [stdout] 
[INFO] [stdout] failures:
[INFO] [stdout]     server::tests::registry_uses_emits_single_unified_document_link
[INFO] [stdout] 
[INFO] [stdout] test result: FAILED. 87 passed; 1 failed; 0 ignored; 0 measured; 0 filtered out; finished in 0.15s
[INFO] [stdout] 
[INFO] [stderr] error: test failed, to rerun pass `--lib`
[INFO] running `Command { std: "docker" "inspect" "7b6c04789c871bb1fdff559bdecb3171ad383f272ed44dfe4da04e513e2ece39", kill_on_drop: false }`
[INFO] running `Command { std: "docker" "rm" "-f" "7b6c04789c871bb1fdff559bdecb3171ad383f272ed44dfe4da04e513e2ece39", kill_on_drop: false }`
[INFO] [stdout] 7b6c04789c871bb1fdff559bdecb3171ad383f272ed44dfe4da04e513e2ece39
