[INFO] fetching crate legifrance-client 0.1.0...
[INFO] testing legifrance-client-0.1.0 against 1.99.0-beta.8+cargoflags=--release for beta-release-1.100-2
[INFO] extracting crate legifrance-client 0.1.0 into /workspace/builds/worker-6-tc1/source
[INFO] started tweaking crates.io crate legifrance-client 0.1.0
[INFO] removed 0 missing tests
[INFO] finished tweaking crates.io crate legifrance-client 0.1.0
[INFO] tweaked toml for crates.io crate legifrance-client 0.1.0 written to /workspace/builds/worker-6-tc1/source/Cargo.toml
[INFO] validating manifest of crates.io crate legifrance-client 0.1.0 on toolchain 1.99.0-beta.8
[INFO] running `Command { std: CARGO_HOME="/workspace/cargo-home" RUSTUP_HOME="/workspace/rustup-home" "/workspace/cargo-home/bin/cargo" "+1.99.0-beta.8" "metadata" "--manifest-path" "Cargo.toml" "--no-deps", kill_on_drop: false }`
[INFO] crate crates.io crate legifrance-client 0.1.0 already has a lockfile, it will not be regenerated
[INFO] running `Command { std: CARGO_HOME="/workspace/cargo-home" RUSTUP_HOME="/workspace/rustup-home" "/workspace/cargo-home/bin/cargo" "+1.99.0-beta.8" "fetch" "--manifest-path" "Cargo.toml", kill_on_drop: false }`
[INFO] [stderr]  Downloading crates ...
[INFO] [stderr]   Downloaded typed-builder-macro v0.20.1
[INFO] [stderr]   Downloaded typed-builder v0.20.1
[INFO] [stderr]   Downloaded zmij v1.0.22
[INFO] running `Command { std: "docker" "create" "-v" "/var/lib/crater-agent-workspace/builds/worker-6-tc1/source:/opt/rustwide/workdir:ro,Z" "-v" "/var/lib/crater-agent-workspace/builds/worker-6-tc1/target:/opt/rustwide/target:rw,Z" "-v" "/var/lib/crater-agent-workspace/cargo-home:/opt/rustwide/cargo-home:ro,Z" "-v" "/var/lib/crater-agent-workspace/rustup-home:/opt/rustwide/rustup-home:ro,Z" "-m" "1610612736" "--network" "none" "ghcr.io/rust-lang/crates-build-env/linux@sha256:77db811e55d90add9212f6832c23229e3de5f1c1f9905e8cb07319ea15df73ac" "sleep" "infinity", kill_on_drop: false }`
[INFO] [stdout] 71b12a2c12210dbe0978650ecc23f5267a911fd8185a21608d2ec4984e7b7cba
[INFO] running `Command { std: "docker" "start" "71b12a2c12210dbe0978650ecc23f5267a911fd8185a21608d2ec4984e7b7cba", kill_on_drop: false }`
[INFO] running `Command { std: "docker" "inspect" "71b12a2c12210dbe0978650ecc23f5267a911fd8185a21608d2ec4984e7b7cba", kill_on_drop: false }`
[INFO] running `Command { std: "docker" "exec" "-e" "SOURCE_DIR=/opt/rustwide/workdir" "-e" "CARGO_HOME=/opt/rustwide/cargo-home" "-e" "RUSTUP_HOME=/opt/rustwide/rustup-home" "-e" "CARGO_TARGET_DIR=/opt/rustwide/target" "-w" "/opt/rustwide/workdir" "--user" "0:0" "71b12a2c12210dbe0978650ecc23f5267a911fd8185a21608d2ec4984e7b7cba" "/opt/rustwide/cargo-home/bin/cargo" "+1.99.0-beta.8" "metadata" "--no-deps" "--format-version=1", kill_on_drop: false }`
[INFO] running `Command { std: "docker" "inspect" "71b12a2c12210dbe0978650ecc23f5267a911fd8185a21608d2ec4984e7b7cba", kill_on_drop: false }`
[INFO] running `Command { std: "docker" "exec" "-e" "SOURCE_DIR=/opt/rustwide/workdir" "-e" "CARGO_HOME=/opt/rustwide/cargo-home" "-e" "RUSTUP_HOME=/opt/rustwide/rustup-home" "-e" "CARGO_TARGET_DIR=/opt/rustwide/target" "-e" "CARGO_INCREMENTAL=0" "-e" "RUST_BACKTRACE=full" "-e" "RUSTFLAGS=--cap-lints=warn" "-e" "RUSTDOCFLAGS=--cap-lints=warn" "-w" "/opt/rustwide/workdir" "--user" "0:0" "71b12a2c12210dbe0978650ecc23f5267a911fd8185a21608d2ec4984e7b7cba" "/opt/rustwide/cargo-home/bin/cargo" "+1.99.0-beta.8" "build" "--frozen" "--message-format=json" "--release", kill_on_drop: false }`
[INFO] [stderr]    Compiling syn v2.0.118
[INFO] [stderr]    Compiling mio v1.2.1
[INFO] [stderr]    Compiling http-body v1.0.1
[INFO] [stderr]    Compiling getrandom v0.2.17
[INFO] [stderr]    Compiling slab v0.4.12
[INFO] [stderr]    Compiling rustls v0.23.41
[INFO] [stderr]    Compiling zmij v1.0.22
[INFO] [stderr]    Compiling bitflags v2.13.0
[INFO] [stderr]    Compiling http-body-util v0.1.3
[INFO] [stderr]    Compiling ring v0.17.14
[INFO] [stderr]    Compiling futures-util v0.3.32
[INFO] [stderr]    Compiling tokio v1.52.3
[INFO] [stderr]    Compiling serde_json v1.0.150
[INFO] [stderr]    Compiling rustls-webpki v0.103.13
[INFO] [stderr]    Compiling synstructure v0.13.2
[INFO] [stderr]    Compiling zerofrom-derive v0.1.7
[INFO] [stderr]    Compiling yoke-derive v0.8.2
[INFO] [stderr]    Compiling zerovec-derive v0.11.3
[INFO] [stderr]    Compiling displaydoc v0.2.6
[INFO] [stderr]    Compiling serde_derive v1.0.228
[INFO] [stderr]    Compiling thiserror-impl v2.0.18
[INFO] [stderr]    Compiling hyper v1.10.1
[INFO] [stderr]    Compiling tower v0.5.3
[INFO] [stderr]    Compiling typed-builder-macro v0.20.1
[INFO] [stderr]    Compiling zerofrom v0.1.8
[INFO] [stderr]    Compiling thiserror v2.0.18
[INFO] [stderr]    Compiling yoke v0.8.3
[INFO] [stderr]    Compiling zerovec v0.11.6
[INFO] [stderr]    Compiling zerotrie v0.2.4
[INFO] [stderr]    Compiling hyper-util v0.1.20
[INFO] [stderr]    Compiling tinystr v0.8.3
[INFO] [stderr]    Compiling potential_utf v0.1.5
[INFO] [stderr]    Compiling icu_locale_core v2.2.0
[INFO] [stderr]    Compiling icu_collections v2.2.0
[INFO] [stderr]    Compiling typed-builder v0.20.1
[INFO] [stderr]    Compiling tokio-rustls v0.26.4
[INFO] [stderr]    Compiling serde v1.0.228
[INFO] [stderr]    Compiling hyper-rustls v0.27.9
[INFO] [stderr]    Compiling icu_provider v2.2.0
[INFO] [stderr]    Compiling icu_normalizer v2.2.0
[INFO] [stderr]    Compiling icu_properties v2.2.0
[INFO] [stderr]    Compiling serde_urlencoded v0.7.1
[INFO] [stderr]    Compiling idna_adapter v1.2.2
[INFO] [stderr]    Compiling idna v1.1.0
[INFO] [stderr]    Compiling url v2.5.8
[INFO] [stderr]    Compiling tower-http v0.6.11
[INFO] [stderr]    Compiling reqwest v0.12.28
[INFO] [stderr]    Compiling legifrance-client v0.1.0 (/opt/rustwide/workdir)
[INFO] [stderr]     Finished `release` profile [optimized] target(s) in 1m 58s
[INFO] running `Command { std: "docker" "inspect" "71b12a2c12210dbe0978650ecc23f5267a911fd8185a21608d2ec4984e7b7cba", kill_on_drop: false }`
[INFO] running `Command { std: "docker" "exec" "-e" "SOURCE_DIR=/opt/rustwide/workdir" "-e" "CARGO_HOME=/opt/rustwide/cargo-home" "-e" "RUSTUP_HOME=/opt/rustwide/rustup-home" "-e" "CARGO_TARGET_DIR=/opt/rustwide/target" "-e" "CARGO_INCREMENTAL=0" "-e" "RUST_BACKTRACE=full" "-e" "RUSTFLAGS=--cap-lints=warn" "-e" "RUSTDOCFLAGS=--cap-lints=warn" "-w" "/opt/rustwide/workdir" "--user" "0:0" "71b12a2c12210dbe0978650ecc23f5267a911fd8185a21608d2ec4984e7b7cba" "/opt/rustwide/cargo-home/bin/cargo" "+1.99.0-beta.8" "test" "--frozen" "--no-run" "--message-format=json" "--release", kill_on_drop: false }`
[INFO] [stderr]    Compiling tokio-macros v2.7.0
[INFO] [stderr]    Compiling futures-macro v0.3.32
[INFO] [stderr]    Compiling serde_json v1.0.150
[INFO] [stderr]    Compiling aho-corasick v1.1.4
[INFO] [stderr]    Compiling num_cpus v1.17.0
[INFO] [stderr]    Compiling tokio v1.52.3
[INFO] [stderr]    Compiling futures-util v0.3.32
[INFO] [stderr]    Compiling regex-automata v0.4.15
[INFO] [stderr]    Compiling assert-json-diff v2.0.2
[INFO] [stderr]    Compiling futures-executor v0.3.32
[INFO] [stderr]    Compiling futures v0.3.32
[INFO] [stderr]    Compiling regex v1.13.0
[INFO] [stderr]    Compiling tokio-util v0.7.18
[INFO] [stderr]    Compiling tokio-rustls v0.26.4
[INFO] [stderr]    Compiling tower v0.5.3
[INFO] [stderr]    Compiling deadpool v0.12.3
[INFO] [stderr]    Compiling h2 v0.4.15
[INFO] [stderr]    Compiling tower-http v0.6.11
[INFO] [stderr]    Compiling hyper v1.10.1
[INFO] [stderr]    Compiling hyper-util v0.1.20
[INFO] [stderr]    Compiling hyper-rustls v0.27.9
[INFO] [stderr]    Compiling wiremock v0.6.5
[INFO] [stderr]    Compiling reqwest v0.12.28
[INFO] [stderr]    Compiling legifrance-client v0.1.0 (/opt/rustwide/workdir)
[INFO] [stderr]     Finished `release` profile [optimized] target(s) in 3m 02s
[INFO] running `Command { std: "docker" "inspect" "71b12a2c12210dbe0978650ecc23f5267a911fd8185a21608d2ec4984e7b7cba", kill_on_drop: false }`
[INFO] running `Command { std: "docker" "exec" "-e" "SOURCE_DIR=/opt/rustwide/workdir" "-e" "CARGO_HOME=/opt/rustwide/cargo-home" "-e" "RUSTUP_HOME=/opt/rustwide/rustup-home" "-e" "CARGO_TARGET_DIR=/opt/rustwide/target" "-e" "CARGO_INCREMENTAL=0" "-e" "RUST_BACKTRACE=full" "-e" "RUSTFLAGS=--cap-lints=warn" "-e" "RUSTDOCFLAGS=--cap-lints=warn" "-w" "/opt/rustwide/workdir" "--user" "0:0" "71b12a2c12210dbe0978650ecc23f5267a911fd8185a21608d2ec4984e7b7cba" "/opt/rustwide/cargo-home/bin/cargo" "+1.99.0-beta.8" "test" "--frozen" "--release", kill_on_drop: false }`
[INFO] [stderr]     Finished `release` profile [optimized] target(s) in 0.28s
[INFO] [stderr]      Running unittests src/lib.rs (/opt/rustwide/target/release/deps/legifrance_client-06a05ec4414efb89)
[INFO] [stdout] 
[INFO] [stdout] running 0 tests
[INFO] [stdout] 
[INFO] [stdout] test result: ok. 0 passed; 0 failed; 0 ignored; 0 measured; 0 filtered out; finished in 0.00s
[INFO] [stdout] 
[INFO] [stderr]      Running tests/auth.rs (/opt/rustwide/target/release/deps/auth-8f1998bc68a9c5c2)
[INFO] [stdout] 
[INFO] [stdout] running 5 tests
[INFO] [stdout] test token_is_fetched_once_and_reused_across_requests ... ok
[INFO] [stdout] test malformed_token_response_surfaces_as_auth_error ... ok
[INFO] [stdout] test authorization_header_carries_the_bearer_token ... ok
[INFO] [stdout] test token_endpoint_failure_surfaces_as_auth_error ... ok
[INFO] [stdout] test token_is_refreshed_once_it_expires ... ok
[INFO] [stdout] 
[INFO] [stdout] test result: ok. 5 passed; 0 failed; 0 ignored; 0 measured; 0 filtered out; finished in 5.21s
[INFO] [stdout] 
[INFO] [stderr]      Running tests/live_sandbox.rs (/opt/rustwide/target/release/deps/live_sandbox-8386b6dd9abc077a)
[INFO] [stdout] 
[INFO] [stdout] running 4 tests
[INFO] [stdout] test all_controllers_respond_to_ping ... ignored, needs network access and real PISTE sandbox credentials
[INFO] [stdout] test list_loda_returns_a_first_page ... ignored, needs network access and real PISTE sandbox credentials
[INFO] [stdout] test misc_endpoints_return_well_formed_data ... ignored, needs network access and real PISTE sandbox credentials
[INFO] [stdout] test search_round_trips_against_the_real_api ... ignored, needs network access and real PISTE sandbox credentials
[INFO] [stdout] 
[INFO] [stdout] test result: ok. 0 passed; 0 failed; 4 ignored; 0 measured; 0 filtered out; finished in 0.00s
[INFO] [stdout] 
[INFO] [stderr]      Running tests/mock_api.rs (/opt/rustwide/target/release/deps/mock_api-65cd5d35af0483e1)
[INFO] [stdout] 
[INFO] [stdout] running 12 tests
[INFO] [stdout] test misc_commit_id_deserializes_into_a_string_map ... ok
[INFO] [stdout] test has_version_by_text_cid_interpolates_path_parameter ... ok
[INFO] [stdout] test get_article_request_body_is_sent_as_expected_json ... ok
[INFO] [stdout] test get_article_deserializes_nested_response ... ok
[INFO] [stdout] test cross_search_posts_supplies_array ... ok
[INFO] [stdout] test list_loda_returns_paginated_results ... ok
[INFO] [stdout] test suggest_request_is_reused_across_import ... ok
[INFO] [stdout] test consult_ping_reads_plain_text_body ... ok
[INFO] [stdout] test chrono_text_cid_uses_required_camelcase_fields ... ok
[INFO] [stdout] test non_success_status_surfaces_as_api_error ... ok
[INFO] [stdout] test suggest_endpoint_returns_nested_map_of_suggestions ... ok
[INFO] [stdout] test search_endpoint_round_trips_a_realistic_payload ... ok
[INFO] [stdout] 
[INFO] [stdout] test result: ok. 12 passed; 0 failed; 0 ignored; 0 measured; 0 filtered out; finished in 0.02s
[INFO] [stdout] 
[INFO] [stderr]      Running tests/model_serde.rs (/opt/rustwide/target/release/deps/model_serde-8d1a813dbac76314)
[INFO] [stdout] 
[INFO] [stdout] running 8 tests
[INFO] [stdout] test required_only_request_serializes_to_minimal_camel_case_json ... ok
[INFO] [stdout] test response_deserialization_tolerates_missing_optional_fields ... ok
[INFO] [stdout] test optional_none_fields_are_omitted_from_serialized_requests ... ok
[INFO] [stdout] test chrono_request_renames_snake_case_fields_to_the_swagger_camel_case ... ok
[INFO] [stdout] test default_impls_produce_a_deserializable_round_trip ... ok
[INFO] [stdout] test loda_list_request_keeps_required_fields_and_drops_absent_optionals ... ok
[INFO] [stdout] test response_deserialization_ignores_fields_the_model_does_not_know_about ... ok
[INFO] [stderr]    Doc-tests legifrance_client
[INFO] [stdout] test search_request_dto_nests_recherche_and_fond ... ok
[INFO] [stdout] 
[INFO] [stdout] test result: ok. 8 passed; 0 failed; 0 ignored; 0 measured; 0 filtered out; finished in 0.01s
[INFO] [stdout] 
[INFO] [stdout] 
[INFO] [stdout] running 1 test
[INFO] [stdout] test src/lib.rs - (line 4) - compile ... FAILED
[INFO] [stdout] 
[INFO] [stdout] failures:
[INFO] [stdout] 
[INFO] [stdout] ---- src/lib.rs - (line 4) stdout ----
[INFO] [stdout] error[E0433]: cannot find module or crate `rs_legifrance_client` in this scope
[INFO] [stdout]  --> src/lib.rs:8:5
[INFO] [stdout]   |
[INFO] [stdout] 8 | use rs_legifrance_client::models::ArticleRequest;
[INFO] [stdout]   |     ^^^^^^^^^^^^^^^^^^^^ use of unresolved module or unlinked crate `rs_legifrance_client`
[INFO] [stdout]   |
[INFO] [stdout] help: there is a crate or module with a similar name
[INFO] [stdout]   |
[INFO] [stdout] 8 - use rs_legifrance_client::models::ArticleRequest;
[INFO] [stdout] 8 + use legifrance_client::models::ArticleRequest;
[INFO] [stdout]   |
[INFO] [stdout] 
[INFO] [stdout] error[E0432]: unresolved import `rs_legifrance_client`
[INFO] [stdout]  --> src/lib.rs:7:5
[INFO] [stdout]   |
[INFO] [stdout] 7 | use rs_legifrance_client::LegifranceClient;
[INFO] [stdout]   |     ^^^^^^^^^^^^^^^^^^^^ use of unresolved module or unlinked crate `rs_legifrance_client`
[INFO] [stdout]   |
[INFO] [stdout] help: there is a crate or module with a similar name
[INFO] [stdout]   |
[INFO] [stdout] 7 - use rs_legifrance_client::LegifranceClient;
[INFO] [stdout] 7 + use legifrance_client::LegifranceClient;
[INFO] [stdout]   |
[INFO] [stdout] 
[INFO] [stdout] error[E0433]: cannot find module or crate `rs_legifrance_client` in this scope
[INFO] [stdout]  --> src/lib.rs:6:19
[INFO] [stdout]   |
[INFO] [stdout] 6 | async fn run() -> rs_legifrance_client::error::Result<()> {
[INFO] [stdout]   |                   ^^^^^^^^^^^^^^^^^^^^ use of unresolved module or unlinked crate `rs_legifrance_client`
[INFO] [stdout]   |
[INFO] [stdout] help: there is a crate or module with a similar name
[INFO] [stdout]   |
[INFO] [stdout] 6 - async fn run() -> rs_legifrance_client::error::Result<()> {
[INFO] [stdout] 6 + async fn run() -> legifrance_client::error::Result<()> {
[INFO] [stdout]   |
[INFO] [stdout] 
[INFO] [stdout] error: aborting due to 3 previous errors
[INFO] [stdout] 
[INFO] [stdout] Some errors have detailed explanations: E0432, E0433.
[INFO] [stdout] For more information about an error, try `rustc --explain E0432`.
[INFO] [stdout] Couldn't compile the test.
[INFO] [stdout] 
[INFO] [stdout] failures:
[INFO] [stdout]     src/lib.rs - (line 4)
[INFO] [stdout] 
[INFO] [stdout] test result: FAILED. 0 passed; 1 failed; 0 ignored; 0 measured; 0 filtered out; finished in 0.21s
[INFO] [stdout] 
[INFO] [stdout] all doctests ran in 0.32s; merged doctests compilation took 0.10s
[INFO] [stderr] error: doctest failed, to rerun pass `--doc`
[INFO] running `Command { std: "docker" "inspect" "71b12a2c12210dbe0978650ecc23f5267a911fd8185a21608d2ec4984e7b7cba", kill_on_drop: false }`
[INFO] running `Command { std: "docker" "rm" "-f" "71b12a2c12210dbe0978650ecc23f5267a911fd8185a21608d2ec4984e7b7cba", kill_on_drop: false }`
[INFO] [stdout] 71b12a2c12210dbe0978650ecc23f5267a911fd8185a21608d2ec4984e7b7cba
