[INFO] fetching crate legend-saga 0.0.67...
[INFO] testing legend-saga-0.0.67 against 1.99.0-beta.8+cargoflags=--release for beta-release-1.100-2
[INFO] extracting crate legend-saga 0.0.67 into /workspace/builds/worker-1-tc1/source
[INFO] started tweaking crates.io crate legend-saga 0.0.67
[INFO] finished tweaking crates.io crate legend-saga 0.0.67
[INFO] tweaked toml for crates.io crate legend-saga 0.0.67 written to /workspace/builds/worker-1-tc1/source/Cargo.toml
[INFO] validating manifest of crates.io crate legend-saga 0.0.67 on toolchain 1.99.0-beta.8
[INFO] running `Command { std: CARGO_HOME="/workspace/cargo-home" RUSTUP_HOME="/workspace/rustup-home" "/workspace/cargo-home/bin/cargo" "+1.99.0-beta.8" "metadata" "--manifest-path" "Cargo.toml" "--no-deps", kill_on_drop: false }`
[INFO] crate crates.io crate legend-saga 0.0.67 already has a lockfile, it will not be regenerated
[INFO] running `Command { std: CARGO_HOME="/workspace/cargo-home" RUSTUP_HOME="/workspace/rustup-home" "/workspace/cargo-home/bin/cargo" "+1.99.0-beta.8" "fetch" "--manifest-path" "Cargo.toml", kill_on_drop: false }`
[INFO] [stderr]  Downloading crates ...
[INFO] [stderr]   Downloaded lapin v2.5.3
[INFO] [stderr]   Downloaded linktime-proc-macro v0.1.0
[INFO] [stderr]   Downloaded link-section v0.12.0
[INFO] [stderr]   Downloaded ctor v0.12.0
[INFO] running `Command { std: "docker" "create" "-v" "/var/lib/crater-agent-workspace/builds/worker-1-tc1/source:/opt/rustwide/workdir:ro,Z" "-v" "/var/lib/crater-agent-workspace/builds/worker-1-tc1/target:/opt/rustwide/target:rw,Z" "-v" "/var/lib/crater-agent-workspace/cargo-home:/opt/rustwide/cargo-home:ro,Z" "-v" "/var/lib/crater-agent-workspace/rustup-home:/opt/rustwide/rustup-home:ro,Z" "-m" "1610612736" "--network" "none" "ghcr.io/rust-lang/crates-build-env/linux@sha256:77db811e55d90add9212f6832c23229e3de5f1c1f9905e8cb07319ea15df73ac" "sleep" "infinity", kill_on_drop: false }`
[INFO] [stdout] 5db35500ea1158326ca7c917ece3b9abf72cf97aa9fbf26752d2b24ff039bd49
[INFO] running `Command { std: "docker" "start" "5db35500ea1158326ca7c917ece3b9abf72cf97aa9fbf26752d2b24ff039bd49", kill_on_drop: false }`
[INFO] running `Command { std: "docker" "inspect" "5db35500ea1158326ca7c917ece3b9abf72cf97aa9fbf26752d2b24ff039bd49", kill_on_drop: false }`
[INFO] running `Command { std: "docker" "exec" "-e" "SOURCE_DIR=/opt/rustwide/workdir" "-e" "CARGO_HOME=/opt/rustwide/cargo-home" "-e" "RUSTUP_HOME=/opt/rustwide/rustup-home" "-e" "CARGO_TARGET_DIR=/opt/rustwide/target" "-w" "/opt/rustwide/workdir" "--user" "0:0" "5db35500ea1158326ca7c917ece3b9abf72cf97aa9fbf26752d2b24ff039bd49" "/opt/rustwide/cargo-home/bin/cargo" "+1.99.0-beta.8" "metadata" "--no-deps" "--format-version=1", kill_on_drop: false }`
[INFO] running `Command { std: "docker" "inspect" "5db35500ea1158326ca7c917ece3b9abf72cf97aa9fbf26752d2b24ff039bd49", kill_on_drop: false }`
[INFO] running `Command { std: "docker" "exec" "-e" "SOURCE_DIR=/opt/rustwide/workdir" "-e" "CARGO_HOME=/opt/rustwide/cargo-home" "-e" "RUSTUP_HOME=/opt/rustwide/rustup-home" "-e" "CARGO_TARGET_DIR=/opt/rustwide/target" "-e" "CARGO_INCREMENTAL=0" "-e" "RUST_BACKTRACE=full" "-e" "RUSTFLAGS=--cap-lints=warn" "-e" "RUSTDOCFLAGS=--cap-lints=warn" "-w" "/opt/rustwide/workdir" "--user" "0:0" "5db35500ea1158326ca7c917ece3b9abf72cf97aa9fbf26752d2b24ff039bd49" "/opt/rustwide/cargo-home/bin/cargo" "+1.99.0-beta.8" "build" "--frozen" "--message-format=json" "--release", kill_on_drop: false }`
[INFO] [stderr]    Compiling typenum v1.20.0
[INFO] [stderr]    Compiling displaydoc v0.2.5
[INFO] [stderr]    Compiling crossbeam-utils v0.8.21
[INFO] [stderr]    Compiling der_derive v0.7.3
[INFO] [stderr]    Compiling zerofrom v0.1.7
[INFO] [stderr]    Compiling cc v1.2.61
[INFO] [stderr]    Compiling flagset v0.4.7
[INFO] [stderr]    Compiling const-oid v0.9.6
[INFO] [stderr]    Compiling time-macros v0.2.27
[INFO] [stderr]    Compiling ppv-lite86 v0.2.21
[INFO] [stderr]    Compiling rusticata-macros v4.1.0
[INFO] [stderr]    Compiling asn1-rs-derive v0.6.0
[INFO] [stderr]    Compiling asn1-rs-impl v0.2.0
[INFO] [stderr]    Compiling num-integer v0.1.46
[INFO] [stderr]    Compiling oid-registry v0.8.1
[INFO] [stderr]    Compiling rustix v1.1.4
[INFO] [stderr]    Compiling rustls-pemfile v2.2.0
[INFO] [stderr]    Compiling yoke v0.8.2
[INFO] [stderr]    Compiling io-lifetimes v1.0.11
[INFO] [stderr]    Compiling num-bigint v0.4.6
[INFO] [stderr]    Compiling linux-raw-sys v0.12.1
[INFO] [stderr]    Compiling rustls-native-certs v0.7.3
[INFO] [stderr]    Compiling serde_json v1.0.149
[INFO] [stderr]    Compiling zerovec v0.11.6
[INFO] [stderr]    Compiling polling v2.8.0
[INFO] [stderr]    Compiling concurrent-queue v2.5.0
[INFO] [stderr]    Compiling rand_chacha v0.9.0
[INFO] [stderr]    Compiling async-io v2.6.0
[INFO] [stderr]    Compiling cookie-factory v0.3.3
[INFO] [stderr]    Compiling zerotrie v0.2.4
[INFO] [stderr]    Compiling rustix v0.37.28
[INFO] [stderr]    Compiling event-listener v5.4.1
[INFO] [stderr]    Compiling rand v0.9.4
[INFO] [stderr]    Compiling async-io v1.13.0
[INFO] [stderr]    Compiling fastrand v1.9.0
[INFO] [stderr]    Compiling linux-raw-sys v0.3.8
[INFO] [stderr]    Compiling generic-array v0.14.7
[INFO] [stderr]    Compiling time v0.3.47
[INFO] [stderr]    Compiling waker-fn v1.2.0
[INFO] [stderr]    Compiling doc-comment v0.3.4
[INFO] [stderr]    Compiling event-listener-strategy v0.5.4
[INFO] [stderr]    Compiling futures-lite v1.13.0
[INFO] [stderr]    Compiling der v0.7.10
[INFO] [stderr]    Compiling async-channel v2.5.0
[INFO] [stderr]    Compiling async-lock v3.4.2
[INFO] [stderr]    Compiling async-lock v2.8.0
[INFO] [stderr]    Compiling tinystr v0.8.3
[INFO] [stderr]    Compiling potential_utf v0.1.5
[INFO] [stderr]    Compiling blocking v1.6.2
[INFO] [stderr]    Compiling icu_collections v2.2.0
[INFO] [stderr]    Compiling icu_locale_core v2.2.0
[INFO] [stderr]    Compiling async-executor v1.14.0
[INFO] [stderr]    Compiling parking_lot_core v0.9.12
[INFO] [stderr]    Compiling ring v0.17.14
[INFO] [stderr]    Compiling amq-protocol-types v7.2.3
[INFO] [stderr]    Compiling socket2 v0.4.10
[INFO] [stderr]    Compiling futures-sink v0.3.32
[INFO] [stderr]    Compiling crypto-common v0.1.7
[INFO] [stderr]    Compiling block-padding v0.3.3
[INFO] [stderr]    Compiling block-buffer v0.10.4
[INFO] [stderr]    Compiling amq-protocol v7.2.3
[INFO] [stderr]    Compiling digest v0.10.7
[INFO] [stderr]    Compiling inout v0.1.4
[INFO] [stderr]    Compiling spki v0.7.3
[INFO] [stderr]    Compiling cipher v0.4.4
[INFO] [stderr]    Compiling hmac v0.12.1
[INFO] [stderr]    Compiling sha2 v0.10.9
[INFO] [stderr]    Compiling sha1 v0.10.6
[INFO] [stderr]    Compiling pbkdf2 v0.12.2
[INFO] [stderr]    Compiling x509-cert v0.2.5
[INFO] [stderr]    Compiling flume v0.11.1
[INFO] [stderr]    Compiling rand_chacha v0.3.1
[INFO] [stderr]    Compiling salsa20 v0.10.2
[INFO] [stderr]    Compiling scrypt v0.11.0
[INFO] [stderr]    Compiling cbc v0.1.2
[INFO] [stderr]    Compiling aes v0.8.4
[INFO] [stderr]    Compiling rc2 v0.8.1
[INFO] [stderr]    Compiling des v0.8.1
[INFO] [stderr]    Compiling icu_provider v2.2.0
[INFO] [stderr]    Compiling parking_lot v0.12.5
[INFO] [stderr]    Compiling pkcs5 v0.7.1
[INFO] [stderr]    Compiling reactor-trait v1.1.0
[INFO] [stderr]    Compiling executor-trait v2.1.2
[INFO] [stderr]    Compiling lapin v2.5.3
[INFO] [stderr]    Compiling icu_properties v2.2.0
[INFO] [stderr]    Compiling icu_normalizer v2.2.0
[INFO] [stderr]    Compiling pinky-swear v6.2.1
[INFO] [stderr]    Compiling rand v0.8.6
[INFO] [stderr]    Compiling tokio v1.52.1
[INFO] [stderr]    Compiling asn1-rs v0.7.1
[INFO] [stderr]    Compiling strum_macros v0.28.0
[INFO] [stderr]    Compiling chrono v0.4.44
[INFO] [stderr]    Compiling cms v0.2.3
[INFO] [stderr]    Compiling strum v0.28.0
[INFO] [stderr]    Compiling der-parser v10.0.0
[INFO] [stderr]    Compiling idna_adapter v1.2.2
[INFO] [stderr]    Compiling idna v1.1.0
[INFO] [stderr]    Compiling async-reactor-trait v1.1.0
[INFO] [stderr]    Compiling pkcs12 v0.1.0
[INFO] [stderr]    Compiling url v2.5.8
[INFO] [stderr]    Compiling x509-parser v0.17.0
[INFO] [stderr]    Compiling backoff v0.4.0
[INFO] [stderr]    Compiling amq-protocol-uri v7.2.3
[INFO] [stderr]    Compiling polling v3.11.0
[INFO] [stderr]    Compiling p12-keystore v0.1.5
[INFO] [stderr]    Compiling async-global-executor v3.1.0
[INFO] [stderr]    Compiling async-global-executor-trait v2.2.0
[INFO] [stderr]    Compiling rustls v0.23.40
[INFO] [stderr]    Compiling rustls-webpki v0.103.13
[INFO] [stderr]    Compiling rustls-connector v0.20.2
[INFO] [stderr]    Compiling tcp-stream v0.28.0
[INFO] [stderr]    Compiling amq-protocol-tcp v7.2.3
[INFO] [stderr]    Compiling legend-saga v0.0.67 (/opt/rustwide/workdir)
[INFO] [stderr]     Finished `release` profile [optimized] target(s) in 1m 39s
[INFO] running `Command { std: "docker" "inspect" "5db35500ea1158326ca7c917ece3b9abf72cf97aa9fbf26752d2b24ff039bd49", kill_on_drop: false }`
[INFO] running `Command { std: "docker" "exec" "-e" "SOURCE_DIR=/opt/rustwide/workdir" "-e" "CARGO_HOME=/opt/rustwide/cargo-home" "-e" "RUSTUP_HOME=/opt/rustwide/rustup-home" "-e" "CARGO_TARGET_DIR=/opt/rustwide/target" "-e" "CARGO_INCREMENTAL=0" "-e" "RUST_BACKTRACE=full" "-e" "RUSTFLAGS=--cap-lints=warn" "-e" "RUSTDOCFLAGS=--cap-lints=warn" "-w" "/opt/rustwide/workdir" "--user" "0:0" "5db35500ea1158326ca7c917ece3b9abf72cf97aa9fbf26752d2b24ff039bd49" "/opt/rustwide/cargo-home/bin/cargo" "+1.99.0-beta.8" "test" "--frozen" "--no-run" "--message-format=json" "--release", kill_on_drop: false }`
[INFO] [stderr]    Compiling rustls-connector v0.20.2
[INFO] [stderr]    Compiling tracing v0.1.44
[INFO] [stderr]    Compiling getrandom v0.4.2
[INFO] [stderr]    Compiling polling v2.8.0
[INFO] [stderr]    Compiling futures-channel v0.3.32
[INFO] [stderr]    Compiling flume v0.11.1
[INFO] [stderr]    Compiling tokio v1.52.1
[INFO] [stderr]    Compiling chacha20 v0.10.0
[INFO] [stderr]    Compiling tracing-log v0.2.0
[INFO] [stderr]    Compiling link-section v0.12.0
[INFO] [stderr]    Compiling linktime-proc-macro v0.1.0
[INFO] [stderr]    Compiling http-body-util v0.1.4
[INFO] [stderr]    Compiling futures-util v0.3.32
[INFO] [stderr]    Compiling tcp-stream v0.28.0
[INFO] [stderr]    Compiling tracing-subscriber v0.3.23
[INFO] [stderr]    Compiling async-io v1.13.0
[INFO] [stderr]    Compiling pinky-swear v6.2.1
[INFO] [stderr]    Compiling uuid v1.23.1
[INFO] [stderr]    Compiling rand v0.10.1
[INFO] [stderr]    Compiling ctor v0.12.0
[INFO] [stderr]    Compiling amq-protocol-tcp v7.2.3
[INFO] [stderr]    Compiling amq-protocol v7.2.3
[INFO] [stderr]    Compiling async-reactor-trait v1.1.0
[INFO] [stderr]    Compiling lapin v2.5.3
[INFO] [stderr]    Compiling backoff v0.4.0
[INFO] [stderr]    Compiling futures-executor v0.3.32
[INFO] [stderr]    Compiling tower v0.5.3
[INFO] [stderr]    Compiling futures v0.3.32
[INFO] [stderr]    Compiling legend-saga v0.0.67 (/opt/rustwide/workdir)
[INFO] [stderr]     Finished `release` profile [optimized] target(s) in 59.18s
[INFO] running `Command { std: "docker" "inspect" "5db35500ea1158326ca7c917ece3b9abf72cf97aa9fbf26752d2b24ff039bd49", kill_on_drop: false }`
[INFO] running `Command { std: "docker" "exec" "-e" "SOURCE_DIR=/opt/rustwide/workdir" "-e" "CARGO_HOME=/opt/rustwide/cargo-home" "-e" "RUSTUP_HOME=/opt/rustwide/rustup-home" "-e" "CARGO_TARGET_DIR=/opt/rustwide/target" "-e" "CARGO_INCREMENTAL=0" "-e" "RUST_BACKTRACE=full" "-e" "RUSTFLAGS=--cap-lints=warn" "-e" "RUSTDOCFLAGS=--cap-lints=warn" "-w" "/opt/rustwide/workdir" "--user" "0:0" "5db35500ea1158326ca7c917ece3b9abf72cf97aa9fbf26752d2b24ff039bd49" "/opt/rustwide/cargo-home/bin/cargo" "+1.99.0-beta.8" "test" "--frozen" "--release", kill_on_drop: false }`
[INFO] [stderr]     Finished `release` profile [optimized] target(s) in 0.36s
[INFO] [stderr]      Running unittests src/lib.rs (/opt/rustwide/target/release/deps/legend_saga-a96356e71374366f)
[INFO] [stdout] 
[INFO] [stdout] running 49 tests
[INFO] [stdout] test connection::tests::test_concurrent_operations ... FAILED
[INFO] [stdout] test connection::tests::health::test_healthcheck_events_chan_close ... FAILED
[INFO] [stdout] test connection::tests::test_reconnection_during_message_consumption ... FAILED
[INFO] [stdout] test emitter::test_emitter::simple_emitter ... ok
[INFO] [stdout] test emitter::test_emitter::test_basic_emit_and_receive ... ok
[INFO] [stdout] test emitter::test_emitter::test_different_event_types ... ok
[INFO] [stdout] test emitter::test_emitter::test_emitter_clone ... ok
[INFO] [stdout] test emitter::test_emitter::test_multiple_handlers ... ok
[INFO] [stdout] test emitter::test_emitter::test_unhandled_event ... ok
[INFO] [stdout] test events::tests::test_audit_dead_letter_payload_timestamp_precision ... ok
[INFO] [stdout] test events::tests::test_audit_processed_payload_timestamp_precision ... ok
[INFO] [stdout] test events::tests::test_audit_published_payload_timestamp_precision ... ok
[INFO] [stdout] test events::tests::test_audit_received_payload_timestamp_precision ... ok
[INFO] [stdout] test events::tests::test_billing_invoice_charge_created_event ... ok
[INFO] [stdout] test events::tests::test_billing_invoice_charge_created_payload_wire_format ... ok
[INFO] [stdout] test events::tests::test_millisecond_vs_second_timestamps ... ok
[INFO] [stdout] test events_consume::test_events::test_find_event_values ... ok
[INFO] [stdout] test events_consume::test_events::test_find_event_values_no_valid_events ... ok
[INFO] [stdout] test fibo::test_fibo::test_fibonacci ... ok
[INFO] [stdout] test fibo::test_fibo::test_fibonacci_large_input ... ok
[INFO] [stdout] test fibo::test_fibo::test_fibonacci_sequence ... ok
[INFO] [stdout] test connection::tests::health::test_health_check_events_chan ... FAILED
[INFO] [stdout] test operation::test_operation::apply_operation_header_sets_the_key ... ok
[INFO] [stdout] test operation::test_operation::apply_operation_header_without_operation_leaves_table_untouched ... ok
[INFO] [stdout] test operation::test_operation::current_operation_inside_scope ... ok
[INFO] [stdout] test operation::test_operation::current_operation_outside_scope ... ok
[INFO] [stdout] test operation::test_operation::current_operation_with_none_bound ... ok
[INFO] [stdout] test operation::test_operation::nested_scope_overrides ... ok
[INFO] [stdout] test operation::test_operation::operation_from_headers_missing_or_wrong_type ... ok
[INFO] [stdout] test operation::test_operation::operation_from_headers_reads_long_string ... ok
[INFO] [stdout] test operation::test_operation::spawned_task_does_not_inherit_the_operation ... ok
[INFO] [stdout] test connection::tests::test_declare_queue ... FAILED
[INFO] [stdout] test connection::tests::health::test_health_check_saga_chan ... FAILED
[INFO] [stdout] test connection::tests::test_publish_and_consume ... FAILED
[INFO] [stdout] test connection::tests::health::test_healthcheck_saga_chan_close ... FAILED
[INFO] [stdout] test commence_saga::commence::test_commence_saga ... FAILED
[INFO] [stdout] test connection::tests::test_reconnection ... FAILED
[INFO] [stdout] test commence_saga::commence::test_commence_transfer_crypto_reward_to_ranking_winners_saga ... FAILED
[INFO] [stdout] test connection::tests::health::test_health_check_connection ... FAILED
[INFO] [stdout] test connection::tests::health::test_health_check_connection_close_and_reconnect ... FAILED
[INFO] [stdout] test connection::tests::health::test_health_check ... FAILED
[INFO] [stdout] test connection::tests::test_multiple_message_publish_and_consume ... FAILED
[INFO] [stdout] test connection::tests::health::test_health_check_timeout ... FAILED
[INFO] [stdout] test nack::test_nack::nack_with_delay ... FAILED
[INFO] [stdout] test publish_event::test_publish_event::test_publish_with_reconnection_event ... FAILED
[INFO] [stdout] test consumers::test_consumers::create_consumers ... FAILED
[INFO] [stdout] test publish_event::test_publish_event::test_publish_event ... FAILED
[INFO] [stdout] test consumers::test_consumers::create_header_consumers ... FAILED
[INFO] [stdout] test start::test_audit_consumer::test_connect_to_audit ... FAILED
[INFO] [stdout] 
[INFO] [stdout] failures:
[INFO] [stdout] 
[INFO] [stdout] ---- connection::tests::test_concurrent_operations stdout ----
[INFO] [stdout] 
[INFO] [stdout] thread 'connection::tests::test_concurrent_operations' (2781) panicked at src/test.rs:174:22:
[INFO] [stdout] Failed to create RabbitMQ client: BackoffError("IO error: Connection refused (os error 111)")
[INFO] [stdout] stack backtrace:
[INFO] [stdout]    0:     0x653f4868bf61 - <<std[70759c8f55707aa4]::sys::backtrace::BacktraceLock>::print::DisplayBacktrace as core[df12db4294e9bfd3]::fmt::Display>::fmt
[INFO] [stdout]    1:     0x653f486a5c9a - core[df12db4294e9bfd3]::fmt::write
[INFO] [stdout]    2:     0x653f48690d1c - <alloc[2182bb758b4b3781]::vec::Vec<u8> as core[df12db4294e9bfd3]::io::write::Write>::write_fmt
[INFO] [stdout]    3:     0x653f486668d6 - std[70759c8f55707aa4]::panicking::default_hook::{closure#0}
[INFO] [stdout]    4:     0x653f48683a79 - std[70759c8f55707aa4]::panicking::default_hook
[INFO] [stdout]    5:     0x653f48380130 - test[9d35eded1c95d3be]::test_main_inner::<test[9d35eded1c95d3be]::test_main_static::{closure#0}>::{closure#0}
[INFO] [stdout]    6:     0x653f48683da2 - std[70759c8f55707aa4]::panicking::panic_with_hook
[INFO] [stdout]    7:     0x653f48666982 - std[70759c8f55707aa4]::panicking::panic_handler::{closure#0}
[INFO] [stdout]    8:     0x653f4865f589 - std[70759c8f55707aa4]::sys::backtrace::__rust_end_short_backtrace::<std[70759c8f55707aa4]::panicking::panic_handler::{closure#0}, !>
[INFO] [stdout]    9:     0x653f4866776d - __rustc[8fa7c3cbc660c2b3]::rust_begin_unwind
[INFO] [stdout]   10:     0x653f486a63fc - core[df12db4294e9bfd3]::panicking::panic_fmt
[INFO] [stdout]   11:     0x653f486a61d2 - core[df12db4294e9bfd3]::result::unwrap_failed
[INFO] [stdout]   12:     0x653f4821f262 - <tokio[39f2276d2ab7f6b3]::runtime::park::CachedParkThread>::block_on::<<legend_saga[ff7a9df2e27743e2]::test::setup::TestSetup>::new::{closure#1}>
[INFO] [stdout]   13:     0x653f482db970 - tokio[39f2276d2ab7f6b3]::runtime::context::runtime::enter_runtime::<<tokio[39f2276d2ab7f6b3]::runtime::scheduler::multi_thread::MultiThread>::block_on<<legend_saga[ff7a9df2e27743e2]::test::setup::TestSetup>::new::{closure#1}>::{closure#0}, legend_saga[ff7a9df2e27743e2]::connection::RabbitMQClient>
[INFO] [stdout]   14:     0x653f4832377b - <tokio[39f2276d2ab7f6b3]::runtime::runtime::Runtime>::block_on::<<legend_saga[ff7a9df2e27743e2]::test::setup::TestSetup>::new::{closure#1}>
[INFO] [stdout]   15:     0x653f48353d6d - <legend_saga[ff7a9df2e27743e2]::test::setup::TestSetup>::new
[INFO] [stdout]   16:     0x653f4830de27 - legend_saga[ff7a9df2e27743e2]::connection::tests::test_concurrent_operations
[INFO] [stdout]   17:     0x653f48366cf9 - <legend_saga[ff7a9df2e27743e2]::connection::tests::test_concurrent_operations::{closure#0} as core[df12db4294e9bfd3]::ops::function::FnOnce<()>>::call_once
[INFO] [stdout]   18:     0x653f4837341b - test[9d35eded1c95d3be]::__rust_begin_short_backtrace::<core[df12db4294e9bfd3]::result::Result<(), alloc[2182bb758b4b3781]::string::String>, fn() -> core[df12db4294e9bfd3]::result::Result<(), alloc[2182bb758b4b3781]::string::String>>
[INFO] [stdout]   19:     0x653f48380a85 - test[9d35eded1c95d3be]::run_test::{closure#0}
[INFO] [stdout]   20:     0x653f4837a344 - std[70759c8f55707aa4]::sys::backtrace::__rust_begin_short_backtrace::<test[9d35eded1c95d3be]::run_test::{closure#1}, ()>
[INFO] [stdout]   21:     0x653f48383be2 - <std[70759c8f55707aa4]::thread::lifecycle::spawn_unchecked<test[9d35eded1c95d3be]::run_test::{closure#1}, ()>::{closure#1} as core[df12db4294e9bfd3]::ops::function::FnOnce<()>>::call_once::{shim:vtable#0}
[INFO] [stdout]   22:     0x653f4868b2d9 - <std[70759c8f55707aa4]::sys::thread::unix::Thread>::new::thread_start
[INFO] [stdout]   23:     0x73efa13abdfa - <unknown>
[INFO] [stdout]   24:     0x73efa143f3d4 - clone
[INFO] [stdout]   25:                0x0 - <unknown>
[INFO] [stdout] 
[INFO] [stdout] ---- connection::tests::health::test_healthcheck_events_chan_close stdout ----
[INFO] [stdout] 
[INFO] [stdout] thread 'connection::tests::health::test_healthcheck_events_chan_close' (2727) panicked at src/test.rs:174:22:
[INFO] [stdout] Failed to create RabbitMQ client: BackoffError("IO error: Connection refused (os error 111)")
[INFO] [stdout] stack backtrace:
[INFO] [stdout]    0:     0x653f4868bf61 - <<std[70759c8f55707aa4]::sys::backtrace::BacktraceLock>::print::DisplayBacktrace as core[df12db4294e9bfd3]::fmt::Display>::fmt
[INFO] [stdout]    1:     0x653f486a5c9a - core[df12db4294e9bfd3]::fmt::write
[INFO] [stdout]    2:     0x653f48690d1c - <alloc[2182bb758b4b3781]::vec::Vec<u8> as core[df12db4294e9bfd3]::io::write::Write>::write_fmt
[INFO] [stdout]    3:     0x653f486668d6 - std[70759c8f55707aa4]::panicking::default_hook::{closure#0}
[INFO] [stdout]    4:     0x653f48683a79 - std[70759c8f55707aa4]::panicking::default_hook
[INFO] [stdout]    5:     0x653f48380130 - test[9d35eded1c95d3be]::test_main_inner::<test[9d35eded1c95d3be]::test_main_static::{closure#0}>::{closure#0}
[INFO] [stdout]    6:     0x653f48683da2 - std[70759c8f55707aa4]::panicking::panic_with_hook
[INFO] [stdout]    7:     0x653f48666982 - std[70759c8f55707aa4]::panicking::panic_handler::{closure#0}
[INFO] [stdout]    8:     0x653f4865f589 - std[70759c8f55707aa4]::sys::backtrace::__rust_end_short_backtrace::<std[70759c8f55707aa4]::panicking::panic_handler::{closure#0}, !>
[INFO] [stdout]    9:     0x653f4866776d - __rustc[8fa7c3cbc660c2b3]::rust_begin_unwind
[INFO] [stdout]   10:     0x653f486a63fc - core[df12db4294e9bfd3]::panicking::panic_fmt
[INFO] [stdout]   11:     0x653f486a61d2 - core[df12db4294e9bfd3]::result::unwrap_failed
[INFO] [stdout]   12:     0x653f4821f262 - <tokio[39f2276d2ab7f6b3]::runtime::park::CachedParkThread>::block_on::<<legend_saga[ff7a9df2e27743e2]::test::setup::TestSetup>::new::{closure#1}>
[INFO] [stdout]   13:     0x653f482db970 - tokio[39f2276d2ab7f6b3]::runtime::context::runtime::enter_runtime::<<tokio[39f2276d2ab7f6b3]::runtime::scheduler::multi_thread::MultiThread>::block_on<<legend_saga[ff7a9df2e27743e2]::test::setup::TestSetup>::new::{closure#1}>::{closure#0}, legend_saga[ff7a9df2e27743e2]::connection::RabbitMQClient>
[INFO] [stdout]   14:     0x653f4832377b - <tokio[39f2276d2ab7f6b3]::runtime::runtime::Runtime>::block_on::<<legend_saga[ff7a9df2e27743e2]::test::setup::TestSetup>::new::{closure#1}>
[INFO] [stdout]   15:     0x653f48353d6d - <legend_saga[ff7a9df2e27743e2]::test::setup::TestSetup>::new
[INFO] [stdout]   16:     0x653f4830ede5 - legend_saga[ff7a9df2e27743e2]::connection::tests::health::test_healthcheck_events_chan_close
[INFO] [stdout]   17:     0x653f48367239 - <legend_saga[ff7a9df2e27743e2]::connection::tests::health::test_healthcheck_events_chan_close::{closure#0} as core[df12db4294e9bfd3]::ops::function::FnOnce<()>>::call_once
[INFO] [stdout]   18:     0x653f4837341b - test[9d35eded1c95d3be]::__rust_begin_short_backtrace::<core[df12db4294e9bfd3]::result::Result<(), alloc[2182bb758b4b3781]::string::String>, fn() -> core[df12db4294e9bfd3]::result::Result<(), alloc[2182bb758b4b3781]::string::String>>
[INFO] [stdout]   19:     0x653f48380a85 - test[9d35eded1c95d3be]::run_test::{closure#0}
[INFO] [stdout]   20:     0x653f4837a344 - std[70759c8f55707aa4]::sys::backtrace::__rust_begin_short_backtrace::<test[9d35eded1c95d3be]::run_test::{closure#1}, ()>
[INFO] [stdout]   21:     0x653f48383be2 - <std[70759c8f55707aa4]::thread::lifecycle::spawn_unchecked<test[9d35eded1c95d3be]::run_test::{closure#1}, ()>::{closure#1} as core[df12db4294e9bfd3]::ops::function::FnOnce<()>>::call_once::{shim:vtable#0}
[INFO] [stdout]   22:     0x653f4868b2d9 - <std[70759c8f55707aa4]::sys::thread::unix::Thread>::new::thread_start
[INFO] [stdout]   23:     0x73efa13abdfa - <unknown>
[INFO] [stdout]   24:     0x73efa143f3d4 - clone
[INFO] [stdout]   25:                0x0 - <unknown>
[INFO] [stdout] 
[INFO] [stdout] ---- connection::tests::test_reconnection_during_message_consumption stdout ----
[INFO] [stdout] 
[INFO] [stdout] thread 'connection::tests::test_reconnection_during_message_consumption' (2787) panicked at src/test.rs:174:22:
[INFO] [stdout] Failed to create RabbitMQ client: BackoffError("IO error: Connection refused (os error 111)")
[INFO] [stdout] stack backtrace:
[INFO] [stdout]    0:     0x653f4868bf61 - <<std[70759c8f55707aa4]::sys::backtrace::BacktraceLock>::print::DisplayBacktrace as core[df12db4294e9bfd3]::fmt::Display>::fmt
[INFO] [stdout]    1:     0x653f486a5c9a - core[df12db4294e9bfd3]::fmt::write
[INFO] [stdout]    2:     0x653f48690d1c - <alloc[2182bb758b4b3781]::vec::Vec<u8> as core[df12db4294e9bfd3]::io::write::Write>::write_fmt
[INFO] [stdout]    3:     0x653f486668d6 - std[70759c8f55707aa4]::panicking::default_hook::{closure#0}
[INFO] [stdout]    4:     0x653f48683a79 - std[70759c8f55707aa4]::panicking::default_hook
[INFO] [stdout]    5:     0x653f48380130 - test[9d35eded1c95d3be]::test_main_inner::<test[9d35eded1c95d3be]::test_main_static::{closure#0}>::{closure#0}
[INFO] [stdout]    6:     0x653f48683da2 - std[70759c8f55707aa4]::panicking::panic_with_hook
[INFO] [stdout]    7:     0x653f48666982 - std[70759c8f55707aa4]::panicking::panic_handler::{closure#0}
[INFO] [stdout]    8:     0x653f4865f589 - std[70759c8f55707aa4]::sys::backtrace::__rust_end_short_backtrace::<std[70759c8f55707aa4]::panicking::panic_handler::{closure#0}, !>
[INFO] [stdout]    9:     0x653f4866776d - __rustc[8fa7c3cbc660c2b3]::rust_begin_unwind
[INFO] [stdout]   10:     0x653f486a63fc - core[df12db4294e9bfd3]::panicking::panic_fmt
[INFO] [stdout]   11:     0x653f486a61d2 - core[df12db4294e9bfd3]::result::unwrap_failed
[INFO] [stdout]   12:     0x653f4821f262 - <tokio[39f2276d2ab7f6b3]::runtime::park::CachedParkThread>::block_on::<<legend_saga[ff7a9df2e27743e2]::test::setup::TestSetup>::new::{closure#1}>
[INFO] [stdout]   13:     0x653f482db970 - tokio[39f2276d2ab7f6b3]::runtime::context::runtime::enter_runtime::<<tokio[39f2276d2ab7f6b3]::runtime::scheduler::multi_thread::MultiThread>::block_on<<legend_saga[ff7a9df2e27743e2]::test::setup::TestSetup>::new::{closure#1}>::{closure#0}, legend_saga[ff7a9df2e27743e2]::connection::RabbitMQClient>
[INFO] [stdout]   14:     0x653f4832377b - <tokio[39f2276d2ab7f6b3]::runtime::runtime::Runtime>::block_on::<<legend_saga[ff7a9df2e27743e2]::test::setup::TestSetup>::new::{closure#1}>
[INFO] [stdout]   15:     0x653f48353d6d - <legend_saga[ff7a9df2e27743e2]::test::setup::TestSetup>::new
[INFO] [stdout]   16:     0x653f4830dfe5 - legend_saga[ff7a9df2e27743e2]::connection::tests::test_reconnection_during_message_consumption
[INFO] [stdout]   17:     0x653f48366d39 - <legend_saga[ff7a9df2e27743e2]::connection::tests::test_reconnection_during_message_consumption::{closure#0} as core[df12db4294e9bfd3]::ops::function::FnOnce<()>>::call_once
[INFO] [stdout]   18:     0x653f4837341b - test[9d35eded1c95d3be]::__rust_begin_short_backtrace::<core[df12db4294e9bfd3]::result::Result<(), alloc[2182bb758b4b3781]::string::String>, fn() -> core[df12db4294e9bfd3]::result::Result<(), alloc[2182bb758b4b3781]::string::String>>
[INFO] [stdout]   19:     0x653f48380a85 - test[9d35eded1c95d3be]::run_test::{closure#0}
[INFO] [stdout]   20:     0x653f4837a344 - std[70759c8f55707aa4]::sys::backtrace::__rust_begin_short_backtrace::<test[9d35eded1c95d3be]::run_test::{closure#1}, ()>
[INFO] [stdout]   21:     0x653f48383be2 - <std[70759c8f55707aa4]::thread::lifecycle::spawn_unchecked<test[9d35eded1c95d3be]::run_test::{closure#1}, ()>::{closure#1} as core[df12db4294e9bfd3]::ops::function::FnOnce<()>>::call_once::{shim:vtable#0}
[INFO] [stdout]   22:     0x653f4868b2d9 - <std[70759c8f55707aa4]::sys::thread::unix::Thread>::new::thread_start
[INFO] [stdout]   23:     0x73efa13abdfa - <unknown>
[INFO] [stdout]   24:     0x73efa143f3d4 - clone
[INFO] [stdout]   25:                0x0 - <unknown>
[INFO] [stdout] 
[INFO] [stdout] ---- connection::tests::health::test_health_check_events_chan stdout ----
[INFO] [stdout] 
[INFO] [stdout] thread 'connection::tests::health::test_health_check_events_chan' (2724) panicked at src/test.rs:174:22:
[INFO] [stdout] Failed to create RabbitMQ client: BackoffError("IO error: Connection refused (os error 111)")
[INFO] [stdout] stack backtrace:
[INFO] [stdout]    0:     0x653f4868bf61 - <<std[70759c8f55707aa4]::sys::backtrace::BacktraceLock>::print::DisplayBacktrace as core[df12db4294e9bfd3]::fmt::Display>::fmt
[INFO] [stdout]    1:     0x653f486a5c9a - core[df12db4294e9bfd3]::fmt::write
[INFO] [stdout]    2:     0x653f48690d1c - <alloc[2182bb758b4b3781]::vec::Vec<u8> as core[df12db4294e9bfd3]::io::write::Write>::write_fmt
[INFO] [stdout]    3:     0x653f486668d6 - std[70759c8f55707aa4]::panicking::default_hook::{closure#0}
[INFO] [stdout]    4:     0x653f48683a79 - std[70759c8f55707aa4]::panicking::default_hook
[INFO] [stdout]    5:     0x653f48380130 - test[9d35eded1c95d3be]::test_main_inner::<test[9d35eded1c95d3be]::test_main_static::{closure#0}>::{closure#0}
[INFO] [stdout]    6:     0x653f48683da2 - std[70759c8f55707aa4]::panicking::panic_with_hook
[INFO] [stdout]    7:     0x653f48666982 - std[70759c8f55707aa4]::panicking::panic_handler::{closure#0}
[INFO] [stdout]    8:     0x653f4865f589 - std[70759c8f55707aa4]::sys::backtrace::__rust_end_short_backtrace::<std[70759c8f55707aa4]::panicking::panic_handler::{closure#0}, !>
[INFO] [stdout]    9:     0x653f4866776d - __rustc[8fa7c3cbc660c2b3]::rust_begin_unwind
[INFO] [stdout]   10:     0x653f486a63fc - core[df12db4294e9bfd3]::panicking::panic_fmt
[INFO] [stdout]   11:     0x653f486a61d2 - core[df12db4294e9bfd3]::result::unwrap_failed
[INFO] [stdout]   12:     0x653f4821f262 - <tokio[39f2276d2ab7f6b3]::runtime::park::CachedParkThread>::block_on::<<legend_saga[ff7a9df2e27743e2]::test::setup::TestSetup>::new::{closure#1}>
[INFO] [stdout]   13:     0x653f482db970 - tokio[39f2276d2ab7f6b3]::runtime::context::runtime::enter_runtime::<<tokio[39f2276d2ab7f6b3]::runtime::scheduler::multi_thread::MultiThread>::block_on<<legend_saga[ff7a9df2e27743e2]::test::setup::TestSetup>::new::{closure#1}>::{closure#0}, legend_saga[ff7a9df2e27743e2]::connection::RabbitMQClient>
[INFO] [stdout]   14:     0x653f4832377b - <tokio[39f2276d2ab7f6b3]::runtime::runtime::Runtime>::block_on::<<legend_saga[ff7a9df2e27743e2]::test::setup::TestSetup>::new::{closure#1}>
[INFO] [stdout]   15:     0x653f48353d6d - <legend_saga[ff7a9df2e27743e2]::test::setup::TestSetup>::new
[INFO] [stdout]   16:     0x653f4830ec37 - legend_saga[ff7a9df2e27743e2]::connection::tests::health::test_health_check_events_chan
[INFO] [stdout]   17:     0x653f483671f9 - <legend_saga[ff7a9df2e27743e2]::connection::tests::health::test_health_check_events_chan::{closure#0} as core[df12db4294e9bfd3]::ops::function::FnOnce<()>>::call_once
[INFO] [stdout]   18:     0x653f4837341b - test[9d35eded1c95d3be]::__rust_begin_short_backtrace::<core[df12db4294e9bfd3]::result::Result<(), alloc[2182bb758b4b3781]::string::String>, fn() -> core[df12db4294e9bfd3]::result::Result<(), alloc[2182bb758b4b3781]::string::String>>
[INFO] [stdout]   19:     0x653f48380a85 - test[9d35eded1c95d3be]::run_test::{closure#0}
[INFO] [stdout]   20:     0x653f4837a344 - std[70759c8f55707aa4]::sys::backtrace::__rust_begin_short_backtrace::<test[9d35eded1c95d3be]::run_test::{closure#1}, ()>
[INFO] [stdout]   21:     0x653f48383be2 - <std[70759c8f55707aa4]::thread::lifecycle::spawn_unchecked<test[9d35eded1c95d3be]::run_test::{closure#1}, ()>::{closure#1} as core[df12db4294e9bfd3]::ops::function::FnOnce<()>>::call_once::{shim:vtable#0}
[INFO] [stdout]   22:     0x653f4868b2d9 - <std[70759c8f55707aa4]::sys::thread::unix::Thread>::new::thread_start
[INFO] [stdout]   23:     0x73efa13abdfa - <unknown>
[INFO] [stdout]   24:     0x73efa143f3d4 - clone
[INFO] [stdout]   25:                0x0 - <unknown>
[INFO] [stdout] 
[INFO] [stdout] ---- connection::tests::test_declare_queue stdout ----
[INFO] [stdout] 
[INFO] [stdout] thread 'connection::tests::test_declare_queue' (2782) panicked at src/test.rs:174:22:
[INFO] [stdout] Failed to create RabbitMQ client: BackoffError("IO error: Connection refused (os error 111)")
[INFO] [stdout] stack backtrace:
[INFO] [stdout]    0:     0x653f4868bf61 - <<std[70759c8f55707aa4]::sys::backtrace::BacktraceLock>::print::DisplayBacktrace as core[df12db4294e9bfd3]::fmt::Display>::fmt
[INFO] [stdout]    1:     0x653f486a5c9a - core[df12db4294e9bfd3]::fmt::write
[INFO] [stdout]    2:     0x653f48690d1c - <alloc[2182bb758b4b3781]::vec::Vec<u8> as core[df12db4294e9bfd3]::io::write::Write>::write_fmt
[INFO] [stdout]    3:     0x653f486668d6 - std[70759c8f55707aa4]::panicking::default_hook::{closure#0}
[INFO] [stdout]    4:     0x653f48683a79 - std[70759c8f55707aa4]::panicking::default_hook
[INFO] [stdout]    5:     0x653f48380130 - test[9d35eded1c95d3be]::test_main_inner::<test[9d35eded1c95d3be]::test_main_static::{closure#0}>::{closure#0}
[INFO] [stdout]    6:     0x653f48683da2 - std[70759c8f55707aa4]::panicking::panic_with_hook
[INFO] [stdout]    7:     0x653f48666982 - std[70759c8f55707aa4]::panicking::panic_handler::{closure#0}
[INFO] [stdout]    8:     0x653f4865f589 - std[70759c8f55707aa4]::sys::backtrace::__rust_end_short_backtrace::<std[70759c8f55707aa4]::panicking::panic_handler::{closure#0}, !>
[INFO] [stdout]    9:     0x653f4866776d - __rustc[8fa7c3cbc660c2b3]::rust_begin_unwind
[INFO] [stdout]   10:     0x653f486a63fc - core[df12db4294e9bfd3]::panicking::panic_fmt
[INFO] [stdout]   11:     0x653f486a61d2 - core[df12db4294e9bfd3]::result::unwrap_failed
[INFO] [stdout]   12:     0x653f4821f262 - <tokio[39f2276d2ab7f6b3]::runtime::park::CachedParkThread>::block_on::<<legend_saga[ff7a9df2e27743e2]::test::setup::TestSetup>::new::{closure#1}>
[INFO] [stdout]   13:     0x653f482db970 - tokio[39f2276d2ab7f6b3]::runtime::context::runtime::enter_runtime::<<tokio[39f2276d2ab7f6b3]::runtime::scheduler::multi_thread::MultiThread>::block_on<<legend_saga[ff7a9df2e27743e2]::test::setup::TestSetup>::new::{closure#1}>::{closure#0}, legend_saga[ff7a9df2e27743e2]::connection::RabbitMQClient>
[INFO] [stdout]   14:     0x653f4832377b - <tokio[39f2276d2ab7f6b3]::runtime::runtime::Runtime>::block_on::<<legend_saga[ff7a9df2e27743e2]::test::setup::TestSetup>::new::{closure#1}>
[INFO] [stdout]   15:     0x653f48353d6d - <legend_saga[ff7a9df2e27743e2]::test::setup::TestSetup>::new
[INFO] [stdout]   16:     0x653f4830dc77 - legend_saga[ff7a9df2e27743e2]::connection::tests::test_declare_queue
[INFO] [stdout]   17:     0x653f48366cb9 - <legend_saga[ff7a9df2e27743e2]::connection::tests::test_declare_queue::{closure#0} as core[df12db4294e9bfd3]::ops::function::FnOnce<()>>::call_once
[INFO] [stdout]   18:     0x653f4837341b - test[9d35eded1c95d3be]::__rust_begin_short_backtrace::<core[df12db4294e9bfd3]::result::Result<(), alloc[2182bb758b4b3781]::string::String>, fn() -> core[df12db4294e9bfd3]::result::Result<(), alloc[2182bb758b4b3781]::string::String>>
[INFO] [stdout]   19:     0x653f48380a85 - test[9d35eded1c95d3be]::run_test::{closure#0}
[INFO] [stdout]   20:     0x653f4837a344 - std[70759c8f55707aa4]::sys::backtrace::__rust_begin_short_backtrace::<test[9d35eded1c95d3be]::run_test::{closure#1}, ()>
[INFO] [stdout]   21:     0x653f48383be2 - <std[70759c8f55707aa4]::thread::lifecycle::spawn_unchecked<test[9d35eded1c95d3be]::run_test::{closure#1}, ()>::{closure#1} as core[df12db4294e9bfd3]::ops::function::FnOnce<()>>::call_once::{shim:vtable#0}
[INFO] [stdout]   22:     0x653f4868b2d9 - <std[70759c8f55707aa4]::sys::thread::unix::Thread>::new::thread_start
[INFO] [stdout]   23:     0x73efa13abdfa - <unknown>
[INFO] [stdout]   24:     0x73efa143f3d4 - clone
[INFO] [stdout]   25:                0x0 - <unknown>
[INFO] [stdout] 
[INFO] [stdout] ---- connection::tests::health::test_health_check_saga_chan stdout ----
[INFO] [stdout] 
[INFO] [stdout] thread 'connection::tests::health::test_health_check_saga_chan' (2725) panicked at src/test.rs:174:22:
[INFO] [stdout] Failed to create RabbitMQ client: BackoffError("IO error: Connection refused (os error 111)")
[INFO] [stdout] stack backtrace:
[INFO] [stdout]    0:     0x653f4868bf61 - <<std[70759c8f55707aa4]::sys::backtrace::BacktraceLock>::print::DisplayBacktrace as core[df12db4294e9bfd3]::fmt::Display>::fmt
[INFO] [stdout]    1:     0x653f486a5c9a - core[df12db4294e9bfd3]::fmt::write
[INFO] [stdout]    2:     0x653f48690d1c - <alloc[2182bb758b4b3781]::vec::Vec<u8> as core[df12db4294e9bfd3]::io::write::Write>::write_fmt
[INFO] [stdout]    3:     0x653f486668d6 - std[70759c8f55707aa4]::panicking::default_hook::{closure#0}
[INFO] [stdout]    4:     0x653f48683a79 - std[70759c8f55707aa4]::panicking::default_hook
[INFO] [stdout]    5:     0x653f48380130 - test[9d35eded1c95d3be]::test_main_inner::<test[9d35eded1c95d3be]::test_main_static::{closure#0}>::{closure#0}
[INFO] [stdout]    6:     0x653f48683da2 - std[70759c8f55707aa4]::panicking::panic_with_hook
[INFO] [stdout]    7:     0x653f48666982 - std[70759c8f55707aa4]::panicking::panic_handler::{closure#0}
[INFO] [stdout]    8:     0x653f4865f589 - std[70759c8f55707aa4]::sys::backtrace::__rust_end_short_backtrace::<std[70759c8f55707aa4]::panicking::panic_handler::{closure#0}, !>
[INFO] [stdout]    9:     0x653f4866776d - __rustc[8fa7c3cbc660c2b3]::rust_begin_unwind
[INFO] [stdout]   10:     0x653f486a63fc - core[df12db4294e9bfd3]::panicking::panic_fmt
[INFO] [stdout]   11:     0x653f486a61d2 - core[df12db4294e9bfd3]::result::unwrap_failed
[INFO] [stdout]   12:     0x653f4821f262 - <tokio[39f2276d2ab7f6b3]::runtime::park::CachedParkThread>::block_on::<<legend_saga[ff7a9df2e27743e2]::test::setup::TestSetup>::new::{closure#1}>
[INFO] [stdout]   13:     0x653f482db970 - tokio[39f2276d2ab7f6b3]::runtime::context::runtime::enter_runtime::<<tokio[39f2276d2ab7f6b3]::runtime::scheduler::multi_thread::MultiThread>::block_on<<legend_saga[ff7a9df2e27743e2]::test::setup::TestSetup>::new::{closure#1}>::{closure#0}, legend_saga[ff7a9df2e27743e2]::connection::RabbitMQClient>
[INFO] [stdout]   14:     0x653f4832377b - <tokio[39f2276d2ab7f6b3]::runtime::runtime::Runtime>::block_on::<<legend_saga[ff7a9df2e27743e2]::test::setup::TestSetup>::new::{closure#1}>
[INFO] [stdout]   15:     0x653f48353d6d - <legend_saga[ff7a9df2e27743e2]::test::setup::TestSetup>::new
[INFO] [stdout]   16:     0x653f4830ea77 - legend_saga[ff7a9df2e27743e2]::connection::tests::health::test_health_check_saga_chan
[INFO] [stdout]   17:     0x653f483671b9 - <legend_saga[ff7a9df2e27743e2]::connection::tests::health::test_health_check_saga_chan::{closure#0} as core[df12db4294e9bfd3]::ops::function::FnOnce<()>>::call_once
[INFO] [stdout]   18:     0x653f4837341b - test[9d35eded1c95d3be]::__rust_begin_short_backtrace::<core[df12db4294e9bfd3]::result::Result<(), alloc[2182bb758b4b3781]::string::String>, fn() -> core[df12db4294e9bfd3]::result::Result<(), alloc[2182bb758b4b3781]::string::String>>
[INFO] [stdout]   19:     0x653f48380a85 - test[9d35eded1c95d3be]::run_test::{closure#0}
[INFO] [stdout]   20:     0x653f4837a344 - std[70759c8f55707aa4]::sys::backtrace::__rust_begin_short_backtrace::<test[9d35eded1c95d3be]::run_test::{closure#1}, ()>
[INFO] [stdout]   21:     0x653f48383be2 - <std[70759c8f55707aa4]::thread::lifecycle::spawn_unchecked<test[9d35eded1c95d3be]::run_test::{closure#1}, ()>::{closure#1} as core[df12db4294e9bfd3]::ops::function::FnOnce<()>>::call_once::{shim:vtable#0}
[INFO] [stdout]   22:     0x653f4868b2d9 - <std[70759c8f55707aa4]::sys::thread::unix::Thread>::new::thread_start
[INFO] [stdout]   23:     0x73efa13abdfa - <unknown>
[INFO] [stdout]   24:     0x73efa143f3d4 - clone
[INFO] [stdout]   25:                0x0 - <unknown>
[INFO] [stdout] 
[INFO] [stdout] ---- connection::tests::test_publish_and_consume stdout ----
[INFO] [stdout] 
[INFO] [stdout] thread 'connection::tests::test_publish_and_consume' (2784) panicked at src/test.rs:174:22:
[INFO] [stdout] Failed to create RabbitMQ client: BackoffError("IO error: Connection refused (os error 111)")
[INFO] [stdout] stack backtrace:
[INFO] [stdout]    0:     0x653f4868bf61 - <<std[70759c8f55707aa4]::sys::backtrace::BacktraceLock>::print::DisplayBacktrace as core[df12db4294e9bfd3]::fmt::Display>::fmt
[INFO] [stdout]    1:     0x653f486a5c9a - core[df12db4294e9bfd3]::fmt::write
[INFO] [stdout]    2:     0x653f48690d1c - <alloc[2182bb758b4b3781]::vec::Vec<u8> as core[df12db4294e9bfd3]::io::write::Write>::write_fmt
[INFO] [stdout]    3:     0x653f486668d6 - std[70759c8f55707aa4]::panicking::default_hook::{closure#0}
[INFO] [stdout]    4:     0x653f48683a79 - std[70759c8f55707aa4]::panicking::default_hook
[INFO] [stdout]    5:     0x653f48380130 - test[9d35eded1c95d3be]::test_main_inner::<test[9d35eded1c95d3be]::test_main_static::{closure#0}>::{closure#0}
[INFO] [stdout]    6:     0x653f48683da2 - std[70759c8f55707aa4]::panicking::panic_with_hook
[INFO] [stdout]    7:     0x653f48666982 - std[70759c8f55707aa4]::panicking::panic_handler::{closure#0}
[INFO] [stdout]    8:     0x653f4865f589 - std[70759c8f55707aa4]::sys::backtrace::__rust_end_short_backtrace::<std[70759c8f55707aa4]::panicking::panic_handler::{closure#0}, !>
[INFO] [stdout]    9:     0x653f4866776d - __rustc[8fa7c3cbc660c2b3]::rust_begin_unwind
[INFO] [stdout]   10:     0x653f486a63fc - core[df12db4294e9bfd3]::panicking::panic_fmt
[INFO] [stdout]   11:     0x653f486a61d2 - core[df12db4294e9bfd3]::result::unwrap_failed
[INFO] [stdout]   12:     0x653f4821f262 - <tokio[39f2276d2ab7f6b3]::runtime::park::CachedParkThread>::block_on::<<legend_saga[ff7a9df2e27743e2]::test::setup::TestSetup>::new::{closure#1}>
[INFO] [stdout]   13:     0x653f482db970 - tokio[39f2276d2ab7f6b3]::runtime::context::runtime::enter_runtime::<<tokio[39f2276d2ab7f6b3]::runtime::scheduler::multi_thread::MultiThread>::block_on<<legend_saga[ff7a9df2e27743e2]::test::setup::TestSetup>::new::{closure#1}>::{closure#0}, legend_saga[ff7a9df2e27743e2]::connection::RabbitMQClient>
[INFO] [stdout]   14:     0x653f4832377b - <tokio[39f2276d2ab7f6b3]::runtime::runtime::Runtime>::block_on::<<legend_saga[ff7a9df2e27743e2]::test::setup::TestSetup>::new::{closure#1}>
[INFO] [stdout]   15:     0x653f48353d6d - <legend_saga[ff7a9df2e27743e2]::test::setup::TestSetup>::new
[INFO] [stdout]   16:     0x653f4830dd55 - legend_saga[ff7a9df2e27743e2]::connection::tests::test_publish_and_consume
[INFO] [stdout]   17:     0x653f48366cd9 - <legend_saga[ff7a9df2e27743e2]::connection::tests::test_publish_and_consume::{closure#0} as core[df12db4294e9bfd3]::ops::function::FnOnce<()>>::call_once
[INFO] [stdout]   18:     0x653f4837341b - test[9d35eded1c95d3be]::__rust_begin_short_backtrace::<core[df12db4294e9bfd3]::result::Result<(), alloc[2182bb758b4b3781]::string::String>, fn() -> core[df12db4294e9bfd3]::result::Result<(), alloc[2182bb758b4b3781]::string::String>>
[INFO] [stdout]   19:     0x653f48380a85 - test[9d35eded1c95d3be]::run_test::{closure#0}
[INFO] [stdout]   20:     0x653f4837a344 - std[70759c8f55707aa4]::sys::backtrace::__rust_begin_short_backtrace::<test[9d35eded1c95d3be]::run_test::{closure#1}, ()>
[INFO] [stdout]   21:     0x653f48383be2 - <std[70759c8f55707aa4]::thread::lifecycle::spawn_unchecked<test[9d35eded1c95d3be]::run_test::{closure#1}, ()>::{closure#1} as core[df12db4294e9bfd3]::ops::function::FnOnce<()>>::call_once::{shim:vtable#0}
[INFO] [stdout]   22:     0x653f4868b2d9 - <std[70759c8f55707aa4]::sys::thread::unix::Thread>::new::thread_start
[INFO] [stdout]   23:     0x73efa13abdfa - <unknown>
[INFO] [stdout]   24:     0x73efa143f3d4 - clone
[INFO] [stdout]   25:                0x0 - <unknown>
[INFO] [stdout] 
[INFO] [stdout] ---- connection::tests::health::test_healthcheck_saga_chan_close stdout ----
[INFO] [stdout] 
[INFO] [stdout] thread 'connection::tests::health::test_healthcheck_saga_chan_close' (2729) panicked at src/test.rs:174:22:
[INFO] [stdout] Failed to create RabbitMQ client: BackoffError("IO error: Connection refused (os error 111)")
[INFO] [stdout] stack backtrace:
[INFO] [stdout]    0:     0x653f4868bf61 - <<std[70759c8f55707aa4]::sys::backtrace::BacktraceLock>::print::DisplayBacktrace as core[df12db4294e9bfd3]::fmt::Display>::fmt
[INFO] [stdout]    1:     0x653f486a5c9a - core[df12db4294e9bfd3]::fmt::write
[INFO] [stdout]    2:     0x653f48690d1c - <alloc[2182bb758b4b3781]::vec::Vec<u8> as core[df12db4294e9bfd3]::io::write::Write>::write_fmt
[INFO] [stdout]    3:     0x653f486668d6 - std[70759c8f55707aa4]::panicking::default_hook::{closure#0}
[INFO] [stdout]    4:     0x653f48683a79 - std[70759c8f55707aa4]::panicking::default_hook
[INFO] [stdout]    5:     0x653f48380130 - test[9d35eded1c95d3be]::test_main_inner::<test[9d35eded1c95d3be]::test_main_static::{closure#0}>::{closure#0}
[INFO] [stdout]    6:     0x653f48683da2 - std[70759c8f55707aa4]::panicking::panic_with_hook
[INFO] [stdout]    7:     0x653f48666982 - std[70759c8f55707aa4]::panicking::panic_handler::{closure#0}
[INFO] [stdout]    8:     0x653f4865f589 - std[70759c8f55707aa4]::sys::backtrace::__rust_end_short_backtrace::<std[70759c8f55707aa4]::panicking::panic_handler::{closure#0}, !>
[INFO] [stdout]    9:     0x653f4866776d - __rustc[8fa7c3cbc660c2b3]::rust_begin_unwind
[INFO] [stdout]   10:     0x653f486a63fc - core[df12db4294e9bfd3]::panicking::panic_fmt
[INFO] [stdout]   11:     0x653f486a61d2 - core[df12db4294e9bfd3]::result::unwrap_failed
[INFO] [stdout]   12:     0x653f4821f262 - <tokio[39f2276d2ab7f6b3]::runtime::park::CachedParkThread>::block_on::<<legend_saga[ff7a9df2e27743e2]::test::setup::TestSetup>::new::{closure#1}>
[INFO] [stdout]   13:     0x653f482db970 - tokio[39f2276d2ab7f6b3]::runtime::context::runtime::enter_runtime::<<tokio[39f2276d2ab7f6b3]::runtime::scheduler::multi_thread::MultiThread>::block_on<<legend_saga[ff7a9df2e27743e2]::test::setup::TestSetup>::new::{closure#1}>::{closure#0}, legend_saga[ff7a9df2e27743e2]::connection::RabbitMQClient>
[INFO] [stdout]   14:     0x653f4832377b - <tokio[39f2276d2ab7f6b3]::runtime::runtime::Runtime>::block_on::<<legend_saga[ff7a9df2e27743e2]::test::setup::TestSetup>::new::{closure#1}>
[INFO] [stdout]   15:     0x653f48353d6d - <legend_saga[ff7a9df2e27743e2]::test::setup::TestSetup>::new
[INFO] [stdout]   16:     0x653f4830ed15 - legend_saga[ff7a9df2e27743e2]::connection::tests::health::test_healthcheck_saga_chan_close
[INFO] [stdout]   17:     0x653f48367219 - <legend_saga[ff7a9df2e27743e2]::connection::tests::health::test_healthcheck_saga_chan_close::{closure#0} as core[df12db4294e9bfd3]::ops::function::FnOnce<()>>::call_once
[INFO] [stdout]   18:     0x653f4837341b - test[9d35eded1c95d3be]::__rust_begin_short_backtrace::<core[df12db4294e9bfd3]::result::Result<(), alloc[2182bb758b4b3781]::string::String>, fn() -> core[df12db4294e9bfd3]::result::Result<(), alloc[2182bb758b4b3781]::string::String>>
[INFO] [stdout]   19:     0x653f48380a85 - test[9d35eded1c95d3be]::run_test::{closure#0}
[INFO] [stdout]   20:     0x653f4837a344 - std[70759c8f55707aa4]::sys::backtrace::__rust_begin_short_backtrace::<test[9d35eded1c95d3be]::run_test::{closure#1}, ()>
[INFO] [stdout]   21:     0x653f48383be2 - <std[70759c8f55707aa4]::thread::lifecycle::spawn_unchecked<test[9d35eded1c95d3be]::run_test::{closure#1}, ()>::{closure#1} as core[df12db4294e9bfd3]::ops::function::FnOnce<()>>::call_once::{shim:vtable#0}
[INFO] [stdout]   22:     0x653f4868b2d9 - <std[70759c8f55707aa4]::sys::thread::unix::Thread>::new::thread_start
[INFO] [stdout]   23:     0x73efa13abdfa - <unknown>
[INFO] [stdout]   24:     0x73efa143f3d4 - clone
[INFO] [stdout]   25:                0x0 - <unknown>
[INFO] [stdout] 
[INFO] [stdout] ---- commence_saga::commence::test_commence_saga stdout ----
[INFO] [stdout] 
[INFO] [stdout] thread 'commence_saga::commence::test_commence_saga' (2719) panicked at src/test.rs:174:22:
[INFO] [stdout] Failed to create RabbitMQ client: BackoffError("IO error: Connection refused (os error 111)")
[INFO] [stdout] stack backtrace:
[INFO] [stdout]    0:     0x653f4868bf61 - <<std[70759c8f55707aa4]::sys::backtrace::BacktraceLock>::print::DisplayBacktrace as core[df12db4294e9bfd3]::fmt::Display>::fmt
[INFO] [stdout]    1:     0x653f486a5c9a - core[df12db4294e9bfd3]::fmt::write
[INFO] [stdout]    2:     0x653f48690d1c - <alloc[2182bb758b4b3781]::vec::Vec<u8> as core[df12db4294e9bfd3]::io::write::Write>::write_fmt
[INFO] [stdout]    3:     0x653f486668d6 - std[70759c8f55707aa4]::panicking::default_hook::{closure#0}
[INFO] [stdout]    4:     0x653f48683a79 - std[70759c8f55707aa4]::panicking::default_hook
[INFO] [stdout]    5:     0x653f48380130 - test[9d35eded1c95d3be]::test_main_inner::<test[9d35eded1c95d3be]::test_main_static::{closure#0}>::{closure#0}
[INFO] [stdout]    6:     0x653f48683da2 - std[70759c8f55707aa4]::panicking::panic_with_hook
[INFO] [stdout]    7:     0x653f48666982 - std[70759c8f55707aa4]::panicking::panic_handler::{closure#0}
[INFO] [stdout]    8:     0x653f4865f589 - std[70759c8f55707aa4]::sys::backtrace::__rust_end_short_backtrace::<std[70759c8f55707aa4]::panicking::panic_handler::{closure#0}, !>
[INFO] [stdout]    9:     0x653f4866776d - __rustc[8fa7c3cbc660c2b3]::rust_begin_unwind
[INFO] [stdout]   10:     0x653f486a63fc - core[df12db4294e9bfd3]::panicking::panic_fmt
[INFO] [stdout]   11:     0x653f486a61d2 - core[df12db4294e9bfd3]::result::unwrap_failed
[INFO] [stdout]   12:     0x653f4821f262 - <tokio[39f2276d2ab7f6b3]::runtime::park::CachedParkThread>::block_on::<<legend_saga[ff7a9df2e27743e2]::test::setup::TestSetup>::new::{closure#1}>
[INFO] [stdout]   13:     0x653f482db970 - tokio[39f2276d2ab7f6b3]::runtime::context::runtime::enter_runtime::<<tokio[39f2276d2ab7f6b3]::runtime::scheduler::multi_thread::MultiThread>::block_on<<legend_saga[ff7a9df2e27743e2]::test::setup::TestSetup>::new::{closure#1}>::{closure#0}, legend_saga[ff7a9df2e27743e2]::connection::RabbitMQClient>
[INFO] [stdout]   14:     0x653f4832377b - <tokio[39f2276d2ab7f6b3]::runtime::runtime::Runtime>::block_on::<<legend_saga[ff7a9df2e27743e2]::test::setup::TestSetup>::new::{closure#1}>
[INFO] [stdout]   15:     0x653f48353d6d - <legend_saga[ff7a9df2e27743e2]::test::setup::TestSetup>::new
[INFO] [stdout]   16:     0x653f4830e0b5 - legend_saga[ff7a9df2e27743e2]::commence_saga::commence::test_commence_saga
[INFO] [stdout]   17:     0x653f48366d59 - <legend_saga[ff7a9df2e27743e2]::commence_saga::commence::test_commence_saga::{closure#0} as core[df12db4294e9bfd3]::ops::function::FnOnce<()>>::call_once
[INFO] [stdout]   18:     0x653f4837341b - test[9d35eded1c95d3be]::__rust_begin_short_backtrace::<core[df12db4294e9bfd3]::result::Result<(), alloc[2182bb758b4b3781]::string::String>, fn() -> core[df12db4294e9bfd3]::result::Result<(), alloc[2182bb758b4b3781]::string::String>>
[INFO] [stdout]   19:     0x653f48380a85 - test[9d35eded1c95d3be]::run_test::{closure#0}
[INFO] [stdout]   20:     0x653f4837a344 - std[70759c8f55707aa4]::sys::backtrace::__rust_begin_short_backtrace::<test[9d35eded1c95d3be]::run_test::{closure#1}, ()>
[INFO] [stdout]   21:     0x653f48383be2 - <std[70759c8f55707aa4]::thread::lifecycle::spawn_unchecked<test[9d35eded1c95d3be]::run_test::{closure#1}, ()>::{closure#1} as core[df12db4294e9bfd3]::ops::function::FnOnce<()>>::call_once::{shim:vtable#0}
[INFO] [stdout]   22:     0x653f4868b2d9 - <std[70759c8f55707aa4]::sys::thread::unix::Thread>::new::thread_start
[INFO] [stdout]   23:     0x73efa13abdfa - <unknown>
[INFO] [stdout]   24:     0x73efa143f3d4 - clone
[INFO] [stdout]   25:                0x0 - <unknown>
[INFO] [stdout] 
[INFO] [stdout] ---- connection::tests::test_reconnection stdout ----
[INFO] [stdout] 
[INFO] [stdout] thread 'connection::tests::test_reconnection' (2785) panicked at src/test.rs:174:22:
[INFO] [stdout] Failed to create RabbitMQ client: BackoffError("IO error: Connection refused (os error 111)")
[INFO] [stdout] stack backtrace:
[INFO] [stdout]    0:     0x653f4868bf61 - <<std[70759c8f55707aa4]::sys::backtrace::BacktraceLock>::print::DisplayBacktrace as core[df12db4294e9bfd3]::fmt::Display>::fmt
[INFO] [stdout]    1:     0x653f486a5c9a - core[df12db4294e9bfd3]::fmt::write
[INFO] [stdout]    2:     0x653f48690d1c - <alloc[2182bb758b4b3781]::vec::Vec<u8> as core[df12db4294e9bfd3]::io::write::Write>::write_fmt
[INFO] [stdout]    3:     0x653f486668d6 - std[70759c8f55707aa4]::panicking::default_hook::{closure#0}
[INFO] [stdout]    4:     0x653f48683a79 - std[70759c8f55707aa4]::panicking::default_hook
[INFO] [stdout]    5:     0x653f48380130 - test[9d35eded1c95d3be]::test_main_inner::<test[9d35eded1c95d3be]::test_main_static::{closure#0}>::{closure#0}
[INFO] [stdout]    6:     0x653f48683da2 - std[70759c8f55707aa4]::panicking::panic_with_hook
[INFO] [stdout]    7:     0x653f48666982 - std[70759c8f55707aa4]::panicking::panic_handler::{closure#0}
[INFO] [stdout]    8:     0x653f4865f589 - std[70759c8f55707aa4]::sys::backtrace::__rust_end_short_backtrace::<std[70759c8f55707aa4]::panicking::panic_handler::{closure#0}, !>
[INFO] [stdout]    9:     0x653f4866776d - __rustc[8fa7c3cbc660c2b3]::rust_begin_unwind
[INFO] [stdout]   10:     0x653f486a63fc - core[df12db4294e9bfd3]::panicking::panic_fmt
[INFO] [stdout]   11:     0x653f486a61d2 - core[df12db4294e9bfd3]::result::unwrap_failed
[INFO] [stdout]   12:     0x653f4821f262 - <tokio[39f2276d2ab7f6b3]::runtime::park::CachedParkThread>::block_on::<<legend_saga[ff7a9df2e27743e2]::test::setup::TestSetup>::new::{closure#1}>
[INFO] [stdout]   13:     0x653f482db970 - tokio[39f2276d2ab7f6b3]::runtime::context::runtime::enter_runtime::<<tokio[39f2276d2ab7f6b3]::runtime::scheduler::multi_thread::MultiThread>::block_on<<legend_saga[ff7a9df2e27743e2]::test::setup::TestSetup>::new::{closure#1}>::{closure#0}, legend_saga[ff7a9df2e27743e2]::connection::RabbitMQClient>
[INFO] [stdout]   14:     0x653f4832377b - <tokio[39f2276d2ab7f6b3]::runtime::runtime::Runtime>::block_on::<<legend_saga[ff7a9df2e27743e2]::test::setup::TestSetup>::new::{closure#1}>
[INFO] [stdout]   15:     0x653f48353d6d - <legend_saga[ff7a9df2e27743e2]::test::setup::TestSetup>::new
[INFO] [stdout]   16:     0x653f4830dba5 - legend_saga[ff7a9df2e27743e2]::connection::tests::test_reconnection
[INFO] [stdout]   17:     0x653f48366c99 - <legend_saga[ff7a9df2e27743e2]::connection::tests::test_reconnection::{closure#0} as core[df12db4294e9bfd3]::ops::function::FnOnce<()>>::call_once
[INFO] [stdout]   18:     0x653f4837341b - test[9d35eded1c95d3be]::__rust_begin_short_backtrace::<core[df12db4294e9bfd3]::result::Result<(), alloc[2182bb758b4b3781]::string::String>, fn() -> core[df12db4294e9bfd3]::result::Result<(), alloc[2182bb758b4b3781]::string::String>>
[INFO] [stdout]   19:     0x653f48380a85 - test[9d35eded1c95d3be]::run_test::{closure#0}
[INFO] [stdout]   20:     0x653f4837a344 - std[70759c8f55707aa4]::sys::backtrace::__rust_begin_short_backtrace::<test[9d35eded1c95d3be]::run_test::{closure#1}, ()>
[INFO] [stdout]   21:     0x653f48383be2 - <std[70759c8f55707aa4]::thread::lifecycle::spawn_unchecked<test[9d35eded1c95d3be]::run_test::{closure#1}, ()>::{closure#1} as core[df12db4294e9bfd3]::ops::function::FnOnce<()>>::call_once::{shim:vtable#0}
[INFO] [stdout]   22:     0x653f4868b2d9 - <std[70759c8f55707aa4]::sys::thread::unix::Thread>::new::thread_start
[INFO] [stdout]   23:     0x73efa13abdfa - <unknown>
[INFO] [stdout]   24:     0x73efa143f3d4 - clone
[INFO] [stdout]   25:                0x0 - <unknown>
[INFO] [stdout] 
[INFO] [stdout] ---- commence_saga::commence::test_commence_transfer_crypto_reward_to_ranking_winners_saga stdout ----
[INFO] [stdout] 
[INFO] [stdout] thread 'commence_saga::commence::test_commence_transfer_crypto_reward_to_ranking_winners_saga' (2720) panicked at src/test.rs:174:22:
[INFO] [stdout] Failed to create RabbitMQ client: BackoffError("IO error: Connection refused (os error 111)")
[INFO] [stdout] stack backtrace:
[INFO] [stdout]    0:     0x653f4868bf61 - <<std[70759c8f55707aa4]::sys::backtrace::BacktraceLock>::print::DisplayBacktrace as core[df12db4294e9bfd3]::fmt::Display>::fmt
[INFO] [stdout]    1:     0x653f486a5c9a - core[df12db4294e9bfd3]::fmt::write
[INFO] [stdout]    2:     0x653f48690d1c - <alloc[2182bb758b4b3781]::vec::Vec<u8> as core[df12db4294e9bfd3]::io::write::Write>::write_fmt
[INFO] [stdout]    3:     0x653f486668d6 - std[70759c8f55707aa4]::panicking::default_hook::{closure#0}
[INFO] [stdout]    4:     0x653f48683a79 - std[70759c8f55707aa4]::panicking::default_hook
[INFO] [stdout]    5:     0x653f48380130 - test[9d35eded1c95d3be]::test_main_inner::<test[9d35eded1c95d3be]::test_main_static::{closure#0}>::{closure#0}
[INFO] [stdout]    6:     0x653f48683da2 - std[70759c8f55707aa4]::panicking::panic_with_hook
[INFO] [stdout]    7:     0x653f48666982 - std[70759c8f55707aa4]::panicking::panic_handler::{closure#0}
[INFO] [stdout]    8:     0x653f4865f589 - std[70759c8f55707aa4]::sys::backtrace::__rust_end_short_backtrace::<std[70759c8f55707aa4]::panicking::panic_handler::{closure#0}, !>
[INFO] [stdout]    9:     0x653f4866776d - __rustc[8fa7c3cbc660c2b3]::rust_begin_unwind
[INFO] [stdout]   10:     0x653f486a63fc - core[df12db4294e9bfd3]::panicking::panic_fmt
[INFO] [stdout]   11:     0x653f486a61d2 - core[df12db4294e9bfd3]::result::unwrap_failed
[INFO] [stdout]   12:     0x653f4821f262 - <tokio[39f2276d2ab7f6b3]::runtime::park::CachedParkThread>::block_on::<<legend_saga[ff7a9df2e27743e2]::test::setup::TestSetup>::new::{closure#1}>
[INFO] [stdout]   13:     0x653f482db970 - tokio[39f2276d2ab7f6b3]::runtime::context::runtime::enter_runtime::<<tokio[39f2276d2ab7f6b3]::runtime::scheduler::multi_thread::MultiThread>::block_on<<legend_saga[ff7a9df2e27743e2]::test::setup::TestSetup>::new::{closure#1}>::{closure#0}, legend_saga[ff7a9df2e27743e2]::connection::RabbitMQClient>
[INFO] [stdout]   14:     0x653f4832377b - <tokio[39f2276d2ab7f6b3]::runtime::runtime::Runtime>::block_on::<<legend_saga[ff7a9df2e27743e2]::test::setup::TestSetup>::new::{closure#1}>
[INFO] [stdout]   15:     0x653f48353d6d - <legend_saga[ff7a9df2e27743e2]::test::setup::TestSetup>::new
[INFO] [stdout]   16:     0x653f4830e187 - legend_saga[ff7a9df2e27743e2]::commence_saga::commence::test_commence_transfer_crypto_reward_to_ranking_winners_saga
[INFO] [stdout]   17:     0x653f48366d79 - <legend_saga[ff7a9df2e27743e2]::commence_saga::commence::test_commence_transfer_crypto_reward_to_ranking_winners_saga::{closure#0} as core[df12db4294e9bfd3]::ops::function::FnOnce<()>>::call_once
[INFO] [stdout]   18:     0x653f4837341b - test[9d35eded1c95d3be]::__rust_begin_short_backtrace::<core[df12db4294e9bfd3]::result::Result<(), alloc[2182bb758b4b3781]::string::String>, fn() -> core[df12db4294e9bfd3]::result::Result<(), alloc[2182bb758b4b3781]::string::String>>
[INFO] [stdout]   19:     0x653f48380a85 - test[9d35eded1c95d3be]::run_test::{closure#0}
[INFO] [stdout]   20:     0x653f4837a344 - std[70759c8f55707aa4]::sys::backtrace::__rust_begin_short_backtrace::<test[9d35eded1c95d3be]::run_test::{closure#1}, ()>
[INFO] [stdout]   21:     0x653f48383be2 - <std[70759c8f55707aa4]::thread::lifecycle::spawn_unchecked<test[9d35eded1c95d3be]::run_test::{closure#1}, ()>::{closure#1} as core[df12db4294e9bfd3]::ops::function::FnOnce<()>>::call_once::{shim:vtable#0}
[INFO] [stdout]   22:     0x653f4868b2d9 - <std[70759c8f55707aa4]::sys::thread::unix::Thread>::new::thread_start
[INFO] [stdout]   23:     0x73efa13abdfa - <unknown>
[INFO] [stdout]   24:     0x73efa143f3d4 - clone
[INFO] [stdout]   25:                0x0 - <unknown>
[INFO] [stdout] 
[INFO] [stdout] ---- connection::tests::health::test_health_check_connection stdout ----
[INFO] [stdout] 
[INFO] [stdout] thread 'connection::tests::health::test_health_check_connection' (2722) panicked at src/test.rs:174:22:
[INFO] [stdout] Failed to create RabbitMQ client: BackoffError("IO error: Connection refused (os error 111)")
[INFO] [stdout] stack backtrace:
[INFO] [stdout]    0:     0x653f4868bf61 - <<std[70759c8f55707aa4]::sys::backtrace::BacktraceLock>::print::DisplayBacktrace as core[df12db4294e9bfd3]::fmt::Display>::fmt
[INFO] [stdout]    1:     0x653f486a5c9a - core[df12db4294e9bfd3]::fmt::write
[INFO] [stdout]    2:     0x653f48690d1c - <alloc[2182bb758b4b3781]::vec::Vec<u8> as core[df12db4294e9bfd3]::io::write::Write>::write_fmt
[INFO] [stdout]    3:     0x653f486668d6 - std[70759c8f55707aa4]::panicking::default_hook::{closure#0}
[INFO] [stdout]    4:     0x653f48683a79 - std[70759c8f55707aa4]::panicking::default_hook
[INFO] [stdout]    5:     0x653f48380130 - test[9d35eded1c95d3be]::test_main_inner::<test[9d35eded1c95d3be]::test_main_static::{closure#0}>::{closure#0}
[INFO] [stdout]    6:     0x653f48683da2 - std[70759c8f55707aa4]::panicking::panic_with_hook
[INFO] [stdout]    7:     0x653f48666982 - std[70759c8f55707aa4]::panicking::panic_handler::{closure#0}
[INFO] [stdout]    8:     0x653f4865f589 - std[70759c8f55707aa4]::sys::backtrace::__rust_end_short_backtrace::<std[70759c8f55707aa4]::panicking::panic_handler::{closure#0}, !>
[INFO] [stdout]    9:     0x653f4866776d - __rustc[8fa7c3cbc660c2b3]::rust_begin_unwind
[INFO] [stdout]   10:     0x653f486a63fc - core[df12db4294e9bfd3]::panicking::panic_fmt
[INFO] [stdout]   11:     0x653f486a61d2 - core[df12db4294e9bfd3]::result::unwrap_failed
[INFO] [stdout]   12:     0x653f4821f262 - <tokio[39f2276d2ab7f6b3]::runtime::park::CachedParkThread>::block_on::<<legend_saga[ff7a9df2e27743e2]::test::setup::TestSetup>::new::{closure#1}>
[INFO] [stdout]   13:     0x653f482db970 - tokio[39f2276d2ab7f6b3]::runtime::context::runtime::enter_runtime::<<tokio[39f2276d2ab7f6b3]::runtime::scheduler::multi_thread::MultiThread>::block_on<<legend_saga[ff7a9df2e27743e2]::test::setup::TestSetup>::new::{closure#1}>::{closure#0}, legend_saga[ff7a9df2e27743e2]::connection::RabbitMQClient>
[INFO] [stdout]   14:     0x653f4832377b - <tokio[39f2276d2ab7f6b3]::runtime::runtime::Runtime>::block_on::<<legend_saga[ff7a9df2e27743e2]::test::setup::TestSetup>::new::{closure#1}>
[INFO] [stdout]   15:     0x653f48353d6d - <legend_saga[ff7a9df2e27743e2]::test::setup::TestSetup>::new
[INFO] [stdout]   16:     0x653f4830eb57 - legend_saga[ff7a9df2e27743e2]::connection::tests::health::test_health_check_connection
[INFO] [stdout]   17:     0x653f483671d9 - <legend_saga[ff7a9df2e27743e2]::connection::tests::health::test_health_check_connection::{closure#0} as core[df12db4294e9bfd3]::ops::function::FnOnce<()>>::call_once
[INFO] [stdout]   18:     0x653f4837341b - test[9d35eded1c95d3be]::__rust_begin_short_backtrace::<core[df12db4294e9bfd3]::result::Result<(), alloc[2182bb758b4b3781]::string::String>, fn() -> core[df12db4294e9bfd3]::result::Result<(), alloc[2182bb758b4b3781]::string::String>>
[INFO] [stdout]   19:     0x653f48380a85 - test[9d35eded1c95d3be]::run_test::{closure#0}
[INFO] [stdout]   20:     0x653f4837a344 - std[70759c8f55707aa4]::sys::backtrace::__rust_begin_short_backtrace::<test[9d35eded1c95d3be]::run_test::{closure#1}, ()>
[INFO] [stdout]   21:     0x653f48383be2 - <std[70759c8f55707aa4]::thread::lifecycle::spawn_unchecked<test[9d35eded1c95d3be]::run_test::{closure#1}, ()>::{closure#1} as core[df12db4294e9bfd3]::ops::function::FnOnce<()>>::call_once::{shim:vtable#0}
[INFO] [stdout]   22:     0x653f4868b2d9 - <std[70759c8f55707aa4]::sys::thread::unix::Thread>::new::thread_start
[INFO] [stdout]   23:     0x73efa13abdfa - <unknown>
[INFO] [stdout]   24:     0x73efa143f3d4 - clone
[INFO] [stdout]   25:                0x0 - <unknown>
[INFO] [stdout] 
[INFO] [stdout] ---- connection::tests::health::test_health_check_connection_close_and_reconnect stdout ----
[INFO] [stdout] 
[INFO] [stdout] thread 'connection::tests::health::test_health_check_connection_close_and_reconnect' (2723) panicked at src/test.rs:174:22:
[INFO] [stdout] Failed to create RabbitMQ client: BackoffError("IO error: Connection refused (os error 111)")
[INFO] [stdout] stack backtrace:
[INFO] [stdout]    0:     0x653f4868bf61 - <<std[70759c8f55707aa4]::sys::backtrace::BacktraceLock>::print::DisplayBacktrace as core[df12db4294e9bfd3]::fmt::Display>::fmt
[INFO] [stdout]    1:     0x653f486a5c9a - core[df12db4294e9bfd3]::fmt::write
[INFO] [stdout]    2:     0x653f48690d1c - <alloc[2182bb758b4b3781]::vec::Vec<u8> as core[df12db4294e9bfd3]::io::write::Write>::write_fmt
[INFO] [stdout]    3:     0x653f486668d6 - std[70759c8f55707aa4]::panicking::default_hook::{closure#0}
[INFO] [stdout]    4:     0x653f48683a79 - std[70759c8f55707aa4]::panicking::default_hook
[INFO] [stdout]    5:     0x653f48380130 - test[9d35eded1c95d3be]::test_main_inner::<test[9d35eded1c95d3be]::test_main_static::{closure#0}>::{closure#0}
[INFO] [stdout]    6:     0x653f48683da2 - std[70759c8f55707aa4]::panicking::panic_with_hook
[INFO] [stdout]    7:     0x653f48666982 - std[70759c8f55707aa4]::panicking::panic_handler::{closure#0}
[INFO] [stdout]    8:     0x653f4865f589 - std[70759c8f55707aa4]::sys::backtrace::__rust_end_short_backtrace::<std[70759c8f55707aa4]::panicking::panic_handler::{closure#0}, !>
[INFO] [stdout]    9:     0x653f4866776d - __rustc[8fa7c3cbc660c2b3]::rust_begin_unwind
[INFO] [stdout]   10:     0x653f486a63fc - core[df12db4294e9bfd3]::panicking::panic_fmt
[INFO] [stdout]   11:     0x653f486a61d2 - core[df12db4294e9bfd3]::result::unwrap_failed
[INFO] [stdout]   12:     0x653f4821f262 - <tokio[39f2276d2ab7f6b3]::runtime::park::CachedParkThread>::block_on::<<legend_saga[ff7a9df2e27743e2]::test::setup::TestSetup>::new::{closure#1}>
[INFO] [stdout]   13:     0x653f482db970 - tokio[39f2276d2ab7f6b3]::runtime::context::runtime::enter_runtime::<<tokio[39f2276d2ab7f6b3]::runtime::scheduler::multi_thread::MultiThread>::block_on<<legend_saga[ff7a9df2e27743e2]::test::setup::TestSetup>::new::{closure#1}>::{closure#0}, legend_saga[ff7a9df2e27743e2]::connection::RabbitMQClient>
[INFO] [stdout]   14:     0x653f4832377b - <tokio[39f2276d2ab7f6b3]::runtime::runtime::Runtime>::block_on::<<legend_saga[ff7a9df2e27743e2]::test::setup::TestSetup>::new::{closure#1}>
[INFO] [stdout]   15:     0x653f48353d6d - <legend_saga[ff7a9df2e27743e2]::test::setup::TestSetup>::new
[INFO] [stdout]   16:     0x653f4830eeb5 - legend_saga[ff7a9df2e27743e2]::connection::tests::health::test_health_check_connection_close_and_reconnect
[INFO] [stdout]   17:     0x653f48367259 - <legend_saga[ff7a9df2e27743e2]::connection::tests::health::test_health_check_connection_close_and_reconnect::{closure#0} as core[df12db4294e9bfd3]::ops::function::FnOnce<()>>::call_once
[INFO] [stdout]   18:     0x653f4837341b - test[9d35eded1c95d3be]::__rust_begin_short_backtrace::<core[df12db4294e9bfd3]::result::Result<(), alloc[2182bb758b4b3781]::string::String>, fn() -> core[df12db4294e9bfd3]::result::Result<(), alloc[2182bb758b4b3781]::string::String>>
[INFO] [stdout]   19:     0x653f48380a85 - test[9d35eded1c95d3be]::run_test::{closure#0}
[INFO] [stdout]   20:     0x653f4837a344 - std[70759c8f55707aa4]::sys::backtrace::__rust_begin_short_backtrace::<test[9d35eded1c95d3be]::run_test::{closure#1}, ()>
[INFO] [stdout]   21:     0x653f48383be2 - <std[70759c8f55707aa4]::thread::lifecycle::spawn_unchecked<test[9d35eded1c95d3be]::run_test::{closure#1}, ()>::{closure#1} as core[df12db4294e9bfd3]::ops::function::FnOnce<()>>::call_once::{shim:vtable#0}
[INFO] [stdout]   22:     0x653f4868b2d9 - <std[70759c8f55707aa4]::sys::thread::unix::Thread>::new::thread_start
[INFO] [stdout]   23:     0x73efa13abdfa - <unknown>
[INFO] [stdout]   24:     0x73efa143f3d4 - clone
[INFO] [stdout]   25:                0x0 - <unknown>
[INFO] [stdout] 
[INFO] [stdout] ---- connection::tests::health::test_health_check stdout ----
[INFO] [stdout] 
[INFO] [stdout] thread 'connection::tests::health::test_health_check' (2721) panicked at src/test.rs:174:22:
[INFO] [stdout] Failed to create RabbitMQ client: BackoffError("IO error: Connection refused (os error 111)")
[INFO] [stdout] stack backtrace:
[INFO] [stdout]    0:     0x653f4868bf61 - <<std[70759c8f55707aa4]::sys::backtrace::BacktraceLock>::print::DisplayBacktrace as core[df12db4294e9bfd3]::fmt::Display>::fmt
[INFO] [stdout]    1:     0x653f486a5c9a - core[df12db4294e9bfd3]::fmt::write
[INFO] [stdout]    2:     0x653f48690d1c - <alloc[2182bb758b4b3781]::vec::Vec<u8> as core[df12db4294e9bfd3]::io::write::Write>::write_fmt
[INFO] [stdout]    3:     0x653f486668d6 - std[70759c8f55707aa4]::panicking::default_hook::{closure#0}
[INFO] [stdout]    4:     0x653f48683a79 - std[70759c8f55707aa4]::panicking::default_hook
[INFO] [stdout]    5:     0x653f48380130 - test[9d35eded1c95d3be]::test_main_inner::<test[9d35eded1c95d3be]::test_main_static::{closure#0}>::{closure#0}
[INFO] [stdout]    6:     0x653f48683da2 - std[70759c8f55707aa4]::panicking::panic_with_hook
[INFO] [stdout]    7:     0x653f48666982 - std[70759c8f55707aa4]::panicking::panic_handler::{closure#0}
[INFO] [stdout]    8:     0x653f4865f589 - std[70759c8f55707aa4]::sys::backtrace::__rust_end_short_backtrace::<std[70759c8f55707aa4]::panicking::panic_handler::{closure#0}, !>
[INFO] [stdout]    9:     0x653f4866776d - __rustc[8fa7c3cbc660c2b3]::rust_begin_unwind
[INFO] [stdout]   10:     0x653f486a63fc - core[df12db4294e9bfd3]::panicking::panic_fmt
[INFO] [stdout]   11:     0x653f486a61d2 - core[df12db4294e9bfd3]::result::unwrap_failed
[INFO] [stdout]   12:     0x653f4821f262 - <tokio[39f2276d2ab7f6b3]::runtime::park::CachedParkThread>::block_on::<<legend_saga[ff7a9df2e27743e2]::test::setup::TestSetup>::new::{closure#1}>
[INFO] [stdout]   13:     0x653f482db970 - tokio[39f2276d2ab7f6b3]::runtime::context::runtime::enter_runtime::<<tokio[39f2276d2ab7f6b3]::runtime::scheduler::multi_thread::MultiThread>::block_on<<legend_saga[ff7a9df2e27743e2]::test::setup::TestSetup>::new::{closure#1}>::{closure#0}, legend_saga[ff7a9df2e27743e2]::connection::RabbitMQClient>
[INFO] [stdout]   14:     0x653f4832377b - <tokio[39f2276d2ab7f6b3]::runtime::runtime::Runtime>::block_on::<<legend_saga[ff7a9df2e27743e2]::test::setup::TestSetup>::new::{closure#1}>
[INFO] [stdout]   15:     0x653f48353d6d - <legend_saga[ff7a9df2e27743e2]::test::setup::TestSetup>::new
[INFO] [stdout]   16:     0x653f4830e8b7 - legend_saga[ff7a9df2e27743e2]::connection::tests::health::test_health_check
[INFO] [stdout]   17:     0x653f48367179 - <legend_saga[ff7a9df2e27743e2]::connection::tests::health::test_health_check::{closure#0} as core[df12db4294e9bfd3]::ops::function::FnOnce<()>>::call_once
[INFO] [stdout]   18:     0x653f4837341b - test[9d35eded1c95d3be]::__rust_begin_short_backtrace::<core[df12db4294e9bfd3]::result::Result<(), alloc[2182bb758b4b3781]::string::String>, fn() -> core[df12db4294e9bfd3]::result::Result<(), alloc[2182bb758b4b3781]::string::String>>
[INFO] [stdout]   19:     0x653f48380a85 - test[9d35eded1c95d3be]::run_test::{closure#0}
[INFO] [stdout]   20:     0x653f4837a344 - std[70759c8f55707aa4]::sys::backtrace::__rust_begin_short_backtrace::<test[9d35eded1c95d3be]::run_test::{closure#1}, ()>
[INFO] [stdout]   21:     0x653f48383be2 - <std[70759c8f55707aa4]::thread::lifecycle::spawn_unchecked<test[9d35eded1c95d3be]::run_test::{closure#1}, ()>::{closure#1} as core[df12db4294e9bfd3]::ops::function::FnOnce<()>>::call_once::{shim:vtable#0}
[INFO] [stdout]   22:     0x653f4868b2d9 - <std[70759c8f55707aa4]::sys::thread::unix::Thread>::new::thread_start
[INFO] [stdout]   23:     0x73efa13abdfa - <unknown>
[INFO] [stdout]   24:     0x73efa143f3d4 - clone
[INFO] [stdout]   25:                0x0 - <unknown>
[INFO] [stdout] 
[INFO] [stdout] ---- connection::tests::test_multiple_message_publish_and_consume stdout ----
[INFO] [stdout] 
[INFO] [stdout] thread 'connection::tests::test_multiple_message_publish_and_consume' (2783) panicked at src/test.rs:174:22:
[INFO] [stdout] Failed to create RabbitMQ client: BackoffError("IO error: Connection refused (os error 111)")
[INFO] [stdout] stack backtrace:
[INFO] [stdout]    0:     0x653f4868bf61 - <<std[70759c8f55707aa4]::sys::backtrace::BacktraceLock>::print::DisplayBacktrace as core[df12db4294e9bfd3]::fmt::Display>::fmt
[INFO] [stdout]    1:     0x653f486a5c9a - core[df12db4294e9bfd3]::fmt::write
[INFO] [stdout]    2:     0x653f48690d1c - <alloc[2182bb758b4b3781]::vec::Vec<u8> as core[df12db4294e9bfd3]::io::write::Write>::write_fmt
[INFO] [stdout]    3:     0x653f486668d6 - std[70759c8f55707aa4]::panicking::default_hook::{closure#0}
[INFO] [stdout]    4:     0x653f48683a79 - std[70759c8f55707aa4]::panicking::default_hook
[INFO] [stdout]    5:     0x653f48380130 - test[9d35eded1c95d3be]::test_main_inner::<test[9d35eded1c95d3be]::test_main_static::{closure#0}>::{closure#0}
[INFO] [stdout]    6:     0x653f48683da2 - std[70759c8f55707aa4]::panicking::panic_with_hook
[INFO] [stdout]    7:     0x653f48666982 - std[70759c8f55707aa4]::panicking::panic_handler::{closure#0}
[INFO] [stdout]    8:     0x653f4865f589 - std[70759c8f55707aa4]::sys::backtrace::__rust_end_short_backtrace::<std[70759c8f55707aa4]::panicking::panic_handler::{closure#0}, !>
[INFO] [stdout]    9:     0x653f4866776d - __rustc[8fa7c3cbc660c2b3]::rust_begin_unwind
[INFO] [stdout]   10:     0x653f486a63fc - core[df12db4294e9bfd3]::panicking::panic_fmt
[INFO] [stdout]   11:     0x653f486a61d2 - core[df12db4294e9bfd3]::result::unwrap_failed
[INFO] [stdout]   12:     0x653f4821f262 - <tokio[39f2276d2ab7f6b3]::runtime::park::CachedParkThread>::block_on::<<legend_saga[ff7a9df2e27743e2]::test::setup::TestSetup>::new::{closure#1}>
[INFO] [stdout]   13:     0x653f482db970 - tokio[39f2276d2ab7f6b3]::runtime::context::runtime::enter_runtime::<<tokio[39f2276d2ab7f6b3]::runtime::scheduler::multi_thread::MultiThread>::block_on<<legend_saga[ff7a9df2e27743e2]::test::setup::TestSetup>::new::{closure#1}>::{closure#0}, legend_saga[ff7a9df2e27743e2]::connection::RabbitMQClient>
[INFO] [stdout]   14:     0x653f4832377b - <tokio[39f2276d2ab7f6b3]::runtime::runtime::Runtime>::block_on::<<legend_saga[ff7a9df2e27743e2]::test::setup::TestSetup>::new::{closure#1}>
[INFO] [stdout]   15:     0x653f48353d6d - <legend_saga[ff7a9df2e27743e2]::test::setup::TestSetup>::new
[INFO] [stdout]   16:     0x653f4830df07 - legend_saga[ff7a9df2e27743e2]::connection::tests::test_multiple_message_publish_and_consume
[INFO] [stdout]   17:     0x653f48366d19 - <legend_saga[ff7a9df2e27743e2]::connection::tests::test_multiple_message_publish_and_consume::{closure#0} as core[df12db4294e9bfd3]::ops::function::FnOnce<()>>::call_once
[INFO] [stdout]   18:     0x653f4837341b - test[9d35eded1c95d3be]::__rust_begin_short_backtrace::<core[df12db4294e9bfd3]::result::Result<(), alloc[2182bb758b4b3781]::string::String>, fn() -> core[df12db4294e9bfd3]::result::Result<(), alloc[2182bb758b4b3781]::string::String>>
[INFO] [stdout]   19:     0x653f48380a85 - test[9d35eded1c95d3be]::run_test::{closure#0}
[INFO] [stdout]   20:     0x653f4837a344 - std[70759c8f55707aa4]::sys::backtrace::__rust_begin_short_backtrace::<test[9d35eded1c95d3be]::run_test::{closure#1}, ()>
[INFO] [stdout]   21:     0x653f48383be2 - <std[70759c8f55707aa4]::thread::lifecycle::spawn_unchecked<test[9d35eded1c95d3be]::run_test::{closure#1}, ()>::{closure#1} as core[df12db4294e9bfd3]::ops::function::FnOnce<()>>::call_once::{shim:vtable#0}
[INFO] [stdout]   22:     0x653f4868b2d9 - <std[70759c8f55707aa4]::sys::thread::unix::Thread>::new::thread_start
[INFO] [stdout]   23:     0x73efa13abdfa - <unknown>
[INFO] [stdout]   24:     0x73efa143f3d4 - clone
[INFO] [stdout]   25:                0x0 - <unknown>
[INFO] [stdout] 
[INFO] [stdout] ---- connection::tests::health::test_health_check_timeout stdout ----
[INFO] [stdout] 
[INFO] [stdout] thread 'connection::tests::health::test_health_check_timeout' (2726) panicked at src/test.rs:174:22:
[INFO] [stdout] Failed to create RabbitMQ client: BackoffError("IO error: Connection refused (os error 111)")
[INFO] [stdout] stack backtrace:
[INFO] [stdout]    0:     0x653f4868bf61 - <<std[70759c8f55707aa4]::sys::backtrace::BacktraceLock>::print::DisplayBacktrace as core[df12db4294e9bfd3]::fmt::Display>::fmt
[INFO] [stdout]    1:     0x653f486a5c9a - core[df12db4294e9bfd3]::fmt::write
[INFO] [stdout]    2:     0x653f48690d1c - <alloc[2182bb758b4b3781]::vec::Vec<u8> as core[df12db4294e9bfd3]::io::write::Write>::write_fmt
[INFO] [stdout]    3:     0x653f486668d6 - std[70759c8f55707aa4]::panicking::default_hook::{closure#0}
[INFO] [stdout]    4:     0x653f48683a79 - std[70759c8f55707aa4]::panicking::default_hook
[INFO] [stdout]    5:     0x653f48380130 - test[9d35eded1c95d3be]::test_main_inner::<test[9d35eded1c95d3be]::test_main_static::{closure#0}>::{closure#0}
[INFO] [stdout]    6:     0x653f48683da2 - std[70759c8f55707aa4]::panicking::panic_with_hook
[INFO] [stdout]    7:     0x653f48666982 - std[70759c8f55707aa4]::panicking::panic_handler::{closure#0}
[INFO] [stdout]    8:     0x653f4865f589 - std[70759c8f55707aa4]::sys::backtrace::__rust_end_short_backtrace::<std[70759c8f55707aa4]::panicking::panic_handler::{closure#0}, !>
[INFO] [stdout]    9:     0x653f4866776d - __rustc[8fa7c3cbc660c2b3]::rust_begin_unwind
[INFO] [stdout]   10:     0x653f486a63fc - core[df12db4294e9bfd3]::panicking::panic_fmt
[INFO] [stdout]   11:     0x653f486a61d2 - core[df12db4294e9bfd3]::result::unwrap_failed
[INFO] [stdout]   12:     0x653f4821f262 - <tokio[39f2276d2ab7f6b3]::runtime::park::CachedParkThread>::block_on::<<legend_saga[ff7a9df2e27743e2]::test::setup::TestSetup>::new::{closure#1}>
[INFO] [stdout]   13:     0x653f482db970 - tokio[39f2276d2ab7f6b3]::runtime::context::runtime::enter_runtime::<<tokio[39f2276d2ab7f6b3]::runtime::scheduler::multi_thread::MultiThread>::block_on<<legend_saga[ff7a9df2e27743e2]::test::setup::TestSetup>::new::{closure#1}>::{closure#0}, legend_saga[ff7a9df2e27743e2]::connection::RabbitMQClient>
[INFO] [stdout]   14:     0x653f4832377b - <tokio[39f2276d2ab7f6b3]::runtime::runtime::Runtime>::block_on::<<legend_saga[ff7a9df2e27743e2]::test::setup::TestSetup>::new::{closure#1}>
[INFO] [stdout]   15:     0x653f48353d6d - <legend_saga[ff7a9df2e27743e2]::test::setup::TestSetup>::new
[INFO] [stdout]   16:     0x653f4830e997 - legend_saga[ff7a9df2e27743e2]::connection::tests::health::test_health_check_timeout
[INFO] [stdout]   17:     0x653f48367199 - <legend_saga[ff7a9df2e27743e2]::connection::tests::health::test_health_check_timeout::{closure#0} as core[df12db4294e9bfd3]::ops::function::FnOnce<()>>::call_once
[INFO] [stdout]   18:     0x653f4837341b - test[9d35eded1c95d3be]::__rust_begin_short_backtrace::<core[df12db4294e9bfd3]::result::Result<(), alloc[2182bb758b4b3781]::string::String>, fn() -> core[df12db4294e9bfd3]::result::Result<(), alloc[2182bb758b4b3781]::string::String>>
[INFO] [stdout]   19:     0x653f48380a85 - test[9d35eded1c95d3be]::run_test::{closure#0}
[INFO] [stdout]   20:     0x653f4837a344 - std[70759c8f55707aa4]::sys::backtrace::__rust_begin_short_backtrace::<test[9d35eded1c95d3be]::run_test::{closure#1}, ()>
[INFO] [stdout]   21:     0x653f48383be2 - <std[70759c8f55707aa4]::thread::lifecycle::spawn_unchecked<test[9d35eded1c95d3be]::run_test::{closure#1}, ()>::{closure#1} as core[df12db4294e9bfd3]::ops::function::FnOnce<()>>::call_once::{shim:vtable#0}
[INFO] [stdout]   22:     0x653f4868b2d9 - <std[70759c8f55707aa4]::sys::thread::unix::Thread>::new::thread_start
[INFO] [stdout]   23:     0x73efa13abdfa - <unknown>
[INFO] [stdout]   24:     0x73efa143f3d4 - clone
[INFO] [stdout]   25:                0x0 - <unknown>
[INFO] [stdout] 
[INFO] [stdout] ---- nack::test_nack::nack_with_delay stdout ----
[INFO] [stdout] 
[INFO] [stdout] thread 'nack::test_nack::nack_with_delay' (3087) panicked at src/test.rs:174:22:
[INFO] [stdout] Failed to create RabbitMQ client: BackoffError("IO error: Connection refused (os error 111)")
[INFO] [stdout] stack backtrace:
[INFO] [stdout]    0:     0x653f4868bf61 - <<std[70759c8f55707aa4]::sys::backtrace::BacktraceLock>::print::DisplayBacktrace as core[df12db4294e9bfd3]::fmt::Display>::fmt
[INFO] [stdout]    1:     0x653f486a5c9a - core[df12db4294e9bfd3]::fmt::write
[INFO] [stdout]    2:     0x653f48690d1c - <alloc[2182bb758b4b3781]::vec::Vec<u8> as core[df12db4294e9bfd3]::io::write::Write>::write_fmt
[INFO] [stdout]    3:     0x653f486668d6 - std[70759c8f55707aa4]::panicking::default_hook::{closure#0}
[INFO] [stdout]    4:     0x653f48683a79 - std[70759c8f55707aa4]::panicking::default_hook
[INFO] [stdout]    5:     0x653f48380130 - test[9d35eded1c95d3be]::test_main_inner::<test[9d35eded1c95d3be]::test_main_static::{closure#0}>::{closure#0}
[INFO] [stdout]    6:     0x653f48683da2 - std[70759c8f55707aa4]::panicking::panic_with_hook
[INFO] [stdout]    7:     0x653f48666982 - std[70759c8f55707aa4]::panicking::panic_handler::{closure#0}
[INFO] [stdout]    8:     0x653f4865f589 - std[70759c8f55707aa4]::sys::backtrace::__rust_end_short_backtrace::<std[70759c8f55707aa4]::panicking::panic_handler::{closure#0}, !>
[INFO] [stdout]    9:     0x653f4866776d - __rustc[8fa7c3cbc660c2b3]::rust_begin_unwind
[INFO] [stdout]   10:     0x653f486a63fc - core[df12db4294e9bfd3]::panicking::panic_fmt
[INFO] [stdout]   11:     0x653f486a61d2 - core[df12db4294e9bfd3]::result::unwrap_failed
[INFO] [stdout]   12:     0x653f4821f262 - <tokio[39f2276d2ab7f6b3]::runtime::park::CachedParkThread>::block_on::<<legend_saga[ff7a9df2e27743e2]::test::setup::TestSetup>::new::{closure#1}>
[INFO] [stdout]   13:     0x653f482db970 - tokio[39f2276d2ab7f6b3]::runtime::context::runtime::enter_runtime::<<tokio[39f2276d2ab7f6b3]::runtime::scheduler::multi_thread::MultiThread>::block_on<<legend_saga[ff7a9df2e27743e2]::test::setup::TestSetup>::new::{closure#1}>::{closure#0}, legend_saga[ff7a9df2e27743e2]::connection::RabbitMQClient>
[INFO] [stdout]   14:     0x653f4832377b - <tokio[39f2276d2ab7f6b3]::runtime::runtime::Runtime>::block_on::<<legend_saga[ff7a9df2e27743e2]::test::setup::TestSetup>::new::{closure#1}>
[INFO] [stdout]   15:     0x653f48353d6d - <legend_saga[ff7a9df2e27743e2]::test::setup::TestSetup>::new
[INFO] [stdout]   16:     0x653f4830e462 - legend_saga[ff7a9df2e27743e2]::nack::test_nack::nack_with_delay
[INFO] [stdout]   17:     0x653f48366e49 - <legend_saga[ff7a9df2e27743e2]::nack::test_nack::nack_with_delay::{closure#0} as core[df12db4294e9bfd3]::ops::function::FnOnce<()>>::call_once
[INFO] [stdout]   18:     0x653f4837341b - test[9d35eded1c95d3be]::__rust_begin_short_backtrace::<core[df12db4294e9bfd3]::result::Result<(), alloc[2182bb758b4b3781]::string::String>, fn() -> core[df12db4294e9bfd3]::result::Result<(), alloc[2182bb758b4b3781]::string::String>>
[INFO] [stdout]   19:     0x653f48380a85 - test[9d35eded1c95d3be]::run_test::{closure#0}
[INFO] [stdout]   20:     0x653f4837a344 - std[70759c8f55707aa4]::sys::backtrace::__rust_begin_short_backtrace::<test[9d35eded1c95d3be]::run_test::{closure#1}, ()>
[INFO] [stdout]   21:     0x653f48383be2 - <std[70759c8f55707aa4]::thread::lifecycle::spawn_unchecked<test[9d35eded1c95d3be]::run_test::{closure#1}, ()>::{closure#1} as core[df12db4294e9bfd3]::ops::function::FnOnce<()>>::call_once::{shim:vtable#0}
[INFO] [stdout]   22:     0x653f4868b2d9 - <std[70759c8f55707aa4]::sys::thread::unix::Thread>::new::thread_start
[INFO] [stdout]   23:     0x73efa13abdfa - <unknown>
[INFO] [stdout]   24:     0x73efa143f3d4 - clone
[INFO] [stdout]   25:                0x0 - <unknown>
[INFO] [stdout] 
[INFO] [stdout] ---- publish_event::test_publish_event::test_publish_with_reconnection_event stdout ----
[INFO] [stdout] 
[INFO] [stdout] thread 'publish_event::test_publish_event::test_publish_with_reconnection_event' (3131) panicked at src/test.rs:174:22:
[INFO] [stdout] Failed to create RabbitMQ client: BackoffError("IO error: Connection refused (os error 111)")
[INFO] [stdout] stack backtrace:
[INFO] [stdout]    0:     0x653f4868bf61 - <<std[70759c8f55707aa4]::sys::backtrace::BacktraceLock>::print::DisplayBacktrace as core[df12db4294e9bfd3]::fmt::Display>::fmt
[INFO] [stdout]    1:     0x653f486a5c9a - core[df12db4294e9bfd3]::fmt::write
[INFO] [stdout]    2:     0x653f48690d1c - <alloc[2182bb758b4b3781]::vec::Vec<u8> as core[df12db4294e9bfd3]::io::write::Write>::write_fmt
[INFO] [stdout]    3:     0x653f486668d6 - std[70759c8f55707aa4]::panicking::default_hook::{closure#0}
[INFO] [stdout]    4:     0x653f48683a79 - std[70759c8f55707aa4]::panicking::default_hook
[INFO] [stdout]    5:     0x653f48380130 - test[9d35eded1c95d3be]::test_main_inner::<test[9d35eded1c95d3be]::test_main_static::{closure#0}>::{closure#0}
[INFO] [stdout]    6:     0x653f48683da2 - std[70759c8f55707aa4]::panicking::panic_with_hook
[INFO] [stdout]    7:     0x653f48666982 - std[70759c8f55707aa4]::panicking::panic_handler::{closure#0}
[INFO] [stdout]    8:     0x653f4865f589 - std[70759c8f55707aa4]::sys::backtrace::__rust_end_short_backtrace::<std[70759c8f55707aa4]::panicking::panic_handler::{closure#0}, !>
[INFO] [stdout]    9:     0x653f4866776d - __rustc[8fa7c3cbc660c2b3]::rust_begin_unwind
[INFO] [stdout]   10:     0x653f486a63fc - core[df12db4294e9bfd3]::panicking::panic_fmt
[INFO] [stdout]   11:     0x653f486a61d2 - core[df12db4294e9bfd3]::result::unwrap_failed
[INFO] [stdout]   12:     0x653f4821f262 - <tokio[39f2276d2ab7f6b3]::runtime::park::CachedParkThread>::block_on::<<legend_saga[ff7a9df2e27743e2]::test::setup::TestSetup>::new::{closure#1}>
[INFO] [stdout]   13:     0x653f482db970 - tokio[39f2276d2ab7f6b3]::runtime::context::runtime::enter_runtime::<<tokio[39f2276d2ab7f6b3]::runtime::scheduler::multi_thread::MultiThread>::block_on<<legend_saga[ff7a9df2e27743e2]::test::setup::TestSetup>::new::{closure#1}>::{closure#0}, legend_saga[ff7a9df2e27743e2]::connection::RabbitMQClient>
[INFO] [stdout]   14:     0x653f4832377b - <tokio[39f2276d2ab7f6b3]::runtime::runtime::Runtime>::block_on::<<legend_saga[ff7a9df2e27743e2]::test::setup::TestSetup>::new::{closure#1}>
[INFO] [stdout]   15:     0x653f48353d6d - <legend_saga[ff7a9df2e27743e2]::test::setup::TestSetup>::new
[INFO] [stdout]   16:     0x653f4830e36e - legend_saga[ff7a9df2e27743e2]::publish_event::test_publish_event::test_publish_with_reconnection_event
[INFO] [stdout]   17:     0x653f48366db9 - <legend_saga[ff7a9df2e27743e2]::publish_event::test_publish_event::test_publish_with_reconnection_event::{closure#0} as core[df12db4294e9bfd3]::ops::function::FnOnce<()>>::call_once
[INFO] [stdout]   18:     0x653f4837341b - test[9d35eded1c95d3be]::__rust_begin_short_backtrace::<core[df12db4294e9bfd3]::result::Result<(), alloc[2182bb758b4b3781]::string::String>, fn() -> core[df12db4294e9bfd3]::result::Result<(), alloc[2182bb758b4b3781]::string::String>>
[INFO] [stdout]   19:     0x653f48380a85 - test[9d35eded1c95d3be]::run_test::{closure#0}
[INFO] [stdout]   20:     0x653f4837a344 - std[70759c8f55707aa4]::sys::backtrace::__rust_begin_short_backtrace::<test[9d35eded1c95d3be]::run_test::{closure#1}, ()>
[INFO] [stdout]   21:     0x653f48383be2 - <std[70759c8f55707aa4]::thread::lifecycle::spawn_unchecked<test[9d35eded1c95d3be]::run_test::{closure#1}, ()>::{closure#1} as core[df12db4294e9bfd3]::ops::function::FnOnce<()>>::call_once::{shim:vtable#0}
[INFO] [stdout]   22:     0x653f4868b2d9 - <std[70759c8f55707aa4]::sys::thread::unix::Thread>::new::thread_start
[INFO] [stdout]   23:     0x73efa13abdfa - <unknown>
[INFO] [stdout]   24:     0x73efa143f3d4 - clone
[INFO] [stdout]   25:                0x0 - <unknown>
[INFO] [stdout] 
[INFO] [stdout] ---- consumers::test_consumers::create_consumers stdout ----
[INFO] [stdout] 
[INFO] [stdout] thread 'consumers::test_consumers::create_consumers' (3029) panicked at src/test.rs:174:22:
[INFO] [stdout] Failed to create RabbitMQ client: BackoffError("IO error: Connection refused (os error 111)")
[INFO] [stdout] stack backtrace:
[INFO] [stdout]    0:     0x653f4868bf61 - <<std[70759c8f55707aa4]::sys::backtrace::BacktraceLock>::print::DisplayBacktrace as core[df12db4294e9bfd3]::fmt::Display>::fmt
[INFO] [stdout]    1:     0x653f486a5c9a - core[df12db4294e9bfd3]::fmt::write
[INFO] [stdout]    2:     0x653f48690d1c - <alloc[2182bb758b4b3781]::vec::Vec<u8> as core[df12db4294e9bfd3]::io::write::Write>::write_fmt
[INFO] [stdout]    3:     0x653f486668d6 - std[70759c8f55707aa4]::panicking::default_hook::{closure#0}
[INFO] [stdout]    4:     0x653f48683a79 - std[70759c8f55707aa4]::panicking::default_hook
[INFO] [stdout]    5:     0x653f48380130 - test[9d35eded1c95d3be]::test_main_inner::<test[9d35eded1c95d3be]::test_main_static::{closure#0}>::{closure#0}
[INFO] [stdout]    6:     0x653f48683da2 - std[70759c8f55707aa4]::panicking::panic_with_hook
[INFO] [stdout]    7:     0x653f48666982 - std[70759c8f55707aa4]::panicking::panic_handler::{closure#0}
[INFO] [stdout]    8:     0x653f4865f589 - std[70759c8f55707aa4]::sys::backtrace::__rust_end_short_backtrace::<std[70759c8f55707aa4]::panicking::panic_handler::{closure#0}, !>
[INFO] [stdout]    9:     0x653f4866776d - __rustc[8fa7c3cbc660c2b3]::rust_begin_unwind
[INFO] [stdout]   10:     0x653f486a63fc - core[df12db4294e9bfd3]::panicking::panic_fmt
[INFO] [stdout]   11:     0x653f486a61d2 - core[df12db4294e9bfd3]::result::unwrap_failed
[INFO] [stdout]   12:     0x653f4821f262 - <tokio[39f2276d2ab7f6b3]::runtime::park::CachedParkThread>::block_on::<<legend_saga[ff7a9df2e27743e2]::test::setup::TestSetup>::new::{closure#1}>
[INFO] [stdout]   13:     0x653f482db970 - tokio[39f2276d2ab7f6b3]::runtime::context::runtime::enter_runtime::<<tokio[39f2276d2ab7f6b3]::runtime::scheduler::multi_thread::MultiThread>::block_on<<legend_saga[ff7a9df2e27743e2]::test::setup::TestSetup>::new::{closure#1}>::{closure#0}, legend_saga[ff7a9df2e27743e2]::connection::RabbitMQClient>
[INFO] [stdout]   14:     0x653f4832377b - <tokio[39f2276d2ab7f6b3]::runtime::runtime::Runtime>::block_on::<<legend_saga[ff7a9df2e27743e2]::test::setup::TestSetup>::new::{closure#1}>
[INFO] [stdout]   15:     0x653f48353d6d - <legend_saga[ff7a9df2e27743e2]::test::setup::TestSetup>::new
[INFO] [stdout]   16:     0x653f4830e624 - legend_saga[ff7a9df2e27743e2]::consumers::test_consumers::create_consumers
[INFO] [stdout]   17:     0x653f48367019 - <legend_saga[ff7a9df2e27743e2]::consumers::test_consumers::create_consumers::{closure#0} as core[df12db4294e9bfd3]::ops::function::FnOnce<()>>::call_once
[INFO] [stdout]   18:     0x653f4837341b - test[9d35eded1c95d3be]::__rust_begin_short_backtrace::<core[df12db4294e9bfd3]::result::Result<(), alloc[2182bb758b4b3781]::string::String>, fn() -> core[df12db4294e9bfd3]::result::Result<(), alloc[2182bb758b4b3781]::string::String>>
[INFO] [stdout]   19:     0x653f48380a85 - test[9d35eded1c95d3be]::run_test::{closure#0}
[INFO] [stdout]   20:     0x653f4837a344 - std[70759c8f55707aa4]::sys::backtrace::__rust_begin_short_backtrace::<test[9d35eded1c95d3be]::run_test::{closure#1}, ()>
[INFO] [stdout]   21:     0x653f48383be2 - <std[70759c8f55707aa4]::thread::lifecycle::spawn_unchecked<test[9d35eded1c95d3be]::run_test::{closure#1}, ()>::{closure#1} as core[df12db4294e9bfd3]::ops::function::FnOnce<()>>::call_once::{shim:vtable#0}
[INFO] [stdout]   22:     0x653f4868b2d9 - <std[70759c8f55707aa4]::sys::thread::unix::Thread>::new::thread_start
[INFO] [stdout]   23:     0x73efa13abdfa - <unknown>
[INFO] [stdout]   24:     0x73efa143f3d4 - clone
[INFO] [stdout]   25:                0x0 - <unknown>
[INFO] [stdout] 
[INFO] [stdout] ---- publish_event::test_publish_event::test_publish_event stdout ----
[INFO] [stdout] 
[INFO] [stdout] thread 'publish_event::test_publish_event::test_publish_event' (3113) panicked at src/test.rs:174:22:
[INFO] [stdout] Failed to create RabbitMQ client: BackoffError("IO error: Connection refused (os error 111)")
[INFO] [stdout] stack backtrace:
[INFO] [stdout]    0:     0x653f4868bf61 - <<std[70759c8f55707aa4]::sys::backtrace::BacktraceLock>::print::DisplayBacktrace as core[df12db4294e9bfd3]::fmt::Display>::fmt
[INFO] [stdout]    1:     0x653f486a5c9a - core[df12db4294e9bfd3]::fmt::write
[INFO] [stdout]    2:     0x653f48690d1c - <alloc[2182bb758b4b3781]::vec::Vec<u8> as core[df12db4294e9bfd3]::io::write::Write>::write_fmt
[INFO] [stdout]    3:     0x653f486668d6 - std[70759c8f55707aa4]::panicking::default_hook::{closure#0}
[INFO] [stdout]    4:     0x653f48683a79 - std[70759c8f55707aa4]::panicking::default_hook
[INFO] [stdout]    5:     0x653f48380130 - test[9d35eded1c95d3be]::test_main_inner::<test[9d35eded1c95d3be]::test_main_static::{closure#0}>::{closure#0}
[INFO] [stdout]    6:     0x653f48683da2 - std[70759c8f55707aa4]::panicking::panic_with_hook
[INFO] [stdout]    7:     0x653f48666982 - std[70759c8f55707aa4]::panicking::panic_handler::{closure#0}
[INFO] [stdout]    8:     0x653f4865f589 - std[70759c8f55707aa4]::sys::backtrace::__rust_end_short_backtrace::<std[70759c8f55707aa4]::panicking::panic_handler::{closure#0}, !>
[INFO] [stdout]    9:     0x653f4866776d - __rustc[8fa7c3cbc660c2b3]::rust_begin_unwind
[INFO] [stdout]   10:     0x653f486a63fc - core[df12db4294e9bfd3]::panicking::panic_fmt
[INFO] [stdout]   11:     0x653f486a61d2 - core[df12db4294e9bfd3]::result::unwrap_failed
[INFO] [stdout]   12:     0x653f4821f262 - <tokio[39f2276d2ab7f6b3]::runtime::park::CachedParkThread>::block_on::<<legend_saga[ff7a9df2e27743e2]::test::setup::TestSetup>::new::{closure#1}>
[INFO] [stdout]   13:     0x653f482db970 - tokio[39f2276d2ab7f6b3]::runtime::context::runtime::enter_runtime::<<tokio[39f2276d2ab7f6b3]::runtime::scheduler::multi_thread::MultiThread>::block_on<<legend_saga[ff7a9df2e27743e2]::test::setup::TestSetup>::new::{closure#1}>::{closure#0}, legend_saga[ff7a9df2e27743e2]::connection::RabbitMQClient>
[INFO] [stdout]   14:     0x653f4832377b - <tokio[39f2276d2ab7f6b3]::runtime::runtime::Runtime>::block_on::<<legend_saga[ff7a9df2e27743e2]::test::setup::TestSetup>::new::{closure#1}>
[INFO] [stdout]   15:     0x653f48353d6d - <legend_saga[ff7a9df2e27743e2]::test::setup::TestSetup>::new
[INFO] [stdout]   16:     0x653f4830e282 - legend_saga[ff7a9df2e27743e2]::publish_event::test_publish_event::test_publish_event
[INFO] [stdout]   17:     0x653f48366d99 - <legend_saga[ff7a9df2e27743e2]::publish_event::test_publish_event::test_publish_event::{closure#0} as core[df12db4294e9bfd3]::ops::function::FnOnce<()>>::call_once
[INFO] [stdout]   18:     0x653f4837341b - test[9d35eded1c95d3be]::__rust_begin_short_backtrace::<core[df12db4294e9bfd3]::result::Result<(), alloc[2182bb758b4b3781]::string::String>, fn() -> core[df12db4294e9bfd3]::result::Result<(), alloc[2182bb758b4b3781]::string::String>>
[INFO] [stdout]   19:     0x653f48380a85 - test[9d35eded1c95d3be]::run_test::{closure#0}
[INFO] [stdout]   20:     0x653f4837a344 - std[70759c8f55707aa4]::sys::backtrace::__rust_begin_short_backtrace::<test[9d35eded1c95d3be]::run_test::{closure#1}, ()>
[INFO] [stdout]   21:     0x653f48383be2 - <std[70759c8f55707aa4]::thread::lifecycle::spawn_unchecked<test[9d35eded1c95d3be]::run_test::{closure#1}, ()>::{closure#1} as core[df12db4294e9bfd3]::ops::function::FnOnce<()>>::call_once::{shim:vtable#0}
[INFO] [stdout]   22:     0x653f4868b2d9 - <std[70759c8f55707aa4]::sys::thread::unix::Thread>::new::thread_start
[INFO] [stdout]   23:     0x73efa13abdfa - <unknown>
[INFO] [stdout]   24:     0x73efa143f3d4 - clone
[INFO] [stdout]   25:                0x0 - <unknown>
[INFO] [stdout] 
[INFO] [stdout] ---- consumers::test_consumers::create_header_consumers stdout ----
[INFO] [stdout] 
[INFO] [stdout] thread 'consumers::test_consumers::create_header_consumers' (3052) panicked at src/test.rs:174:22:
[INFO] [stdout] Failed to create RabbitMQ client: BackoffError("IO error: Connection refused (os error 111)")
[INFO] [stdout] stack backtrace:
[INFO] [stdout]    0:     0x653f4868bf61 - <<std[70759c8f55707aa4]::sys::backtrace::BacktraceLock>::print::DisplayBacktrace as core[df12db4294e9bfd3]::fmt::Display>::fmt
[INFO] [stdout]    1:     0x653f486a5c9a - core[df12db4294e9bfd3]::fmt::write
[INFO] [stdout]    2:     0x653f48690d1c - <alloc[2182bb758b4b3781]::vec::Vec<u8> as core[df12db4294e9bfd3]::io::write::Write>::write_fmt
[INFO] [stdout]    3:     0x653f486668d6 - std[70759c8f55707aa4]::panicking::default_hook::{closure#0}
[INFO] [stdout]    4:     0x653f48683a79 - std[70759c8f55707aa4]::panicking::default_hook
[INFO] [stdout]    5:     0x653f48380130 - test[9d35eded1c95d3be]::test_main_inner::<test[9d35eded1c95d3be]::test_main_static::{closure#0}>::{closure#0}
[INFO] [stdout]    6:     0x653f48683da2 - std[70759c8f55707aa4]::panicking::panic_with_hook
[INFO] [stdout]    7:     0x653f48666982 - std[70759c8f55707aa4]::panicking::panic_handler::{closure#0}
[INFO] [stdout]    8:     0x653f4865f589 - std[70759c8f55707aa4]::sys::backtrace::__rust_end_short_backtrace::<std[70759c8f55707aa4]::panicking::panic_handler::{closure#0}, !>
[INFO] [stdout]    9:     0x653f4866776d - __rustc[8fa7c3cbc660c2b3]::rust_begin_unwind
[INFO] [stdout]   10:     0x653f486a63fc - core[df12db4294e9bfd3]::panicking::panic_fmt
[INFO] [stdout]   11:     0x653f486a61d2 - core[df12db4294e9bfd3]::result::unwrap_failed
[INFO] [stdout]   12:     0x653f4821f262 - <tokio[39f2276d2ab7f6b3]::runtime::park::CachedParkThread>::block_on::<<legend_saga[ff7a9df2e27743e2]::test::setup::TestSetup>::new::{closure#1}>
[INFO] [stdout]   13:     0x653f482db970 - tokio[39f2276d2ab7f6b3]::runtime::context::runtime::enter_runtime::<<tokio[39f2276d2ab7f6b3]::runtime::scheduler::multi_thread::MultiThread>::block_on<<legend_saga[ff7a9df2e27743e2]::test::setup::TestSetup>::new::{closure#1}>::{closure#0}, legend_saga[ff7a9df2e27743e2]::connection::RabbitMQClient>
[INFO] [stdout]   14:     0x653f4832377b - <tokio[39f2276d2ab7f6b3]::runtime::runtime::Runtime>::block_on::<<legend_saga[ff7a9df2e27743e2]::test::setup::TestSetup>::new::{closure#1}>
[INFO] [stdout]   15:     0x653f48353d6d - <legend_saga[ff7a9df2e27743e2]::test::setup::TestSetup>::new
[INFO] [stdout]   16:     0x653f4830e7d7 - legend_saga[ff7a9df2e27743e2]::consumers::test_consumers::create_header_consumers
[INFO] [stdout]   17:     0x653f48367039 - <legend_saga[ff7a9df2e27743e2]::consumers::test_consumers::create_header_consumers::{closure#0} as core[df12db4294e9bfd3]::ops::function::FnOnce<()>>::call_once
[INFO] [stdout]   18:     0x653f4837341b - test[9d35eded1c95d3be]::__rust_begin_short_backtrace::<core[df12db4294e9bfd3]::result::Result<(), alloc[2182bb758b4b3781]::string::String>, fn() -> core[df12db4294e9bfd3]::result::Result<(), alloc[2182bb758b4b3781]::string::String>>
[INFO] [stdout]   19:     0x653f48380a85 - test[9d35eded1c95d3be]::run_test::{closure#0}
[INFO] [stdout]   20:     0x653f4837a344 - std[70759c8f55707aa4]::sys::backtrace::__rust_begin_short_backtrace::<test[9d35eded1c95d3be]::run_test::{closure#1}, ()>
[INFO] [stdout]   21:     0x653f48383be2 - <std[70759c8f55707aa4]::thread::lifecycle::spawn_unchecked<test[9d35eded1c95d3be]::run_test::{closure#1}, ()>::{closure#1} as core[df12db4294e9bfd3]::ops::function::FnOnce<()>>::call_once::{shim:vtable#0}
[INFO] [stdout]   22:     0x653f4868b2d9 - <std[70759c8f55707aa4]::sys::thread::unix::Thread>::new::thread_start
[INFO] [stdout]   23:     0x73efa13abdfa - <unknown>
[INFO] [stdout]   24:     0x73efa143f3d4 - clone
[INFO] [stdout]   25:                0x0 - <unknown>
[INFO] [stdout] 
[INFO] [stdout] ---- start::test_audit_consumer::test_connect_to_audit stdout ----
[INFO] [stdout] 
[INFO] [stdout] thread 'start::test_audit_consumer::test_connect_to_audit' (3150) panicked at src/test.rs:174:22:
[INFO] [stdout] Failed to create RabbitMQ client: BackoffError("IO error: Connection refused (os error 111)")
[INFO] [stdout] stack backtrace:
[INFO] [stdout]    0:     0x653f4868bf61 - <<std[70759c8f55707aa4]::sys::backtrace::BacktraceLock>::print::DisplayBacktrace as core[df12db4294e9bfd3]::fmt::Display>::fmt
[INFO] [stdout]    1:     0x653f486a5c9a - core[df12db4294e9bfd3]::fmt::write
[INFO] [stdout]    2:     0x653f48690d1c - <alloc[2182bb758b4b3781]::vec::Vec<u8> as core[df12db4294e9bfd3]::io::write::Write>::write_fmt
[INFO] [stdout]    3:     0x653f486668d6 - std[70759c8f55707aa4]::panicking::default_hook::{closure#0}
[INFO] [stdout]    4:     0x653f48683a79 - std[70759c8f55707aa4]::panicking::default_hook
[INFO] [stdout]    5:     0x653f48380130 - test[9d35eded1c95d3be]::test_main_inner::<test[9d35eded1c95d3be]::test_main_static::{closure#0}>::{closure#0}
[INFO] [stdout]    6:     0x653f48683da2 - std[70759c8f55707aa4]::panicking::panic_with_hook
[INFO] [stdout]    7:     0x653f48666982 - std[70759c8f55707aa4]::panicking::panic_handler::{closure#0}
[INFO] [stdout]    8:     0x653f4865f589 - std[70759c8f55707aa4]::sys::backtrace::__rust_end_short_backtrace::<std[70759c8f55707aa4]::panicking::panic_handler::{closure#0}, !>
[INFO] [stdout]    9:     0x653f4866776d - __rustc[8fa7c3cbc660c2b3]::rust_begin_unwind
[INFO] [stdout]   10:     0x653f486a63fc - core[df12db4294e9bfd3]::panicking::panic_fmt
[INFO] [stdout]   11:     0x653f486a61d2 - core[df12db4294e9bfd3]::result::unwrap_failed
[INFO] [stdout]   12:     0x653f4821f262 - <tokio[39f2276d2ab7f6b3]::runtime::park::CachedParkThread>::block_on::<<legend_saga[ff7a9df2e27743e2]::test::setup::TestSetup>::new::{closure#1}>
[INFO] [stdout]   13:     0x653f482db970 - tokio[39f2276d2ab7f6b3]::runtime::context::runtime::enter_runtime::<<tokio[39f2276d2ab7f6b3]::runtime::scheduler::multi_thread::MultiThread>::block_on<<legend_saga[ff7a9df2e27743e2]::test::setup::TestSetup>::new::{closure#1}>::{closure#0}, legend_saga[ff7a9df2e27743e2]::connection::RabbitMQClient>
[INFO] [stdout]   14:     0x653f4832377b - <tokio[39f2276d2ab7f6b3]::runtime::runtime::Runtime>::block_on::<<legend_saga[ff7a9df2e27743e2]::test::setup::TestSetup>::new::{closure#1}>
[INFO] [stdout]   15:     0x653f48353d6d - <legend_saga[ff7a9df2e27743e2]::test::setup::TestSetup>::new
[INFO] [stdout]   16:     0x653f4830e54d - legend_saga[ff7a9df2e27743e2]::start::test_audit_consumer::test_connect_to_audit
[INFO] [stdout]   17:     0x653f48366e69 - <legend_saga[ff7a9df2e27743e2]::start::test_audit_consumer::test_connect_to_audit::{closure#0} as core[df12db4294e9bfd3]::ops::function::FnOnce<()>>::call_once
[INFO] [stdout]   18:     0x653f4837341b - test[9d35eded1c95d3be]::__rust_begin_short_backtrace::<core[df12db4294e9bfd3]::result::Result<(), alloc[2182bb758b4b3781]::string::String>, fn() -> core[df12db4294e9bfd3]::result::Result<(), alloc[2182bb758b4b3781]::string::String>>
[INFO] [stdout]   19:     0x653f48380a85 - test[9d35eded1c95d3be]::run_test::{closure#0}
[INFO] [stdout]   20:     0x653f4837a344 - std[70759c8f55707aa4]::sys::backtrace::__rust_begin_short_backtrace::<test[9d35eded1c95d3be]::run_test::{closure#1}, ()>
[INFO] [stdout]   21:     0x653f48383be2 - <std[70759c8f55707aa4]::thread::lifecycle::spawn_unchecked<test[9d35eded1c95d3be]::run_test::{closure#1}, ()>::{closure#1} as core[df12db4294e9bfd3]::ops::function::FnOnce<()>>::call_once::{shim:vtable#0}
[INFO] [stdout]   22:     0x653f4868b2d9 - <std[70759c8f55707aa4]::sys::thread::unix::Thread>::new::thread_start
[INFO] [stdout]   23:     0x73efa13abdfa - <unknown>
[INFO] [stdout]   24:     0x73efa143f3d4 - clone
[INFO] [stdout]   25:                0x0 - <unknown>
[INFO] [stdout] 
[INFO] [stdout] 
[INFO] [stdout] failures:
[INFO] [stdout]     commence_saga::commence::test_commence_saga
[INFO] [stdout]     commence_saga::commence::test_commence_transfer_crypto_reward_to_ranking_winners_saga
[INFO] [stdout]     connection::tests::health::test_health_check
[INFO] [stdout]     connection::tests::health::test_health_check_connection
[INFO] [stdout]     connection::tests::health::test_health_check_connection_close_and_reconnect
[INFO] [stdout]     connection::tests::health::test_health_check_events_chan
[INFO] [stdout]     connection::tests::health::test_health_check_saga_chan
[INFO] [stdout]     connection::tests::health::test_health_check_timeout
[INFO] [stdout]     connection::tests::health::test_healthcheck_events_chan_close
[INFO] [stdout]     connection::tests::health::test_healthcheck_saga_chan_close
[INFO] [stdout]     connection::tests::test_concurrent_operations
[INFO] [stdout]     connection::tests::test_declare_queue
[INFO] [stdout]     connection::tests::test_multiple_message_publish_and_consume
[INFO] [stdout]     connection::tests::test_publish_and_consume
[INFO] [stdout]     connection::tests::test_reconnection
[INFO] [stdout]     connection::tests::test_reconnection_during_message_consumption
[INFO] [stdout]     consumers::test_consumers::create_consumers
[INFO] [stdout]     consumers::test_consumers::create_header_consumers
[INFO] [stdout]     nack::test_nack::nack_with_delay
[INFO] [stdout]     publish_event::test_publish_event::test_publish_event
[INFO] [stdout]     publish_event::test_publish_event::test_publish_with_reconnection_event
[INFO] [stdout]     start::test_audit_consumer::test_connect_to_audit
[INFO] [stdout] 
[INFO] [stdout] test result: FAILED. 27 passed; 22 failed; 0 ignored; 0 measured; 0 filtered out; finished in 97.82s
[INFO] [stdout] 
[INFO] [stderr] error: test failed, to rerun pass `--lib`
[INFO] running `Command { std: "docker" "inspect" "5db35500ea1158326ca7c917ece3b9abf72cf97aa9fbf26752d2b24ff039bd49", kill_on_drop: false }`
[INFO] running `Command { std: "docker" "rm" "-f" "5db35500ea1158326ca7c917ece3b9abf72cf97aa9fbf26752d2b24ff039bd49", kill_on_drop: false }`
[INFO] [stdout] 5db35500ea1158326ca7c917ece3b9abf72cf97aa9fbf26752d2b24ff039bd49
