[INFO] fetching crate leetcode_cache 0.1.0...
[INFO] testing leetcode_cache-0.1.0 against 1.99.0-beta.8+cargoflags=--release for beta-release-1.100-2
[INFO] extracting crate leetcode_cache 0.1.0 into /workspace/builds/worker-5-tc1/source
[INFO] started tweaking crates.io crate leetcode_cache 0.1.0
[INFO] finished tweaking crates.io crate leetcode_cache 0.1.0
[INFO] tweaked toml for crates.io crate leetcode_cache 0.1.0 written to /workspace/builds/worker-5-tc1/source/Cargo.toml
[INFO] validating manifest of crates.io crate leetcode_cache 0.1.0 on toolchain 1.99.0-beta.8
[INFO] running `Command { std: CARGO_HOME="/workspace/cargo-home" RUSTUP_HOME="/workspace/rustup-home" "/workspace/cargo-home/bin/cargo" "+1.99.0-beta.8" "metadata" "--manifest-path" "Cargo.toml" "--no-deps", kill_on_drop: false }`
[INFO] running `Command { std: CARGO_HOME="/workspace/cargo-home" RUSTUP_HOME="/workspace/rustup-home" "/workspace/cargo-home/bin/cargo" "+1.99.0-beta.8" "generate-lockfile" "--manifest-path" "Cargo.toml", kill_on_drop: false }`
[INFO] [stderr]     Updating crates.io index
[INFO] [stderr]      Locking 33 packages to highest compatible versions
[INFO] [stderr]       Adding serial_test v0.6.0 (available: v4.0.1)
[INFO] running `Command { std: CARGO_HOME="/workspace/cargo-home" RUSTUP_HOME="/workspace/rustup-home" "/workspace/cargo-home/bin/cargo" "+1.99.0-beta.8" "fetch" "--manifest-path" "Cargo.toml", kill_on_drop: false }`
[INFO] [stderr]  Downloading crates ...
[INFO] [stderr]   Downloaded serial_test_derive v0.6.0
[INFO] [stderr]   Downloaded serial_test v0.6.0
[INFO] running `Command { std: "docker" "create" "-v" "/var/lib/crater-agent-workspace/builds/worker-5-tc1/source:/opt/rustwide/workdir:ro,Z" "-v" "/var/lib/crater-agent-workspace/builds/worker-5-tc1/target:/opt/rustwide/target:rw,Z" "-v" "/var/lib/crater-agent-workspace/cargo-home:/opt/rustwide/cargo-home:ro,Z" "-v" "/var/lib/crater-agent-workspace/rustup-home:/opt/rustwide/rustup-home:ro,Z" "-m" "1610612736" "--network" "none" "ghcr.io/rust-lang/crates-build-env/linux@sha256:77db811e55d90add9212f6832c23229e3de5f1c1f9905e8cb07319ea15df73ac" "sleep" "infinity", kill_on_drop: false }`
[INFO] [stdout] e8b39776f05d21deaec3ab7532ec15c3af767c87b3b38a75c2529148b6b19496
[INFO] running `Command { std: "docker" "start" "e8b39776f05d21deaec3ab7532ec15c3af767c87b3b38a75c2529148b6b19496", kill_on_drop: false }`
[INFO] running `Command { std: "docker" "inspect" "e8b39776f05d21deaec3ab7532ec15c3af767c87b3b38a75c2529148b6b19496", kill_on_drop: false }`
[INFO] running `Command { std: "docker" "exec" "-e" "SOURCE_DIR=/opt/rustwide/workdir" "-e" "CARGO_HOME=/opt/rustwide/cargo-home" "-e" "RUSTUP_HOME=/opt/rustwide/rustup-home" "-e" "CARGO_TARGET_DIR=/opt/rustwide/target" "-w" "/opt/rustwide/workdir" "--user" "0:0" "e8b39776f05d21deaec3ab7532ec15c3af767c87b3b38a75c2529148b6b19496" "/opt/rustwide/cargo-home/bin/cargo" "+1.99.0-beta.8" "metadata" "--no-deps" "--format-version=1", kill_on_drop: false }`
[INFO] running `Command { std: "docker" "inspect" "e8b39776f05d21deaec3ab7532ec15c3af767c87b3b38a75c2529148b6b19496", kill_on_drop: false }`
[INFO] running `Command { std: "docker" "exec" "-e" "SOURCE_DIR=/opt/rustwide/workdir" "-e" "CARGO_HOME=/opt/rustwide/cargo-home" "-e" "RUSTUP_HOME=/opt/rustwide/rustup-home" "-e" "CARGO_TARGET_DIR=/opt/rustwide/target" "-e" "CARGO_INCREMENTAL=0" "-e" "RUST_BACKTRACE=full" "-e" "RUSTFLAGS=--cap-lints=warn" "-e" "RUSTDOCFLAGS=--cap-lints=warn" "-w" "/opt/rustwide/workdir" "--user" "0:0" "e8b39776f05d21deaec3ab7532ec15c3af767c87b3b38a75c2529148b6b19496" "/opt/rustwide/cargo-home/bin/cargo" "+1.99.0-beta.8" "build" "--frozen" "--message-format=json" "--release", kill_on_drop: false }`
[INFO] [stderr]    Compiling proc-macro2 v1.0.107
[INFO] [stderr]    Compiling quote v1.0.47
[INFO] [stderr]    Compiling syn v3.0.9
[INFO] [stderr]    Compiling serde_derive v1.0.229
[INFO] [stderr]    Compiling serde v1.0.229
[INFO] [stderr]    Compiling leetcode_cache v0.1.0 (/opt/rustwide/workdir)
[INFO] [stderr]     Finished `release` profile [optimized] target(s) in 8.37s
[INFO] running `Command { std: "docker" "inspect" "e8b39776f05d21deaec3ab7532ec15c3af767c87b3b38a75c2529148b6b19496", kill_on_drop: false }`
[INFO] running `Command { std: "docker" "exec" "-e" "SOURCE_DIR=/opt/rustwide/workdir" "-e" "CARGO_HOME=/opt/rustwide/cargo-home" "-e" "RUSTUP_HOME=/opt/rustwide/rustup-home" "-e" "CARGO_TARGET_DIR=/opt/rustwide/target" "-e" "CARGO_INCREMENTAL=0" "-e" "RUST_BACKTRACE=full" "-e" "RUSTFLAGS=--cap-lints=warn" "-e" "RUSTDOCFLAGS=--cap-lints=warn" "-w" "/opt/rustwide/workdir" "--user" "0:0" "e8b39776f05d21deaec3ab7532ec15c3af767c87b3b38a75c2529148b6b19496" "/opt/rustwide/cargo-home/bin/cargo" "+1.99.0-beta.8" "test" "--frozen" "--no-run" "--message-format=json" "--release", kill_on_drop: false }`
[INFO] [stderr]    Compiling proc-macro-error-attr v1.0.4
[INFO] [stderr]    Compiling syn v3.0.9
[INFO] [stderr]    Compiling parking_lot_core v0.8.6
[INFO] [stderr]    Compiling proc-macro-error v1.0.4
[INFO] [stderr]    Compiling parking_lot v0.11.2
[INFO] [stderr]    Compiling serial_test_derive v0.6.0
[INFO] [stderr]    Compiling serial_test v0.6.0
[INFO] [stderr]    Compiling serde_derive v1.0.229
[INFO] [stderr]    Compiling serde v1.0.229
[INFO] [stderr]    Compiling leetcode_cache v0.1.0 (/opt/rustwide/workdir)
[INFO] [stderr]     Finished `release` profile [optimized] target(s) in 9.02s
[INFO] running `Command { std: "docker" "inspect" "e8b39776f05d21deaec3ab7532ec15c3af767c87b3b38a75c2529148b6b19496", kill_on_drop: false }`
[INFO] running `Command { std: "docker" "exec" "-e" "SOURCE_DIR=/opt/rustwide/workdir" "-e" "CARGO_HOME=/opt/rustwide/cargo-home" "-e" "RUSTUP_HOME=/opt/rustwide/rustup-home" "-e" "CARGO_TARGET_DIR=/opt/rustwide/target" "-e" "CARGO_INCREMENTAL=0" "-e" "RUST_BACKTRACE=full" "-e" "RUSTFLAGS=--cap-lints=warn" "-e" "RUSTDOCFLAGS=--cap-lints=warn" "-w" "/opt/rustwide/workdir" "--user" "0:0" "e8b39776f05d21deaec3ab7532ec15c3af767c87b3b38a75c2529148b6b19496" "/opt/rustwide/cargo-home/bin/cargo" "+1.99.0-beta.8" "test" "--frozen" "--release", kill_on_drop: false }`
[INFO] [stderr]     Finished `release` profile [optimized] target(s) in 0.07s
[INFO] [stderr]      Running unittests src/lib.rs (/opt/rustwide/target/release/deps/leetcode_cache-0ad6364711b18f94)
[INFO] [stdout] 
[INFO] [stdout] running 3 tests
[INFO] [stderr] error: test failed, to rerun pass `--lib`
[INFO] [stdout] test database::tests::test_open ... FAILED
[INFO] [stdout] test log_file::tests::test_log_all ... FAILED
[INFO] [stdout] test database::tests::test_base ... FAILED
[INFO] [stdout] 
[INFO] [stdout] failures:
[INFO] [stdout] 
[INFO] [stdout] ---- database::tests::test_open stdout ----
[INFO] [stdout] 
[INFO] [stdout] thread 'database::tests::test_open' (513) panicked at src/database.rs:127:34:
[INFO] [stdout] open failed: Read-only file system (os error 30)
[INFO] [stdout] 
[INFO] [stdout] Stack backtrace:
[INFO] [stdout]    0: <anyhow::Error as core::convert::From<core::io::error::Error>>::from
[INFO] [stdout]    1: <leetcode_cache::database::DataBase>::open::<&str>
[INFO] [stdout]    2: <leetcode_cache::database::tests::test_open::{closure#0} as core::ops::function::FnOnce<()>>::call_once
[INFO] [stdout]    3: serial_test::code_lock::local_serial_core
[INFO] [stdout]    4: <leetcode_cache::database::tests::test_open::{closure#0} as core::ops::function::FnOnce<()>>::call_once
[INFO] [stdout]    5: test::__rust_begin_short_backtrace::<core::result::Result<(), alloc::string::String>, fn() -> core::result::Result<(), alloc::string::String>>
[INFO] [stdout]    6: test::run_test::{closure#0}
[INFO] [stdout]    7: std::sys::backtrace::__rust_begin_short_backtrace::<test::run_test::{closure#1}, ()>
[INFO] [stdout]    8: <std::thread::lifecycle::spawn_unchecked<test::run_test::{closure#1}, ()>::{closure#1} as core::ops::function::FnOnce<()>>::call_once::{shim:vtable#0}
[INFO] [stdout]    9: <std::sys::thread::unix::Thread>::new::thread_start
[INFO] [stdout]   10: <unknown>
[INFO] [stdout]   11: clone
[INFO] [stdout] stack backtrace:
[INFO] [stdout]    0:     0x653cd211cd51 - <<std[70759c8f55707aa4]::sys::backtrace::BacktraceLock>::print::DisplayBacktrace as core[df12db4294e9bfd3]::fmt::Display>::fmt
[INFO] [stdout]    1:     0x653cd213183a - core[df12db4294e9bfd3]::fmt::write
[INFO] [stdout]    2:     0x653cd2121a5c - <alloc[2182bb758b4b3781]::vec::Vec<u8> as core[df12db4294e9bfd3]::io::write::Write>::write_fmt
[INFO] [stdout]    3:     0x653cd20f76e6 - std[70759c8f55707aa4]::panicking::default_hook::{closure#0}
[INFO] [stdout]    4:     0x653cd2114ad9 - std[70759c8f55707aa4]::panicking::default_hook
[INFO] [stdout]    5:     0x653cd20a8a90 - test[9d35eded1c95d3be]::test_main_inner::<test[9d35eded1c95d3be]::test_main_static::{closure#0}>::{closure#0}
[INFO] [stdout]    6:     0x653cd2114c92 - std[70759c8f55707aa4]::panicking::panic_with_hook
[INFO] [stdout]    7:     0x653cd20f7792 - std[70759c8f55707aa4]::panicking::panic_handler::{closure#0}
[INFO] [stdout]    8:     0x653cd20efdc9 - std[70759c8f55707aa4]::sys::backtrace::__rust_end_short_backtrace::<std[70759c8f55707aa4]::panicking::panic_handler::{closure#0}, !>
[INFO] [stdout]    9:     0x653cd20f849d - __rustc[8fa7c3cbc660c2b3]::rust_begin_unwind
[INFO] [stdout]   10:     0x653cd2131f6c - core[df12db4294e9bfd3]::panicking::panic_fmt
[INFO] [stdout]   11:     0x653cd2131d42 - core[df12db4294e9bfd3]::result::unwrap_failed
[INFO] [stdout]   12:     0x653cd20966c7 - <leetcode_cache[dc47bb936f9bf40]::database::tests::test_open::{closure#0} as core[df12db4294e9bfd3]::ops::function::FnOnce<()>>::call_once
[INFO] [stdout]   13:     0x653cd20e0c54 - serial_test[7bcfbf10b6d432ba]::code_lock::local_serial_core
[INFO] [stdout]   14:     0x653cd2092ec8 - <leetcode_cache[dc47bb936f9bf40]::database::tests::test_open::{closure#0} as core[df12db4294e9bfd3]::ops::function::FnOnce<()>>::call_once
[INFO] [stdout]   15:     0x653cd209bd7b - test[9d35eded1c95d3be]::__rust_begin_short_backtrace::<core[df12db4294e9bfd3]::result::Result<(), alloc[2182bb758b4b3781]::string::String>, fn() -> core[df12db4294e9bfd3]::result::Result<(), alloc[2182bb758b4b3781]::string::String>>
[INFO] [stdout]   16:     0x653cd20a93e5 - test[9d35eded1c95d3be]::run_test::{closure#0}
[INFO] [stdout]   17:     0x653cd20a2ca4 - std[70759c8f55707aa4]::sys::backtrace::__rust_begin_short_backtrace::<test[9d35eded1c95d3be]::run_test::{closure#1}, ()>
[INFO] [stdout]   18:     0x653cd20ac542 - <std[70759c8f55707aa4]::thread::lifecycle::spawn_unchecked<test[9d35eded1c95d3be]::run_test::{closure#1}, ()>::{closure#1} as core[df12db4294e9bfd3]::ops::function::FnOnce<()>>::call_once::{shim:vtable#0}
[INFO] [stdout]   19:     0x653cd211c629 - <std[70759c8f55707aa4]::sys::thread::unix::Thread>::new::thread_start
[INFO] [stdout]   20:     0x7f1eb676adfa - <unknown>
[INFO] [stdout]   21:     0x7f1eb67fe3d4 - clone
[INFO] [stdout]   22:                0x0 - <unknown>
[INFO] [stdout] 
[INFO] [stdout] ---- log_file::tests::test_log_all stdout ----
[INFO] [stdout] 
[INFO] [stdout] thread 'log_file::tests::test_log_all' (514) panicked at src/log_file.rs:165:41:
[INFO] [stdout] create 1.log failed: Os { code: 30, kind: ReadOnlyFilesystem, message: "Read-only file system" }
[INFO] [stdout] stack backtrace:
[INFO] [stdout]    0:     0x653cd211cd51 - <<std[70759c8f55707aa4]::sys::backtrace::BacktraceLock>::print::DisplayBacktrace as core[df12db4294e9bfd3]::fmt::Display>::fmt
[INFO] [stdout]    1:     0x653cd213183a - core[df12db4294e9bfd3]::fmt::write
[INFO] [stdout]    2:     0x653cd2121a5c - <alloc[2182bb758b4b3781]::vec::Vec<u8> as core[df12db4294e9bfd3]::io::write::Write>::write_fmt
[INFO] [stdout]    3:     0x653cd20f76e6 - std[70759c8f55707aa4]::panicking::default_hook::{closure#0}
[INFO] [stdout]    4:     0x653cd2114ad9 - std[70759c8f55707aa4]::panicking::default_hook
[INFO] [stdout]    5:     0x653cd20a8a90 - test[9d35eded1c95d3be]::test_main_inner::<test[9d35eded1c95d3be]::test_main_static::{closure#0}>::{closure#0}
[INFO] [stdout]    6:     0x653cd2114c92 - std[70759c8f55707aa4]::panicking::panic_with_hook
[INFO] [stdout]    7:     0x653cd20f7792 - std[70759c8f55707aa4]::panicking::panic_handler::{closure#0}
[INFO] [stdout]    8:     0x653cd20efdc9 - std[70759c8f55707aa4]::sys::backtrace::__rust_end_short_backtrace::<std[70759c8f55707aa4]::panicking::panic_handler::{closure#0}, !>
[INFO] [stdout]    9:     0x653cd20f849d - __rustc[8fa7c3cbc660c2b3]::rust_begin_unwind
[INFO] [stdout]   10:     0x653cd2131f6c - core[df12db4294e9bfd3]::panicking::panic_fmt
[INFO] [stdout]   11:     0x653cd2131d42 - core[df12db4294e9bfd3]::result::unwrap_failed
[INFO] [stdout]   12:     0x653cd2090dd8 - <leetcode_cache[dc47bb936f9bf40]::log_file::tests::RAIIFile>::new::<&str>
[INFO] [stdout]   13:     0x653cd2092f2f - <leetcode_cache[dc47bb936f9bf40]::log_file::tests::test_log_all::{closure#0} as core[df12db4294e9bfd3]::ops::function::FnOnce<()>>::call_once
[INFO] [stdout]   14:     0x653cd20e0c54 - serial_test[7bcfbf10b6d432ba]::code_lock::local_serial_core
[INFO] [stdout]   15:     0x653cd2092ef8 - <leetcode_cache[dc47bb936f9bf40]::log_file::tests::test_log_all::{closure#0} as core[df12db4294e9bfd3]::ops::function::FnOnce<()>>::call_once
[INFO] [stdout]   16:     0x653cd209bd7b - test[9d35eded1c95d3be]::__rust_begin_short_backtrace::<core[df12db4294e9bfd3]::result::Result<(), alloc[2182bb758b4b3781]::string::String>, fn() -> core[df12db4294e9bfd3]::result::Result<(), alloc[2182bb758b4b3781]::string::String>>
[INFO] [stdout]   17:     0x653cd20a93e5 - test[9d35eded1c95d3be]::run_test::{closure#0}
[INFO] [stdout]   18:     0x653cd20a2ca4 - std[70759c8f55707aa4]::sys::backtrace::__rust_begin_short_backtrace::<test[9d35eded1c95d3be]::run_test::{closure#1}, ()>
[INFO] [stdout]   19:     0x653cd20ac542 - <std[70759c8f55707aa4]::thread::lifecycle::spawn_unchecked<test[9d35eded1c95d3be]::run_test::{closure#1}, ()>::{closure#1} as core[df12db4294e9bfd3]::ops::function::FnOnce<()>>::call_once::{shim:vtable#0}
[INFO] [stdout]   20:     0x653cd211c629 - <std[70759c8f55707aa4]::sys::thread::unix::Thread>::new::thread_start
[INFO] [stdout]   21:     0x7f1eb676adfa - <unknown>
[INFO] [stdout]   22:     0x7f1eb67fe3d4 - clone
[INFO] [stdout]   23:                0x0 - <unknown>
[INFO] [stdout] 
[INFO] [stdout] ---- database::tests::test_base stdout ----
[INFO] [stdout] 
[INFO] [stdout] thread 'database::tests::test_base' (512) panicked at src/database.rs:134:47:
[INFO] [stdout] open failed: Read-only file system (os error 30)
[INFO] [stdout] 
[INFO] [stdout] Stack backtrace:
[INFO] [stdout]    0: <anyhow::Error as core::convert::From<core::io::error::Error>>::from
[INFO] [stdout]    1: <leetcode_cache::database::DataBase>::open::<&str>
[INFO] [stdout]    2: <leetcode_cache::database::tests::test_base::{closure#0} as core::ops::function::FnOnce<()>>::call_once
[INFO] [stdout]    3: serial_test::code_lock::local_serial_core
[INFO] [stdout]    4: <leetcode_cache::database::tests::test_base::{closure#0} as core::ops::function::FnOnce<()>>::call_once
[INFO] [stdout]    5: test::__rust_begin_short_backtrace::<core::result::Result<(), alloc::string::String>, fn() -> core::result::Result<(), alloc::string::String>>
[INFO] [stdout]    6: test::run_test::{closure#0}
[INFO] [stdout]    7: std::sys::backtrace::__rust_begin_short_backtrace::<test::run_test::{closure#1}, ()>
[INFO] [stdout]    8: <std::thread::lifecycle::spawn_unchecked<test::run_test::{closure#1}, ()>::{closure#1} as core::ops::function::FnOnce<()>>::call_once::{shim:vtable#0}
[INFO] [stdout]    9: <std::sys::thread::unix::Thread>::new::thread_start
[INFO] [stdout]   10: <unknown>
[INFO] [stdout]   11: clone
[INFO] [stdout] stack backtrace:
[INFO] [stdout]    0:     0x653cd211cd51 - <<std[70759c8f55707aa4]::sys::backtrace::BacktraceLock>::print::DisplayBacktrace as core[df12db4294e9bfd3]::fmt::Display>::fmt
[INFO] [stdout]    1:     0x653cd213183a - core[df12db4294e9bfd3]::fmt::write
[INFO] [stdout]    2:     0x653cd2121a5c - <alloc[2182bb758b4b3781]::vec::Vec<u8> as core[df12db4294e9bfd3]::io::write::Write>::write_fmt
[INFO] [stdout]    3:     0x653cd20f76e6 - std[70759c8f55707aa4]::panicking::default_hook::{closure#0}
[INFO] [stdout]    4:     0x653cd2114ad9 - std[70759c8f55707aa4]::panicking::default_hook
[INFO] [stdout]    5:     0x653cd20a8a90 - test[9d35eded1c95d3be]::test_main_inner::<test[9d35eded1c95d3be]::test_main_static::{closure#0}>::{closure#0}
[INFO] [stdout]    6:     0x653cd2114c92 - std[70759c8f55707aa4]::panicking::panic_with_hook
[INFO] [stdout]    7:     0x653cd20f7792 - std[70759c8f55707aa4]::panicking::panic_handler::{closure#0}
[INFO] [stdout]    8:     0x653cd20efdc9 - std[70759c8f55707aa4]::sys::backtrace::__rust_end_short_backtrace::<std[70759c8f55707aa4]::panicking::panic_handler::{closure#0}, !>
[INFO] [stdout]    9:     0x653cd20f849d - __rustc[8fa7c3cbc660c2b3]::rust_begin_unwind
[INFO] [stdout]   10:     0x653cd2131f6c - core[df12db4294e9bfd3]::panicking::panic_fmt
[INFO] [stdout]   11:     0x653cd2131d42 - core[df12db4294e9bfd3]::result::unwrap_failed
[INFO] [stdout]   12:     0x653cd20961e2 - <leetcode_cache[dc47bb936f9bf40]::database::tests::test_base::{closure#0} as core[df12db4294e9bfd3]::ops::function::FnOnce<()>>::call_once
[INFO] [stdout]   13:     0x653cd20e0c54 - serial_test[7bcfbf10b6d432ba]::code_lock::local_serial_core
[INFO] [stdout]   14:     0x653cd2092e98 - <leetcode_cache[dc47bb936f9bf40]::database::tests::test_base::{closure#0} as core[df12db4294e9bfd3]::ops::function::FnOnce<()>>::call_once
[INFO] [stdout]   15:     0x653cd209bd7b - test[9d35eded1c95d3be]::__rust_begin_short_backtrace::<core[df12db4294e9bfd3]::result::Result<(), alloc[2182bb758b4b3781]::string::String>, fn() -> core[df12db4294e9bfd3]::result::Result<(), alloc[2182bb758b4b3781]::string::String>>
[INFO] [stdout]   16:     0x653cd20a93e5 - test[9d35eded1c95d3be]::run_test::{closure#0}
[INFO] [stdout]   17:     0x653cd20a2ca4 - std[70759c8f55707aa4]::sys::backtrace::__rust_begin_short_backtrace::<test[9d35eded1c95d3be]::run_test::{closure#1}, ()>
[INFO] [stdout]   18:     0x653cd20ac542 - <std[70759c8f55707aa4]::thread::lifecycle::spawn_unchecked<test[9d35eded1c95d3be]::run_test::{closure#1}, ()>::{closure#1} as core[df12db4294e9bfd3]::ops::function::FnOnce<()>>::call_once::{shim:vtable#0}
[INFO] [stdout]   19:     0x653cd211c629 - <std[70759c8f55707aa4]::sys::thread::unix::Thread>::new::thread_start
[INFO] [stdout]   20:     0x7f1eb676adfa - <unknown>
[INFO] [stdout]   21:     0x7f1eb67fe3d4 - clone
[INFO] [stdout]   22:                0x0 - <unknown>
[INFO] [stdout] 
[INFO] [stdout] 
[INFO] [stdout] failures:
[INFO] [stdout]     database::tests::test_base
[INFO] [stdout]     database::tests::test_open
[INFO] [stdout]     log_file::tests::test_log_all
[INFO] [stdout] 
[INFO] [stdout] test result: FAILED. 0 passed; 3 failed; 0 ignored; 0 measured; 0 filtered out; finished in 0.00s
[INFO] [stdout] 
[INFO] running `Command { std: "docker" "inspect" "e8b39776f05d21deaec3ab7532ec15c3af767c87b3b38a75c2529148b6b19496", kill_on_drop: false }`
[INFO] running `Command { std: "docker" "rm" "-f" "e8b39776f05d21deaec3ab7532ec15c3af767c87b3b38a75c2529148b6b19496", kill_on_drop: false }`
[INFO] [stdout] e8b39776f05d21deaec3ab7532ec15c3af767c87b3b38a75c2529148b6b19496
