[INFO] fetching crate ledb 0.4.0...
[INFO] testing ledb-0.4.0 against 1.100.0-beta.1+cargoflags=--release for beta-release-1.100-2
[INFO] extracting crate ledb 0.4.0 into /workspace/builds/worker-7-tc2/source
[INFO] started tweaking crates.io crate ledb 0.4.0
[INFO] finished tweaking crates.io crate ledb 0.4.0
[INFO] tweaked toml for crates.io crate ledb 0.4.0 written to /workspace/builds/worker-7-tc2/source/Cargo.toml
[INFO] validating manifest of crates.io crate ledb 0.4.0 on toolchain 1.100.0-beta.1
[INFO] running `Command { std: CARGO_HOME="/workspace/cargo-home" RUSTUP_HOME="/workspace/rustup-home" "/workspace/cargo-home/bin/cargo" "+1.100.0-beta.1" "metadata" "--manifest-path" "Cargo.toml" "--no-deps", kill_on_drop: false }`
[INFO] running `Command { std: CARGO_HOME="/workspace/cargo-home" RUSTUP_HOME="/workspace/rustup-home" "/workspace/cargo-home/bin/cargo" "+1.100.0-beta.1" "generate-lockfile" "--manifest-path" "Cargo.toml", kill_on_drop: false }`
[INFO] [stderr]     Blocking waiting for file lock on package cache
[INFO] [stderr]     Updating crates.io index
[INFO] [stderr]      Locking 48 packages to highest compatible versions
[INFO] [stderr]       Adding dirs v2.0.2 (available: v7.0.0)
[INFO] [stderr]       Adding ordered-float v1.1.1 (available: v5.5.0)
[INFO] [stderr]       Adding ron v0.6.6 (available: v0.12.2)
[INFO] running `Command { std: CARGO_HOME="/workspace/cargo-home" RUSTUP_HOME="/workspace/rustup-home" "/workspace/cargo-home/bin/cargo" "+1.100.0-beta.1" "fetch" "--manifest-path" "Cargo.toml", kill_on_drop: false }`
[INFO] [stderr]     Blocking waiting for file lock on package cache
[INFO] running `Command { std: "docker" "create" "-v" "/var/lib/crater-agent-workspace/builds/worker-7-tc2/source:/opt/rustwide/workdir:ro,Z" "-v" "/var/lib/crater-agent-workspace/builds/worker-7-tc2/target:/opt/rustwide/target:rw,Z" "-v" "/var/lib/crater-agent-workspace/cargo-home:/opt/rustwide/cargo-home:ro,Z" "-v" "/var/lib/crater-agent-workspace/rustup-home:/opt/rustwide/rustup-home:ro,Z" "-m" "1610612736" "--network" "none" "ghcr.io/rust-lang/crates-build-env/linux@sha256:77db811e55d90add9212f6832c23229e3de5f1c1f9905e8cb07319ea15df73ac" "sleep" "infinity", kill_on_drop: false }`
[INFO] [stdout] 02e2cd92f53ff75dbed57ab7f592afbefd604b98933a1635a0d3eeff6d0f55ab
[INFO] running `Command { std: "docker" "start" "02e2cd92f53ff75dbed57ab7f592afbefd604b98933a1635a0d3eeff6d0f55ab", kill_on_drop: false }`
[INFO] running `Command { std: "docker" "inspect" "02e2cd92f53ff75dbed57ab7f592afbefd604b98933a1635a0d3eeff6d0f55ab", kill_on_drop: false }`
[INFO] running `Command { std: "docker" "exec" "-e" "SOURCE_DIR=/opt/rustwide/workdir" "-e" "CARGO_HOME=/opt/rustwide/cargo-home" "-e" "RUSTUP_HOME=/opt/rustwide/rustup-home" "-e" "CARGO_TARGET_DIR=/opt/rustwide/target" "-w" "/opt/rustwide/workdir" "--user" "0:0" "02e2cd92f53ff75dbed57ab7f592afbefd604b98933a1635a0d3eeff6d0f55ab" "/opt/rustwide/cargo-home/bin/cargo" "+1.100.0-beta.1" "metadata" "--no-deps" "--format-version=1", kill_on_drop: false }`
[INFO] running `Command { std: "docker" "inspect" "02e2cd92f53ff75dbed57ab7f592afbefd604b98933a1635a0d3eeff6d0f55ab", kill_on_drop: false }`
[INFO] running `Command { std: "docker" "exec" "-e" "SOURCE_DIR=/opt/rustwide/workdir" "-e" "CARGO_HOME=/opt/rustwide/cargo-home" "-e" "RUSTUP_HOME=/opt/rustwide/rustup-home" "-e" "CARGO_TARGET_DIR=/opt/rustwide/target" "-e" "CARGO_INCREMENTAL=0" "-e" "RUST_BACKTRACE=full" "-e" "RUSTFLAGS=--cap-lints=warn" "-e" "RUSTDOCFLAGS=--cap-lints=warn" "-w" "/opt/rustwide/workdir" "--user" "0:0" "02e2cd92f53ff75dbed57ab7f592afbefd604b98933a1635a0d3eeff6d0f55ab" "/opt/rustwide/cargo-home/bin/cargo" "+1.100.0-beta.1" "build" "--frozen" "--message-format=json" "--release", kill_on_drop: false }`
[INFO] [stderr]    Compiling gcc v0.3.55
[INFO] [stderr]    Compiling syn v1.0.109
[INFO] [stderr]    Compiling num-traits v0.2.19
[INFO] [stderr]    Compiling supercow v0.1.0
[INFO] [stderr]    Compiling bitflags v0.9.1
[INFO] [stderr]    Compiling dunce v1.0.5
[INFO] [stderr]    Compiling dirs-sys v0.3.7
[INFO] [stderr]    Compiling serde v1.0.229
[INFO] [stderr]    Compiling dirs v2.0.2
[INFO] [stderr]    Compiling serde_cbor v0.11.2
[INFO] [stderr]    Compiling ron v0.6.6
[INFO] [stderr]    Compiling liblmdb-sys v0.2.2
[INFO] [stderr]    Compiling ordered-float v1.1.1
[INFO] [stderr]    Compiling ledb-types v0.4.0
[INFO] [stderr]    Compiling ledb-derive v0.4.0
[INFO] [stderr]    Compiling lmdb-zero v0.4.4
[INFO] [stderr]    Compiling ledb v0.4.0 (/opt/rustwide/workdir)
[INFO] [stdout] warning: unused import: `ledb_derive::*`
[INFO] [stdout]    --> src/lib.rs:367:9
[INFO] [stdout]     |
[INFO] [stdout] 367 | pub use ledb_derive::*;
[INFO] [stdout]     |         ^^^^^^^^^^^^^^
[INFO] [stdout]     |
[INFO] [stdout]     = note: `#[warn(unused_imports)]` (part of `#[warn(unused)]`) on by default
[INFO] [stdout] 
[INFO] [stdout] 
[INFO] [stdout] warning: unused import: `macros::*`
[INFO] [stdout]    --> src/lib.rs:373:9
[INFO] [stdout]     |
[INFO] [stdout] 373 | pub use macros::*;
[INFO] [stdout]     |         ^^^^^^^^^
[INFO] [stdout] 
[INFO] [stdout] 
[INFO] [stdout] warning: use of deprecated constant `std::f64::EPSILON`: replaced by the `EPSILON` associated constant on `f64`
[INFO] [stdout]  --> src/modify.rs:6:10
[INFO] [stdout]   |
[INFO] [stdout] 6 |     f64::EPSILON,
[INFO] [stdout]   |          ^^^^^^^
[INFO] [stdout]   |
[INFO] [stdout]   = note: `#[warn(deprecated)]` on by default
[INFO] [stdout] 
[INFO] [stdout] 
[INFO] [stdout] warning: use of deprecated constant `std::f64::EPSILON`: replaced by the `EPSILON` associated constant on `f64`
[INFO] [stdout]    --> src/modify.rs:312:45
[INFO] [stdout]     |
[INFO] [stdout] 312 |         Float(v) if (v.trunc() - v).abs() < EPSILON => Integer(v as i128),
[INFO] [stdout]     |                                             ^^^^^^^
[INFO] [stdout] 
[INFO] [stdout] 
[INFO] [stdout] warning: creating a shared reference to mutable static
[INFO] [stdout]   --> src/pool.rs:24:38
[INFO] [stdout]    |
[INFO] [stdout] 24 |     if let Some(storages) = unsafe { &STORAGES } {
[INFO] [stdout]    |                                      ^^^^^^^^^ shared reference to mutable static
[INFO] [stdout]    |
[INFO] [stdout]    = note: shared references to mutable statics are dangerous; it's undefined behavior if the static is mutated or if a mutable reference is created for it while the shared reference lives
[INFO] [stdout]    = note: for more information, see <https://doc.rust-lang.org/edition-guide/rust-2024/static-mut-references.html>
[INFO] [stdout]    = note: `#[warn(static_mut_refs)]` (part of `#[warn(rust_2024_compatibility)]`) on by default
[INFO] [stdout] help: use `&raw const` instead to create a raw pointer
[INFO] [stdout]    |
[INFO] [stdout] 24 |     if let Some(storages) = unsafe { &raw const STORAGES } {
[INFO] [stdout]    |                                       +++++++++
[INFO] [stdout] 
[INFO] [stdout] 
[INFO] [stderr]     Finished `release` profile [optimized] target(s) in 12.26s
[INFO] running `Command { std: "docker" "inspect" "02e2cd92f53ff75dbed57ab7f592afbefd604b98933a1635a0d3eeff6d0f55ab", kill_on_drop: false }`
[INFO] running `Command { std: "docker" "exec" "-e" "SOURCE_DIR=/opt/rustwide/workdir" "-e" "CARGO_HOME=/opt/rustwide/cargo-home" "-e" "RUSTUP_HOME=/opt/rustwide/rustup-home" "-e" "CARGO_TARGET_DIR=/opt/rustwide/target" "-e" "CARGO_INCREMENTAL=0" "-e" "RUST_BACKTRACE=full" "-e" "RUSTFLAGS=--cap-lints=warn" "-e" "RUSTDOCFLAGS=--cap-lints=warn" "-w" "/opt/rustwide/workdir" "--user" "0:0" "02e2cd92f53ff75dbed57ab7f592afbefd604b98933a1635a0d3eeff6d0f55ab" "/opt/rustwide/cargo-home/bin/cargo" "+1.100.0-beta.1" "test" "--frozen" "--no-run" "--message-format=json" "--release", kill_on_drop: false }`
[INFO] [stdout] warning: unused import: `ledb_derive::*`
[INFO] [stdout]    --> src/lib.rs:367:9
[INFO] [stdout]     |
[INFO] [stdout] 367 | pub use ledb_derive::*;
[INFO] [stdout]     |         ^^^^^^^^^^^^^^
[INFO] [stdout]     |
[INFO] [stdout]     = note: `#[warn(unused_imports)]` (part of `#[warn(unused)]`) on by default
[INFO] [stdout] 
[INFO] [stdout] 
[INFO] [stdout] warning: unused import: `macros::*`
[INFO] [stdout]    --> src/lib.rs:373:9
[INFO] [stdout]     |
[INFO] [stdout] 373 | pub use macros::*;
[INFO] [stdout]     |         ^^^^^^^^^
[INFO] [stdout] 
[INFO] [stdout] 
[INFO] [stdout] warning: use of deprecated constant `std::f64::EPSILON`: replaced by the `EPSILON` associated constant on `f64`
[INFO] [stdout]  --> src/modify.rs:6:10
[INFO] [stdout]   |
[INFO] [stdout] 6 |     f64::EPSILON,
[INFO] [stdout]   |          ^^^^^^^
[INFO] [stdout]   |
[INFO] [stdout]   = note: `#[warn(deprecated)]` on by default
[INFO] [stdout] 
[INFO] [stdout] 
[INFO] [stderr]    Compiling ledb v0.4.0 (/opt/rustwide/workdir)
[INFO] [stdout] warning: use of deprecated constant `std::f64::EPSILON`: replaced by the `EPSILON` associated constant on `f64`
[INFO] [stdout]    --> src/modify.rs:312:45
[INFO] [stdout]     |
[INFO] [stdout] 312 |         Float(v) if (v.trunc() - v).abs() < EPSILON => Integer(v as i128),
[INFO] [stdout]     |                                             ^^^^^^^
[INFO] [stdout] 
[INFO] [stdout] 
[INFO] [stdout] warning: creating a shared reference to mutable static
[INFO] [stdout]   --> src/pool.rs:24:38
[INFO] [stdout]    |
[INFO] [stdout] 24 |     if let Some(storages) = unsafe { &STORAGES } {
[INFO] [stdout]    |                                      ^^^^^^^^^ shared reference to mutable static
[INFO] [stdout]    |
[INFO] [stdout]    = note: shared references to mutable statics are dangerous; it's undefined behavior if the static is mutated or if a mutable reference is created for it while the shared reference lives
[INFO] [stdout]    = note: for more information, see <https://doc.rust-lang.org/edition-guide/rust-2024/static-mut-references.html>
[INFO] [stdout]    = note: `#[warn(static_mut_refs)]` (part of `#[warn(rust_2024_compatibility)]`) on by default
[INFO] [stdout] help: use `&raw const` instead to create a raw pointer
[INFO] [stdout]    |
[INFO] [stdout] 24 |     if let Some(storages) = unsafe { &raw const STORAGES } {
[INFO] [stdout]    |                                       +++++++++
[INFO] [stdout] 
[INFO] [stdout] 
[INFO] [stdout] warning: unused import: `ledb_derive::*`
[INFO] [stdout]    --> src/lib.rs:367:9
[INFO] [stdout]     |
[INFO] [stdout] 367 | pub use ledb_derive::*;
[INFO] [stdout]     |         ^^^^^^^^^^^^^^
[INFO] [stdout]     |
[INFO] [stdout]     = note: `#[warn(unused_imports)]` (part of `#[warn(unused)]`) on by default
[INFO] [stdout] 
[INFO] [stdout] 
[INFO] [stdout] warning: unused import: `macros::*`
[INFO] [stdout]    --> src/lib.rs:373:9
[INFO] [stdout]     |
[INFO] [stdout] 373 | pub use macros::*;
[INFO] [stdout]     |         ^^^^^^^^^
[INFO] [stdout] 
[INFO] [stdout] 
[INFO] [stdout] warning: unexpected `cfg` condition value: `cargo-clippy`
[INFO] [stdout]    --> src/lib.rs:809:52
[INFO] [stdout]     |
[INFO] [stdout] 809 |     #[derive(Debug, Clone, Serialize, Deserialize, Document)]
[INFO] [stdout]     |                                                    ^^^^^^^^
[INFO] [stdout]     |
[INFO] [stdout]     = note: expected values for `feature` are: `cbor`, `default`, `derive`, `json`, and `ledb-derive`
[INFO] [stdout]     = note: using a cfg inside a derive macro will use the cfgs from the destination crate and not the ones from the defining crate
[INFO] [stdout]     = help: try referring to `Document` crate for guidance on how handle this unexpected cfg
[INFO] [stdout]     = note: see <https://doc.rust-lang.org/nightly/rustc/check-cfg/cargo-specifics.html> for more information about checking conditional configuration
[INFO] [stdout]     = note: `#[warn(unexpected_cfgs)]` on by default
[INFO] [stdout]     = note: this warning originates in the derive macro `Document` (in Nightly builds, run with -Z macro-backtrace for more info)
[INFO] [stdout] 
[INFO] [stdout] 
[INFO] [stdout] warning: unexpected `cfg` condition value: `cargo-clippy`
[INFO] [stdout]    --> src/lib.rs:824:52
[INFO] [stdout]     |
[INFO] [stdout] 824 |     #[derive(Debug, Clone, Serialize, Deserialize, Document)]
[INFO] [stdout]     |                                                    ^^^^^^^^
[INFO] [stdout]     |
[INFO] [stdout]     = note: expected values for `feature` are: `cbor`, `default`, `derive`, `json`, and `ledb-derive`
[INFO] [stdout]     = note: using a cfg inside a derive macro will use the cfgs from the destination crate and not the ones from the defining crate
[INFO] [stdout]     = help: try referring to `Document` crate for guidance on how handle this unexpected cfg
[INFO] [stdout]     = note: see <https://doc.rust-lang.org/nightly/rustc/check-cfg/cargo-specifics.html> for more information about checking conditional configuration
[INFO] [stdout]     = note: this warning originates in the derive macro `Document` (in Nightly builds, run with -Z macro-backtrace for more info)
[INFO] [stdout] 
[INFO] [stdout] 
[INFO] [stdout] warning: unexpected `cfg` condition value: `cargo-clippy`
[INFO] [stdout]    --> src/lib.rs:833:52
[INFO] [stdout]     |
[INFO] [stdout] 833 |     #[derive(Debug, Clone, Serialize, Deserialize, Document)]
[INFO] [stdout]     |                                                    ^^^^^^^^
[INFO] [stdout]     |
[INFO] [stdout]     = note: expected values for `feature` are: `cbor`, `default`, `derive`, `json`, and `ledb-derive`
[INFO] [stdout]     = note: using a cfg inside a derive macro will use the cfgs from the destination crate and not the ones from the defining crate
[INFO] [stdout]     = help: try referring to `Document` crate for guidance on how handle this unexpected cfg
[INFO] [stdout]     = note: see <https://doc.rust-lang.org/nightly/rustc/check-cfg/cargo-specifics.html> for more information about checking conditional configuration
[INFO] [stdout]     = note: this warning originates in the derive macro `Document` (in Nightly builds, run with -Z macro-backtrace for more info)
[INFO] [stdout] 
[INFO] [stdout] 
[INFO] [stdout] warning: use of deprecated constant `std::f64::EPSILON`: replaced by the `EPSILON` associated constant on `f64`
[INFO] [stdout]  --> src/modify.rs:6:10
[INFO] [stdout]   |
[INFO] [stdout] 6 |     f64::EPSILON,
[INFO] [stdout]   |          ^^^^^^^
[INFO] [stdout]   |
[INFO] [stdout]   = note: `#[warn(deprecated)]` on by default
[INFO] [stdout] 
[INFO] [stdout] 
[INFO] [stdout] warning: use of deprecated constant `std::f64::EPSILON`: replaced by the `EPSILON` associated constant on `f64`
[INFO] [stdout]    --> src/modify.rs:312:45
[INFO] [stdout]     |
[INFO] [stdout] 312 |         Float(v) if (v.trunc() - v).abs() < EPSILON => Integer(v as i128),
[INFO] [stdout]     |                                             ^^^^^^^
[INFO] [stdout] 
[INFO] [stdout] 
[INFO] [stdout] warning: creating a shared reference to mutable static
[INFO] [stdout]   --> src/pool.rs:24:38
[INFO] [stdout]    |
[INFO] [stdout] 24 |     if let Some(storages) = unsafe { &STORAGES } {
[INFO] [stdout]    |                                      ^^^^^^^^^ shared reference to mutable static
[INFO] [stdout]    |
[INFO] [stdout]    = note: shared references to mutable statics are dangerous; it's undefined behavior if the static is mutated or if a mutable reference is created for it while the shared reference lives
[INFO] [stdout]    = note: for more information, see <https://doc.rust-lang.org/edition-guide/rust-2024/static-mut-references.html>
[INFO] [stdout]    = note: `#[warn(static_mut_refs)]` (part of `#[warn(rust_2024_compatibility)]`) on by default
[INFO] [stdout] help: use `&raw const` instead to create a raw pointer
[INFO] [stdout]    |
[INFO] [stdout] 24 |     if let Some(storages) = unsafe { &raw const STORAGES } {
[INFO] [stdout]    |                                       +++++++++
[INFO] [stdout] 
[INFO] [stdout] 
[INFO] [stdout] warning: non-local `impl` definition, `impl` blocks should be written at the same level as their item
[INFO] [stdout]    --> src/lib.rs:809:52
[INFO] [stdout]     |
[INFO] [stdout] 809 |     #[derive(Debug, Clone, Serialize, Deserialize, Document)]
[INFO] [stdout]     |                                                    ^-------
[INFO] [stdout]     |                                                    |
[INFO] [stdout]     |                                                    `Document` is not local
[INFO] [stdout]     |                                                    move the `impl` block outside of this constant `_IMPL_DOCUMENT_FOR_RootDoc`
[INFO] [stdout] 810 |     struct RootDoc {
[INFO] [stdout]     |            ------- `RootDoc` is not local
[INFO] [stdout]     |
[INFO] [stdout]     = note: the derive macro `Document` defines the non-local `impl`, and may need to be changed
[INFO] [stdout]     = note: the derive macro `Document` may come from an old version of the `ledb_derive` crate, try updating your dependency with `cargo update -p ledb_derive`
[INFO] [stdout]     = note: an `impl` is never scoped, even when it is nested inside an item, as it may impact type checking outside of that item, which can be the case if neither the trait or the self type are at the same nesting level as the `impl`
[INFO] [stdout]     = note: items in an anonymous const item (`const _: () = { ... }`) are treated as in the same scope as the anonymous const's declaration for the purpose of this lint
[INFO] [stdout]     = note: `#[warn(non_local_definitions)]` on by default
[INFO] [stdout]     = note: this warning originates in the derive macro `Document` (in Nightly builds, run with -Z macro-backtrace for more info)
[INFO] [stdout] 
[INFO] [stdout] 
[INFO] [stdout] warning: non-local `impl` definition, `impl` blocks should be written at the same level as their item
[INFO] [stdout]    --> src/lib.rs:824:52
[INFO] [stdout]     |
[INFO] [stdout] 824 |     #[derive(Debug, Clone, Serialize, Deserialize, Document)]
[INFO] [stdout]     |                                                    ^-------
[INFO] [stdout]     |                                                    |
[INFO] [stdout]     |                                                    `Document` is not local
[INFO] [stdout]     |                                                    move the `impl` block outside of this constant `_IMPL_DOCUMENT_FOR_MetaData`
[INFO] [stdout] 825 |     #[document(nested)]
[INFO] [stdout] 826 |     struct MetaData {
[INFO] [stdout]     |            -------- `MetaData` is not local
[INFO] [stdout]     |
[INFO] [stdout]     = note: the derive macro `Document` defines the non-local `impl`, and may need to be changed
[INFO] [stdout]     = note: the derive macro `Document` may come from an old version of the `ledb_derive` crate, try updating your dependency with `cargo update -p ledb_derive`
[INFO] [stdout]     = note: an `impl` is never scoped, even when it is nested inside an item, as it may impact type checking outside of that item, which can be the case if neither the trait or the self type are at the same nesting level as the `impl`
[INFO] [stdout]     = note: items in an anonymous const item (`const _: () = { ... }`) are treated as in the same scope as the anonymous const's declaration for the purpose of this lint
[INFO] [stdout]     = note: this warning originates in the derive macro `Document` (in Nightly builds, run with -Z macro-backtrace for more info)
[INFO] [stdout] 
[INFO] [stdout] 
[INFO] [stdout] warning: non-local `impl` definition, `impl` blocks should be written at the same level as their item
[INFO] [stdout]    --> src/lib.rs:833:52
[INFO] [stdout]     |
[INFO] [stdout] 833 |     #[derive(Debug, Clone, Serialize, Deserialize, Document)]
[INFO] [stdout]     |                                                    ^-------
[INFO] [stdout]     |                                                    |
[INFO] [stdout]     |                                                    `Document` is not local
[INFO] [stdout]     |                                                    move the `impl` block outside of this constant `_IMPL_DOCUMENT_FOR_LinkData`
[INFO] [stdout] 834 |     #[document(nested)]
[INFO] [stdout] 835 |     struct LinkData {
[INFO] [stdout]     |            -------- `LinkData` is not local
[INFO] [stdout]     |
[INFO] [stdout]     = note: the derive macro `Document` defines the non-local `impl`, and may need to be changed
[INFO] [stdout]     = note: the derive macro `Document` may come from an old version of the `ledb_derive` crate, try updating your dependency with `cargo update -p ledb_derive`
[INFO] [stdout]     = note: an `impl` is never scoped, even when it is nested inside an item, as it may impact type checking outside of that item, which can be the case if neither the trait or the self type are at the same nesting level as the `impl`
[INFO] [stdout]     = note: items in an anonymous const item (`const _: () = { ... }`) are treated as in the same scope as the anonymous const's declaration for the purpose of this lint
[INFO] [stdout]     = note: this warning originates in the derive macro `Document` (in Nightly builds, run with -Z macro-backtrace for more info)
[INFO] [stdout] 
[INFO] [stdout] 
[INFO] [stderr]     Finished `release` profile [optimized] target(s) in 11.97s
[INFO] running `Command { std: "docker" "inspect" "02e2cd92f53ff75dbed57ab7f592afbefd604b98933a1635a0d3eeff6d0f55ab", kill_on_drop: false }`
[INFO] running `Command { std: "docker" "exec" "-e" "SOURCE_DIR=/opt/rustwide/workdir" "-e" "CARGO_HOME=/opt/rustwide/cargo-home" "-e" "RUSTUP_HOME=/opt/rustwide/rustup-home" "-e" "CARGO_TARGET_DIR=/opt/rustwide/target" "-e" "CARGO_INCREMENTAL=0" "-e" "RUST_BACKTRACE=full" "-e" "RUSTFLAGS=--cap-lints=warn" "-e" "RUSTDOCFLAGS=--cap-lints=warn" "-w" "/opt/rustwide/workdir" "--user" "0:0" "02e2cd92f53ff75dbed57ab7f592afbefd604b98933a1635a0d3eeff6d0f55ab" "/opt/rustwide/cargo-home/bin/cargo" "+1.100.0-beta.1" "test" "--frozen" "--release", kill_on_drop: false }`
[INFO] [stderr] warning: unused import: `ledb_derive::*`
[INFO] [stderr]    --> src/lib.rs:367:9
[INFO] [stderr]     |
[INFO] [stderr] 367 | pub use ledb_derive::*;
[INFO] [stderr]     |         ^^^^^^^^^^^^^^
[INFO] [stderr]     |
[INFO] [stderr]     = note: `#[warn(unused_imports)]` (part of `#[warn(unused)]`) on by default
[INFO] [stderr] 
[INFO] [stderr] warning: unused import: `macros::*`
[INFO] [stderr]    --> src/lib.rs:373:9
[INFO] [stderr]     |
[INFO] [stderr] 373 | pub use macros::*;
[INFO] [stderr]     |         ^^^^^^^^^
[INFO] [stderr] 
[INFO] [stderr] warning: use of deprecated constant `std::f64::EPSILON`: replaced by the `EPSILON` associated constant on `f64`
[INFO] [stderr]  --> src/modify.rs:6:10
[INFO] [stderr]   |
[INFO] [stderr] 6 |     f64::EPSILON,
[INFO] [stderr]   |          ^^^^^^^
[INFO] [stderr]   |
[INFO] [stderr]   = note: `#[warn(deprecated)]` on by default
[INFO] [stderr] 
[INFO] [stderr] warning: use of deprecated constant `std::f64::EPSILON`: replaced by the `EPSILON` associated constant on `f64`
[INFO] [stderr]    --> src/modify.rs:312:45
[INFO] [stderr]     |
[INFO] [stderr] 312 |         Float(v) if (v.trunc() - v).abs() < EPSILON => Integer(v as i128),
[INFO] [stderr]     |                                             ^^^^^^^
[INFO] [stderr] 
[INFO] [stderr] warning: creating a shared reference to mutable static
[INFO] [stderr]   --> src/pool.rs:24:38
[INFO] [stderr]    |
[INFO] [stderr] 24 |     if let Some(storages) = unsafe { &STORAGES } {
[INFO] [stderr]    |                                      ^^^^^^^^^ shared reference to mutable static
[INFO] [stderr]    |
[INFO] [stderr]    = note: shared references to mutable statics are dangerous; it's undefined behavior if the static is mutated or if a mutable reference is created for it while the shared reference lives
[INFO] [stderr]    = note: for more information, see <https://doc.rust-lang.org/edition-guide/rust-2024/static-mut-references.html>
[INFO] [stderr]    = note: `#[warn(static_mut_refs)]` (part of `#[warn(rust_2024_compatibility)]`) on by default
[INFO] [stderr] help: use `&raw const` instead to create a raw pointer
[INFO] [stderr]    |
[INFO] [stderr] 24 |     if let Some(storages) = unsafe { &raw const STORAGES } {
[INFO] [stderr]    |                                       +++++++++
[INFO] [stderr] 
[INFO] [stderr] warning: unexpected `cfg` condition value: `cargo-clippy`
[INFO] [stderr]    --> src/lib.rs:809:52
[INFO] [stderr]     |
[INFO] [stderr] 809 |     #[derive(Debug, Clone, Serialize, Deserialize, Document)]
[INFO] [stderr]     |                                                    ^^^^^^^^
[INFO] [stderr]     |
[INFO] [stderr]     = note: expected values for `feature` are: `cbor`, `default`, `derive`, `json`, and `ledb-derive`
[INFO] [stderr]     = note: using a cfg inside a derive macro will use the cfgs from the destination crate and not the ones from the defining crate
[INFO] [stderr]     = help: try referring to `Document` crate for guidance on how handle this unexpected cfg
[INFO] [stderr]     = note: see <https://doc.rust-lang.org/nightly/rustc/check-cfg/cargo-specifics.html> for more information about checking conditional configuration
[INFO] [stderr]     = note: `#[warn(unexpected_cfgs)]` on by default
[INFO] [stderr]     = note: this warning originates in the derive macro `Document` (in Nightly builds, run with -Z macro-backtrace for more info)
[INFO] [stderr] 
[INFO] [stderr] warning: unexpected `cfg` condition value: `cargo-clippy`
[INFO] [stderr]    --> src/lib.rs:824:52
[INFO] [stderr]     |
[INFO] [stderr] 824 |     #[derive(Debug, Clone, Serialize, Deserialize, Document)]
[INFO] [stderr]     |                                                    ^^^^^^^^
[INFO] [stderr]     |
[INFO] [stderr]     = note: expected values for `feature` are: `cbor`, `default`, `derive`, `json`, and `ledb-derive`
[INFO] [stderr]     = note: using a cfg inside a derive macro will use the cfgs from the destination crate and not the ones from the defining crate
[INFO] [stderr]     = help: try referring to `Document` crate for guidance on how handle this unexpected cfg
[INFO] [stderr]     = note: see <https://doc.rust-lang.org/nightly/rustc/check-cfg/cargo-specifics.html> for more information about checking conditional configuration
[INFO] [stderr]     = note: this warning originates in the derive macro `Document` (in Nightly builds, run with -Z macro-backtrace for more info)
[INFO] [stderr] 
[INFO] [stderr] warning: unexpected `cfg` condition value: `cargo-clippy`
[INFO] [stderr]    --> src/lib.rs:833:52
[INFO] [stderr]     |
[INFO] [stderr] 833 |     #[derive(Debug, Clone, Serialize, Deserialize, Document)]
[INFO] [stderr]     |                                                    ^^^^^^^^
[INFO] [stderr]     |
[INFO] [stderr]     = note: expected values for `feature` are: `cbor`, `default`, `derive`, `json`, and `ledb-derive`
[INFO] [stderr]     = note: using a cfg inside a derive macro will use the cfgs from the destination crate and not the ones from the defining crate
[INFO] [stderr]     = help: try referring to `Document` crate for guidance on how handle this unexpected cfg
[INFO] [stderr]     = note: see <https://doc.rust-lang.org/nightly/rustc/check-cfg/cargo-specifics.html> for more information about checking conditional configuration
[INFO] [stderr]     = note: this warning originates in the derive macro `Document` (in Nightly builds, run with -Z macro-backtrace for more info)
[INFO] [stderr] 
[INFO] [stderr] warning: non-local `impl` definition, `impl` blocks should be written at the same level as their item
[INFO] [stderr]    --> src/lib.rs:809:52
[INFO] [stderr]     |
[INFO] [stderr] 809 |     #[derive(Debug, Clone, Serialize, Deserialize, Document)]
[INFO] [stderr]     |                                                    ^-------
[INFO] [stderr]     |                                                    |
[INFO] [stderr]     |                                                    `Document` is not local
[INFO] [stderr]     |                                                    move the `impl` block outside of this constant `_IMPL_DOCUMENT_FOR_RootDoc`
[INFO] [stderr] 810 |     struct RootDoc {
[INFO] [stderr]     |            ------- `RootDoc` is not local
[INFO] [stderr]     |
[INFO] [stderr]     = note: the derive macro `Document` defines the non-local `impl`, and may need to be changed
[INFO] [stderr]     = note: the derive macro `Document` may come from an old version of the `ledb_derive` crate, try updating your dependency with `cargo update -p ledb_derive`
[INFO] [stderr]     = note: an `impl` is never scoped, even when it is nested inside an item, as it may impact type checking outside of that item, which can be the case if neither the trait or the self type are at the same nesting level as the `impl`
[INFO] [stderr]     = note: items in an anonymous const item (`const _: () = { ... }`) are treated as in the same scope as the anonymous const's declaration for the purpose of this lint
[INFO] [stderr]     = note: `#[warn(non_local_definitions)]` on by default
[INFO] [stderr]     = note: this warning originates in the derive macro `Document` (in Nightly builds, run with -Z macro-backtrace for more info)
[INFO] [stderr] 
[INFO] [stderr] warning: non-local `impl` definition, `impl` blocks should be written at the same level as their item
[INFO] [stderr]    --> src/lib.rs:824:52
[INFO] [stderr]     |
[INFO] [stderr] 824 |     #[derive(Debug, Clone, Serialize, Deserialize, Document)]
[INFO] [stderr]     |                                                    ^-------
[INFO] [stderr]     |                                                    |
[INFO] [stderr]     |                                                    `Document` is not local
[INFO] [stderr]     |                                                    move the `impl` block outside of this constant `_IMPL_DOCUMENT_FOR_MetaData`
[INFO] [stderr] 825 |     #[document(nested)]
[INFO] [stderr] 826 |     struct MetaData {
[INFO] [stderr]     |            -------- `MetaData` is not local
[INFO] [stderr]     |
[INFO] [stderr]     = note: the derive macro `Document` defines the non-local `impl`, and may need to be changed
[INFO] [stderr]     = note: the derive macro `Document` may come from an old version of the `ledb_derive` crate, try updating your dependency with `cargo update -p ledb_derive`
[INFO] [stderr]     = note: an `impl` is never scoped, even when it is nested inside an item, as it may impact type checking outside of that item, which can be the case if neither the trait or the self type are at the same nesting level as the `impl`
[INFO] [stderr]     = note: items in an anonymous const item (`const _: () = { ... }`) are treated as in the same scope as the anonymous const's declaration for the purpose of this lint
[INFO] [stderr]     = note: this warning originates in the derive macro `Document` (in Nightly builds, run with -Z macro-backtrace for more info)
[INFO] [stderr] 
[INFO] [stderr] warning: non-local `impl` definition, `impl` blocks should be written at the same level as their item
[INFO] [stderr]    --> src/lib.rs:833:52
[INFO] [stderr]     |
[INFO] [stderr] 833 |     #[derive(Debug, Clone, Serialize, Deserialize, Document)]
[INFO] [stderr]     |                                                    ^-------
[INFO] [stderr]     |                                                    |
[INFO] [stderr]     |                                                    `Document` is not local
[INFO] [stderr]     |                                                    move the `impl` block outside of this constant `_IMPL_DOCUMENT_FOR_LinkData`
[INFO] [stderr] 834 |     #[document(nested)]
[INFO] [stderr] 835 |     struct LinkData {
[INFO] [stderr]     |            -------- `LinkData` is not local
[INFO] [stderr]     |
[INFO] [stderr]     = note: the derive macro `Document` defines the non-local `impl`, and may need to be changed
[INFO] [stderr]     = note: the derive macro `Document` may come from an old version of the `ledb_derive` crate, try updating your dependency with `cargo update -p ledb_derive`
[INFO] [stderr]     = note: an `impl` is never scoped, even when it is nested inside an item, as it may impact type checking outside of that item, which can be the case if neither the trait or the self type are at the same nesting level as the `impl`
[INFO] [stderr]     = note: items in an anonymous const item (`const _: () = { ... }`) are treated as in the same scope as the anonymous const's declaration for the purpose of this lint
[INFO] [stderr]     = note: this warning originates in the derive macro `Document` (in Nightly builds, run with -Z macro-backtrace for more info)
[INFO] [stderr] 
[INFO] [stderr] warning: `ledb` (lib) generated 5 warnings (run `cargo fix --lib -p ledb` to apply 2 suggestions)
[INFO] [stderr] warning: `ledb` (lib test) generated 11 warnings (5 duplicates)
[INFO] [stderr]     Finished `release` profile [optimized] target(s) in 0.08s
[INFO] [stderr]      Running unittests src/lib.rs (/opt/rustwide/target/release/build/ledb/4809c90a51decbc3/out/ledb-4809c90a51decbc3)
[INFO] [stdout] 
[INFO] [stdout] running 110 tests
[INFO] [stdout] test document::test::duplicate_id ... ignored
[INFO] [stdout] test document::test::raw_doc ... ok
[INFO] [stdout] test filter::test::build_order_primary ... ok
[INFO] [stdout] test filter::test::parse_order_primary ... ok
[INFO] [stdout] test filter::test::build_cond_and ... ok
[INFO] [stdout] test macros::test::filter::comp_eq ... ok
[INFO] [stdout] test document::test::gen_doc ... ok
[INFO] [stdout] test macros::test::filter::and_nested_or ... ok
[INFO] [stdout] test filter::test::parse_cond_not ... ok
[INFO] [stdout] test filter::test::parse_cond_and ... ok
[INFO] [stdout] test filter::test::parse_order_field ... ok
[INFO] [stdout] test macros::test::filter::comp_bw ... ok
[INFO] [stdout] test filter::test::build_cond_or ... ok
[INFO] [stdout] test filter::test::parse_comp_eq ... ok
[INFO] [stdout] test macros::test::filter::comp_gt ... ok
[INFO] [stdout] test macros::test::filter::comp_le ... ok
[INFO] [stdout] test macros::test::filter::comp_sub_fields ... ok
[INFO] [stdout] test macros::test::filter::cond_and ... ok
[INFO] [stdout] test macros::test::filter::cond_and_not ... ok
[INFO] [stdout] test filter::test::parse_cond_or ... ok
[INFO] [stdout] test macros::test::filter::comp_has ... ok
[INFO] [stdout] test macros::test::filter::comp_lt ... ok
[INFO] [stdout] test macros::test::filter::comp_in ... ok
[INFO] [stdout] test filter::test::build_order_field ... ok
[INFO] [stdout] test filter::test::build_cond_not ... ok
[INFO] [stdout] test macros::test::filter::comp_ge ... ok
[INFO] [stdout] test filter::test::build_comp_eq ... ok
[INFO] [stdout] test macros::test::filter::cond_and_or ... ok
[INFO] [stdout] test macros::test::modify::mul ... ok
[INFO] [stdout] test macros::test::modify::replace ... ok
[INFO] [stdout] test macros::test::filter::empty ... ok
[INFO] [stdout] test macros::test::filter::cond_not_and ... ok
[INFO] [stdout] test macros::test::filter::or_nested_and ... ok
[INFO] [stdout] test macros::test::filter::cond_or ... ok
[INFO] [stdout] test macros::test::order::default ... ok
[INFO] [stdout] test macros::test::modify::add ... ok
[INFO] [stdout] test macros::test::modify::sub ... ok
[INFO] [stdout] test macros::test::modify::toggle ... ok
[INFO] [stdout] test macros::test::modify::splice ... ok
[INFO] [stdout] test macros::test::filter::pattern_map ... ok
[INFO] [stdout] test macros::test::modify::delete ... ok
[INFO] [stdout] test macros::test::modify::set ... ok
[INFO] [stdout] test macros::test::modify::div ... ok
[INFO] [stdout] test macros::test::order::field_asc ... ok
[INFO] [stdout] test macros::test::order::field_desc ... ok
[INFO] [stdout] test macros::test::order::primary_desc ... ok
[INFO] [stdout] test macros::test::filter::cond_not ... ok
[INFO] [stdout] test macros::test::order::pattern_map ... ok
[INFO] [stdout] test modify::test::array_add ... ok
[INFO] [stdout] test modify::test::array_append ... ok
[INFO] [stdout] test modify::test::array_sub ... ok
[INFO] [stdout] test modify::test::build_field_set_multi ... ok
[INFO] [stdout] test modify::test::build_field_set_one ... ok
[INFO] [stdout] test modify::test::numeric_add ... ok
[INFO] [stdout] test macros::test::modify::merge ... ok
[INFO] [stdout] test macros::test::order::primary_asc ... ok
[INFO] [stdout] test macros::test::modify::empty ... ok
[INFO] [stdout] test modify::test::string_replace ... ok
[INFO] [stdout] test modify::test::array_prepend ... ok
[INFO] [stdout] test modify::test::field_set ... ok
[INFO] [stdout] test modify::test::array_splice ... ok
[INFO] [stdout] test modify::test::field_delete ... ok
[INFO] [stdout] test selection::test::inv_and_inv ... ok
[INFO] [stdout] test selection::test::inv_and_not_inv ... ok
[INFO] [stdout] test selection::test::inv_or_inv ... ok
[INFO] [stdout] test selection::test::not_inv_and_empty ... ok
[INFO] [stdout] test selection::test::not_inv_and_not_inv ... ok
[INFO] [stdout] test selection::test::not_inv_and_universe ... ok
[INFO] [stdout] test selection::test::not_inv_and_inv ... ok
[INFO] [stdout] test selection::test::not_inv_or_not_inv ... ok
[INFO] [stdout] test modify::test::numeric_sub ... ok
[INFO] [stdout] test selection::test::not_inv_or_universe ... ok
[INFO] [stdout] test tests::derive_key_fields ... ok
[INFO] [stdout] test modify::test::object_merge ... ok
[INFO] [stdout] test tests::derive_primary ... ok
[INFO] [stdout] test selection::test::not_inv_or_empty ... ok
[INFO] [stdout] test modify::test::sub_field_delete ... ok
[INFO] [stdout] test selection::test::not_inv_or_inv ... ok
[INFO] [stdout] test modify::test::sub_field_set ... ok
[INFO] [stdout] test selection::test::inv_or_not_inv ... ok
[INFO] [stdout] test tests::duplicate_unique_by_indexing ... FAILED
[INFO] [stdout] test tests::derived_index ... FAILED
[INFO] [stdout] test modify::test::parse_field_set_multi ... ok
[INFO] [stdout] test modify::test::parse_field_set_single ... ok
[INFO] [stdout] test tests::duplicate_unique_by_inserting ... FAILED
[INFO] [stdout] test tests::find_and ... FAILED
[INFO] [stdout] test tests::find_bool_eq ... FAILED
[INFO] [stdout] test tests::find_has ... FAILED
[INFO] [stdout] test tests::find_int_bw ... FAILED
[INFO] [stdout] test tests::find_int_gt ... FAILED
[INFO] [stdout] test tests::index_before_insert ... FAILED
[INFO] [stdout] test tests::find_int_in ... FAILED
[INFO] [stdout] test tests::find_int_ge ... FAILED
[INFO] [stdout] test tests::find_or ... FAILED
[INFO] [stdout] test tests::get_by_primary ... FAILED
[INFO] [stdout] test tests::find_int_le ... FAILED
[INFO] [stdout] test tests::index_after_insert ... FAILED
[INFO] [stdout] test value::test::into_type ... ok
[INFO] [stdout] test tests::find_int_lt ... FAILED
[INFO] [stdout] test tests::find_int_eq ... FAILED
[INFO] [stdout] test tests::order_by_unique ... FAILED
[INFO] [stdout] test tests::order_by_primary ... FAILED
[INFO] [stdout] test tests::remove_eq_str ... FAILED
[INFO] [stdout] test tests::remove_ge_int ... FAILED
[INFO] [stdout] test value::test::as_type ... ok
[INFO] [stdout] test tests::find_string_eq ... FAILED
[INFO] [stdout] test tests::find_string_in ... FAILED
[INFO] [stdout] test tests::insert_documents ... FAILED
[INFO] [stdout] test tests::update_set_eq_str ... FAILED
[INFO] [stdout] test value::test::get_type ... ok
[INFO] [stdout] 
[INFO] [stdout] failures:
[INFO] [stdout] 
[INFO] [stdout] ---- tests::duplicate_unique_by_indexing stdout ----
[INFO] [stdout] 
[INFO] [stdout] thread 'tests::duplicate_unique_by_indexing' (588) panicked at src/lib.rs:548:57:
[INFO] [stdout] called `Result::unwrap()` on an `Err` value: IoError(Os { code: 30, kind: ReadOnlyFilesystem, message: "Read-only file system" })
[INFO] [stdout] stack backtrace:
[INFO] [stdout]    0:     0x5eb66e3bdb61 - <<std[617be2ca0a6fd877]::sys::backtrace::BacktraceLock>::print::DisplayBacktrace as core[a373ad73a504971]::fmt::Display>::fmt
[INFO] [stdout]    1:     0x5eb66e3d488a - core[a373ad73a504971]::fmt::write
[INFO] [stdout]    2:     0x5eb66e3c208c - <alloc[2e1b2a31b91974c5]::vec::Vec<u8> as core[a373ad73a504971]::io::write::Write>::write_fmt
[INFO] [stdout]    3:     0x5eb66e398d36 - std[617be2ca0a6fd877]::panicking::default_hook::{closure#0}
[INFO] [stdout]    4:     0x5eb66e3b5a79 - std[617be2ca0a6fd877]::panicking::default_hook
[INFO] [stdout]    5:     0x5eb66e2705d0 - test[aada8e7e76ba119b]::test_main_inner::{closure#0}
[INFO] [stdout]    6:     0x5eb66e3b5c32 - std[617be2ca0a6fd877]::panicking::panic_with_hook
[INFO] [stdout]    7:     0x5eb66e398de2 - std[617be2ca0a6fd877]::panicking::panic_handler::{closure#0}
[INFO] [stdout]    8:     0x5eb66e3919a9 - std[617be2ca0a6fd877]::sys::backtrace::__rust_end_short_backtrace::<std[617be2ca0a6fd877]::panicking::panic_handler::{closure#0}, !>
[INFO] [stdout]    9:     0x5eb66e3999ed - __rustc[ea4f61d10b84890b]::rust_begin_unwind
[INFO] [stdout]   10:     0x5eb66e3d506c - core[a373ad73a504971]::panicking::panic_fmt
[INFO] [stdout]   11:     0x5eb66e3d4e42 - core[a373ad73a504971]::result::unwrap_failed
[INFO] [stdout]   12:     0x5eb66e1dfb4b - <ledb[1893c867751c2d91]::tests::duplicate_unique_by_indexing::{closure#0} as core[a373ad73a504971]::ops::function::FnOnce<()>>::call_once
[INFO] [stdout]   13:     0x5eb66e263a1b - test[aada8e7e76ba119b]::__rust_begin_short_backtrace::<core[a373ad73a504971]::result::Result<(), alloc[2e1b2a31b91974c5]::string::String>, fn() -> core[a373ad73a504971]::result::Result<(), alloc[2e1b2a31b91974c5]::string::String>>
[INFO] [stdout]   14:     0x5eb66e270bf5 - test[aada8e7e76ba119b]::run_test::{closure#0}
[INFO] [stdout]   15:     0x5eb66e26a4e4 - std[617be2ca0a6fd877]::sys::backtrace::__rust_begin_short_backtrace::<test[aada8e7e76ba119b]::run_test::{closure#1}, ()>
[INFO] [stdout]   16:     0x5eb66e273c82 - <std[617be2ca0a6fd877]::thread::lifecycle::spawn_unchecked<test[aada8e7e76ba119b]::run_test::{closure#1}, ()>::{closure#1} as core[a373ad73a504971]::ops::function::FnOnce<()>>::call_once::{shim:vtable#0}
[INFO] [stdout]   17:     0x5eb66e3bd3bf - <std[617be2ca0a6fd877]::sys::thread::unix::Thread>::new::thread_start
[INFO] [stdout]   18:     0x732abfcbbdfa - <unknown>
[INFO] [stdout]   19:     0x732abfd4f3d4 - clone
[INFO] [stdout]   20:                0x0 - <unknown>
[INFO] [stdout] 
[INFO] [stdout] ---- tests::derived_index stdout ----
[INFO] [stdout] 
[INFO] [stdout] thread 'tests::derived_index' (587) panicked at src/lib.rs:878:36:
[INFO] [stdout] called `Result::unwrap()` on an `Err` value: IoError(Os { code: 30, kind: ReadOnlyFilesystem, message: "Read-only file system" })
[INFO] [stdout] stack backtrace:
[INFO] [stdout]    0:     0x5eb66e3bdb61 - <<std[617be2ca0a6fd877]::sys::backtrace::BacktraceLock>::print::DisplayBacktrace as core[a373ad73a504971]::fmt::Display>::fmt
[INFO] [stdout]    1:     0x5eb66e3d488a - core[a373ad73a504971]::fmt::write
[INFO] [stdout]    2:     0x5eb66e3c208c - <alloc[2e1b2a31b91974c5]::vec::Vec<u8> as core[a373ad73a504971]::io::write::Write>::write_fmt
[INFO] [stdout]    3:     0x5eb66e398d36 - std[617be2ca0a6fd877]::panicking::default_hook::{closure#0}
[INFO] [stdout]    4:     0x5eb66e3b5a79 - std[617be2ca0a6fd877]::panicking::default_hook
[INFO] [stdout]    5:     0x5eb66e2705d0 - test[aada8e7e76ba119b]::test_main_inner::{closure#0}
[INFO] [stdout]    6:     0x5eb66e3b5c32 - std[617be2ca0a6fd877]::panicking::panic_with_hook
[INFO] [stdout]    7:     0x5eb66e398de2 - std[617be2ca0a6fd877]::panicking::panic_handler::{closure#0}
[INFO] [stdout]    8:     0x5eb66e3919a9 - std[617be2ca0a6fd877]::sys::backtrace::__rust_end_short_backtrace::<std[617be2ca0a6fd877]::panicking::panic_handler::{closure#0}, !>
[INFO] [stdout]    9:     0x5eb66e3999ed - __rustc[ea4f61d10b84890b]::rust_begin_unwind
[INFO] [stdout]   10:     0x5eb66e3d506c - core[a373ad73a504971]::panicking::panic_fmt
[INFO] [stdout]   11:     0x5eb66e3d4e42 - core[a373ad73a504971]::result::unwrap_failed
[INFO] [stdout]   12:     0x5eb66e1d7ab3 - <ledb[1893c867751c2d91]::tests::derived_index::{closure#0} as core[a373ad73a504971]::ops::function::FnOnce<()>>::call_once
[INFO] [stdout]   13:     0x5eb66e263a1b - test[aada8e7e76ba119b]::__rust_begin_short_backtrace::<core[a373ad73a504971]::result::Result<(), alloc[2e1b2a31b91974c5]::string::String>, fn() -> core[a373ad73a504971]::result::Result<(), alloc[2e1b2a31b91974c5]::string::String>>
[INFO] [stdout]   14:     0x5eb66e270bf5 - test[aada8e7e76ba119b]::run_test::{closure#0}
[INFO] [stdout]   15:     0x5eb66e26a4e4 - std[617be2ca0a6fd877]::sys::backtrace::__rust_begin_short_backtrace::<test[aada8e7e76ba119b]::run_test::{closure#1}, ()>
[INFO] [stdout]   16:     0x5eb66e273c82 - <std[617be2ca0a6fd877]::thread::lifecycle::spawn_unchecked<test[aada8e7e76ba119b]::run_test::{closure#1}, ()>::{closure#1} as core[a373ad73a504971]::ops::function::FnOnce<()>>::call_once::{shim:vtable#0}
[INFO] [stdout]   17:     0x5eb66e3bd3bf - <std[617be2ca0a6fd877]::sys::thread::unix::Thread>::new::thread_start
[INFO] [stdout]   18:     0x732abfcbbdfa - <unknown>
[INFO] [stdout]   19:     0x732abfd4f3d4 - clone
[INFO] [stdout]   20:                0x0 - <unknown>
[INFO] [stdout] 
[INFO] [stdout] ---- tests::duplicate_unique_by_inserting stdout ----
[INFO] [stdout] 
[INFO] [stdout] thread 'tests::duplicate_unique_by_inserting' (589) panicked at src/lib.rs:538:58:
[INFO] [stdout] called `Result::unwrap()` on an `Err` value: IoError(Os { code: 30, kind: ReadOnlyFilesystem, message: "Read-only file system" })
[INFO] [stdout] stack backtrace:
[INFO] [stdout]    0:     0x5eb66e3bdb61 - <<std[617be2ca0a6fd877]::sys::backtrace::BacktraceLock>::print::DisplayBacktrace as core[a373ad73a504971]::fmt::Display>::fmt
[INFO] [stdout]    1:     0x5eb66e3d488a - core[a373ad73a504971]::fmt::write
[INFO] [stdout]    2:     0x5eb66e3c208c - <alloc[2e1b2a31b91974c5]::vec::Vec<u8> as core[a373ad73a504971]::io::write::Write>::write_fmt
[INFO] [stdout]    3:     0x5eb66e398d36 - std[617be2ca0a6fd877]::panicking::default_hook::{closure#0}
[INFO] [stdout]    4:     0x5eb66e3b5a79 - std[617be2ca0a6fd877]::panicking::default_hook
[INFO] [stdout]    5:     0x5eb66e2705d0 - test[aada8e7e76ba119b]::test_main_inner::{closure#0}
[INFO] [stdout]    6:     0x5eb66e3b5c32 - std[617be2ca0a6fd877]::panicking::panic_with_hook
[INFO] [stdout]    7:     0x5eb66e398de2 - std[617be2ca0a6fd877]::panicking::panic_handler::{closure#0}
[INFO] [stdout]    8:     0x5eb66e3919a9 - std[617be2ca0a6fd877]::sys::backtrace::__rust_end_short_backtrace::<std[617be2ca0a6fd877]::panicking::panic_handler::{closure#0}, !>
[INFO] [stdout]    9:     0x5eb66e3999ed - __rustc[ea4f61d10b84890b]::rust_begin_unwind
[INFO] [stdout]   10:     0x5eb66e3d506c - core[a373ad73a504971]::panicking::panic_fmt
[INFO] [stdout]   11:     0x5eb66e3d4e42 - core[a373ad73a504971]::result::unwrap_failed
[INFO] [stdout]   12:     0x5eb66e1e006e - <ledb[1893c867751c2d91]::tests::duplicate_unique_by_inserting::{closure#0} as core[a373ad73a504971]::ops::function::FnOnce<()>>::call_once
[INFO] [stdout]   13:     0x5eb66e263a1b - test[aada8e7e76ba119b]::__rust_begin_short_backtrace::<core[a373ad73a504971]::result::Result<(), alloc[2e1b2a31b91974c5]::string::String>, fn() -> core[a373ad73a504971]::result::Result<(), alloc[2e1b2a31b91974c5]::string::String>>
[INFO] [stdout]   14:     0x5eb66e270bf5 - test[aada8e7e76ba119b]::run_test::{closure#0}
[INFO] [stdout]   15:     0x5eb66e26a4e4 - std[617be2ca0a6fd877]::sys::backtrace::__rust_begin_short_backtrace::<test[aada8e7e76ba119b]::run_test::{closure#1}, ()>
[INFO] [stdout]   16:     0x5eb66e273c82 - <std[617be2ca0a6fd877]::thread::lifecycle::spawn_unchecked<test[aada8e7e76ba119b]::run_test::{closure#1}, ()>::{closure#1} as core[a373ad73a504971]::ops::function::FnOnce<()>>::call_once::{shim:vtable#0}
[INFO] [stdout]   17:     0x5eb66e3bd3bf - <std[617be2ca0a6fd877]::sys::thread::unix::Thread>::new::thread_start
[INFO] [stdout]   18:     0x732abfcbbdfa - <unknown>
[INFO] [stdout]   19:     0x732abfd4f3d4 - clone
[INFO] [stdout]   20:                0x0 - <unknown>
[INFO] [stdout] 
[INFO] [stdout] ---- tests::find_and stdout ----
[INFO] [stdout] 
[INFO] [stdout] thread 'tests::find_and' (590) panicked at src/lib.rs:740:37:
[INFO] [stdout] called `Result::unwrap()` on an `Err` value: IoError(Os { code: 30, kind: ReadOnlyFilesystem, message: "Read-only file system" })
[INFO] [stdout] stack backtrace:
[INFO] [stdout]    0:     0x5eb66e3bdb61 - <<std[617be2ca0a6fd877]::sys::backtrace::BacktraceLock>::print::DisplayBacktrace as core[a373ad73a504971]::fmt::Display>::fmt
[INFO] [stdout]    1:     0x5eb66e3d488a - core[a373ad73a504971]::fmt::write
[INFO] [stdout]    2:     0x5eb66e3c208c - <alloc[2e1b2a31b91974c5]::vec::Vec<u8> as core[a373ad73a504971]::io::write::Write>::write_fmt
[INFO] [stdout]    3:     0x5eb66e398d36 - std[617be2ca0a6fd877]::panicking::default_hook::{closure#0}
[INFO] [stdout]    4:     0x5eb66e3b5a79 - std[617be2ca0a6fd877]::panicking::default_hook
[INFO] [stdout]    5:     0x5eb66e2705d0 - test[aada8e7e76ba119b]::test_main_inner::{closure#0}
[INFO] [stdout]    6:     0x5eb66e3b5c32 - std[617be2ca0a6fd877]::panicking::panic_with_hook
[INFO] [stdout]    7:     0x5eb66e398de2 - std[617be2ca0a6fd877]::panicking::panic_handler::{closure#0}
[INFO] [stdout]    8:     0x5eb66e3919a9 - std[617be2ca0a6fd877]::sys::backtrace::__rust_end_short_backtrace::<std[617be2ca0a6fd877]::panicking::panic_handler::{closure#0}, !>
[INFO] [stdout]    9:     0x5eb66e3999ed - __rustc[ea4f61d10b84890b]::rust_begin_unwind
[INFO] [stdout]   10:     0x5eb66e3d506c - core[a373ad73a504971]::panicking::panic_fmt
[INFO] [stdout]   11:     0x5eb66e3d4e42 - core[a373ad73a504971]::result::unwrap_failed
[INFO] [stdout]   12:     0x5eb66e1e0f20 - <ledb[1893c867751c2d91]::tests::find_and::{closure#0} as core[a373ad73a504971]::ops::function::FnOnce<()>>::call_once
[INFO] [stdout]   13:     0x5eb66e263a1b - test[aada8e7e76ba119b]::__rust_begin_short_backtrace::<core[a373ad73a504971]::result::Result<(), alloc[2e1b2a31b91974c5]::string::String>, fn() -> core[a373ad73a504971]::result::Result<(), alloc[2e1b2a31b91974c5]::string::String>>
[INFO] [stdout]   14:     0x5eb66e270bf5 - test[aada8e7e76ba119b]::run_test::{closure#0}
[INFO] [stdout]   15:     0x5eb66e26a4e4 - std[617be2ca0a6fd877]::sys::backtrace::__rust_begin_short_backtrace::<test[aada8e7e76ba119b]::run_test::{closure#1}, ()>
[INFO] [stdout]   16:     0x5eb66e273c82 - <std[617be2ca0a6fd877]::thread::lifecycle::spawn_unchecked<test[aada8e7e76ba119b]::run_test::{closure#1}, ()>::{closure#1} as core[a373ad73a504971]::ops::function::FnOnce<()>>::call_once::{shim:vtable#0}
[INFO] [stdout]   17:     0x5eb66e3bd3bf - <std[617be2ca0a6fd877]::sys::thread::unix::Thread>::new::thread_start
[INFO] [stdout]   18:     0x732abfcbbdfa - <unknown>
[INFO] [stdout]   19:     0x732abfd4f3d4 - clone
[INFO] [stdout]   20:                0x0 - <unknown>
[INFO] [stdout] 
[INFO] [stdout] ---- tests::find_bool_eq stdout ----
[INFO] [stdout] 
[INFO] [stdout] thread 'tests::find_bool_eq' (591) panicked at src/lib.rs:603:41:
[INFO] [stdout] called `Result::unwrap()` on an `Err` value: IoError(Os { code: 30, kind: ReadOnlyFilesystem, message: "Read-only file system" })
[INFO] [stdout] stack backtrace:
[INFO] [stdout]    0:     0x5eb66e3bdb61 - <<std[617be2ca0a6fd877]::sys::backtrace::BacktraceLock>::print::DisplayBacktrace as core[a373ad73a504971]::fmt::Display>::fmt
[INFO] [stdout]    1:     0x5eb66e3d488a - core[a373ad73a504971]::fmt::write
[INFO] [stdout]    2:     0x5eb66e3c208c - <alloc[2e1b2a31b91974c5]::vec::Vec<u8> as core[a373ad73a504971]::io::write::Write>::write_fmt
[INFO] [stdout]    3:     0x5eb66e398d36 - std[617be2ca0a6fd877]::panicking::default_hook::{closure#0}
[INFO] [stdout]    4:     0x5eb66e3b5a79 - std[617be2ca0a6fd877]::panicking::default_hook
[INFO] [stderr] error: test failed, to rerun pass `--lib`
[INFO] [stdout]    5:     0x5eb66e2705d0 - test[aada8e7e76ba119b]::test_main_inner::{closure#0}
[INFO] [stdout]    6:     0x5eb66e3b5c32 - std[617be2ca0a6fd877]::panicking::panic_with_hook
[INFO] [stdout]    7:     0x5eb66e398de2 - std[617be2ca0a6fd877]::panicking::panic_handler::{closure#0}
[INFO] [stdout]    8:     0x5eb66e3919a9 - std[617be2ca0a6fd877]::sys::backtrace::__rust_end_short_backtrace::<std[617be2ca0a6fd877]::panicking::panic_handler::{closure#0}, !>
[INFO] [stdout]    9:     0x5eb66e3999ed - __rustc[ea4f61d10b84890b]::rust_begin_unwind
[INFO] [stdout]   10:     0x5eb66e3d506c - core[a373ad73a504971]::panicking::panic_fmt
[INFO] [stdout]   11:     0x5eb66e3d4e42 - core[a373ad73a504971]::result::unwrap_failed
[INFO] [stdout]   12:     0x5eb66e1d76b0 - <ledb[1893c867751c2d91]::tests::find_bool_eq::{closure#0} as core[a373ad73a504971]::ops::function::FnOnce<()>>::call_once
[INFO] [stdout]   13:     0x5eb66e263a1b - test[aada8e7e76ba119b]::__rust_begin_short_backtrace::<core[a373ad73a504971]::result::Result<(), alloc[2e1b2a31b91974c5]::string::String>, fn() -> core[a373ad73a504971]::result::Result<(), alloc[2e1b2a31b91974c5]::string::String>>
[INFO] [stdout]   14:     0x5eb66e270bf5 - test[aada8e7e76ba119b]::run_test::{closure#0}
[INFO] [stdout]   15:     0x5eb66e26a4e4 - std[617be2ca0a6fd877]::sys::backtrace::__rust_begin_short_backtrace::<test[aada8e7e76ba119b]::run_test::{closure#1}, ()>
[INFO] [stdout]   16:     0x5eb66e273c82 - <std[617be2ca0a6fd877]::thread::lifecycle::spawn_unchecked<test[aada8e7e76ba119b]::run_test::{closure#1}, ()>::{closure#1} as core[a373ad73a504971]::ops::function::FnOnce<()>>::call_once::{shim:vtable#0}
[INFO] [stdout]   17:     0x5eb66e3bd3bf - <std[617be2ca0a6fd877]::sys::thread::unix::Thread>::new::thread_start
[INFO] [stdout]   18:     0x732abfcbbdfa - <unknown>
[INFO] [stdout]   19:     0x732abfd4f3d4 - clone
[INFO] [stdout]   20:                0x0 - <unknown>
[INFO] [stdout] 
[INFO] [stdout] ---- tests::find_has stdout ----
[INFO] [stdout] 
[INFO] [stdout] thread 'tests::find_has' (592) panicked at src/lib.rs:728:37:
[INFO] [stdout] called `Result::unwrap()` on an `Err` value: IoError(Os { code: 30, kind: ReadOnlyFilesystem, message: "Read-only file system" })
[INFO] [stdout] stack backtrace:
[INFO] [stdout]    0:     0x5eb66e3bdb61 - <<std[617be2ca0a6fd877]::sys::backtrace::BacktraceLock>::print::DisplayBacktrace as core[a373ad73a504971]::fmt::Display>::fmt
[INFO] [stdout]    1:     0x5eb66e3d488a - core[a373ad73a504971]::fmt::write
[INFO] [stdout]    2:     0x5eb66e3c208c - <alloc[2e1b2a31b91974c5]::vec::Vec<u8> as core[a373ad73a504971]::io::write::Write>::write_fmt
[INFO] [stdout]    3:     0x5eb66e398d36 - std[617be2ca0a6fd877]::panicking::default_hook::{closure#0}
[INFO] [stdout]    4:     0x5eb66e3b5a79 - std[617be2ca0a6fd877]::panicking::default_hook
[INFO] [stdout]    5:     0x5eb66e2705d0 - test[aada8e7e76ba119b]::test_main_inner::{closure#0}
[INFO] [stdout]    6:     0x5eb66e3b5c32 - std[617be2ca0a6fd877]::panicking::panic_with_hook
[INFO] [stdout]    7:     0x5eb66e398de2 - std[617be2ca0a6fd877]::panicking::panic_handler::{closure#0}
[INFO] [stdout]    8:     0x5eb66e3919a9 - std[617be2ca0a6fd877]::sys::backtrace::__rust_end_short_backtrace::<std[617be2ca0a6fd877]::panicking::panic_handler::{closure#0}, !>
[INFO] [stdout]    9:     0x5eb66e3999ed - __rustc[ea4f61d10b84890b]::rust_begin_unwind
[INFO] [stdout]   10:     0x5eb66e3d506c - core[a373ad73a504971]::panicking::panic_fmt
[INFO] [stdout]   11:     0x5eb66e3d4e42 - core[a373ad73a504971]::result::unwrap_failed
[INFO] [stdout]   12:     0x5eb66e1e1623 - <ledb[1893c867751c2d91]::tests::find_has::{closure#0} as core[a373ad73a504971]::ops::function::FnOnce<()>>::call_once
[INFO] [stdout]   13:     0x5eb66e263a1b - test[aada8e7e76ba119b]::__rust_begin_short_backtrace::<core[a373ad73a504971]::result::Result<(), alloc[2e1b2a31b91974c5]::string::String>, fn() -> core[a373ad73a504971]::result::Result<(), alloc[2e1b2a31b91974c5]::string::String>>
[INFO] [stdout]   14:     0x5eb66e270bf5 - test[aada8e7e76ba119b]::run_test::{closure#0}
[INFO] [stdout]   15:     0x5eb66e26a4e4 - std[617be2ca0a6fd877]::sys::backtrace::__rust_begin_short_backtrace::<test[aada8e7e76ba119b]::run_test::{closure#1}, ()>
[INFO] [stdout]   16:     0x5eb66e273c82 - <std[617be2ca0a6fd877]::thread::lifecycle::spawn_unchecked<test[aada8e7e76ba119b]::run_test::{closure#1}, ()>::{closure#1} as core[a373ad73a504971]::ops::function::FnOnce<()>>::call_once::{shim:vtable#0}
[INFO] [stdout]   17:     0x5eb66e3bd3bf - <std[617be2ca0a6fd877]::sys::thread::unix::Thread>::new::thread_start
[INFO] [stdout]   18:     0x732abfcbbdfa - <unknown>
[INFO] [stdout]   19:     0x732abfd4f3d4 - clone
[INFO] [stdout]   20:                0x0 - <unknown>
[INFO] [stdout] 
[INFO] [stdout] ---- tests::find_int_bw stdout ----
[INFO] [stdout] 
[INFO] [stdout] thread 'tests::find_int_bw' (593) panicked at src/lib.rs:668:40:
[INFO] [stdout] called `Result::unwrap()` on an `Err` value: IoError(Os { code: 30, kind: ReadOnlyFilesystem, message: "Read-only file system" })
[INFO] [stdout] stack backtrace:
[INFO] [stdout]    0:     0x5eb66e3bdb61 - <<std[617be2ca0a6fd877]::sys::backtrace::BacktraceLock>::print::DisplayBacktrace as core[a373ad73a504971]::fmt::Display>::fmt
[INFO] [stdout]    1:     0x5eb66e3d488a - core[a373ad73a504971]::fmt::write
[INFO] [stdout]    2:     0x5eb66e3c208c - <alloc[2e1b2a31b91974c5]::vec::Vec<u8> as core[a373ad73a504971]::io::write::Write>::write_fmt
[INFO] [stdout]    3:     0x5eb66e398d36 - std[617be2ca0a6fd877]::panicking::default_hook::{closure#0}
[INFO] [stdout]    4:     0x5eb66e3b5a79 - std[617be2ca0a6fd877]::panicking::default_hook
[INFO] [stdout]    5:     0x5eb66e2705d0 - test[aada8e7e76ba119b]::test_main_inner::{closure#0}
[INFO] [stdout]    6:     0x5eb66e3b5c32 - std[617be2ca0a6fd877]::panicking::panic_with_hook
[INFO] [stdout]    7:     0x5eb66e398de2 - std[617be2ca0a6fd877]::panicking::panic_handler::{closure#0}
[INFO] [stdout]    8:     0x5eb66e3919a9 - std[617be2ca0a6fd877]::sys::backtrace::__rust_end_short_backtrace::<std[617be2ca0a6fd877]::panicking::panic_handler::{closure#0}, !>
[INFO] [stdout]    9:     0x5eb66e3999ed - __rustc[ea4f61d10b84890b]::rust_begin_unwind
[INFO] [stdout]   10:     0x5eb66e3d506c - core[a373ad73a504971]::panicking::panic_fmt
[INFO] [stdout]   11:     0x5eb66e3d4e42 - core[a373ad73a504971]::result::unwrap_failed
[INFO] [stdout]   12:     0x5eb66e1d3d45 - <ledb[1893c867751c2d91]::tests::find_int_bw::{closure#0} as core[a373ad73a504971]::ops::function::FnOnce<()>>::call_once
[INFO] [stdout]   13:     0x5eb66e263a1b - test[aada8e7e76ba119b]::__rust_begin_short_backtrace::<core[a373ad73a504971]::result::Result<(), alloc[2e1b2a31b91974c5]::string::String>, fn() -> core[a373ad73a504971]::result::Result<(), alloc[2e1b2a31b91974c5]::string::String>>
[INFO] [stdout]   14:     0x5eb66e270bf5 - test[aada8e7e76ba119b]::run_test::{closure#0}
[INFO] [stdout]   15:     0x5eb66e26a4e4 - std[617be2ca0a6fd877]::sys::backtrace::__rust_begin_short_backtrace::<test[aada8e7e76ba119b]::run_test::{closure#1}, ()>
[INFO] [stdout]   16:     0x5eb66e273c82 - <std[617be2ca0a6fd877]::thread::lifecycle::spawn_unchecked<test[aada8e7e76ba119b]::run_test::{closure#1}, ()>::{closure#1} as core[a373ad73a504971]::ops::function::FnOnce<()>>::call_once::{shim:vtable#0}
[INFO] [stdout]   17:     0x5eb66e3bd3bf - <std[617be2ca0a6fd877]::sys::thread::unix::Thread>::new::thread_start
[INFO] [stdout]   18:     0x732abfcbbdfa - <unknown>
[INFO] [stdout]   19:     0x732abfd4f3d4 - clone
[INFO] [stdout]   20:                0x0 - <unknown>
[INFO] [stdout] 
[INFO] [stdout] ---- tests::find_int_gt stdout ----
[INFO] [stdout] 
[INFO] [stdout] thread 'tests::find_int_gt' (596) panicked at src/lib.rs:680:40:
[INFO] [stdout] called `Result::unwrap()` on an `Err` value: IoError(Os { code: 30, kind: ReadOnlyFilesystem, message: "Read-only file system" })
[INFO] [stdout] stack backtrace:
[INFO] [stdout]    0:     0x5eb66e3bdb61 - <<std[617be2ca0a6fd877]::sys::backtrace::BacktraceLock>::print::DisplayBacktrace as core[a373ad73a504971]::fmt::Display>::fmt
[INFO] [stdout]    1:     0x5eb66e3d488a - core[a373ad73a504971]::fmt::write
[INFO] [stdout]    2:     0x5eb66e3c208c - <alloc[2e1b2a31b91974c5]::vec::Vec<u8> as core[a373ad73a504971]::io::write::Write>::write_fmt
[INFO] [stdout]    3:     0x5eb66e398d36 - std[617be2ca0a6fd877]::panicking::default_hook::{closure#0}
[INFO] [stdout]    4:     0x5eb66e3b5a79 - std[617be2ca0a6fd877]::panicking::default_hook
[INFO] [stdout]    5:     0x5eb66e2705d0 - test[aada8e7e76ba119b]::test_main_inner::{closure#0}
[INFO] [stdout]    6:     0x5eb66e3b5c32 - std[617be2ca0a6fd877]::panicking::panic_with_hook
[INFO] [stdout]    7:     0x5eb66e398de2 - std[617be2ca0a6fd877]::panicking::panic_handler::{closure#0}
[INFO] [stdout]    8:     0x5eb66e3919a9 - std[617be2ca0a6fd877]::sys::backtrace::__rust_end_short_backtrace::<std[617be2ca0a6fd877]::panicking::panic_handler::{closure#0}, !>
[INFO] [stdout]    9:     0x5eb66e3999ed - __rustc[ea4f61d10b84890b]::rust_begin_unwind
[INFO] [stdout]   10:     0x5eb66e3d506c - core[a373ad73a504971]::panicking::panic_fmt
[INFO] [stdout]   11:     0x5eb66e3d4e42 - core[a373ad73a504971]::result::unwrap_failed
[INFO] [stdout]   12:     0x5eb66e1d55e5 - <ledb[1893c867751c2d91]::tests::find_int_gt::{closure#0} as core[a373ad73a504971]::ops::function::FnOnce<()>>::call_once
[INFO] [stdout]   13:     0x5eb66e263a1b - test[aada8e7e76ba119b]::__rust_begin_short_backtrace::<core[a373ad73a504971]::result::Result<(), alloc[2e1b2a31b91974c5]::string::String>, fn() -> core[a373ad73a504971]::result::Result<(), alloc[2e1b2a31b91974c5]::string::String>>
[INFO] [stdout]   14:     0x5eb66e270bf5 - test[aada8e7e76ba119b]::run_test::{closure#0}
[INFO] [stdout]   15:     0x5eb66e26a4e4 - std[617be2ca0a6fd877]::sys::backtrace::__rust_begin_short_backtrace::<test[aada8e7e76ba119b]::run_test::{closure#1}, ()>
[INFO] [stdout]   16:     0x5eb66e273c82 - <std[617be2ca0a6fd877]::thread::lifecycle::spawn_unchecked<test[aada8e7e76ba119b]::run_test::{closure#1}, ()>::{closure#1} as core[a373ad73a504971]::ops::function::FnOnce<()>>::call_once::{shim:vtable#0}
[INFO] [stdout]   17:     0x5eb66e3bd3bf - <std[617be2ca0a6fd877]::sys::thread::unix::Thread>::new::thread_start
[INFO] [stdout]   18:     0x732abfcbbdfa - <unknown>
[INFO] [stdout]   19:     0x732abfd4f3d4 - clone
[INFO] [stdout]   20:                0x0 - <unknown>
[INFO] [stdout] 
[INFO] [stdout] ---- tests::index_before_insert stdout ----
[INFO] [stdout] 
[INFO] [stdout] thread 'tests::index_before_insert' (605) panicked at src/lib.rs:500:48:
[INFO] [stdout] called `Result::unwrap()` on an `Err` value: IoError(Os { code: 30, kind: ReadOnlyFilesystem, message: "Read-only file system" })
[INFO] [stdout] stack backtrace:
[INFO] [stdout]    0:     0x5eb66e3bdb61 - <<std[617be2ca0a6fd877]::sys::backtrace::BacktraceLock>::print::DisplayBacktrace as core[a373ad73a504971]::fmt::Display>::fmt
[INFO] [stdout]    1:     0x5eb66e3d488a - core[a373ad73a504971]::fmt::write
[INFO] [stdout]    2:     0x5eb66e3c208c - <alloc[2e1b2a31b91974c5]::vec::Vec<u8> as core[a373ad73a504971]::io::write::Write>::write_fmt
[INFO] [stdout]    3:     0x5eb66e398d36 - std[617be2ca0a6fd877]::panicking::default_hook::{closure#0}
[INFO] [stdout]    4:     0x5eb66e3b5a79 - std[617be2ca0a6fd877]::panicking::default_hook
[INFO] [stdout]    5:     0x5eb66e2705d0 - test[aada8e7e76ba119b]::test_main_inner::{closure#0}
[INFO] [stdout]    6:     0x5eb66e3b5c32 - std[617be2ca0a6fd877]::panicking::panic_with_hook
[INFO] [stdout]    7:     0x5eb66e398de2 - std[617be2ca0a6fd877]::panicking::panic_handler::{closure#0}
[INFO] [stdout]    8:     0x5eb66e3919a9 - std[617be2ca0a6fd877]::sys::backtrace::__rust_end_short_backtrace::<std[617be2ca0a6fd877]::panicking::panic_handler::{closure#0}, !>
[INFO] [stdout]    9:     0x5eb66e3999ed - __rustc[ea4f61d10b84890b]::rust_begin_unwind
[INFO] [stdout]   10:     0x5eb66e3d506c - core[a373ad73a504971]::panicking::panic_fmt
[INFO] [stdout]   11:     0x5eb66e3d4e42 - core[a373ad73a504971]::result::unwrap_failed
[INFO] [stdout]   12:     0x5eb66e1df584 - <ledb[1893c867751c2d91]::tests::index_before_insert::{closure#0} as core[a373ad73a504971]::ops::function::FnOnce<()>>::call_once
[INFO] [stdout]   13:     0x5eb66e263a1b - test[aada8e7e76ba119b]::__rust_begin_short_backtrace::<core[a373ad73a504971]::result::Result<(), alloc[2e1b2a31b91974c5]::string::String>, fn() -> core[a373ad73a504971]::result::Result<(), alloc[2e1b2a31b91974c5]::string::String>>
[INFO] [stdout]   14:     0x5eb66e270bf5 - test[aada8e7e76ba119b]::run_test::{closure#0}
[INFO] [stdout]   15:     0x5eb66e26a4e4 - std[617be2ca0a6fd877]::sys::backtrace::__rust_begin_short_backtrace::<test[aada8e7e76ba119b]::run_test::{closure#1}, ()>
[INFO] [stdout]   16:     0x5eb66e273c82 - <std[617be2ca0a6fd877]::thread::lifecycle::spawn_unchecked<test[aada8e7e76ba119b]::run_test::{closure#1}, ()>::{closure#1} as core[a373ad73a504971]::ops::function::FnOnce<()>>::call_once::{shim:vtable#0}
[INFO] [stdout]   17:     0x5eb66e3bd3bf - <std[617be2ca0a6fd877]::sys::thread::unix::Thread>::new::thread_start
[INFO] [stdout]   18:     0x732abfcbbdfa - <unknown>
[INFO] [stdout]   19:     0x732abfd4f3d4 - clone
[INFO] [stdout]   20:                0x0 - <unknown>
[INFO] [stdout] 
[INFO] [stdout] ---- tests::find_int_in stdout ----
[INFO] [stdout] 
[INFO] [stdout] thread 'tests::find_int_in' (597) panicked at src/lib.rs:654:40:
[INFO] [stdout] called `Result::unwrap()` on an `Err` value: IoError(Os { code: 30, kind: ReadOnlyFilesystem, message: "Read-only file system" })
[INFO] [stdout] stack backtrace:
[INFO] [stdout]    0:     0x5eb66e3bdb61 - <<std[617be2ca0a6fd877]::sys::backtrace::BacktraceLock>::print::DisplayBacktrace as core[a373ad73a504971]::fmt::Display>::fmt
[INFO] [stdout]    1:     0x5eb66e3d488a - core[a373ad73a504971]::fmt::write
[INFO] [stdout]    2:     0x5eb66e3c208c - <alloc[2e1b2a31b91974c5]::vec::Vec<u8> as core[a373ad73a504971]::io::write::Write>::write_fmt
[INFO] [stdout]    3:     0x5eb66e398d36 - std[617be2ca0a6fd877]::panicking::default_hook::{closure#0}
[INFO] [stdout]    4:     0x5eb66e3b5a79 - std[617be2ca0a6fd877]::panicking::default_hook
[INFO] [stdout]    5:     0x5eb66e2705d0 - test[aada8e7e76ba119b]::test_main_inner::{closure#0}
[INFO] [stdout]    6:     0x5eb66e3b5c32 - std[617be2ca0a6fd877]::panicking::panic_with_hook
[INFO] [stdout]    7:     0x5eb66e398de2 - std[617be2ca0a6fd877]::panicking::panic_handler::{closure#0}
[INFO] [stdout]    8:     0x5eb66e3919a9 - std[617be2ca0a6fd877]::sys::backtrace::__rust_end_short_backtrace::<std[617be2ca0a6fd877]::panicking::panic_handler::{closure#0}, !>
[INFO] [stdout]    9:     0x5eb66e3999ed - __rustc[ea4f61d10b84890b]::rust_begin_unwind
[INFO] [stdout]   10:     0x5eb66e3d506c - core[a373ad73a504971]::panicking::panic_fmt
[INFO] [stdout]   11:     0x5eb66e3d4e42 - core[a373ad73a504971]::result::unwrap_failed
[INFO] [stdout]   12:     0x5eb66e1d6098 - <ledb[1893c867751c2d91]::tests::find_int_in::{closure#0} as core[a373ad73a504971]::ops::function::FnOnce<()>>::call_once
[INFO] [stdout]   13:     0x5eb66e263a1b - test[aada8e7e76ba119b]::__rust_begin_short_backtrace::<core[a373ad73a504971]::result::Result<(), alloc[2e1b2a31b91974c5]::string::String>, fn() -> core[a373ad73a504971]::result::Result<(), alloc[2e1b2a31b91974c5]::string::String>>
[INFO] [stdout]   14:     0x5eb66e270bf5 - test[aada8e7e76ba119b]::run_test::{closure#0}
[INFO] [stdout]   15:     0x5eb66e26a4e4 - std[617be2ca0a6fd877]::sys::backtrace::__rust_begin_short_backtrace::<test[aada8e7e76ba119b]::run_test::{closure#1}, ()>
[INFO] [stdout]   16:     0x5eb66e273c82 - <std[617be2ca0a6fd877]::thread::lifecycle::spawn_unchecked<test[aada8e7e76ba119b]::run_test::{closure#1}, ()>::{closure#1} as core[a373ad73a504971]::ops::function::FnOnce<()>>::call_once::{shim:vtable#0}
[INFO] [stdout]   17:     0x5eb66e3bd3bf - <std[617be2ca0a6fd877]::sys::thread::unix::Thread>::new::thread_start
[INFO] [stdout]   18:     0x732abfcbbdfa - <unknown>
[INFO] [stdout]   19:     0x732abfd4f3d4 - clone
[INFO] [stdout]   20:                0x0 - <unknown>
[INFO] [stdout] 
[INFO] [stdout] ---- tests::find_int_ge stdout ----
[INFO] [stdout] 
[INFO] [stdout] thread 'tests::find_int_ge' (595) panicked at src/lib.rs:692:40:
[INFO] [stdout] called `Result::unwrap()` on an `Err` value: IoError(Os { code: 30, kind: ReadOnlyFilesystem, message: "Read-only file system" })
[INFO] [stdout] stack backtrace:
[INFO] [stdout]    0:     0x5eb66e3bdb61 - <<std[617be2ca0a6fd877]::sys::backtrace::BacktraceLock>::print::DisplayBacktrace as core[a373ad73a504971]::fmt::Display>::fmt
[INFO] [stdout]    1:     0x5eb66e3d488a - core[a373ad73a504971]::fmt::write
[INFO] [stdout]    2:     0x5eb66e3c208c - <alloc[2e1b2a31b91974c5]::vec::Vec<u8> as core[a373ad73a504971]::io::write::Write>::write_fmt
[INFO] [stdout]    3:     0x5eb66e398d36 - std[617be2ca0a6fd877]::panicking::default_hook::{closure#0}
[INFO] [stdout]    4:     0x5eb66e3b5a79 - std[617be2ca0a6fd877]::panicking::default_hook
[INFO] [stdout]    5:     0x5eb66e2705d0 - test[aada8e7e76ba119b]::test_main_inner::{closure#0}
[INFO] [stdout]    6:     0x5eb66e3b5c32 - std[617be2ca0a6fd877]::panicking::panic_with_hook
[INFO] [stdout]    7:     0x5eb66e398de2 - std[617be2ca0a6fd877]::panicking::panic_handler::{closure#0}
[INFO] [stdout]    8:     0x5eb66e3919a9 - std[617be2ca0a6fd877]::sys::backtrace::__rust_end_short_backtrace::<std[617be2ca0a6fd877]::panicking::panic_handler::{closure#0}, !>
[INFO] [stdout]    9:     0x5eb66e3999ed - __rustc[ea4f61d10b84890b]::rust_begin_unwind
[INFO] [stdout]   10:     0x5eb66e3d506c - core[a373ad73a504971]::panicking::panic_fmt
[INFO] [stdout]   11:     0x5eb66e3d4e42 - core[a373ad73a504971]::result::unwrap_failed
[INFO] [stdout]   12:     0x5eb66e1d4eee - <ledb[1893c867751c2d91]::tests::find_int_ge::{closure#0} as core[a373ad73a504971]::ops::function::FnOnce<()>>::call_once
[INFO] [stdout]   13:     0x5eb66e263a1b - test[aada8e7e76ba119b]::__rust_begin_short_backtrace::<core[a373ad73a504971]::result::Result<(), alloc[2e1b2a31b91974c5]::string::String>, fn() -> core[a373ad73a504971]::result::Result<(), alloc[2e1b2a31b91974c5]::string::String>>
[INFO] [stdout]   14:     0x5eb66e270bf5 - test[aada8e7e76ba119b]::run_test::{closure#0}
[INFO] [stdout]   15:     0x5eb66e26a4e4 - std[617be2ca0a6fd877]::sys::backtrace::__rust_begin_short_backtrace::<test[aada8e7e76ba119b]::run_test::{closure#1}, ()>
[INFO] [stdout]   16:     0x5eb66e273c82 - <std[617be2ca0a6fd877]::thread::lifecycle::spawn_unchecked<test[aada8e7e76ba119b]::run_test::{closure#1}, ()>::{closure#1} as core[a373ad73a504971]::ops::function::FnOnce<()>>::call_once::{shim:vtable#0}
[INFO] [stdout]   17:     0x5eb66e3bd3bf - <std[617be2ca0a6fd877]::sys::thread::unix::Thread>::new::thread_start
[INFO] [stdout]   18:     0x732abfcbbdfa - <unknown>
[INFO] [stdout]   19:     0x732abfd4f3d4 - clone
[INFO] [stdout]   20:                0x0 - <unknown>
[INFO] [stdout] 
[INFO] [stdout] ---- tests::find_or stdout ----
[INFO] [stdout] 
[INFO] [stdout] thread 'tests::find_or' (600) panicked at src/lib.rs:752:36:
[INFO] [stdout] called `Result::unwrap()` on an `Err` value: IoError(Os { code: 30, kind: ReadOnlyFilesystem, message: "Read-only file system" })
[INFO] [stdout] stack backtrace:
[INFO] [stdout]    0:     0x5eb66e3bdb61 - <<std[617be2ca0a6fd877]::sys::backtrace::BacktraceLock>::print::DisplayBacktrace as core[a373ad73a504971]::fmt::Display>::fmt
[INFO] [stdout]    1:     0x5eb66e3d488a - core[a373ad73a504971]::fmt::write
[INFO] [stdout]    2:     0x5eb66e3c208c - <alloc[2e1b2a31b91974c5]::vec::Vec<u8> as core[a373ad73a504971]::io::write::Write>::write_fmt
[INFO] [stdout]    3:     0x5eb66e398d36 - std[617be2ca0a6fd877]::panicking::default_hook::{closure#0}
[INFO] [stdout]    4:     0x5eb66e3b5a79 - std[617be2ca0a6fd877]::panicking::default_hook
[INFO] [stdout]    5:     0x5eb66e2705d0 - test[aada8e7e76ba119b]::test_main_inner::{closure#0}
[INFO] [stdout]    6:     0x5eb66e3b5c32 - std[617be2ca0a6fd877]::panicking::panic_with_hook
[INFO] [stdout]    7:     0x5eb66e398de2 - std[617be2ca0a6fd877]::panicking::panic_handler::{closure#0}
[INFO] [stdout]    8:     0x5eb66e3919a9 - std[617be2ca0a6fd877]::sys::backtrace::__rust_end_short_backtrace::<std[617be2ca0a6fd877]::panicking::panic_handler::{closure#0}, !>
[INFO] [stdout]    9:     0x5eb66e3999ed - __rustc[ea4f61d10b84890b]::rust_begin_unwind
[INFO] [stdout]   10:     0x5eb66e3d506c - core[a373ad73a504971]::panicking::panic_fmt
[INFO] [stdout]   11:     0x5eb66e3d4e42 - core[a373ad73a504971]::result::unwrap_failed
[INFO] [stdout]   12:     0x5eb66e1e073e - <ledb[1893c867751c2d91]::tests::find_or::{closure#0} as core[a373ad73a504971]::ops::function::FnOnce<()>>::call_once
[INFO] [stdout]   13:     0x5eb66e263a1b - test[aada8e7e76ba119b]::__rust_begin_short_backtrace::<core[a373ad73a504971]::result::Result<(), alloc[2e1b2a31b91974c5]::string::String>, fn() -> core[a373ad73a504971]::result::Result<(), alloc[2e1b2a31b91974c5]::string::String>>
[INFO] [stdout]   14:     0x5eb66e270bf5 - test[aada8e7e76ba119b]::run_test::{closure#0}
[INFO] [stdout]   15:     0x5eb66e26a4e4 - std[617be2ca0a6fd877]::sys::backtrace::__rust_begin_short_backtrace::<test[aada8e7e76ba119b]::run_test::{closure#1}, ()>
[INFO] [stdout]   16:     0x5eb66e273c82 - <std[617be2ca0a6fd877]::thread::lifecycle::spawn_unchecked<test[aada8e7e76ba119b]::run_test::{closure#1}, ()>::{closure#1} as core[a373ad73a504971]::ops::function::FnOnce<()>>::call_once::{shim:vtable#0}
[INFO] [stdout]   17:     0x5eb66e3bd3bf - <std[617be2ca0a6fd877]::sys::thread::unix::Thread>::new::thread_start
[INFO] [stdout]   18:     0x732abfcbbdfa - <unknown>
[INFO] [stdout]   19:     0x732abfd4f3d4 - clone
[INFO] [stdout]   20:                0x0 - <unknown>
[INFO] [stdout] 
[INFO] [stdout] ---- tests::get_by_primary stdout ----
[INFO] [stdout] 
[INFO] [stdout] thread 'tests::get_by_primary' (603) panicked at src/lib.rs:488:32:
[INFO] [stdout] called `Result::unwrap()` on an `Err` value: IoError(Os { code: 30, kind: ReadOnlyFilesystem, message: "Read-only file system" })
[INFO] [stdout] stack backtrace:
[INFO] [stdout]    0:     0x5eb66e3bdb61 - <<std[617be2ca0a6fd877]::sys::backtrace::BacktraceLock>::print::DisplayBacktrace as core[a373ad73a504971]::fmt::Display>::fmt
[INFO] [stdout]    1:     0x5eb66e3d488a - core[a373ad73a504971]::fmt::write
[INFO] [stdout]    2:     0x5eb66e3c208c - <alloc[2e1b2a31b91974c5]::vec::Vec<u8> as core[a373ad73a504971]::io::write::Write>::write_fmt
[INFO] [stdout]    3:     0x5eb66e398d36 - std[617be2ca0a6fd877]::panicking::default_hook::{closure#0}
[INFO] [stdout]    4:     0x5eb66e3b5a79 - std[617be2ca0a6fd877]::panicking::default_hook
[INFO] [stdout]    5:     0x5eb66e2705d0 - test[aada8e7e76ba119b]::test_main_inner::{closure#0}
[INFO] [stdout]    6:     0x5eb66e3b5c32 - std[617be2ca0a6fd877]::panicking::panic_with_hook
[INFO] [stdout]    7:     0x5eb66e398de2 - std[617be2ca0a6fd877]::panicking::panic_handler::{closure#0}
[INFO] [stdout]    8:     0x5eb66e3919a9 - std[617be2ca0a6fd877]::sys::backtrace::__rust_end_short_backtrace::<std[617be2ca0a6fd877]::panicking::panic_handler::{closure#0}, !>
[INFO] [stdout]    9:     0x5eb66e3999ed - __rustc[ea4f61d10b84890b]::rust_begin_unwind
[INFO] [stdout]   10:     0x5eb66e3d506c - core[a373ad73a504971]::panicking::panic_fmt
[INFO] [stdout]   11:     0x5eb66e3d4e42 - core[a373ad73a504971]::result::unwrap_failed
[INFO] [stdout]   12:     0x5eb66e1db2ff - <ledb[1893c867751c2d91]::tests::get_by_primary::{closure#0} as core[a373ad73a504971]::ops::function::FnOnce<()>>::call_once
[INFO] [stdout]   13:     0x5eb66e263a1b - test[aada8e7e76ba119b]::__rust_begin_short_backtrace::<core[a373ad73a504971]::result::Result<(), alloc[2e1b2a31b91974c5]::string::String>, fn() -> core[a373ad73a504971]::result::Result<(), alloc[2e1b2a31b91974c5]::string::String>>
[INFO] [stdout]   14:     0x5eb66e270bf5 - test[aada8e7e76ba119b]::run_test::{closure#0}
[INFO] [stdout]   15:     0x5eb66e26a4e4 - std[617be2ca0a6fd877]::sys::backtrace::__rust_begin_short_backtrace::<test[aada8e7e76ba119b]::run_test::{closure#1}, ()>
[INFO] [stdout]   16:     0x5eb66e273c82 - <std[617be2ca0a6fd877]::thread::lifecycle::spawn_unchecked<test[aada8e7e76ba119b]::run_test::{closure#1}, ()>::{closure#1} as core[a373ad73a504971]::ops::function::FnOnce<()>>::call_once::{shim:vtable#0}
[INFO] [stdout]   17:     0x5eb66e3bd3bf - <std[617be2ca0a6fd877]::sys::thread::unix::Thread>::new::thread_start
[INFO] [stdout]   18:     0x732abfcbbdfa - <unknown>
[INFO] [stdout]   19:     0x732abfd4f3d4 - clone
[INFO] [stdout]   20:                0x0 - <unknown>
[INFO] [stdout] 
[INFO] [stdout] ---- tests::find_int_le stdout ----
[INFO] [stdout] 
[INFO] [stdout] thread 'tests::find_int_le' (598) panicked at src/lib.rs:716:40:
[INFO] [stdout] called `Result::unwrap()` on an `Err` value: IoError(Os { code: 30, kind: ReadOnlyFilesystem, message: "Read-only file system" })
[INFO] [stdout] stack backtrace:
[INFO] [stdout]    0:     0x5eb66e3bdb61 - <<std[617be2ca0a6fd877]::sys::backtrace::BacktraceLock>::print::DisplayBacktrace as core[a373ad73a504971]::fmt::Display>::fmt
[INFO] [stdout]    1:     0x5eb66e3d488a - core[a373ad73a504971]::fmt::write
[INFO] [stdout]    2:     0x5eb66e3c208c - <alloc[2e1b2a31b91974c5]::vec::Vec<u8> as core[a373ad73a504971]::io::write::Write>::write_fmt
[INFO] [stdout]    3:     0x5eb66e398d36 - std[617be2ca0a6fd877]::panicking::default_hook::{closure#0}
[INFO] [stdout]    4:     0x5eb66e3b5a79 - std[617be2ca0a6fd877]::panicking::default_hook
[INFO] [stdout]    5:     0x5eb66e2705d0 - test[aada8e7e76ba119b]::test_main_inner::{closure#0}
[INFO] [stdout]    6:     0x5eb66e3b5c32 - std[617be2ca0a6fd877]::panicking::panic_with_hook
[INFO] [stdout]    7:     0x5eb66e398de2 - std[617be2ca0a6fd877]::panicking::panic_handler::{closure#0}
[INFO] [stdout]    8:     0x5eb66e3919a9 - std[617be2ca0a6fd877]::sys::backtrace::__rust_end_short_backtrace::<std[617be2ca0a6fd877]::panicking::panic_handler::{closure#0}, !>
[INFO] [stdout]    9:     0x5eb66e3999ed - __rustc[ea4f61d10b84890b]::rust_begin_unwind
[INFO] [stdout]   10:     0x5eb66e3d506c - core[a373ad73a504971]::panicking::panic_fmt
[INFO] [stdout]   11:     0x5eb66e3d4e42 - core[a373ad73a504971]::result::unwrap_failed
[INFO] [stdout]   12:     0x5eb66e1d68d5 - <ledb[1893c867751c2d91]::tests::find_int_le::{closure#0} as core[a373ad73a504971]::ops::function::FnOnce<()>>::call_once
[INFO] [stdout]   13:     0x5eb66e263a1b - test[aada8e7e76ba119b]::__rust_begin_short_backtrace::<core[a373ad73a504971]::result::Result<(), alloc[2e1b2a31b91974c5]::string::String>, fn() -> core[a373ad73a504971]::result::Result<(), alloc[2e1b2a31b91974c5]::string::String>>
[INFO] [stdout]   14:     0x5eb66e270bf5 - test[aada8e7e76ba119b]::run_test::{closure#0}
[INFO] [stdout]   15:     0x5eb66e26a4e4 - std[617be2ca0a6fd877]::sys::backtrace::__rust_begin_short_backtrace::<test[aada8e7e76ba119b]::run_test::{closure#1}, ()>
[INFO] [stdout]   16:     0x5eb66e273c82 - <std[617be2ca0a6fd877]::thread::lifecycle::spawn_unchecked<test[aada8e7e76ba119b]::run_test::{closure#1}, ()>::{closure#1} as core[a373ad73a504971]::ops::function::FnOnce<()>>::call_once::{shim:vtable#0}
[INFO] [stdout]   17:     0x5eb66e3bd3bf - <std[617be2ca0a6fd877]::sys::thread::unix::Thread>::new::thread_start
[INFO] [stdout]   18:     0x732abfcbbdfa - <unknown>
[INFO] [stdout]   19:     0x732abfd4f3d4 - clone
[INFO] [stdout]   20:                0x0 - <unknown>
[INFO] [stdout] 
[INFO] [stdout] ---- tests::index_after_insert stdout ----
[INFO] [stdout] 
[INFO] [stdout] thread 'tests::index_after_insert' (604) panicked at src/lib.rs:519:47:
[INFO] [stdout] called `Result::unwrap()` on an `Err` value: IoError(Os { code: 30, kind: ReadOnlyFilesystem, message: "Read-only file system" })
[INFO] [stdout] stack backtrace:
[INFO] [stdout]    0:     0x5eb66e3bdb61 - <<std[617be2ca0a6fd877]::sys::backtrace::BacktraceLock>::print::DisplayBacktrace as core[a373ad73a504971]::fmt::Display>::fmt
[INFO] [stdout]    1:     0x5eb66e3d488a - core[a373ad73a504971]::fmt::write
[INFO] [stdout]    2:     0x5eb66e3c208c - <alloc[2e1b2a31b91974c5]::vec::Vec<u8> as core[a373ad73a504971]::io::write::Write>::write_fmt
[INFO] [stdout]    3:     0x5eb66e398d36 - std[617be2ca0a6fd877]::panicking::default_hook::{closure#0}
[INFO] [stdout]    4:     0x5eb66e3b5a79 - std[617be2ca0a6fd877]::panicking::default_hook
[INFO] [stdout]    5:     0x5eb66e2705d0 - test[aada8e7e76ba119b]::test_main_inner::{closure#0}
[INFO] [stdout]    6:     0x5eb66e3b5c32 - std[617be2ca0a6fd877]::panicking::panic_with_hook
[INFO] [stdout]    7:     0x5eb66e398de2 - std[617be2ca0a6fd877]::panicking::panic_handler::{closure#0}
[INFO] [stdout]    8:     0x5eb66e3919a9 - std[617be2ca0a6fd877]::sys::backtrace::__rust_end_short_backtrace::<std[617be2ca0a6fd877]::panicking::panic_handler::{closure#0}, !>
[INFO] [stdout]    9:     0x5eb66e3999ed - __rustc[ea4f61d10b84890b]::rust_begin_unwind
[INFO] [stdout]   10:     0x5eb66e3d506c - core[a373ad73a504971]::panicking::panic_fmt
[INFO] [stdout]   11:     0x5eb66e3d4e42 - core[a373ad73a504971]::result::unwrap_failed
[INFO] [stdout]   12:     0x5eb66e1deef4 - <ledb[1893c867751c2d91]::tests::index_after_insert::{closure#0} as core[a373ad73a504971]::ops::function::FnOnce<()>>::call_once
[INFO] [stdout]   13:     0x5eb66e263a1b - test[aada8e7e76ba119b]::__rust_begin_short_backtrace::<core[a373ad73a504971]::result::Result<(), alloc[2e1b2a31b91974c5]::string::String>, fn() -> core[a373ad73a504971]::result::Result<(), alloc[2e1b2a31b91974c5]::string::String>>
[INFO] [stdout]   14:     0x5eb66e270bf5 - test[aada8e7e76ba119b]::run_test::{closure#0}
[INFO] [stdout]   15:     0x5eb66e26a4e4 - std[617be2ca0a6fd877]::sys::backtrace::__rust_begin_short_backtrace::<test[aada8e7e76ba119b]::run_test::{closure#1}, ()>
[INFO] [stdout]   16:     0x5eb66e273c82 - <std[617be2ca0a6fd877]::thread::lifecycle::spawn_unchecked<test[aada8e7e76ba119b]::run_test::{closure#1}, ()>::{closure#1} as core[a373ad73a504971]::ops::function::FnOnce<()>>::call_once::{shim:vtable#0}
[INFO] [stdout]   17:     0x5eb66e3bd3bf - <std[617be2ca0a6fd877]::sys::thread::unix::Thread>::new::thread_start
[INFO] [stdout]   18:     0x732abfcbbdfa - <unknown>
[INFO] [stdout]   19:     0x732abfd4f3d4 - clone
[INFO] [stdout]   20:                0x0 - <unknown>
[INFO] [stdout] 
[INFO] [stdout] ---- tests::find_int_lt stdout ----
[INFO] [stdout] 
[INFO] [stdout] thread 'tests::find_int_lt' (599) panicked at src/lib.rs:704:40:
[INFO] [stdout] called `Result::unwrap()` on an `Err` value: IoError(Os { code: 30, kind: ReadOnlyFilesystem, message: "Read-only file system" })
[INFO] [stdout] stack backtrace:
[INFO] [stdout]    0:     0x5eb66e3bdb61 - <<std[617be2ca0a6fd877]::sys::backtrace::BacktraceLock>::print::DisplayBacktrace as core[a373ad73a504971]::fmt::Display>::fmt
[INFO] [stdout]    1:     0x5eb66e3d488a - core[a373ad73a504971]::fmt::write
[INFO] [stdout]    2:     0x5eb66e3c208c - <alloc[2e1b2a31b91974c5]::vec::Vec<u8> as core[a373ad73a504971]::io::write::Write>::write_fmt
[INFO] [stdout]    3:     0x5eb66e398d36 - std[617be2ca0a6fd877]::panicking::default_hook::{closure#0}
[INFO] [stdout]    4:     0x5eb66e3b5a79 - std[617be2ca0a6fd877]::panicking::default_hook
[INFO] [stdout]    5:     0x5eb66e2705d0 - test[aada8e7e76ba119b]::test_main_inner::{closure#0}
[INFO] [stdout]    6:     0x5eb66e3b5c32 - std[617be2ca0a6fd877]::panicking::panic_with_hook
[INFO] [stdout]    7:     0x5eb66e398de2 - std[617be2ca0a6fd877]::panicking::panic_handler::{closure#0}
[INFO] [stdout]    8:     0x5eb66e3919a9 - std[617be2ca0a6fd877]::sys::backtrace::__rust_end_short_backtrace::<std[617be2ca0a6fd877]::panicking::panic_handler::{closure#0}, !>
[INFO] [stdout]    9:     0x5eb66e3999ed - __rustc[ea4f61d10b84890b]::rust_begin_unwind
[INFO] [stdout]   10:     0x5eb66e3d506c - core[a373ad73a504971]::panicking::panic_fmt
[INFO] [stdout]   11:     0x5eb66e3d4e42 - core[a373ad73a504971]::result::unwrap_failed
[INFO] [stdout]   12:     0x5eb66e1d6fcd - <ledb[1893c867751c2d91]::tests::find_int_lt::{closure#0} as core[a373ad73a504971]::ops::function::FnOnce<()>>::call_once
[INFO] [stdout]   13:     0x5eb66e263a1b - test[aada8e7e76ba119b]::__rust_begin_short_backtrace::<core[a373ad73a504971]::result::Result<(), alloc[2e1b2a31b91974c5]::string::String>, fn() -> core[a373ad73a504971]::result::Result<(), alloc[2e1b2a31b91974c5]::string::String>>
[INFO] [stdout]   14:     0x5eb66e270bf5 - test[aada8e7e76ba119b]::run_test::{closure#0}
[INFO] [stdout]   15:     0x5eb66e26a4e4 - std[617be2ca0a6fd877]::sys::backtrace::__rust_begin_short_backtrace::<test[aada8e7e76ba119b]::run_test::{closure#1}, ()>
[INFO] [stdout]   16:     0x5eb66e273c82 - <std[617be2ca0a6fd877]::thread::lifecycle::spawn_unchecked<test[aada8e7e76ba119b]::run_test::{closure#1}, ()>::{closure#1} as core[a373ad73a504971]::ops::function::FnOnce<()>>::call_once::{shim:vtable#0}
[INFO] [stdout]   17:     0x5eb66e3bd3bf - <std[617be2ca0a6fd877]::sys::thread::unix::Thread>::new::thread_start
[INFO] [stdout]   18:     0x732abfcbbdfa - <unknown>
[INFO] [stdout]   19:     0x732abfd4f3d4 - clone
[INFO] [stdout]   20:                0x0 - <unknown>
[INFO] [stdout] 
[INFO] [stdout] ---- tests::find_int_eq stdout ----
[INFO] [stdout] 
[INFO] [stdout] thread 'tests::find_int_eq' (594) panicked at src/lib.rs:615:40:
[INFO] [stdout] called `Result::unwrap()` on an `Err` value: IoError(Os { code: 30, kind: ReadOnlyFilesystem, message: "Read-only file system" })
[INFO] [stdout] stack backtrace:
[INFO] [stdout]    0:     0x5eb66e3bdb61 - <<std[617be2ca0a6fd877]::sys::backtrace::BacktraceLock>::print::DisplayBacktrace as core[a373ad73a504971]::fmt::Display>::fmt
[INFO] [stdout]    1:     0x5eb66e3d488a - core[a373ad73a504971]::fmt::write
[INFO] [stdout]    2:     0x5eb66e3c208c - <alloc[2e1b2a31b91974c5]::vec::Vec<u8> as core[a373ad73a504971]::io::write::Write>::write_fmt
[INFO] [stdout]    3:     0x5eb66e398d36 - std[617be2ca0a6fd877]::panicking::default_hook::{closure#0}
[INFO] [stdout]    4:     0x5eb66e3b5a79 - std[617be2ca0a6fd877]::panicking::default_hook
[INFO] [stdout]    5:     0x5eb66e2705d0 - test[aada8e7e76ba119b]::test_main_inner::{closure#0}
[INFO] [stdout]    6:     0x5eb66e3b5c32 - std[617be2ca0a6fd877]::panicking::panic_with_hook
[INFO] [stdout]    7:     0x5eb66e398de2 - std[617be2ca0a6fd877]::panicking::panic_handler::{closure#0}
[INFO] [stdout]    8:     0x5eb66e3919a9 - std[617be2ca0a6fd877]::sys::backtrace::__rust_end_short_backtrace::<std[617be2ca0a6fd877]::panicking::panic_handler::{closure#0}, !>
[INFO] [stdout]    9:     0x5eb66e3999ed - __rustc[ea4f61d10b84890b]::rust_begin_unwind
[INFO] [stdout]   10:     0x5eb66e3d506c - core[a373ad73a504971]::panicking::panic_fmt
[INFO] [stdout]   11:     0x5eb66e3d4e42 - core[a373ad73a504971]::result::unwrap_failed
[INFO] [stdout]   12:     0x5eb66e1d46b0 - <ledb[1893c867751c2d91]::tests::find_int_eq::{closure#0} as core[a373ad73a504971]::ops::function::FnOnce<()>>::call_once
[INFO] [stdout]   13:     0x5eb66e263a1b - test[aada8e7e76ba119b]::__rust_begin_short_backtrace::<core[a373ad73a504971]::result::Result<(), alloc[2e1b2a31b91974c5]::string::String>, fn() -> core[a373ad73a504971]::result::Result<(), alloc[2e1b2a31b91974c5]::string::String>>
[INFO] [stdout]   14:     0x5eb66e270bf5 - test[aada8e7e76ba119b]::run_test::{closure#0}
[INFO] [stdout]   15:     0x5eb66e26a4e4 - std[617be2ca0a6fd877]::sys::backtrace::__rust_begin_short_backtrace::<test[aada8e7e76ba119b]::run_test::{closure#1}, ()>
[INFO] [stdout]   16:     0x5eb66e273c82 - <std[617be2ca0a6fd877]::thread::lifecycle::spawn_unchecked<test[aada8e7e76ba119b]::run_test::{closure#1}, ()>::{closure#1} as core[a373ad73a504971]::ops::function::FnOnce<()>>::call_once::{shim:vtable#0}
[INFO] [stdout]   17:     0x5eb66e3bd3bf - <std[617be2ca0a6fd877]::sys::thread::unix::Thread>::new::thread_start
[INFO] [stdout]   18:     0x732abfcbbdfa - <unknown>
[INFO] [stdout]   19:     0x732abfd4f3d4 - clone
[INFO] [stdout]   20:                0x0 - <unknown>
[INFO] [stdout] 
[INFO] [stdout] ---- tests::order_by_unique stdout ----
[INFO] [stdout] 
[INFO] [stdout] thread 'tests::order_by_unique' (608) panicked at src/lib.rs:570:44:
[INFO] [stdout] called `Result::unwrap()` on an `Err` value: IoError(Os { code: 30, kind: ReadOnlyFilesystem, message: "Read-only file system" })
[INFO] [stdout] stack backtrace:
[INFO] [stdout]    0:     0x5eb66e3bdb61 - <<std[617be2ca0a6fd877]::sys::backtrace::BacktraceLock>::print::DisplayBacktrace as core[a373ad73a504971]::fmt::Display>::fmt
[INFO] [stdout]    1:     0x5eb66e3d488a - core[a373ad73a504971]::fmt::write
[INFO] [stdout]    2:     0x5eb66e3c208c - <alloc[2e1b2a31b91974c5]::vec::Vec<u8> as core[a373ad73a504971]::io::write::Write>::write_fmt
[INFO] [stdout]    3:     0x5eb66e398d36 - std[617be2ca0a6fd877]::panicking::default_hook::{closure#0}
[INFO] [stdout]    4:     0x5eb66e3b5a79 - std[617be2ca0a6fd877]::panicking::default_hook
[INFO] [stdout]    5:     0x5eb66e2705d0 - test[aada8e7e76ba119b]::test_main_inner::{closure#0}
[INFO] [stdout]    6:     0x5eb66e3b5c32 - std[617be2ca0a6fd877]::panicking::panic_with_hook
[INFO] [stdout]    7:     0x5eb66e398de2 - std[617be2ca0a6fd877]::panicking::panic_handler::{closure#0}
[INFO] [stdout]    8:     0x5eb66e3919a9 - std[617be2ca0a6fd877]::sys::backtrace::__rust_end_short_backtrace::<std[617be2ca0a6fd877]::panicking::panic_handler::{closure#0}, !>
[INFO] [stdout]    9:     0x5eb66e3999ed - __rustc[ea4f61d10b84890b]::rust_begin_unwind
[INFO] [stdout]   10:     0x5eb66e3d506c - core[a373ad73a504971]::panicking::panic_fmt
[INFO] [stdout]   11:     0x5eb66e3d4e42 - core[a373ad73a504971]::result::unwrap_failed
[INFO] [stdout]   12:     0x5eb66e1dbaa7 - <ledb[1893c867751c2d91]::tests::order_by_unique::{closure#0} as core[a373ad73a504971]::ops::function::FnOnce<()>>::call_once
[INFO] [stdout]   13:     0x5eb66e263a1b - test[aada8e7e76ba119b]::__rust_begin_short_backtrace::<core[a373ad73a504971]::result::Result<(), alloc[2e1b2a31b91974c5]::string::String>, fn() -> core[a373ad73a504971]::result::Result<(), alloc[2e1b2a31b91974c5]::string::String>>
[INFO] [stdout]   14:     0x5eb66e270bf5 - test[aada8e7e76ba119b]::run_test::{closure#0}
[INFO] [stdout]   15:     0x5eb66e26a4e4 - std[617be2ca0a6fd877]::sys::backtrace::__rust_begin_short_backtrace::<test[aada8e7e76ba119b]::run_test::{closure#1}, ()>
[INFO] [stdout]   16:     0x5eb66e273c82 - <std[617be2ca0a6fd877]::thread::lifecycle::spawn_unchecked<test[aada8e7e76ba119b]::run_test::{closure#1}, ()>::{closure#1} as core[a373ad73a504971]::ops::function::FnOnce<()>>::call_once::{shim:vtable#0}
[INFO] [stdout]   17:     0x5eb66e3bd3bf - <std[617be2ca0a6fd877]::sys::thread::unix::Thread>::new::thread_start
[INFO] [stdout]   18:     0x732abfcbbdfa - <unknown>
[INFO] [stdout]   19:     0x732abfd4f3d4 - clone
[INFO] [stdout]   20:                0x0 - <unknown>
[INFO] [stdout] 
[INFO] [stdout] ---- tests::order_by_primary stdout ----
[INFO] [stdout] 
[INFO] [stdout] thread 'tests::order_by_primary' (607) panicked at src/lib.rs:558:45:
[INFO] [stdout] called `Result::unwrap()` on an `Err` value: IoError(Os { code: 30, kind: ReadOnlyFilesystem, message: "Read-only file system" })
[INFO] [stdout] stack backtrace:
[INFO] [stdout]    0:     0x5eb66e3bdb61 - <<std[617be2ca0a6fd877]::sys::backtrace::BacktraceLock>::print::DisplayBacktrace as core[a373ad73a504971]::fmt::Display>::fmt
[INFO] [stdout]    1:     0x5eb66e3d488a - core[a373ad73a504971]::fmt::write
[INFO] [stdout]    2:     0x5eb66e3c208c - <alloc[2e1b2a31b91974c5]::vec::Vec<u8> as core[a373ad73a504971]::io::write::Write>::write_fmt
[INFO] [stdout]    3:     0x5eb66e398d36 - std[617be2ca0a6fd877]::panicking::default_hook::{closure#0}
[INFO] [stdout]    4:     0x5eb66e3b5a79 - std[617be2ca0a6fd877]::panicking::default_hook
[INFO] [stdout]    5:     0x5eb66e2705d0 - test[aada8e7e76ba119b]::test_main_inner::{closure#0}
[INFO] [stdout]    6:     0x5eb66e3b5c32 - std[617be2ca0a6fd877]::panicking::panic_with_hook
[INFO] [stdout]    7:     0x5eb66e398de2 - std[617be2ca0a6fd877]::panicking::panic_handler::{closure#0}
[INFO] [stdout]    8:     0x5eb66e3919a9 - std[617be2ca0a6fd877]::sys::backtrace::__rust_end_short_backtrace::<std[617be2ca0a6fd877]::panicking::panic_handler::{closure#0}, !>
[INFO] [stdout]    9:     0x5eb66e3999ed - __rustc[ea4f61d10b84890b]::rust_begin_unwind
[INFO] [stdout]   10:     0x5eb66e3d506c - core[a373ad73a504971]::panicking::panic_fmt
[INFO] [stdout]   11:     0x5eb66e3d4e42 - core[a373ad73a504971]::result::unwrap_failed
[INFO] [stdout]   12:     0x5eb66e1dd10c - <ledb[1893c867751c2d91]::tests::order_by_primary::{closure#0} as core[a373ad73a504971]::ops::function::FnOnce<()>>::call_once
[INFO] [stdout]   13:     0x5eb66e263a1b - test[aada8e7e76ba119b]::__rust_begin_short_backtrace::<core[a373ad73a504971]::result::Result<(), alloc[2e1b2a31b91974c5]::string::String>, fn() -> core[a373ad73a504971]::result::Result<(), alloc[2e1b2a31b91974c5]::string::String>>
[INFO] [stdout]   14:     0x5eb66e270bf5 - test[aada8e7e76ba119b]::run_test::{closure#0}
[INFO] [stdout]   15:     0x5eb66e26a4e4 - std[617be2ca0a6fd877]::sys::backtrace::__rust_begin_short_backtrace::<test[aada8e7e76ba119b]::run_test::{closure#1}, ()>
[INFO] [stdout]   16:     0x5eb66e273c82 - <std[617be2ca0a6fd877]::thread::lifecycle::spawn_unchecked<test[aada8e7e76ba119b]::run_test::{closure#1}, ()>::{closure#1} as core[a373ad73a504971]::ops::function::FnOnce<()>>::call_once::{shim:vtable#0}
[INFO] [stdout]   17:     0x5eb66e3bd3bf - <std[617be2ca0a6fd877]::sys::thread::unix::Thread>::new::thread_start
[INFO] [stdout]   18:     0x732abfcbbdfa - <unknown>
[INFO] [stdout]   19:     0x732abfd4f3d4 - clone
[INFO] [stdout]   20:                0x0 - <unknown>
[INFO] [stdout] 
[INFO] [stdout] ---- tests::remove_eq_str stdout ----
[INFO] [stdout] 
[INFO] [stdout] thread 'tests::remove_eq_str' (609) panicked at src/lib.rs:764:42:
[INFO] [stdout] called `Result::unwrap()` on an `Err` value: IoError(Os { code: 30, kind: ReadOnlyFilesystem, message: "Read-only file system" })
[INFO] [stdout] stack backtrace:
[INFO] [stdout]    0:     0x5eb66e3bdb61 - <<std[617be2ca0a6fd877]::sys::backtrace::BacktraceLock>::print::DisplayBacktrace as core[a373ad73a504971]::fmt::Display>::fmt
[INFO] [stdout]    1:     0x5eb66e3d488a - core[a373ad73a504971]::fmt::write
[INFO] [stdout]    2:     0x5eb66e3c208c - <alloc[2e1b2a31b91974c5]::vec::Vec<u8> as core[a373ad73a504971]::io::write::Write>::write_fmt
[INFO] [stdout]    3:     0x5eb66e398d36 - std[617be2ca0a6fd877]::panicking::default_hook::{closure#0}
[INFO] [stdout]    4:     0x5eb66e3b5a79 - std[617be2ca0a6fd877]::panicking::default_hook
[INFO] [stdout]    5:     0x5eb66e2705d0 - test[aada8e7e76ba119b]::test_main_inner::{closure#0}
[INFO] [stdout]    6:     0x5eb66e3b5c32 - std[617be2ca0a6fd877]::panicking::panic_with_hook
[INFO] [stdout]    7:     0x5eb66e398de2 - std[617be2ca0a6fd877]::panicking::panic_handler::{closure#0}
[INFO] [stdout]    8:     0x5eb66e3919a9 - std[617be2ca0a6fd877]::sys::backtrace::__rust_end_short_backtrace::<std[617be2ca0a6fd877]::panicking::panic_handler::{closure#0}, !>
[INFO] [stdout]    9:     0x5eb66e3999ed - __rustc[ea4f61d10b84890b]::rust_begin_unwind
[INFO] [stdout]   10:     0x5eb66e3d506c - core[a373ad73a504971]::panicking::panic_fmt
[INFO] [stdout]   11:     0x5eb66e3d4e42 - core[a373ad73a504971]::result::unwrap_failed
[INFO] [stdout]   12:     0x5eb66e1d81a7 - <ledb[1893c867751c2d91]::tests::remove_eq_str::{closure#0} as core[a373ad73a504971]::ops::function::FnOnce<()>>::call_once
[INFO] [stdout]   13:     0x5eb66e263a1b - test[aada8e7e76ba119b]::__rust_begin_short_backtrace::<core[a373ad73a504971]::result::Result<(), alloc[2e1b2a31b91974c5]::string::String>, fn() -> core[a373ad73a504971]::result::Result<(), alloc[2e1b2a31b91974c5]::string::String>>
[INFO] [stdout]   14:     0x5eb66e270bf5 - test[aada8e7e76ba119b]::run_test::{closure#0}
[INFO] [stdout]   15:     0x5eb66e26a4e4 - std[617be2ca0a6fd877]::sys::backtrace::__rust_begin_short_backtrace::<test[aada8e7e76ba119b]::run_test::{closure#1}, ()>
[INFO] [stdout]   16:     0x5eb66e273c82 - <std[617be2ca0a6fd877]::thread::lifecycle::spawn_unchecked<test[aada8e7e76ba119b]::run_test::{closure#1}, ()>::{closure#1} as core[a373ad73a504971]::ops::function::FnOnce<()>>::call_once::{shim:vtable#0}
[INFO] [stdout]   17:     0x5eb66e3bd3bf - <std[617be2ca0a6fd877]::sys::thread::unix::Thread>::new::thread_start
[INFO] [stdout]   18:     0x732abfcbbdfa - <unknown>
[INFO] [stdout]   19:     0x732abfd4f3d4 - clone
[INFO] [stdout]   20:                0x0 - <unknown>
[INFO] [stdout] 
[INFO] [stdout] ---- tests::remove_ge_int stdout ----
[INFO] [stdout] 
[INFO] [stdout] thread 'tests::remove_ge_int' (610) panicked at src/lib.rs:778:42:
[INFO] [stdout] called `Result::unwrap()` on an `Err` value: IoError(Os { code: 30, kind: ReadOnlyFilesystem, message: "Read-only file system" })
[INFO] [stdout] stack backtrace:
[INFO] [stdout]    0:     0x5eb66e3bdb61 - <<std[617be2ca0a6fd877]::sys::backtrace::BacktraceLock>::print::DisplayBacktrace as core[a373ad73a504971]::fmt::Display>::fmt
[INFO] [stdout]    1:     0x5eb66e3d488a - core[a373ad73a504971]::fmt::write
[INFO] [stdout]    2:     0x5eb66e3c208c - <alloc[2e1b2a31b91974c5]::vec::Vec<u8> as core[a373ad73a504971]::io::write::Write>::write_fmt
[INFO] [stdout]    3:     0x5eb66e398d36 - std[617be2ca0a6fd877]::panicking::default_hook::{closure#0}
[INFO] [stdout]    4:     0x5eb66e3b5a79 - std[617be2ca0a6fd877]::panicking::default_hook
[INFO] [stdout]    5:     0x5eb66e2705d0 - test[aada8e7e76ba119b]::test_main_inner::{closure#0}
[INFO] [stdout]    6:     0x5eb66e3b5c32 - std[617be2ca0a6fd877]::panicking::panic_with_hook
[INFO] [stdout]    7:     0x5eb66e398de2 - std[617be2ca0a6fd877]::panicking::panic_handler::{closure#0}
[INFO] [stdout]    8:     0x5eb66e3919a9 - std[617be2ca0a6fd877]::sys::backtrace::__rust_end_short_backtrace::<std[617be2ca0a6fd877]::panicking::panic_handler::{closure#0}, !>
[INFO] [stdout]    9:     0x5eb66e3999ed - __rustc[ea4f61d10b84890b]::rust_begin_unwind
[INFO] [stdout]   10:     0x5eb66e3d506c - core[a373ad73a504971]::panicking::panic_fmt
[INFO] [stdout]   11:     0x5eb66e3d4e42 - core[a373ad73a504971]::result::unwrap_failed
[INFO] [stdout]   12:     0x5eb66e1d8ae0 - <ledb[1893c867751c2d91]::tests::remove_ge_int::{closure#0} as core[a373ad73a504971]::ops::function::FnOnce<()>>::call_once
[INFO] [stdout]   13:     0x5eb66e263a1b - test[aada8e7e76ba119b]::__rust_begin_short_backtrace::<core[a373ad73a504971]::result::Result<(), alloc[2e1b2a31b91974c5]::string::String>, fn() -> core[a373ad73a504971]::result::Result<(), alloc[2e1b2a31b91974c5]::string::String>>
[INFO] [stdout]   14:     0x5eb66e270bf5 - test[aada8e7e76ba119b]::run_test::{closure#0}
[INFO] [stdout]   15:     0x5eb66e26a4e4 - std[617be2ca0a6fd877]::sys::backtrace::__rust_begin_short_backtrace::<test[aada8e7e76ba119b]::run_test::{closure#1}, ()>
[INFO] [stdout]   16:     0x5eb66e273c82 - <std[617be2ca0a6fd877]::thread::lifecycle::spawn_unchecked<test[aada8e7e76ba119b]::run_test::{closure#1}, ()>::{closure#1} as core[a373ad73a504971]::ops::function::FnOnce<()>>::call_once::{shim:vtable#0}
[INFO] [stdout]   17:     0x5eb66e3bd3bf - <std[617be2ca0a6fd877]::sys::thread::unix::Thread>::new::thread_start
[INFO] [stdout]   18:     0x732abfcbbdfa - <unknown>
[INFO] [stdout]   19:     0x732abfd4f3d4 - clone
[INFO] [stdout]   20:                0x0 - <unknown>
[INFO] [stdout] 
[INFO] [stdout] ---- tests::find_string_eq stdout ----
[INFO] [stdout] 
[INFO] [stdout] thread 'tests::find_string_eq' (601) panicked at src/lib.rs:583:43:
[INFO] [stdout] called `Result::unwrap()` on an `Err` value: IoError(Os { code: 30, kind: ReadOnlyFilesystem, message: "Read-only file system" })
[INFO] [stdout] stack backtrace:
[INFO] [stdout]    0:     0x5eb66e3bdb61 - <<std[617be2ca0a6fd877]::sys::backtrace::BacktraceLock>::print::DisplayBacktrace as core[a373ad73a504971]::fmt::Display>::fmt
[INFO] [stdout]    1:     0x5eb66e3d488a - core[a373ad73a504971]::fmt::write
[INFO] [stdout]    2:     0x5eb66e3c208c - <alloc[2e1b2a31b91974c5]::vec::Vec<u8> as core[a373ad73a504971]::io::write::Write>::write_fmt
[INFO] [stdout]    3:     0x5eb66e398d36 - std[617be2ca0a6fd877]::panicking::default_hook::{closure#0}
[INFO] [stdout]    4:     0x5eb66e3b5a79 - std[617be2ca0a6fd877]::panicking::default_hook
[INFO] [stdout]    5:     0x5eb66e2705d0 - test[aada8e7e76ba119b]::test_main_inner::{closure#0}
[INFO] [stdout]    6:     0x5eb66e3b5c32 - std[617be2ca0a6fd877]::panicking::panic_with_hook
[INFO] [stdout]    7:     0x5eb66e398de2 - std[617be2ca0a6fd877]::panicking::panic_handler::{closure#0}
[INFO] [stdout]    8:     0x5eb66e3919a9 - std[617be2ca0a6fd877]::sys::backtrace::__rust_end_short_backtrace::<std[617be2ca0a6fd877]::panicking::panic_handler::{closure#0}, !>
[INFO] [stdout]    9:     0x5eb66e3999ed - __rustc[ea4f61d10b84890b]::rust_begin_unwind
[INFO] [stdout]   10:     0x5eb66e3d506c - core[a373ad73a504971]::panicking::panic_fmt
[INFO] [stdout]   11:     0x5eb66e3d4e42 - core[a373ad73a504971]::result::unwrap_failed
[INFO] [stdout]   12:     0x5eb66e1d970d - <ledb[1893c867751c2d91]::tests::find_string_eq::{closure#0} as core[a373ad73a504971]::ops::function::FnOnce<()>>::call_once
[INFO] [stdout]   13:     0x5eb66e263a1b - test[aada8e7e76ba119b]::__rust_begin_short_backtrace::<core[a373ad73a504971]::result::Result<(), alloc[2e1b2a31b91974c5]::string::String>, fn() -> core[a373ad73a504971]::result::Result<(), alloc[2e1b2a31b91974c5]::string::String>>
[INFO] [stdout]   14:     0x5eb66e270bf5 - test[aada8e7e76ba119b]::run_test::{closure#0}
[INFO] [stdout]   15:     0x5eb66e26a4e4 - std[617be2ca0a6fd877]::sys::backtrace::__rust_begin_short_backtrace::<test[aada8e7e76ba119b]::run_test::{closure#1}, ()>
[INFO] [stdout]   16:     0x5eb66e273c82 - <std[617be2ca0a6fd877]::thread::lifecycle::spawn_unchecked<test[aada8e7e76ba119b]::run_test::{closure#1}, ()>::{closure#1} as core[a373ad73a504971]::ops::function::FnOnce<()>>::call_once::{shim:vtable#0}
[INFO] [stdout]   17:     0x5eb66e3bd3bf - <std[617be2ca0a6fd877]::sys::thread::unix::Thread>::new::thread_start
[INFO] [stdout]   18:     0x732abfcbbdfa - <unknown>
[INFO] [stdout]   19:     0x732abfd4f3d4 - clone
[INFO] [stdout]   20:                0x0 - <unknown>
[INFO] [stdout] 
[INFO] [stdout] ---- tests::find_string_in stdout ----
[INFO] [stdout] 
[INFO] [stdout] thread 'tests::find_string_in' (602) panicked at src/lib.rs:629:43:
[INFO] [stdout] called `Result::unwrap()` on an `Err` value: IoError(Os { code: 30, kind: ReadOnlyFilesystem, message: "Read-only file system" })
[INFO] [stdout] stack backtrace:
[INFO] [stdout]    0:     0x5eb66e3bdb61 - <<std[617be2ca0a6fd877]::sys::backtrace::BacktraceLock>::print::DisplayBacktrace as core[a373ad73a504971]::fmt::Display>::fmt
[INFO] [stdout]    1:     0x5eb66e3d488a - core[a373ad73a504971]::fmt::write
[INFO] [stdout]    2:     0x5eb66e3c208c - <alloc[2e1b2a31b91974c5]::vec::Vec<u8> as core[a373ad73a504971]::io::write::Write>::write_fmt
[INFO] [stdout]    3:     0x5eb66e398d36 - std[617be2ca0a6fd877]::panicking::default_hook::{closure#0}
[INFO] [stdout]    4:     0x5eb66e3b5a79 - std[617be2ca0a6fd877]::panicking::default_hook
[INFO] [stdout]    5:     0x5eb66e2705d0 - test[aada8e7e76ba119b]::test_main_inner::{closure#0}
[INFO] [stdout]    6:     0x5eb66e3b5c32 - std[617be2ca0a6fd877]::panicking::panic_with_hook
[INFO] [stdout]    7:     0x5eb66e398de2 - std[617be2ca0a6fd877]::panicking::panic_handler::{closure#0}
[INFO] [stdout]    8:     0x5eb66e3919a9 - std[617be2ca0a6fd877]::sys::backtrace::__rust_end_short_backtrace::<std[617be2ca0a6fd877]::panicking::panic_handler::{closure#0}, !>
[INFO] [stdout]    9:     0x5eb66e3999ed - __rustc[ea4f61d10b84890b]::rust_begin_unwind
[INFO] [stdout]   10:     0x5eb66e3d506c - core[a373ad73a504971]::panicking::panic_fmt
[INFO] [stdout]   11:     0x5eb66e3d4e42 - core[a373ad73a504971]::result::unwrap_failed
[INFO] [stdout]   12:     0x5eb66e1da6d4 - <ledb[1893c867751c2d91]::tests::find_string_in::{closure#0} as core[a373ad73a504971]::ops::function::FnOnce<()>>::call_once
[INFO] [stdout]   13:     0x5eb66e263a1b - test[aada8e7e76ba119b]::__rust_begin_short_backtrace::<core[a373ad73a504971]::result::Result<(), alloc[2e1b2a31b91974c5]::string::String>, fn() -> core[a373ad73a504971]::result::Result<(), alloc[2e1b2a31b91974c5]::string::String>>
[INFO] [stdout]   14:     0x5eb66e270bf5 - test[aada8e7e76ba119b]::run_test::{closure#0}
[INFO] [stdout]   15:     0x5eb66e26a4e4 - std[617be2ca0a6fd877]::sys::backtrace::__rust_begin_short_backtrace::<test[aada8e7e76ba119b]::run_test::{closure#1}, ()>
[INFO] [stdout]   16:     0x5eb66e273c82 - <std[617be2ca0a6fd877]::thread::lifecycle::spawn_unchecked<test[aada8e7e76ba119b]::run_test::{closure#1}, ()>::{closure#1} as core[a373ad73a504971]::ops::function::FnOnce<()>>::call_once::{shim:vtable#0}
[INFO] [stdout]   17:     0x5eb66e3bd3bf - <std[617be2ca0a6fd877]::sys::thread::unix::Thread>::new::thread_start
[INFO] [stdout]   18:     0x732abfcbbdfa - <unknown>
[INFO] [stdout]   19:     0x732abfd4f3d4 - clone
[INFO] [stdout]   20:                0x0 - <unknown>
[INFO] [stdout] 
[INFO] [stdout] ---- tests::insert_documents stdout ----
[INFO] [stdout] 
[INFO] [stdout] thread 'tests::insert_documents' (606) panicked at src/lib.rs:465:35:
[INFO] [stdout] called `Result::unwrap()` on an `Err` value: IoError(Os { code: 30, kind: ReadOnlyFilesystem, message: "Read-only file system" })
[INFO] [stdout] stack backtrace:
[INFO] [stdout]    0:     0x5eb66e3bdb61 - <<std[617be2ca0a6fd877]::sys::backtrace::BacktraceLock>::print::DisplayBacktrace as core[a373ad73a504971]::fmt::Display>::fmt
[INFO] [stdout]    1:     0x5eb66e3d488a - core[a373ad73a504971]::fmt::write
[INFO] [stdout]    2:     0x5eb66e3c208c - <alloc[2e1b2a31b91974c5]::vec::Vec<u8> as core[a373ad73a504971]::io::write::Write>::write_fmt
[INFO] [stdout]    3:     0x5eb66e398d36 - std[617be2ca0a6fd877]::panicking::default_hook::{closure#0}
[INFO] [stdout]    4:     0x5eb66e3b5a79 - std[617be2ca0a6fd877]::panicking::default_hook
[INFO] [stdout]    5:     0x5eb66e2705d0 - test[aada8e7e76ba119b]::test_main_inner::{closure#0}
[INFO] [stdout]    6:     0x5eb66e3b5c32 - std[617be2ca0a6fd877]::panicking::panic_with_hook
[INFO] [stdout]    7:     0x5eb66e398de2 - std[617be2ca0a6fd877]::panicking::panic_handler::{closure#0}
[INFO] [stdout]    8:     0x5eb66e3919a9 - std[617be2ca0a6fd877]::sys::backtrace::__rust_end_short_backtrace::<std[617be2ca0a6fd877]::panicking::panic_handler::{closure#0}, !>
[INFO] [stdout]    9:     0x5eb66e3999ed - __rustc[ea4f61d10b84890b]::rust_begin_unwind
[INFO] [stdout]   10:     0x5eb66e3d506c - core[a373ad73a504971]::panicking::panic_fmt
[INFO] [stdout]   11:     0x5eb66e3d4e42 - core[a373ad73a504971]::result::unwrap_failed
[INFO] [stdout]   12:     0x5eb66e1dc900 - <ledb[1893c867751c2d91]::tests::insert_documents::{closure#0} as core[a373ad73a504971]::ops::function::FnOnce<()>>::call_once
[INFO] [stdout]   13:     0x5eb66e263a1b - test[aada8e7e76ba119b]::__rust_begin_short_backtrace::<core[a373ad73a504971]::result::Result<(), alloc[2e1b2a31b91974c5]::string::String>, fn() -> core[a373ad73a504971]::result::Result<(), alloc[2e1b2a31b91974c5]::string::String>>
[INFO] [stdout]   14:     0x5eb66e270bf5 - test[aada8e7e76ba119b]::run_test::{closure#0}
[INFO] [stdout]   15:     0x5eb66e26a4e4 - std[617be2ca0a6fd877]::sys::backtrace::__rust_begin_short_backtrace::<test[aada8e7e76ba119b]::run_test::{closure#1}, ()>
[INFO] [stdout]   16:     0x5eb66e273c82 - <std[617be2ca0a6fd877]::thread::lifecycle::spawn_unchecked<test[aada8e7e76ba119b]::run_test::{closure#1}, ()>::{closure#1} as core[a373ad73a504971]::ops::function::FnOnce<()>>::call_once::{shim:vtable#0}
[INFO] [stdout]   17:     0x5eb66e3bd3bf - <std[617be2ca0a6fd877]::sys::thread::unix::Thread>::new::thread_start
[INFO] [stdout]   18:     0x732abfcbbdfa - <unknown>
[INFO] [stdout]   19:     0x732abfd4f3d4 - clone
[INFO] [stdout]   20:                0x0 - <unknown>
[INFO] [stdout] 
[INFO] [stdout] ---- tests::update_set_eq_str stdout ----
[INFO] [stdout] 
[INFO] [stdout] thread 'tests::update_set_eq_str' (611) panicked at src/lib.rs:792:46:
[INFO] [stdout] called `Result::unwrap()` on an `Err` value: IoError(Os { code: 30, kind: ReadOnlyFilesystem, message: "Read-only file system" })
[INFO] [stdout] stack backtrace:
[INFO] [stdout]    0:     0x5eb66e3bdb61 - <<std[617be2ca0a6fd877]::sys::backtrace::BacktraceLock>::print::DisplayBacktrace as core[a373ad73a504971]::fmt::Display>::fmt
[INFO] [stdout]    1:     0x5eb66e3d488a - core[a373ad73a504971]::fmt::write
[INFO] [stdout]    2:     0x5eb66e3c208c - <alloc[2e1b2a31b91974c5]::vec::Vec<u8> as core[a373ad73a504971]::io::write::Write>::write_fmt
[INFO] [stdout]    3:     0x5eb66e398d36 - std[617be2ca0a6fd877]::panicking::default_hook::{closure#0}
[INFO] [stdout]    4:     0x5eb66e3b5a79 - std[617be2ca0a6fd877]::panicking::default_hook
[INFO] [stdout]    5:     0x5eb66e2705d0 - test[aada8e7e76ba119b]::test_main_inner::{closure#0}
[INFO] [stdout]    6:     0x5eb66e3b5c32 - std[617be2ca0a6fd877]::panicking::panic_with_hook
[INFO] [stdout]    7:     0x5eb66e398de2 - std[617be2ca0a6fd877]::panicking::panic_handler::{closure#0}
[INFO] [stdout]    8:     0x5eb66e3919a9 - std[617be2ca0a6fd877]::sys::backtrace::__rust_end_short_backtrace::<std[617be2ca0a6fd877]::panicking::panic_handler::{closure#0}, !>
[INFO] [stdout]    9:     0x5eb66e3999ed - __rustc[ea4f61d10b84890b]::rust_begin_unwind
[INFO] [stdout]   10:     0x5eb66e3d506c - core[a373ad73a504971]::panicking::panic_fmt
[INFO] [stdout]   11:     0x5eb66e3d4e42 - core[a373ad73a504971]::result::unwrap_failed
[INFO] [stdout]   12:     0x5eb66e1de5b1 - <ledb[1893c867751c2d91]::tests::update_set_eq_str::{closure#0} as core[a373ad73a504971]::ops::function::FnOnce<()>>::call_once
[INFO] [stdout]   13:     0x5eb66e263a1b - test[aada8e7e76ba119b]::__rust_begin_short_backtrace::<core[a373ad73a504971]::result::Result<(), alloc[2e1b2a31b91974c5]::string::String>, fn() -> core[a373ad73a504971]::result::Result<(), alloc[2e1b2a31b91974c5]::string::String>>
[INFO] [stdout]   14:     0x5eb66e270bf5 - test[aada8e7e76ba119b]::run_test::{closure#0}
[INFO] [stdout]   15:     0x5eb66e26a4e4 - std[617be2ca0a6fd877]::sys::backtrace::__rust_begin_short_backtrace::<test[aada8e7e76ba119b]::run_test::{closure#1}, ()>
[INFO] [stdout]   16:     0x5eb66e273c82 - <std[617be2ca0a6fd877]::thread::lifecycle::spawn_unchecked<test[aada8e7e76ba119b]::run_test::{closure#1}, ()>::{closure#1} as core[a373ad73a504971]::ops::function::FnOnce<()>>::call_once::{shim:vtable#0}
[INFO] [stdout]   17:     0x5eb66e3bd3bf - <std[617be2ca0a6fd877]::sys::thread::unix::Thread>::new::thread_start
[INFO] [stdout]   18:     0x732abfcbbdfa - <unknown>
[INFO] [stdout]   19:     0x732abfd4f3d4 - clone
[INFO] [stdout]   20:                0x0 - <unknown>
[INFO] [stdout] 
[INFO] [stdout] 
[INFO] [stdout] failures:
[INFO] [stdout]     tests::derived_index
[INFO] [stdout]     tests::duplicate_unique_by_indexing
[INFO] [stdout]     tests::duplicate_unique_by_inserting
[INFO] [stdout]     tests::find_and
[INFO] [stdout]     tests::find_bool_eq
[INFO] [stdout]     tests::find_has
[INFO] [stdout]     tests::find_int_bw
[INFO] [stdout]     tests::find_int_eq
[INFO] [stdout]     tests::find_int_ge
[INFO] [stdout]     tests::find_int_gt
[INFO] [stdout]     tests::find_int_in
[INFO] [stdout]     tests::find_int_le
[INFO] [stdout]     tests::find_int_lt
[INFO] [stdout]     tests::find_or
[INFO] [stdout]     tests::find_string_eq
[INFO] [stdout]     tests::find_string_in
[INFO] [stdout]     tests::get_by_primary
[INFO] [stdout]     tests::index_after_insert
[INFO] [stdout]     tests::index_before_insert
[INFO] [stdout]     tests::insert_documents
[INFO] [stdout]     tests::order_by_primary
[INFO] [stdout]     tests::order_by_unique
[INFO] [stdout]     tests::remove_eq_str
[INFO] [stdout]     tests::remove_ge_int
[INFO] [stdout]     tests::update_set_eq_str
[INFO] [stdout] 
[INFO] [stdout] test result: FAILED. 84 passed; 25 failed; 1 ignored; 0 measured; 0 filtered out; finished in 0.03s
[INFO] [stdout] 
[INFO] running `Command { std: "docker" "inspect" "02e2cd92f53ff75dbed57ab7f592afbefd604b98933a1635a0d3eeff6d0f55ab", kill_on_drop: false }`
[INFO] running `Command { std: "docker" "rm" "-f" "02e2cd92f53ff75dbed57ab7f592afbefd604b98933a1635a0d3eeff6d0f55ab", kill_on_drop: false }`
[INFO] [stdout] 02e2cd92f53ff75dbed57ab7f592afbefd604b98933a1635a0d3eeff6d0f55ab
