[INFO] fetching crate le-bitset 0.1.3...
[INFO] testing le-bitset-0.1.3 against 1.100.0-beta.1+cargoflags=--release for beta-release-1.100-2
[INFO] extracting crate le-bitset 0.1.3 into /workspace/builds/worker-0-tc2/source
[INFO] started tweaking crates.io crate le-bitset 0.1.3
[INFO] finished tweaking crates.io crate le-bitset 0.1.3
[INFO] tweaked toml for crates.io crate le-bitset 0.1.3 written to /workspace/builds/worker-0-tc2/source/Cargo.toml
[INFO] validating manifest of crates.io crate le-bitset 0.1.3 on toolchain 1.100.0-beta.1
[INFO] running `Command { std: CARGO_HOME="/workspace/cargo-home" RUSTUP_HOME="/workspace/rustup-home" "/workspace/cargo-home/bin/cargo" "+1.100.0-beta.1" "metadata" "--manifest-path" "Cargo.toml" "--no-deps", kill_on_drop: false }`
[INFO] running `Command { std: CARGO_HOME="/workspace/cargo-home" RUSTUP_HOME="/workspace/rustup-home" "/workspace/cargo-home/bin/cargo" "+1.100.0-beta.1" "generate-lockfile" "--manifest-path" "Cargo.toml", kill_on_drop: false }`
[INFO] [stderr]     Updating crates.io index
[INFO] [stderr]      Locking 7 packages to highest compatible versions
[INFO] running `Command { std: CARGO_HOME="/workspace/cargo-home" RUSTUP_HOME="/workspace/rustup-home" "/workspace/cargo-home/bin/cargo" "+1.100.0-beta.1" "fetch" "--manifest-path" "Cargo.toml", kill_on_drop: false }`
[INFO] running `Command { std: "docker" "create" "-v" "/var/lib/crater-agent-workspace/builds/worker-0-tc2/source:/opt/rustwide/workdir:ro,Z" "-v" "/var/lib/crater-agent-workspace/builds/worker-0-tc2/target:/opt/rustwide/target:rw,Z" "-v" "/var/lib/crater-agent-workspace/cargo-home:/opt/rustwide/cargo-home:ro,Z" "-v" "/var/lib/crater-agent-workspace/rustup-home:/opt/rustwide/rustup-home:ro,Z" "-m" "1610612736" "--network" "none" "ghcr.io/rust-lang/crates-build-env/linux@sha256:77db811e55d90add9212f6832c23229e3de5f1c1f9905e8cb07319ea15df73ac" "sleep" "infinity", kill_on_drop: false }`
[INFO] [stdout] cf67917df1d51c1be23aab44d7bc550c7fe80e54926a6211ffec170a7744a1dd
[INFO] running `Command { std: "docker" "start" "cf67917df1d51c1be23aab44d7bc550c7fe80e54926a6211ffec170a7744a1dd", kill_on_drop: false }`
[INFO] running `Command { std: "docker" "inspect" "cf67917df1d51c1be23aab44d7bc550c7fe80e54926a6211ffec170a7744a1dd", kill_on_drop: false }`
[INFO] running `Command { std: "docker" "exec" "-e" "SOURCE_DIR=/opt/rustwide/workdir" "-e" "CARGO_HOME=/opt/rustwide/cargo-home" "-e" "RUSTUP_HOME=/opt/rustwide/rustup-home" "-e" "CARGO_TARGET_DIR=/opt/rustwide/target" "-w" "/opt/rustwide/workdir" "--user" "0:0" "cf67917df1d51c1be23aab44d7bc550c7fe80e54926a6211ffec170a7744a1dd" "/opt/rustwide/cargo-home/bin/cargo" "+1.100.0-beta.1" "metadata" "--no-deps" "--format-version=1", kill_on_drop: false }`
[INFO] running `Command { std: "docker" "inspect" "cf67917df1d51c1be23aab44d7bc550c7fe80e54926a6211ffec170a7744a1dd", kill_on_drop: false }`
[INFO] running `Command { std: "docker" "exec" "-e" "SOURCE_DIR=/opt/rustwide/workdir" "-e" "CARGO_HOME=/opt/rustwide/cargo-home" "-e" "RUSTUP_HOME=/opt/rustwide/rustup-home" "-e" "CARGO_TARGET_DIR=/opt/rustwide/target" "-e" "CARGO_INCREMENTAL=0" "-e" "RUST_BACKTRACE=full" "-e" "RUSTFLAGS=--cap-lints=warn" "-e" "RUSTDOCFLAGS=--cap-lints=warn" "-w" "/opt/rustwide/workdir" "--user" "0:0" "cf67917df1d51c1be23aab44d7bc550c7fe80e54926a6211ffec170a7744a1dd" "/opt/rustwide/cargo-home/bin/cargo" "+1.100.0-beta.1" "build" "--frozen" "--message-format=json" "--release", kill_on_drop: false }`
[INFO] [stderr]    Compiling le-bitset v0.1.3 (/opt/rustwide/workdir)
[INFO] [stderr]     Finished `release` profile [optimized] target(s) in 0.28s
[INFO] running `Command { std: "docker" "inspect" "cf67917df1d51c1be23aab44d7bc550c7fe80e54926a6211ffec170a7744a1dd", kill_on_drop: false }`
[INFO] running `Command { std: "docker" "exec" "-e" "SOURCE_DIR=/opt/rustwide/workdir" "-e" "CARGO_HOME=/opt/rustwide/cargo-home" "-e" "RUSTUP_HOME=/opt/rustwide/rustup-home" "-e" "CARGO_TARGET_DIR=/opt/rustwide/target" "-e" "CARGO_INCREMENTAL=0" "-e" "RUST_BACKTRACE=full" "-e" "RUSTFLAGS=--cap-lints=warn" "-e" "RUSTDOCFLAGS=--cap-lints=warn" "-w" "/opt/rustwide/workdir" "--user" "0:0" "cf67917df1d51c1be23aab44d7bc550c7fe80e54926a6211ffec170a7744a1dd" "/opt/rustwide/cargo-home/bin/cargo" "+1.100.0-beta.1" "test" "--frozen" "--no-run" "--message-format=json" "--release", kill_on_drop: false }`
[INFO] [stderr]    Compiling le-bitset v0.1.3 (/opt/rustwide/workdir)
[INFO] [stderr]     Finished `release` profile [optimized] target(s) in 0.55s
[INFO] running `Command { std: "docker" "inspect" "cf67917df1d51c1be23aab44d7bc550c7fe80e54926a6211ffec170a7744a1dd", kill_on_drop: false }`
[INFO] running `Command { std: "docker" "exec" "-e" "SOURCE_DIR=/opt/rustwide/workdir" "-e" "CARGO_HOME=/opt/rustwide/cargo-home" "-e" "RUSTUP_HOME=/opt/rustwide/rustup-home" "-e" "CARGO_TARGET_DIR=/opt/rustwide/target" "-e" "CARGO_INCREMENTAL=0" "-e" "RUST_BACKTRACE=full" "-e" "RUSTFLAGS=--cap-lints=warn" "-e" "RUSTDOCFLAGS=--cap-lints=warn" "-w" "/opt/rustwide/workdir" "--user" "0:0" "cf67917df1d51c1be23aab44d7bc550c7fe80e54926a6211ffec170a7744a1dd" "/opt/rustwide/cargo-home/bin/cargo" "+1.100.0-beta.1" "test" "--frozen" "--release", kill_on_drop: false }`
[INFO] [stderr]     Finished `release` profile [optimized] target(s) in 0.04s
[INFO] [stderr]      Running unittests src/lib.rs (/opt/rustwide/target/release/build/le-bitset/32b551ab2b4e44a5/out/le_bitset-32b551ab2b4e44a5)
[INFO] [stdout] 
[INFO] [stdout] running 31 tests
[INFO] [stdout] test test::empty_bitset - should panic ... FAILED
[INFO] [stdout] test test::from_bits ... ok
[INFO] [stdout] test test::from_bits_empty - should panic ... FAILED
[INFO] [stdout] test test::from_bits_overflow - should panic ... FAILED
[INFO] [stdout] test test::overlap_mask ... ok
[INFO] [stdout] test test::reset ... ok
[INFO] [stdout] test test::reset_all ... ok
[INFO] [stdout] test test::reset_boundary ... ok
[INFO] [stdout] test test::reset_boundary_next ... ok
[INFO] [stdout] test test::boundary ... ok
[INFO] [stdout] test test::boundary_mask ... ok
[INFO] [stdout] test test::set ... ok
[INFO] [stdout] test test::boundary_next ... ok
[INFO] [stdout] test test::repr ... ok
[INFO] [stdout] test test::set_all_in_range ... ok
[INFO] [stdout] test test::big_bitset ... ok
[INFO] [stdout] test test::set_all_verify_invariant ... ok
[INFO] [stdout] test test::set_boundary ... ok
[INFO] [stdout] test test::set_boundary_next ... ok
[INFO] [stdout] test test::set_out_of_bounds - should panic ... FAILED
[INFO] [stdout] test test::simple ... ok
[INFO] [stdout] test test::some_mask ... ok
[INFO] [stdout] test test::test_one ... ok
[INFO] [stdout] test test::double_boundary_mask ... ok
[INFO] [stdout] test test::test_one_boundary ... ok
[INFO] [stdout] test test::test_one_boundary_next ... ok
[INFO] [stdout] test test::test_zero ... ok
[INFO] [stdout] test test::test_zero_boundary_next ... ok
[INFO] [stdout] test test::test_zero_boundary ... ok
[INFO] [stdout] test test::test_out_of_bounds - should panic ... FAILED
[INFO] [stderr] error: test failed, to rerun pass `--lib`
[INFO] [stdout] test test::reset_out_of_bounds - should panic ... ok
[INFO] [stdout] 
[INFO] [stdout] failures:
[INFO] [stdout] 
[INFO] [stdout] ---- test::empty_bitset stdout ----
[INFO] [stdout] note: test did not panic as expected at src/test.rs:5:4
[INFO] [stdout] ---- test::from_bits_empty stdout ----
[INFO] [stdout] note: test did not panic as expected at src/test.rs:60:4
[INFO] [stdout] ---- test::from_bits_overflow stdout ----
[INFO] [stdout] note: test did not panic as expected at src/test.rs:66:4
[INFO] [stdout] ---- test::set_out_of_bounds stdout ----
[INFO] [stdout] note: test did not panic as expected at src/test.rs:135:4
[INFO] [stdout] ---- test::test_out_of_bounds stdout ----
[INFO] [stdout] note: test did not panic as expected at src/test.rs:108:4
[INFO] [stdout] 
[INFO] [stdout] failures:
[INFO] [stdout]     test::empty_bitset
[INFO] [stdout]     test::from_bits_empty
[INFO] [stdout]     test::from_bits_overflow
[INFO] [stdout]     test::set_out_of_bounds
[INFO] [stdout]     test::test_out_of_bounds
[INFO] [stdout] 
[INFO] [stdout] test result: FAILED. 26 passed; 5 failed; 0 ignored; 0 measured; 0 filtered out; finished in 0.01s
[INFO] [stdout] 
[INFO] running `Command { std: "docker" "inspect" "cf67917df1d51c1be23aab44d7bc550c7fe80e54926a6211ffec170a7744a1dd", kill_on_drop: false }`
[INFO] running `Command { std: "docker" "rm" "-f" "cf67917df1d51c1be23aab44d7bc550c7fe80e54926a6211ffec170a7744a1dd", kill_on_drop: false }`
[INFO] [stdout] cf67917df1d51c1be23aab44d7bc550c7fe80e54926a6211ffec170a7744a1dd
