[INFO] fetching crate lds-recipe 0.23.0...
[INFO] testing lds-recipe-0.23.0 against 1.100.0-beta.1+cargoflags=--release for beta-release-1.100-2
[INFO] extracting crate lds-recipe 0.23.0 into /workspace/builds/worker-5-tc2/source
[INFO] started tweaking crates.io crate lds-recipe 0.23.0
[INFO] removed 0 missing tests
[INFO] finished tweaking crates.io crate lds-recipe 0.23.0
[INFO] tweaked toml for crates.io crate lds-recipe 0.23.0 written to /workspace/builds/worker-5-tc2/source/Cargo.toml
[INFO] validating manifest of crates.io crate lds-recipe 0.23.0 on toolchain 1.100.0-beta.1
[INFO] running `Command { std: CARGO_HOME="/workspace/cargo-home" RUSTUP_HOME="/workspace/rustup-home" "/workspace/cargo-home/bin/cargo" "+1.100.0-beta.1" "metadata" "--manifest-path" "Cargo.toml" "--no-deps", kill_on_drop: false }`
[INFO] crate crates.io crate lds-recipe 0.23.0 already has a lockfile, it will not be regenerated
[INFO] running `Command { std: CARGO_HOME="/workspace/cargo-home" RUSTUP_HOME="/workspace/rustup-home" "/workspace/cargo-home/bin/cargo" "+1.100.0-beta.1" "fetch" "--manifest-path" "Cargo.toml", kill_on_drop: false }`
[INFO] [stderr] warning: `package.homepage` is redundant with `package.repository`
[INFO] [stderr]   --> Cargo.toml:42:12
[INFO] [stderr]    |
[INFO] [stderr] 42 | homepage = "https://github.com/ynishi/local-develop-server"
[INFO] [stderr]    |            ^^^^^^^^^^^^^^^^^^^^^^^^^^^^^^^^^^^^^^^^^^^^^^^^
[INFO] [stderr] ...
[INFO] [stderr] 47 | repository = "https://github.com/ynishi/local-develop-server"
[INFO] [stderr]    |              ------------------------------------------------
[INFO] [stderr]    |
[INFO] [stderr]    = note: `cargo::redundant_homepage` is set to `warn` by default
[INFO] [stderr] help: consider removing `package.homepage`
[INFO] [stderr] warning: `lds-recipe` (manifest) generated 1 warning
[INFO] running `Command { std: "docker" "create" "-v" "/var/lib/crater-agent-workspace/builds/worker-5-tc2/source:/opt/rustwide/workdir:ro,Z" "-v" "/var/lib/crater-agent-workspace/builds/worker-5-tc2/target:/opt/rustwide/target:rw,Z" "-v" "/var/lib/crater-agent-workspace/cargo-home:/opt/rustwide/cargo-home:ro,Z" "-v" "/var/lib/crater-agent-workspace/rustup-home:/opt/rustwide/rustup-home:ro,Z" "-m" "1610612736" "--network" "none" "ghcr.io/rust-lang/crates-build-env/linux@sha256:77db811e55d90add9212f6832c23229e3de5f1c1f9905e8cb07319ea15df73ac" "sleep" "infinity", kill_on_drop: false }`
[INFO] [stdout] c2904fcb775a2e5ba032cfd8788faedce3fe70f4333865a498fad8cf9190016f
[INFO] running `Command { std: "docker" "start" "c2904fcb775a2e5ba032cfd8788faedce3fe70f4333865a498fad8cf9190016f", kill_on_drop: false }`
[INFO] running `Command { std: "docker" "inspect" "c2904fcb775a2e5ba032cfd8788faedce3fe70f4333865a498fad8cf9190016f", kill_on_drop: false }`
[INFO] running `Command { std: "docker" "exec" "-e" "SOURCE_DIR=/opt/rustwide/workdir" "-e" "CARGO_HOME=/opt/rustwide/cargo-home" "-e" "RUSTUP_HOME=/opt/rustwide/rustup-home" "-e" "CARGO_TARGET_DIR=/opt/rustwide/target" "-w" "/opt/rustwide/workdir" "--user" "0:0" "c2904fcb775a2e5ba032cfd8788faedce3fe70f4333865a498fad8cf9190016f" "/opt/rustwide/cargo-home/bin/cargo" "+1.100.0-beta.1" "metadata" "--no-deps" "--format-version=1", kill_on_drop: false }`
[INFO] running `Command { std: "docker" "inspect" "c2904fcb775a2e5ba032cfd8788faedce3fe70f4333865a498fad8cf9190016f", kill_on_drop: false }`
[INFO] running `Command { std: "docker" "exec" "-e" "SOURCE_DIR=/opt/rustwide/workdir" "-e" "CARGO_HOME=/opt/rustwide/cargo-home" "-e" "RUSTUP_HOME=/opt/rustwide/rustup-home" "-e" "CARGO_TARGET_DIR=/opt/rustwide/target" "-e" "CARGO_INCREMENTAL=0" "-e" "RUST_BACKTRACE=full" "-e" "RUSTFLAGS=--cap-lints=warn" "-e" "RUSTDOCFLAGS=--cap-lints=warn" "-w" "/opt/rustwide/workdir" "--user" "0:0" "c2904fcb775a2e5ba032cfd8788faedce3fe70f4333865a498fad8cf9190016f" "/opt/rustwide/cargo-home/bin/cargo" "+1.100.0-beta.1" "build" "--frozen" "--message-format=json" "--release", kill_on_drop: false }`
[INFO] [stderr] warning: `package.homepage` is redundant with `package.repository`
[INFO] [stderr]   --> Cargo.toml:42:12
[INFO] [stderr]    |
[INFO] [stderr] 42 | homepage = "https://github.com/ynishi/local-develop-server"
[INFO] [stderr]    |            ^^^^^^^^^^^^^^^^^^^^^^^^^^^^^^^^^^^^^^^^^^^^^^^^
[INFO] [stderr] ...
[INFO] [stderr] 47 | repository = "https://github.com/ynishi/local-develop-server"
[INFO] [stderr]    |              ------------------------------------------------
[INFO] [stderr]    |
[INFO] [stderr]    = note: `cargo::redundant_homepage` is set to `warn` by default
[INFO] [stderr] help: consider removing `package.homepage`
[INFO] [stderr] warning: `lds-recipe` (manifest) generated 1 warning
[INFO] [stderr]    Compiling serde_derive v1.0.228
[INFO] [stderr]    Compiling tracing-attributes v0.1.31
[INFO] [stderr]    Compiling getrandom v0.4.3
[INFO] [stderr]    Compiling errno v0.3.14
[INFO] [stderr]    Compiling memchr v2.8.1
[INFO] [stderr]    Compiling dirs-sys v0.4.1
[INFO] [stderr]    Compiling mio v1.2.0
[INFO] [stderr]    Compiling socket2 v0.6.3
[INFO] [stderr]    Compiling tokio-macros v2.7.0
[INFO] [stderr]    Compiling signal-hook-registry v1.4.8
[INFO] [stderr]    Compiling tempfile v3.27.0
[INFO] [stderr]    Compiling dirs v5.0.1
[INFO] [stderr]    Compiling tokio v1.52.3
[INFO] [stderr]    Compiling serde_json v1.0.150
[INFO] [stderr]    Compiling tracing v0.1.44
[INFO] [stderr]    Compiling lds-session v0.23.0
[INFO] [stderr]    Compiling serde v1.0.228
[INFO] [stderr]    Compiling serde_spanned v0.6.9
[INFO] [stderr]    Compiling toml_datetime v0.6.11
[INFO] [stderr]    Compiling toml_edit v0.22.27
[INFO] [stderr]    Compiling toml v0.8.23
[INFO] [stderr]    Compiling lds-core v0.23.0
[INFO] [stderr]    Compiling lds-recipe v0.23.0 (/opt/rustwide/workdir)
[INFO] [stderr]     Finished `release` profile [optimized] target(s) in 23.96s
[INFO] running `Command { std: "docker" "inspect" "c2904fcb775a2e5ba032cfd8788faedce3fe70f4333865a498fad8cf9190016f", kill_on_drop: false }`
[INFO] running `Command { std: "docker" "exec" "-e" "SOURCE_DIR=/opt/rustwide/workdir" "-e" "CARGO_HOME=/opt/rustwide/cargo-home" "-e" "RUSTUP_HOME=/opt/rustwide/rustup-home" "-e" "CARGO_TARGET_DIR=/opt/rustwide/target" "-e" "CARGO_INCREMENTAL=0" "-e" "RUST_BACKTRACE=full" "-e" "RUSTFLAGS=--cap-lints=warn" "-e" "RUSTDOCFLAGS=--cap-lints=warn" "-w" "/opt/rustwide/workdir" "--user" "0:0" "c2904fcb775a2e5ba032cfd8788faedce3fe70f4333865a498fad8cf9190016f" "/opt/rustwide/cargo-home/bin/cargo" "+1.100.0-beta.1" "test" "--frozen" "--no-run" "--message-format=json" "--release", kill_on_drop: false }`
[INFO] [stderr] warning: `package.homepage` is redundant with `package.repository`
[INFO] [stderr]   --> Cargo.toml:42:12
[INFO] [stderr]    |
[INFO] [stderr] 42 | homepage = "https://github.com/ynishi/local-develop-server"
[INFO] [stderr]    |            ^^^^^^^^^^^^^^^^^^^^^^^^^^^^^^^^^^^^^^^^^^^^^^^^
[INFO] [stderr] ...
[INFO] [stderr] 47 | repository = "https://github.com/ynishi/local-develop-server"
[INFO] [stderr]    |              ------------------------------------------------
[INFO] [stderr]    |
[INFO] [stderr]    = note: `cargo::redundant_homepage` is set to `warn` by default
[INFO] [stderr] help: consider removing `package.homepage`
[INFO] [stderr] warning: `lds-recipe` (manifest) generated 1 warning
[INFO] [stderr]    Compiling lds-recipe v0.23.0 (/opt/rustwide/workdir)
[INFO] [stderr]     Finished `release` profile [optimized] target(s) in 4.78s
[INFO] running `Command { std: "docker" "inspect" "c2904fcb775a2e5ba032cfd8788faedce3fe70f4333865a498fad8cf9190016f", kill_on_drop: false }`
[INFO] running `Command { std: "docker" "exec" "-e" "SOURCE_DIR=/opt/rustwide/workdir" "-e" "CARGO_HOME=/opt/rustwide/cargo-home" "-e" "RUSTUP_HOME=/opt/rustwide/rustup-home" "-e" "CARGO_TARGET_DIR=/opt/rustwide/target" "-e" "CARGO_INCREMENTAL=0" "-e" "RUST_BACKTRACE=full" "-e" "RUSTFLAGS=--cap-lints=warn" "-e" "RUSTDOCFLAGS=--cap-lints=warn" "-w" "/opt/rustwide/workdir" "--user" "0:0" "c2904fcb775a2e5ba032cfd8788faedce3fe70f4333865a498fad8cf9190016f" "/opt/rustwide/cargo-home/bin/cargo" "+1.100.0-beta.1" "test" "--frozen" "--release", kill_on_drop: false }`
[INFO] [stderr] warning: `package.homepage` is redundant with `package.repository`
[INFO] [stderr]   --> Cargo.toml:42:12
[INFO] [stderr]    |
[INFO] [stderr] 42 | homepage = "https://github.com/ynishi/local-develop-server"
[INFO] [stderr]    |            ^^^^^^^^^^^^^^^^^^^^^^^^^^^^^^^^^^^^^^^^^^^^^^^^
[INFO] [stderr] ...
[INFO] [stderr] 47 | repository = "https://github.com/ynishi/local-develop-server"
[INFO] [stderr]    |              ------------------------------------------------
[INFO] [stderr]    |
[INFO] [stderr]    = note: `cargo::redundant_homepage` is set to `warn` by default
[INFO] [stderr] help: consider removing `package.homepage`
[INFO] [stderr] warning: `lds-recipe` (manifest) generated 1 warning
[INFO] [stderr]     Finished `release` profile [optimized] target(s) in 0.11s
[INFO] [stderr]      Running unittests src/lib.rs (/opt/rustwide/target/release/build/lds-recipe/65952f02630bdb1d/out/lds_recipe-65952f02630bdb1d)
[INFO] [stdout] 
[INFO] [stdout] running 17 tests
[INFO] [stdout] test tests::arg_value_invalid_newline ... ok
[INFO] [stdout] test tests::arg_value_valid_shell_metachar ... ok
[INFO] [stdout] test tests::content_key_invalid_digit_start ... ok
[INFO] [stdout] test tests::content_key_invalid_empty ... ok
[INFO] [stdout] test tests::content_key_invalid_hyphen ... ok
[INFO] [stdout] test tests::content_key_invalid_newline ... ok
[INFO] [stdout] test tests::arg_value_invalid_cr ... ok
[INFO] [stdout] test tests::content_key_valid_alphanum_underscore ... ok
[INFO] [stdout] test tests::content_key_invalid_space ... ok
[INFO] [stdout] test tests::recipe_error_just_dump_parse_display ... ok
[INFO] [stdout] test tests::content_key_valid_alpha ... ok
[INFO] [stdout] test tests::arg_value_valid_normal ... ok
[INFO] [stdout] test tests::recipe_error_just_dump_failed_display ... ok
[INFO] [stdout] test tests::ensure_alive_ok_when_root_exists ... ok
[INFO] [stdout] test tests::ensure_alive_err_when_root_deleted ... ok
[INFO] [stdout] test tests::content_key_invalid_underscore_start ... ok
[INFO] [stdout] test tests::recipe_error_display ... ok
[INFO] [stdout] 
[INFO] [stdout] test result: ok. 17 passed; 0 failed; 0 ignored; 0 measured; 0 filtered out; finished in 0.01s
[INFO] [stdout] 
[INFO] [stderr]      Running tests/recipe_integration.rs (/opt/rustwide/target/release/build/lds-recipe/b3587b8726fa27c2/out/recipe_integration-b3587b8726fa27c2)
[INFO] [stdout] 
[INFO] [stdout] running 14 tests
[INFO] [stdout] test content_key_validation_rejects_invalid ... ok
[INFO] [stdout] test arg_validation_rejects_newline ... ok
[INFO] [stdout] test run_returns_error_when_session_root_deleted ... ok
[INFO] [stdout] test resolve_chain_preserves_global_dirs_order ... ok
[INFO] [stdout] test failed_recipe_recorded_in_logs ... FAILED
[INFO] [stdout] test run_recipe_with_args ... FAILED
[INFO] [stdout] test list_plugins_filters_by_lds_plugin_group ... FAILED
[INFO] [stdout] test list_global_plugins_later_dir_overrides ... FAILED
[INFO] [stdout] test list_plugins_returns_error_when_session_root_deleted ... ok
[INFO] [stdout] test list_filters_by_allow_agent ... FAILED
[INFO] [stdout] test logs_store_records_execution ... FAILED
[INFO] [stdout] test recovers_after_session_restart ... FAILED
[INFO] [stdout] test run_recipe_with_content ... FAILED
[INFO] [stdout] test later_global_dir_overrides_earlier_on_collision ... FAILED
[INFO] [stdout] 
[INFO] [stdout] failures:
[INFO] [stdout] 
[INFO] [stdout] ---- failed_recipe_recorded_in_logs stdout ----
[INFO] [stdout] 
[INFO] [stdout] thread 'failed_recipe_recorded_in_logs' (651) panicked at tests/recipe_integration.rs:186:10:
[INFO] [stdout] called `Result::unwrap()` on an `Err` value: Io(Os { code: 2, kind: NotFound, message: "No such file or directory" })
[INFO] [stdout] stack backtrace:
[INFO] [stdout]    0:     0x55835bb0f891 - <<std[617be2ca0a6fd877]::sys::backtrace::BacktraceLock>::print::DisplayBacktrace as core[a373ad73a504971]::fmt::Display>::fmt
[INFO] [stdout]    1:     0x55835bb2564a - core[a373ad73a504971]::fmt::write
[INFO] [stdout]    2:     0x55835bb143ec - <alloc[2e1b2a31b91974c5]::vec::Vec<u8> as core[a373ad73a504971]::io::write::Write>::write_fmt
[INFO] [stdout]    3:     0x55835bae9956 - std[617be2ca0a6fd877]::panicking::default_hook::{closure#0}
[INFO] [stdout]    4:     0x55835bb07339 - std[617be2ca0a6fd877]::panicking::default_hook
[INFO] [stdout]    5:     0x55835ba6c450 - test[aada8e7e76ba119b]::test_main_inner::{closure#0}
[INFO] [stdout]    6:     0x55835bb07662 - std[617be2ca0a6fd877]::panicking::panic_with_hook
[INFO] [stdout]    7:     0x55835bae9a02 - std[617be2ca0a6fd877]::panicking::panic_handler::{closure#0}
[INFO] [stdout]    8:     0x55835bae2069 - std[617be2ca0a6fd877]::sys::backtrace::__rust_end_short_backtrace::<std[617be2ca0a6fd877]::panicking::panic_handler::{closure#0}, !>
[INFO] [stdout]    9:     0x55835baea71d - __rustc[ea4f61d10b84890b]::rust_begin_unwind
[INFO] [stdout]   10:     0x55835bb25dac - core[a373ad73a504971]::panicking::panic_fmt
[INFO] [stdout]   11:     0x55835bb25b82 - core[a373ad73a504971]::result::unwrap_failed
[INFO] [stdout]   12:     0x55835ba37bdb - recipe_integration[1aed06335930bba3]::failed_recipe_recorded_in_logs::{closure#0}
[INFO] [stdout]   13:     0x55835ba55df8 - <tokio[3f4cba5b69cc4ff1]::runtime::context::scoped::Scoped<tokio[3f4cba5b69cc4ff1]::runtime::scheduler::Context>>::set::<<tokio[3f4cba5b69cc4ff1]::runtime::scheduler::current_thread::CoreGuard>::enter<<tokio[3f4cba5b69cc4ff1]::runtime::scheduler::current_thread::CoreGuard>::block_on<core[a373ad73a504971]::pin::Pin<&mut core[a373ad73a504971]::pin::Pin<&mut dyn core[a373ad73a504971]::future::future::Future<Output = ()>>>>::{closure#0}, core[a373ad73a504971]::option::Option<()>>::{closure#0}, (alloc[2e1b2a31b91974c5]::boxed::Box<tokio[3f4cba5b69cc4ff1]::runtime::scheduler::current_thread::Core>, core[a373ad73a504971]::option::Option<()>)>
[INFO] [stdout]   14:     0x55835ba5624d - <tokio[3f4cba5b69cc4ff1]::runtime::scheduler::current_thread::CoreGuard>::block_on::<core[a373ad73a504971]::pin::Pin<&mut core[a373ad73a504971]::pin::Pin<&mut dyn core[a373ad73a504971]::future::future::Future<Output = ()>>>>
[INFO] [stdout]   15:     0x55835ba55147 - tokio[3f4cba5b69cc4ff1]::runtime::context::runtime::enter_runtime::<<tokio[3f4cba5b69cc4ff1]::runtime::scheduler::current_thread::CurrentThread>::block_on<core[a373ad73a504971]::pin::Pin<&mut dyn core[a373ad73a504971]::future::future::Future<Output = ()>>>::{closure#0}, ()>
[INFO] [stdout]   16:     0x55835ba5436a - <tokio[3f4cba5b69cc4ff1]::runtime::runtime::Runtime>::block_on::<core[a373ad73a504971]::pin::Pin<&mut dyn core[a373ad73a504971]::future::future::Future<Output = ()>>>
[INFO] [stdout]   17:     0x55835ba4175e - <recipe_integration[1aed06335930bba3]::failed_recipe_recorded_in_logs::{closure#0} as core[a373ad73a504971]::ops::function::FnOnce<()>>::call_once
[INFO] [stdout]   18:     0x55835ba5f89b - test[aada8e7e76ba119b]::__rust_begin_short_backtrace::<core[a373ad73a504971]::result::Result<(), alloc[2e1b2a31b91974c5]::string::String>, fn() -> core[a373ad73a504971]::result::Result<(), alloc[2e1b2a31b91974c5]::string::String>>
[INFO] [stdout]   19:     0x55835ba6ca75 - test[aada8e7e76ba119b]::run_test::{closure#0}
[INFO] [stdout]   20:     0x55835ba66364 - std[617be2ca0a6fd877]::sys::backtrace::__rust_begin_short_backtrace::<test[aada8e7e76ba119b]::run_test::{closure#1}, ()>
[INFO] [stdout]   21:     0x55835ba6fb02 - <std[617be2ca0a6fd877]::thread::lifecycle::spawn_unchecked<test[aada8e7e76ba119b]::run_test::{closure#1}, ()>::{closure#1} as core[a373ad73a504971]::ops::function::FnOnce<()>>::call_once::{shim:vtable#0}
[INFO] [stdout]   22:     0x55835bb0eecf - <std[617be2ca0a6fd877]::sys::thread::unix::Thread>::new::thread_start
[INFO] [stdout]   23:     0x74cfcaaf1dfa - <unknown>
[INFO] [stdout]   24:     0x74cfcab853d4 - clone
[INFO] [stdout]   25:                0x0 - <unknown>
[INFO] [stdout] 
[INFO] [stdout] ---- run_recipe_with_args stdout ----
[INFO] [stdout] 
[INFO] [stdout] thread 'run_recipe_with_args' (661) panicked at tests/recipe_integration.rs:60:10:
[INFO] [stdout] called `Result::unwrap()` on an `Err` value: Io(Os { code: 2, kind: NotFound, message: "No such file or directory" })
[INFO] [stdout] stack backtrace:
[INFO] [stdout]    0:     0x55835bb0f891 - <<std[617be2ca0a6fd877]::sys::backtrace::BacktraceLock>::print::DisplayBacktrace as core[a373ad73a504971]::fmt::Display>::fmt
[INFO] [stdout]    1:     0x55835bb2564a - core[a373ad73a504971]::fmt::write
[INFO] [stdout]    2:     0x55835bb143ec - <alloc[2e1b2a31b91974c5]::vec::Vec<u8> as core[a373ad73a504971]::io::write::Write>::write_fmt
[INFO] [stdout]    3:     0x55835bae9956 - std[617be2ca0a6fd877]::panicking::default_hook::{closure#0}
[INFO] [stdout]    4:     0x55835bb07339 - std[617be2ca0a6fd877]::panicking::default_hook
[INFO] [stdout]    5:     0x55835ba6c450 - test[aada8e7e76ba119b]::test_main_inner::{closure#0}
[INFO] [stdout]    6:     0x55835bb07662 - std[617be2ca0a6fd877]::panicking::panic_with_hook
[INFO] [stdout]    7:     0x55835bae9a02 - std[617be2ca0a6fd877]::panicking::panic_handler::{closure#0}
[INFO] [stdout]    8:     0x55835bae2069 - std[617be2ca0a6fd877]::sys::backtrace::__rust_end_short_backtrace::<std[617be2ca0a6fd877]::panicking::panic_handler::{closure#0}, !>
[INFO] [stdout]    9:     0x55835baea71d - __rustc[ea4f61d10b84890b]::rust_begin_unwind
[INFO] [stdout]   10:     0x55835bb25dac - core[a373ad73a504971]::panicking::panic_fmt
[INFO] [stdout]   11:     0x55835bb25b82 - core[a373ad73a504971]::result::unwrap_failed
[INFO] [stdout]   12:     0x55835ba35c76 - recipe_integration[1aed06335930bba3]::run_recipe_with_args::{closure#0}
[INFO] [stdout]   13:     0x55835ba55df8 - <tokio[3f4cba5b69cc4ff1]::runtime::context::scoped::Scoped<tokio[3f4cba5b69cc4ff1]::runtime::scheduler::Context>>::set::<<tokio[3f4cba5b69cc4ff1]::runtime::scheduler::current_thread::CoreGuard>::enter<<tokio[3f4cba5b69cc4ff1]::runtime::scheduler::current_thread::CoreGuard>::block_on<core[a373ad73a504971]::pin::Pin<&mut core[a373ad73a504971]::pin::Pin<&mut dyn core[a373ad73a504971]::future::future::Future<Output = ()>>>>::{closure#0}, core[a373ad73a504971]::option::Option<()>>::{closure#0}, (alloc[2e1b2a31b91974c5]::boxed::Box<tokio[3f4cba5b69cc4ff1]::runtime::scheduler::current_thread::Core>, core[a373ad73a504971]::option::Option<()>)>
[INFO] [stdout]   14:     0x55835ba5624d - <tokio[3f4cba5b69cc4ff1]::runtime::scheduler::current_thread::CoreGuard>::block_on::<core[a373ad73a504971]::pin::Pin<&mut core[a373ad73a504971]::pin::Pin<&mut dyn core[a373ad73a504971]::future::future::Future<Output = ()>>>>
[INFO] [stdout]   15:     0x55835ba55147 - tokio[3f4cba5b69cc4ff1]::runtime::context::runtime::enter_runtime::<<tokio[3f4cba5b69cc4ff1]::runtime::scheduler::current_thread::CurrentThread>::block_on<core[a373ad73a504971]::pin::Pin<&mut dyn core[a373ad73a504971]::future::future::Future<Output = ()>>>::{closure#0}, ()>
[INFO] [stdout]   16:     0x55835ba5436a - <tokio[3f4cba5b69cc4ff1]::runtime::runtime::Runtime>::block_on::<core[a373ad73a504971]::pin::Pin<&mut dyn core[a373ad73a504971]::future::future::Future<Output = ()>>>
[INFO] [stdout]   17:     0x55835ba4107e - <recipe_integration[1aed06335930bba3]::run_recipe_with_args::{closure#0} as core[a373ad73a504971]::ops::function::FnOnce<()>>::call_once
[INFO] [stdout]   18:     0x55835ba5f89b - test[aada8e7e76ba119b]::__rust_begin_short_backtrace::<core[a373ad73a504971]::result::Result<(), alloc[2e1b2a31b91974c5]::string::String>, fn() -> core[a373ad73a504971]::result::Result<(), alloc[2e1b2a31b91974c5]::string::String>>
[INFO] [stdout]   19:     0x55835ba6ca75 - test[aada8e7e76ba119b]::run_test::{closure#0}
[INFO] [stdout]   20:     0x55835ba66364 - std[617be2ca0a6fd877]::sys::backtrace::__rust_begin_short_backtrace::<test[aada8e7e76ba119b]::run_test::{closure#1}, ()>
[INFO] [stdout]   21:     0x55835ba6fb02 - <std[617be2ca0a6fd877]::thread::lifecycle::spawn_unchecked<test[aada8e7e76ba119b]::run_test::{closure#1}, ()>::{closure#1} as core[a373ad73a504971]::ops::function::FnOnce<()>>::call_once::{shim:vtable#0}
[INFO] [stdout]   22:     0x55835bb0eecf - <std[617be2ca0a6fd877]::sys::thread::unix::Thread>::new::thread_start
[INFO] [stdout]   23:     0x74cfcaaf1dfa - <unknown>
[INFO] [stdout]   24:     0x74cfcab853d4 - clone
[INFO] [stdout]   25:                0x0 - <unknown>
[INFO] [stdout] 
[INFO] [stdout] ---- list_plugins_filters_by_lds_plugin_group stdout ----
[INFO] [stdout] 
[INFO] [stdout] thread 'list_plugins_filters_by_lds_plugin_group' (655) panicked at tests/recipe_integration.rs:163:47:
[INFO] [stdout] called `Result::unwrap()` on an `Err` value: No such file or directory (os error 2)
[INFO] [stdout] 
[INFO] [stdout] Stack backtrace:
[INFO] [stdout]    0: <anyhow::Error as core::convert::From<lds_recipe::RecipeError>>::from
[INFO] [stdout]    1: <lds_recipe::RecipeModule>::list_plugins::{closure#0}
[INFO] [stdout]    2: recipe_integration::list_plugins_filters_by_lds_plugin_group::{closure#0}
[INFO] [stdout]    3: <tokio::runtime::context::scoped::Scoped<tokio::runtime::scheduler::Context>>::set::<<tokio::runtime::scheduler::current_thread::CoreGuard>::enter<<tokio::runtime::scheduler::current_thread::CoreGuard>::block_on<core::pin::Pin<&mut core::pin::Pin<&mut dyn core::future::future::Future<Output = ()>>>>::{closure#0}, core::option::Option<()>>::{closure#0}, (alloc::boxed::Box<tokio::runtime::scheduler::current_thread::Core>, core::option::Option<()>)>
[INFO] [stdout]    4: <tokio::runtime::scheduler::current_thread::CoreGuard>::block_on::<core::pin::Pin<&mut core::pin::Pin<&mut dyn core::future::future::Future<Output = ()>>>>
[INFO] [stdout]    5: tokio::runtime::context::runtime::enter_runtime::<<tokio::runtime::scheduler::current_thread::CurrentThread>::block_on<core::pin::Pin<&mut dyn core::future::future::Future<Output = ()>>>::{closure#0}, ()>
[INFO] [stdout]    6: <tokio::runtime::runtime::Runtime>::block_on::<core::pin::Pin<&mut dyn core::future::future::Future<Output = ()>>>
[INFO] [stdout]    7: <recipe_integration::list_plugins_filters_by_lds_plugin_group::{closure#0} as core::ops::function::FnOnce<()>>::call_once
[INFO] [stdout]    8: test::__rust_begin_short_backtrace::<core::result::Result<(), alloc::string::String>, fn() -> core::result::Result<(), alloc::string::String>>
[INFO] [stdout]    9: test::run_test::{closure#0}
[INFO] [stdout]   10: std::sys::backtrace::__rust_begin_short_backtrace::<test::run_test::{closure#1}, ()>
[INFO] [stdout]   11: <std::thread::lifecycle::spawn_unchecked<test::run_test::{closure#1}, ()>::{closure#1} as core::ops::function::FnOnce<()>>::call_once::{shim:vtable#0}
[INFO] [stdout]   12: <std::sys::thread::unix::Thread>::new::thread_start
[INFO] [stdout]   13: <unknown>
[INFO] [stdout]   14: clone
[INFO] [stdout] stack backtrace:
[INFO] [stdout]    0:     0x55835bb0f891 - <<std[617be2ca0a6fd877]::sys::backtrace::BacktraceLock>::print::DisplayBacktrace as core[a373ad73a504971]::fmt::Display>::fmt
[INFO] [stdout]    1:     0x55835bb2564a - core[a373ad73a504971]::fmt::write
[INFO] [stdout]    2:     0x55835bb143ec - <alloc[2e1b2a31b91974c5]::vec::Vec<u8> as core[a373ad73a504971]::io::write::Write>::write_fmt
[INFO] [stdout]    3:     0x55835bae9956 - std[617be2ca0a6fd877]::panicking::default_hook::{closure#0}
[INFO] [stdout]    4:     0x55835bb07339 - std[617be2ca0a6fd877]::panicking::default_hook
[INFO] [stdout]    5:     0x55835ba6c450 - test[aada8e7e76ba119b]::test_main_inner::{closure#0}
[INFO] [stdout]    6:     0x55835bb07662 - std[617be2ca0a6fd877]::panicking::panic_with_hook
[INFO] [stdout]    7:     0x55835bae9a02 - std[617be2ca0a6fd877]::panicking::panic_handler::{closure#0}
[INFO] [stderr] error: test failed, to rerun pass `--test recipe_integration`
[INFO] [stdout]    8:     0x55835bae2069 - std[617be2ca0a6fd877]::sys::backtrace::__rust_end_short_backtrace::<std[617be2ca0a6fd877]::panicking::panic_handler::{closure#0}, !>
[INFO] [stdout]    9:     0x55835baea71d - __rustc[ea4f61d10b84890b]::rust_begin_unwind
[INFO] [stdout]   10:     0x55835bb25dac - core[a373ad73a504971]::panicking::panic_fmt
[INFO] [stdout]   11:     0x55835bb25b82 - core[a373ad73a504971]::result::unwrap_failed
[INFO] [stdout]   12:     0x55835ba3aba0 - recipe_integration[1aed06335930bba3]::list_plugins_filters_by_lds_plugin_group::{closure#0}
[INFO] [stdout]   13:     0x55835ba55df8 - <tokio[3f4cba5b69cc4ff1]::runtime::context::scoped::Scoped<tokio[3f4cba5b69cc4ff1]::runtime::scheduler::Context>>::set::<<tokio[3f4cba5b69cc4ff1]::runtime::scheduler::current_thread::CoreGuard>::enter<<tokio[3f4cba5b69cc4ff1]::runtime::scheduler::current_thread::CoreGuard>::block_on<core[a373ad73a504971]::pin::Pin<&mut core[a373ad73a504971]::pin::Pin<&mut dyn core[a373ad73a504971]::future::future::Future<Output = ()>>>>::{closure#0}, core[a373ad73a504971]::option::Option<()>>::{closure#0}, (alloc[2e1b2a31b91974c5]::boxed::Box<tokio[3f4cba5b69cc4ff1]::runtime::scheduler::current_thread::Core>, core[a373ad73a504971]::option::Option<()>)>
[INFO] [stdout]   14:     0x55835ba5624d - <tokio[3f4cba5b69cc4ff1]::runtime::scheduler::current_thread::CoreGuard>::block_on::<core[a373ad73a504971]::pin::Pin<&mut core[a373ad73a504971]::pin::Pin<&mut dyn core[a373ad73a504971]::future::future::Future<Output = ()>>>>
[INFO] [stdout]   15:     0x55835ba55147 - tokio[3f4cba5b69cc4ff1]::runtime::context::runtime::enter_runtime::<<tokio[3f4cba5b69cc4ff1]::runtime::scheduler::current_thread::CurrentThread>::block_on<core[a373ad73a504971]::pin::Pin<&mut dyn core[a373ad73a504971]::future::future::Future<Output = ()>>>::{closure#0}, ()>
[INFO] [stdout]   16:     0x55835ba5436a - <tokio[3f4cba5b69cc4ff1]::runtime::runtime::Runtime>::block_on::<core[a373ad73a504971]::pin::Pin<&mut dyn core[a373ad73a504971]::future::future::Future<Output = ()>>>
[INFO] [stdout]   17:     0x55835ba41cde - <recipe_integration[1aed06335930bba3]::list_plugins_filters_by_lds_plugin_group::{closure#0} as core[a373ad73a504971]::ops::function::FnOnce<()>>::call_once
[INFO] [stdout]   18:     0x55835ba5f89b - test[aada8e7e76ba119b]::__rust_begin_short_backtrace::<core[a373ad73a504971]::result::Result<(), alloc[2e1b2a31b91974c5]::string::String>, fn() -> core[a373ad73a504971]::result::Result<(), alloc[2e1b2a31b91974c5]::string::String>>
[INFO] [stdout]   19:     0x55835ba6ca75 - test[aada8e7e76ba119b]::run_test::{closure#0}
[INFO] [stdout]   20:     0x55835ba66364 - std[617be2ca0a6fd877]::sys::backtrace::__rust_begin_short_backtrace::<test[aada8e7e76ba119b]::run_test::{closure#1}, ()>
[INFO] [stdout]   21:     0x55835ba6fb02 - <std[617be2ca0a6fd877]::thread::lifecycle::spawn_unchecked<test[aada8e7e76ba119b]::run_test::{closure#1}, ()>::{closure#1} as core[a373ad73a504971]::ops::function::FnOnce<()>>::call_once::{shim:vtable#0}
[INFO] [stdout]   22:     0x55835bb0eecf - <std[617be2ca0a6fd877]::sys::thread::unix::Thread>::new::thread_start
[INFO] [stdout]   23:     0x74cfcaaf1dfa - <unknown>
[INFO] [stdout]   24:     0x74cfcab853d4 - clone
[INFO] [stdout]   25:                0x0 - <unknown>
[INFO] [stdout] 
[INFO] [stdout] ---- list_global_plugins_later_dir_overrides stdout ----
[INFO] [stdout] 
[INFO] [stdout] thread 'list_global_plugins_later_dir_overrides' (654) panicked at tests/recipe_integration.rs:312:52:
[INFO] [stdout] called `Result::unwrap()` on an `Err` value: No such file or directory (os error 2)
[INFO] [stdout] 
[INFO] [stdout] Stack backtrace:
[INFO] [stdout]    0: <anyhow::Error as core::convert::From<lds_recipe::RecipeError>>::from
[INFO] [stdout]    1: recipe_integration::list_global_plugins_later_dir_overrides::{closure#0}
[INFO] [stdout]    2: <tokio::runtime::context::scoped::Scoped<tokio::runtime::scheduler::Context>>::set::<<tokio::runtime::scheduler::current_thread::CoreGuard>::enter<<tokio::runtime::scheduler::current_thread::CoreGuard>::block_on<core::pin::Pin<&mut core::pin::Pin<&mut dyn core::future::future::Future<Output = ()>>>>::{closure#0}, core::option::Option<()>>::{closure#0}, (alloc::boxed::Box<tokio::runtime::scheduler::current_thread::Core>, core::option::Option<()>)>
[INFO] [stdout]    3: <tokio::runtime::scheduler::current_thread::CoreGuard>::block_on::<core::pin::Pin<&mut core::pin::Pin<&mut dyn core::future::future::Future<Output = ()>>>>
[INFO] [stdout]    4: tokio::runtime::context::runtime::enter_runtime::<<tokio::runtime::scheduler::current_thread::CurrentThread>::block_on<core::pin::Pin<&mut dyn core::future::future::Future<Output = ()>>>::{closure#0}, ()>
[INFO] [stdout]    5: <tokio::runtime::runtime::Runtime>::block_on::<core::pin::Pin<&mut dyn core::future::future::Future<Output = ()>>>
[INFO] [stdout]    6: <recipe_integration::list_global_plugins_later_dir_overrides::{closure#0} as core::ops::function::FnOnce<()>>::call_once
[INFO] [stdout]    7: test::__rust_begin_short_backtrace::<core::result::Result<(), alloc::string::String>, fn() -> core::result::Result<(), alloc::string::String>>
[INFO] [stdout]    8: test::run_test::{closure#0}
[INFO] [stdout]    9: std::sys::backtrace::__rust_begin_short_backtrace::<test::run_test::{closure#1}, ()>
[INFO] [stdout]   10: <std::thread::lifecycle::spawn_unchecked<test::run_test::{closure#1}, ()>::{closure#1} as core::ops::function::FnOnce<()>>::call_once::{shim:vtable#0}
[INFO] [stdout]   11: <std::sys::thread::unix::Thread>::new::thread_start
[INFO] [stdout]   12: <unknown>
[INFO] [stdout]   13: clone
[INFO] [stdout] stack backtrace:
[INFO] [stdout]    0:     0x55835bb0f891 - <<std[617be2ca0a6fd877]::sys::backtrace::BacktraceLock>::print::DisplayBacktrace as core[a373ad73a504971]::fmt::Display>::fmt
[INFO] [stdout]    1:     0x55835bb2564a - core[a373ad73a504971]::fmt::write
[INFO] [stdout]    2:     0x55835bb143ec - <alloc[2e1b2a31b91974c5]::vec::Vec<u8> as core[a373ad73a504971]::io::write::Write>::write_fmt
[INFO] [stdout]    3:     0x55835bae9956 - std[617be2ca0a6fd877]::panicking::default_hook::{closure#0}
[INFO] [stdout]    4:     0x55835bb07339 - std[617be2ca0a6fd877]::panicking::default_hook
[INFO] [stdout]    5:     0x55835ba6c450 - test[aada8e7e76ba119b]::test_main_inner::{closure#0}
[INFO] [stdout]    6:     0x55835bb07662 - std[617be2ca0a6fd877]::panicking::panic_with_hook
[INFO] [stdout]    7:     0x55835bae9a02 - std[617be2ca0a6fd877]::panicking::panic_handler::{closure#0}
[INFO] [stdout]    8:     0x55835bae2069 - std[617be2ca0a6fd877]::sys::backtrace::__rust_end_short_backtrace::<std[617be2ca0a6fd877]::panicking::panic_handler::{closure#0}, !>
[INFO] [stdout]    9:     0x55835baea71d - __rustc[ea4f61d10b84890b]::rust_begin_unwind
[INFO] [stdout]   10:     0x55835bb25dac - core[a373ad73a504971]::panicking::panic_fmt
[INFO] [stdout]   11:     0x55835bb25b82 - core[a373ad73a504971]::result::unwrap_failed
[INFO] [stdout]   12:     0x55835ba3a2dd - recipe_integration[1aed06335930bba3]::list_global_plugins_later_dir_overrides::{closure#0}
[INFO] [stdout]   13:     0x55835ba55df8 - <tokio[3f4cba5b69cc4ff1]::runtime::context::scoped::Scoped<tokio[3f4cba5b69cc4ff1]::runtime::scheduler::Context>>::set::<<tokio[3f4cba5b69cc4ff1]::runtime::scheduler::current_thread::CoreGuard>::enter<<tokio[3f4cba5b69cc4ff1]::runtime::scheduler::current_thread::CoreGuard>::block_on<core[a373ad73a504971]::pin::Pin<&mut core[a373ad73a504971]::pin::Pin<&mut dyn core[a373ad73a504971]::future::future::Future<Output = ()>>>>::{closure#0}, core[a373ad73a504971]::option::Option<()>>::{closure#0}, (alloc[2e1b2a31b91974c5]::boxed::Box<tokio[3f4cba5b69cc4ff1]::runtime::scheduler::current_thread::Core>, core[a373ad73a504971]::option::Option<()>)>
[INFO] [stdout]   14:     0x55835ba5624d - <tokio[3f4cba5b69cc4ff1]::runtime::scheduler::current_thread::CoreGuard>::block_on::<core[a373ad73a504971]::pin::Pin<&mut core[a373ad73a504971]::pin::Pin<&mut dyn core[a373ad73a504971]::future::future::Future<Output = ()>>>>
[INFO] [stdout]   15:     0x55835ba55147 - tokio[3f4cba5b69cc4ff1]::runtime::context::runtime::enter_runtime::<<tokio[3f4cba5b69cc4ff1]::runtime::scheduler::current_thread::CurrentThread>::block_on<core[a373ad73a504971]::pin::Pin<&mut dyn core[a373ad73a504971]::future::future::Future<Output = ()>>>::{closure#0}, ()>
[INFO] [stdout]   16:     0x55835ba5436a - <tokio[3f4cba5b69cc4ff1]::runtime::runtime::Runtime>::block_on::<core[a373ad73a504971]::pin::Pin<&mut dyn core[a373ad73a504971]::future::future::Future<Output = ()>>>
[INFO] [stdout]   17:     0x55835ba41b7e - <recipe_integration[1aed06335930bba3]::list_global_plugins_later_dir_overrides::{closure#0} as core[a373ad73a504971]::ops::function::FnOnce<()>>::call_once
[INFO] [stdout]   18:     0x55835ba5f89b - test[aada8e7e76ba119b]::__rust_begin_short_backtrace::<core[a373ad73a504971]::result::Result<(), alloc[2e1b2a31b91974c5]::string::String>, fn() -> core[a373ad73a504971]::result::Result<(), alloc[2e1b2a31b91974c5]::string::String>>
[INFO] [stdout]   19:     0x55835ba6ca75 - test[aada8e7e76ba119b]::run_test::{closure#0}
[INFO] [stdout]   20:     0x55835ba66364 - std[617be2ca0a6fd877]::sys::backtrace::__rust_begin_short_backtrace::<test[aada8e7e76ba119b]::run_test::{closure#1}, ()>
[INFO] [stdout]   21:     0x55835ba6fb02 - <std[617be2ca0a6fd877]::thread::lifecycle::spawn_unchecked<test[aada8e7e76ba119b]::run_test::{closure#1}, ()>::{closure#1} as core[a373ad73a504971]::ops::function::FnOnce<()>>::call_once::{shim:vtable#0}
[INFO] [stdout]   22:     0x55835bb0eecf - <std[617be2ca0a6fd877]::sys::thread::unix::Thread>::new::thread_start
[INFO] [stdout]   23:     0x74cfcaaf1dfa - <unknown>
[INFO] [stdout]   24:     0x74cfcab853d4 - clone
[INFO] [stdout]   25:                0x0 - <unknown>
[INFO] [stdout] 
[INFO] [stdout] ---- list_filters_by_allow_agent stdout ----
[INFO] [stdout] 
[INFO] [stdout] thread 'list_filters_by_allow_agent' (653) panicked at tests/recipe_integration.rs:43:36:
[INFO] [stdout] called `Result::unwrap()` on an `Err` value: No such file or directory (os error 2)
[INFO] [stdout] 
[INFO] [stdout] Stack backtrace:
[INFO] [stdout]    0: <anyhow::Error as core::convert::From<lds_recipe::RecipeError>>::from
[INFO] [stdout]    1: <lds_recipe::RecipeModule>::list::{closure#0}
[INFO] [stdout]    2: recipe_integration::list_filters_by_allow_agent::{closure#0}
[INFO] [stdout]    3: <tokio::runtime::context::scoped::Scoped<tokio::runtime::scheduler::Context>>::set::<<tokio::runtime::scheduler::current_thread::CoreGuard>::enter<<tokio::runtime::scheduler::current_thread::CoreGuard>::block_on<core::pin::Pin<&mut core::pin::Pin<&mut dyn core::future::future::Future<Output = ()>>>>::{closure#0}, core::option::Option<()>>::{closure#0}, (alloc::boxed::Box<tokio::runtime::scheduler::current_thread::Core>, core::option::Option<()>)>
[INFO] [stdout]    4: <tokio::runtime::scheduler::current_thread::CoreGuard>::block_on::<core::pin::Pin<&mut core::pin::Pin<&mut dyn core::future::future::Future<Output = ()>>>>
[INFO] [stdout]    5: tokio::runtime::context::runtime::enter_runtime::<<tokio::runtime::scheduler::current_thread::CurrentThread>::block_on<core::pin::Pin<&mut dyn core::future::future::Future<Output = ()>>>::{closure#0}, ()>
[INFO] [stdout]    6: <tokio::runtime::runtime::Runtime>::block_on::<core::pin::Pin<&mut dyn core::future::future::Future<Output = ()>>>
[INFO] [stdout]    7: <recipe_integration::list_filters_by_allow_agent::{closure#0} as core::ops::function::FnOnce<()>>::call_once
[INFO] [stdout]    8: test::__rust_begin_short_backtrace::<core::result::Result<(), alloc::string::String>, fn() -> core::result::Result<(), alloc::string::String>>
[INFO] [stdout]    9: test::run_test::{closure#0}
[INFO] [stdout]   10: std::sys::backtrace::__rust_begin_short_backtrace::<test::run_test::{closure#1}, ()>
[INFO] [stdout]   11: <std::thread::lifecycle::spawn_unchecked<test::run_test::{closure#1}, ()>::{closure#1} as core::ops::function::FnOnce<()>>::call_once::{shim:vtable#0}
[INFO] [stdout]   12: <std::sys::thread::unix::Thread>::new::thread_start
[INFO] [stdout]   13: <unknown>
[INFO] [stdout]   14: clone
[INFO] [stdout] stack backtrace:
[INFO] [stdout]    0:     0x55835bb0f891 - <<std[617be2ca0a6fd877]::sys::backtrace::BacktraceLock>::print::DisplayBacktrace as core[a373ad73a504971]::fmt::Display>::fmt
[INFO] [stdout]    1:     0x55835bb2564a - core[a373ad73a504971]::fmt::write
[INFO] [stdout]    2:     0x55835bb143ec - <alloc[2e1b2a31b91974c5]::vec::Vec<u8> as core[a373ad73a504971]::io::write::Write>::write_fmt
[INFO] [stdout]    3:     0x55835bae9956 - std[617be2ca0a6fd877]::panicking::default_hook::{closure#0}
[INFO] [stdout]    4:     0x55835bb07339 - std[617be2ca0a6fd877]::panicking::default_hook
[INFO] [stdout]    5:     0x55835ba6c450 - test[aada8e7e76ba119b]::test_main_inner::{closure#0}
[INFO] [stdout]    6:     0x55835bb07662 - std[617be2ca0a6fd877]::panicking::panic_with_hook
[INFO] [stdout]    7:     0x55835bae9a02 - std[617be2ca0a6fd877]::panicking::panic_handler::{closure#0}
[INFO] [stdout]    8:     0x55835bae2069 - std[617be2ca0a6fd877]::sys::backtrace::__rust_end_short_backtrace::<std[617be2ca0a6fd877]::panicking::panic_handler::{closure#0}, !>
[INFO] [stdout]    9:     0x55835baea71d - __rustc[ea4f61d10b84890b]::rust_begin_unwind
[INFO] [stdout]   10:     0x55835bb25dac - core[a373ad73a504971]::panicking::panic_fmt
[INFO] [stdout]   11:     0x55835bb25b82 - core[a373ad73a504971]::result::unwrap_failed
[INFO] [stdout]   12:     0x55835ba3687d - recipe_integration[1aed06335930bba3]::list_filters_by_allow_agent::{closure#0}
[INFO] [stdout]   13:     0x55835ba55df8 - <tokio[3f4cba5b69cc4ff1]::runtime::context::scoped::Scoped<tokio[3f4cba5b69cc4ff1]::runtime::scheduler::Context>>::set::<<tokio[3f4cba5b69cc4ff1]::runtime::scheduler::current_thread::CoreGuard>::enter<<tokio[3f4cba5b69cc4ff1]::runtime::scheduler::current_thread::CoreGuard>::block_on<core[a373ad73a504971]::pin::Pin<&mut core[a373ad73a504971]::pin::Pin<&mut dyn core[a373ad73a504971]::future::future::Future<Output = ()>>>>::{closure#0}, core[a373ad73a504971]::option::Option<()>>::{closure#0}, (alloc[2e1b2a31b91974c5]::boxed::Box<tokio[3f4cba5b69cc4ff1]::runtime::scheduler::current_thread::Core>, core[a373ad73a504971]::option::Option<()>)>
[INFO] [stdout]   14:     0x55835ba5624d - <tokio[3f4cba5b69cc4ff1]::runtime::scheduler::current_thread::CoreGuard>::block_on::<core[a373ad73a504971]::pin::Pin<&mut core[a373ad73a504971]::pin::Pin<&mut dyn core[a373ad73a504971]::future::future::Future<Output = ()>>>>
[INFO] [stdout]   15:     0x55835ba55147 - tokio[3f4cba5b69cc4ff1]::runtime::context::runtime::enter_runtime::<<tokio[3f4cba5b69cc4ff1]::runtime::scheduler::current_thread::CurrentThread>::block_on<core[a373ad73a504971]::pin::Pin<&mut dyn core[a373ad73a504971]::future::future::Future<Output = ()>>>::{closure#0}, ()>
[INFO] [stdout]   16:     0x55835ba5436a - <tokio[3f4cba5b69cc4ff1]::runtime::runtime::Runtime>::block_on::<core[a373ad73a504971]::pin::Pin<&mut dyn core[a373ad73a504971]::future::future::Future<Output = ()>>>
[INFO] [stdout]   17:     0x55835ba4133e - <recipe_integration[1aed06335930bba3]::list_filters_by_allow_agent::{closure#0} as core[a373ad73a504971]::ops::function::FnOnce<()>>::call_once
[INFO] [stdout]   18:     0x55835ba5f89b - test[aada8e7e76ba119b]::__rust_begin_short_backtrace::<core[a373ad73a504971]::result::Result<(), alloc[2e1b2a31b91974c5]::string::String>, fn() -> core[a373ad73a504971]::result::Result<(), alloc[2e1b2a31b91974c5]::string::String>>
[INFO] [stdout]   19:     0x55835ba6ca75 - test[aada8e7e76ba119b]::run_test::{closure#0}
[INFO] [stdout]   20:     0x55835ba66364 - std[617be2ca0a6fd877]::sys::backtrace::__rust_begin_short_backtrace::<test[aada8e7e76ba119b]::run_test::{closure#1}, ()>
[INFO] [stdout]   21:     0x55835ba6fb02 - <std[617be2ca0a6fd877]::thread::lifecycle::spawn_unchecked<test[aada8e7e76ba119b]::run_test::{closure#1}, ()>::{closure#1} as core[a373ad73a504971]::ops::function::FnOnce<()>>::call_once::{shim:vtable#0}
[INFO] [stdout]   22:     0x55835bb0eecf - <std[617be2ca0a6fd877]::sys::thread::unix::Thread>::new::thread_start
[INFO] [stdout]   23:     0x74cfcaaf1dfa - <unknown>
[INFO] [stdout]   24:     0x74cfcab853d4 - clone
[INFO] [stdout]   25:                0x0 - <unknown>
[INFO] [stdout] 
[INFO] [stdout] ---- logs_store_records_execution stdout ----
[INFO] [stdout] 
[INFO] [stdout] thread 'logs_store_records_execution' (657) panicked at tests/recipe_integration.rs:127:10:
[INFO] [stdout] called `Result::unwrap()` on an `Err` value: Io(Os { code: 2, kind: NotFound, message: "No such file or directory" })
[INFO] [stdout] stack backtrace:
[INFO] [stdout]    0:     0x55835bb0f891 - <<std[617be2ca0a6fd877]::sys::backtrace::BacktraceLock>::print::DisplayBacktrace as core[a373ad73a504971]::fmt::Display>::fmt
[INFO] [stdout]    1:     0x55835bb2564a - core[a373ad73a504971]::fmt::write
[INFO] [stdout]    2:     0x55835bb143ec - <alloc[2e1b2a31b91974c5]::vec::Vec<u8> as core[a373ad73a504971]::io::write::Write>::write_fmt
[INFO] [stdout]    3:     0x55835bae9956 - std[617be2ca0a6fd877]::panicking::default_hook::{closure#0}
[INFO] [stdout]    4:     0x55835bb07339 - std[617be2ca0a6fd877]::panicking::default_hook
[INFO] [stdout]    5:     0x55835ba6c450 - test[aada8e7e76ba119b]::test_main_inner::{closure#0}
[INFO] [stdout]    6:     0x55835bb07662 - std[617be2ca0a6fd877]::panicking::panic_with_hook
[INFO] [stdout]    7:     0x55835bae9a02 - std[617be2ca0a6fd877]::panicking::panic_handler::{closure#0}
[INFO] [stdout]    8:     0x55835bae2069 - std[617be2ca0a6fd877]::sys::backtrace::__rust_end_short_backtrace::<std[617be2ca0a6fd877]::panicking::panic_handler::{closure#0}, !>
[INFO] [stdout]    9:     0x55835baea71d - __rustc[ea4f61d10b84890b]::rust_begin_unwind
[INFO] [stdout]   10:     0x55835bb25dac - core[a373ad73a504971]::panicking::panic_fmt
[INFO] [stdout]   11:     0x55835bb25b82 - core[a373ad73a504971]::result::unwrap_failed
[INFO] [stdout]   12:     0x55835ba36ff7 - recipe_integration[1aed06335930bba3]::logs_store_records_execution::{closure#0}
[INFO] [stdout]   13:     0x55835ba55df8 - <tokio[3f4cba5b69cc4ff1]::runtime::context::scoped::Scoped<tokio[3f4cba5b69cc4ff1]::runtime::scheduler::Context>>::set::<<tokio[3f4cba5b69cc4ff1]::runtime::scheduler::current_thread::CoreGuard>::enter<<tokio[3f4cba5b69cc4ff1]::runtime::scheduler::current_thread::CoreGuard>::block_on<core[a373ad73a504971]::pin::Pin<&mut core[a373ad73a504971]::pin::Pin<&mut dyn core[a373ad73a504971]::future::future::Future<Output = ()>>>>::{closure#0}, core[a373ad73a504971]::option::Option<()>>::{closure#0}, (alloc[2e1b2a31b91974c5]::boxed::Box<tokio[3f4cba5b69cc4ff1]::runtime::scheduler::current_thread::Core>, core[a373ad73a504971]::option::Option<()>)>
[INFO] [stdout]   14:     0x55835ba5624d - <tokio[3f4cba5b69cc4ff1]::runtime::scheduler::current_thread::CoreGuard>::block_on::<core[a373ad73a504971]::pin::Pin<&mut core[a373ad73a504971]::pin::Pin<&mut dyn core[a373ad73a504971]::future::future::Future<Output = ()>>>>
[INFO] [stdout]   15:     0x55835ba55147 - tokio[3f4cba5b69cc4ff1]::runtime::context::runtime::enter_runtime::<<tokio[3f4cba5b69cc4ff1]::runtime::scheduler::current_thread::CurrentThread>::block_on<core[a373ad73a504971]::pin::Pin<&mut dyn core[a373ad73a504971]::future::future::Future<Output = ()>>>::{closure#0}, ()>
[INFO] [stdout]   16:     0x55835ba5436a - <tokio[3f4cba5b69cc4ff1]::runtime::runtime::Runtime>::block_on::<core[a373ad73a504971]::pin::Pin<&mut dyn core[a373ad73a504971]::future::future::Future<Output = ()>>>
[INFO] [stdout]   17:     0x55835ba4149e - <recipe_integration[1aed06335930bba3]::logs_store_records_execution::{closure#0} as core[a373ad73a504971]::ops::function::FnOnce<()>>::call_once
[INFO] [stdout]   18:     0x55835ba5f89b - test[aada8e7e76ba119b]::__rust_begin_short_backtrace::<core[a373ad73a504971]::result::Result<(), alloc[2e1b2a31b91974c5]::string::String>, fn() -> core[a373ad73a504971]::result::Result<(), alloc[2e1b2a31b91974c5]::string::String>>
[INFO] [stdout]   19:     0x55835ba6ca75 - test[aada8e7e76ba119b]::run_test::{closure#0}
[INFO] [stdout]   20:     0x55835ba66364 - std[617be2ca0a6fd877]::sys::backtrace::__rust_begin_short_backtrace::<test[aada8e7e76ba119b]::run_test::{closure#1}, ()>
[INFO] [stdout]   21:     0x55835ba6fb02 - <std[617be2ca0a6fd877]::thread::lifecycle::spawn_unchecked<test[aada8e7e76ba119b]::run_test::{closure#1}, ()>::{closure#1} as core[a373ad73a504971]::ops::function::FnOnce<()>>::call_once::{shim:vtable#0}
[INFO] [stdout]   22:     0x55835bb0eecf - <std[617be2ca0a6fd877]::sys::thread::unix::Thread>::new::thread_start
[INFO] [stdout]   23:     0x74cfcaaf1dfa - <unknown>
[INFO] [stdout]   24:     0x74cfcab853d4 - clone
[INFO] [stdout]   25:                0x0 - <unknown>
[INFO] [stdout] 
[INFO] [stdout] ---- recovers_after_session_restart stdout ----
[INFO] [stdout] 
[INFO] [stdout] thread 'recovers_after_session_restart' (658) panicked at tests/recipe_integration.rs:398:10:
[INFO] [stdout] called `Result::unwrap()` on an `Err` value: Io(Os { code: 2, kind: NotFound, message: "No such file or directory" })
[INFO] [stdout] stack backtrace:
[INFO] [stdout]    0:     0x55835bb0f891 - <<std[617be2ca0a6fd877]::sys::backtrace::BacktraceLock>::print::DisplayBacktrace as core[a373ad73a504971]::fmt::Display>::fmt
[INFO] [stdout]    1:     0x55835bb2564a - core[a373ad73a504971]::fmt::write
[INFO] [stdout]    2:     0x55835bb143ec - <alloc[2e1b2a31b91974c5]::vec::Vec<u8> as core[a373ad73a504971]::io::write::Write>::write_fmt
[INFO] [stdout]    3:     0x55835bae9956 - std[617be2ca0a6fd877]::panicking::default_hook::{closure#0}
[INFO] [stdout]    4:     0x55835bb07339 - std[617be2ca0a6fd877]::panicking::default_hook
[INFO] [stdout]    5:     0x55835ba6c450 - test[aada8e7e76ba119b]::test_main_inner::{closure#0}
[INFO] [stdout]    6:     0x55835bb07662 - std[617be2ca0a6fd877]::panicking::panic_with_hook
[INFO] [stdout]    7:     0x55835bae9a02 - std[617be2ca0a6fd877]::panicking::panic_handler::{closure#0}
[INFO] [stdout]    8:     0x55835bae2069 - std[617be2ca0a6fd877]::sys::backtrace::__rust_end_short_backtrace::<std[617be2ca0a6fd877]::panicking::panic_handler::{closure#0}, !>
[INFO] [stdout]    9:     0x55835baea71d - __rustc[ea4f61d10b84890b]::rust_begin_unwind
[INFO] [stdout]   10:     0x55835bb25dac - core[a373ad73a504971]::panicking::panic_fmt
[INFO] [stdout]   11:     0x55835bb25b82 - core[a373ad73a504971]::result::unwrap_failed
[INFO] [stdout]   12:     0x55835ba38743 - recipe_integration[1aed06335930bba3]::recovers_after_session_restart::{closure#0}
[INFO] [stdout]   13:     0x55835ba55df8 - <tokio[3f4cba5b69cc4ff1]::runtime::context::scoped::Scoped<tokio[3f4cba5b69cc4ff1]::runtime::scheduler::Context>>::set::<<tokio[3f4cba5b69cc4ff1]::runtime::scheduler::current_thread::CoreGuard>::enter<<tokio[3f4cba5b69cc4ff1]::runtime::scheduler::current_thread::CoreGuard>::block_on<core[a373ad73a504971]::pin::Pin<&mut core[a373ad73a504971]::pin::Pin<&mut dyn core[a373ad73a504971]::future::future::Future<Output = ()>>>>::{closure#0}, core[a373ad73a504971]::option::Option<()>>::{closure#0}, (alloc[2e1b2a31b91974c5]::boxed::Box<tokio[3f4cba5b69cc4ff1]::runtime::scheduler::current_thread::Core>, core[a373ad73a504971]::option::Option<()>)>
[INFO] [stdout]   14:     0x55835ba5624d - <tokio[3f4cba5b69cc4ff1]::runtime::scheduler::current_thread::CoreGuard>::block_on::<core[a373ad73a504971]::pin::Pin<&mut core[a373ad73a504971]::pin::Pin<&mut dyn core[a373ad73a504971]::future::future::Future<Output = ()>>>>
[INFO] [stdout]   15:     0x55835ba55147 - tokio[3f4cba5b69cc4ff1]::runtime::context::runtime::enter_runtime::<<tokio[3f4cba5b69cc4ff1]::runtime::scheduler::current_thread::CurrentThread>::block_on<core[a373ad73a504971]::pin::Pin<&mut dyn core[a373ad73a504971]::future::future::Future<Output = ()>>>::{closure#0}, ()>
[INFO] [stdout]   16:     0x55835ba5436a - <tokio[3f4cba5b69cc4ff1]::runtime::runtime::Runtime>::block_on::<core[a373ad73a504971]::pin::Pin<&mut dyn core[a373ad73a504971]::future::future::Future<Output = ()>>>
[INFO] [stdout]   17:     0x55835ba418be - <recipe_integration[1aed06335930bba3]::recovers_after_session_restart::{closure#0} as core[a373ad73a504971]::ops::function::FnOnce<()>>::call_once
[INFO] [stdout]   18:     0x55835ba5f89b - test[aada8e7e76ba119b]::__rust_begin_short_backtrace::<core[a373ad73a504971]::result::Result<(), alloc[2e1b2a31b91974c5]::string::String>, fn() -> core[a373ad73a504971]::result::Result<(), alloc[2e1b2a31b91974c5]::string::String>>
[INFO] [stdout]   19:     0x55835ba6ca75 - test[aada8e7e76ba119b]::run_test::{closure#0}
[INFO] [stdout]   20:     0x55835ba66364 - std[617be2ca0a6fd877]::sys::backtrace::__rust_begin_short_backtrace::<test[aada8e7e76ba119b]::run_test::{closure#1}, ()>
[INFO] [stdout]   21:     0x55835ba6fb02 - <std[617be2ca0a6fd877]::thread::lifecycle::spawn_unchecked<test[aada8e7e76ba119b]::run_test::{closure#1}, ()>::{closure#1} as core[a373ad73a504971]::ops::function::FnOnce<()>>::call_once::{shim:vtable#0}
[INFO] [stdout]   22:     0x55835bb0eecf - <std[617be2ca0a6fd877]::sys::thread::unix::Thread>::new::thread_start
[INFO] [stdout]   23:     0x74cfcaaf1dfa - <unknown>
[INFO] [stdout]   24:     0x74cfcab853d4 - clone
[INFO] [stdout]   25:                0x0 - <unknown>
[INFO] [stdout] 
[INFO] [stdout] ---- run_recipe_with_content stdout ----
[INFO] [stdout] 
[INFO] [stdout] thread 'run_recipe_with_content' (662) panicked at tests/recipe_integration.rs:84:10:
[INFO] [stdout] called `Result::unwrap()` on an `Err` value: Io(Os { code: 2, kind: NotFound, message: "No such file or directory" })
[INFO] [stdout] stack backtrace:
[INFO] [stdout]    0:     0x55835bb0f891 - <<std[617be2ca0a6fd877]::sys::backtrace::BacktraceLock>::print::DisplayBacktrace as core[a373ad73a504971]::fmt::Display>::fmt
[INFO] [stdout]    1:     0x55835bb2564a - core[a373ad73a504971]::fmt::write
[INFO] [stdout]    2:     0x55835bb143ec - <alloc[2e1b2a31b91974c5]::vec::Vec<u8> as core[a373ad73a504971]::io::write::Write>::write_fmt
[INFO] [stdout]    3:     0x55835bae9956 - std[617be2ca0a6fd877]::panicking::default_hook::{closure#0}
[INFO] [stdout]    4:     0x55835bb07339 - std[617be2ca0a6fd877]::panicking::default_hook
[INFO] [stdout]    5:     0x55835ba6c450 - test[aada8e7e76ba119b]::test_main_inner::{closure#0}
[INFO] [stdout]    6:     0x55835bb07662 - std[617be2ca0a6fd877]::panicking::panic_with_hook
[INFO] [stdout]    7:     0x55835bae9a02 - std[617be2ca0a6fd877]::panicking::panic_handler::{closure#0}
[INFO] [stdout]    8:     0x55835bae2069 - std[617be2ca0a6fd877]::sys::backtrace::__rust_end_short_backtrace::<std[617be2ca0a6fd877]::panicking::panic_handler::{closure#0}, !>
[INFO] [stdout]    9:     0x55835baea71d - __rustc[ea4f61d10b84890b]::rust_begin_unwind
[INFO] [stdout]   10:     0x55835bb25dac - core[a373ad73a504971]::panicking::panic_fmt
[INFO] [stdout]   11:     0x55835bb25b82 - core[a373ad73a504971]::result::unwrap_failed
[INFO] [stdout]   12:     0x55835ba362ca - recipe_integration[1aed06335930bba3]::run_recipe_with_content::{closure#0}
[INFO] [stdout]   13:     0x55835ba55df8 - <tokio[3f4cba5b69cc4ff1]::runtime::context::scoped::Scoped<tokio[3f4cba5b69cc4ff1]::runtime::scheduler::Context>>::set::<<tokio[3f4cba5b69cc4ff1]::runtime::scheduler::current_thread::CoreGuard>::enter<<tokio[3f4cba5b69cc4ff1]::runtime::scheduler::current_thread::CoreGuard>::block_on<core[a373ad73a504971]::pin::Pin<&mut core[a373ad73a504971]::pin::Pin<&mut dyn core[a373ad73a504971]::future::future::Future<Output = ()>>>>::{closure#0}, core[a373ad73a504971]::option::Option<()>>::{closure#0}, (alloc[2e1b2a31b91974c5]::boxed::Box<tokio[3f4cba5b69cc4ff1]::runtime::scheduler::current_thread::Core>, core[a373ad73a504971]::option::Option<()>)>
[INFO] [stdout]   14:     0x55835ba5624d - <tokio[3f4cba5b69cc4ff1]::runtime::scheduler::current_thread::CoreGuard>::block_on::<core[a373ad73a504971]::pin::Pin<&mut core[a373ad73a504971]::pin::Pin<&mut dyn core[a373ad73a504971]::future::future::Future<Output = ()>>>>
[INFO] [stdout]   15:     0x55835ba55147 - tokio[3f4cba5b69cc4ff1]::runtime::context::runtime::enter_runtime::<<tokio[3f4cba5b69cc4ff1]::runtime::scheduler::current_thread::CurrentThread>::block_on<core[a373ad73a504971]::pin::Pin<&mut dyn core[a373ad73a504971]::future::future::Future<Output = ()>>>::{closure#0}, ()>
[INFO] [stdout]   16:     0x55835ba5436a - <tokio[3f4cba5b69cc4ff1]::runtime::runtime::Runtime>::block_on::<core[a373ad73a504971]::pin::Pin<&mut dyn core[a373ad73a504971]::future::future::Future<Output = ()>>>
[INFO] [stdout]   17:     0x55835ba411de - <recipe_integration[1aed06335930bba3]::run_recipe_with_content::{closure#0} as core[a373ad73a504971]::ops::function::FnOnce<()>>::call_once
[INFO] [stdout]   18:     0x55835ba5f89b - test[aada8e7e76ba119b]::__rust_begin_short_backtrace::<core[a373ad73a504971]::result::Result<(), alloc[2e1b2a31b91974c5]::string::String>, fn() -> core[a373ad73a504971]::result::Result<(), alloc[2e1b2a31b91974c5]::string::String>>
[INFO] [stdout]   19:     0x55835ba6ca75 - test[aada8e7e76ba119b]::run_test::{closure#0}
[INFO] [stdout]   20:     0x55835ba66364 - std[617be2ca0a6fd877]::sys::backtrace::__rust_begin_short_backtrace::<test[aada8e7e76ba119b]::run_test::{closure#1}, ()>
[INFO] [stdout]   21:     0x55835ba6fb02 - <std[617be2ca0a6fd877]::thread::lifecycle::spawn_unchecked<test[aada8e7e76ba119b]::run_test::{closure#1}, ()>::{closure#1} as core[a373ad73a504971]::ops::function::FnOnce<()>>::call_once::{shim:vtable#0}
[INFO] [stdout]   22:     0x55835bb0eecf - <std[617be2ca0a6fd877]::sys::thread::unix::Thread>::new::thread_start
[INFO] [stdout]   23:     0x74cfcaaf1dfa - <unknown>
[INFO] [stdout]   24:     0x74cfcab853d4 - clone
[INFO] [stdout]   25:                0x0 - <unknown>
[INFO] [stdout] 
[INFO] [stdout] ---- later_global_dir_overrides_earlier_on_collision stdout ----
[INFO] [stdout] 
[INFO] [stdout] thread 'later_global_dir_overrides_earlier_on_collision' (652) panicked at tests/recipe_integration.rs:288:36:
[INFO] [stdout] called `Result::unwrap()` on an `Err` value: No such file or directory (os error 2)
[INFO] [stdout] 
[INFO] [stdout] Stack backtrace:
[INFO] [stdout]    0: <anyhow::Error as core::convert::From<lds_recipe::RecipeError>>::from
[INFO] [stdout]    1: <lds_recipe::RecipeModule>::list::{closure#0}
[INFO] [stdout]    2: recipe_integration::later_global_dir_overrides_earlier_on_collision::{closure#0}
[INFO] [stdout]    3: <tokio::runtime::context::scoped::Scoped<tokio::runtime::scheduler::Context>>::set::<<tokio::runtime::scheduler::current_thread::CoreGuard>::enter<<tokio::runtime::scheduler::current_thread::CoreGuard>::block_on<core::pin::Pin<&mut core::pin::Pin<&mut dyn core::future::future::Future<Output = ()>>>>::{closure#0}, core::option::Option<()>>::{closure#0}, (alloc::boxed::Box<tokio::runtime::scheduler::current_thread::Core>, core::option::Option<()>)>
[INFO] [stdout]    4: <tokio::runtime::scheduler::current_thread::CoreGuard>::block_on::<core::pin::Pin<&mut core::pin::Pin<&mut dyn core::future::future::Future<Output = ()>>>>
[INFO] [stdout]    5: tokio::runtime::context::runtime::enter_runtime::<<tokio::runtime::scheduler::current_thread::CurrentThread>::block_on<core::pin::Pin<&mut dyn core::future::future::Future<Output = ()>>>::{closure#0}, ()>
[INFO] [stdout]    6: <tokio::runtime::runtime::Runtime>::block_on::<core::pin::Pin<&mut dyn core::future::future::Future<Output = ()>>>
[INFO] [stdout]    7: <recipe_integration::later_global_dir_overrides_earlier_on_collision::{closure#0} as core::ops::function::FnOnce<()>>::call_once
[INFO] [stdout]    8: test::__rust_begin_short_backtrace::<core::result::Result<(), alloc::string::String>, fn() -> core::result::Result<(), alloc::string::String>>
[INFO] [stdout]    9: test::run_test::{closure#0}
[INFO] [stdout]   10: std::sys::backtrace::__rust_begin_short_backtrace::<test::run_test::{closure#1}, ()>
[INFO] [stdout]   11: <std::thread::lifecycle::spawn_unchecked<test::run_test::{closure#1}, ()>::{closure#1} as core::ops::function::FnOnce<()>>::call_once::{shim:vtable#0}
[INFO] [stdout]   12: <std::sys::thread::unix::Thread>::new::thread_start
[INFO] [stdout]   13: <unknown>
[INFO] [stdout]   14: clone
[INFO] [stdout] stack backtrace:
[INFO] [stdout]    0:     0x55835bb0f891 - <<std[617be2ca0a6fd877]::sys::backtrace::BacktraceLock>::print::DisplayBacktrace as core[a373ad73a504971]::fmt::Display>::fmt
[INFO] [stdout]    1:     0x55835bb2564a - core[a373ad73a504971]::fmt::write
[INFO] [stdout]    2:     0x55835bb143ec - <alloc[2e1b2a31b91974c5]::vec::Vec<u8> as core[a373ad73a504971]::io::write::Write>::write_fmt
[INFO] [stdout]    3:     0x55835bae9956 - std[617be2ca0a6fd877]::panicking::default_hook::{closure#0}
[INFO] [stdout]    4:     0x55835bb07339 - std[617be2ca0a6fd877]::panicking::default_hook
[INFO] [stdout]    5:     0x55835ba6c450 - test[aada8e7e76ba119b]::test_main_inner::{closure#0}
[INFO] [stdout]    6:     0x55835bb07662 - std[617be2ca0a6fd877]::panicking::panic_with_hook
[INFO] [stdout]    7:     0x55835bae9a02 - std[617be2ca0a6fd877]::panicking::panic_handler::{closure#0}
[INFO] [stdout]    8:     0x55835bae2069 - std[617be2ca0a6fd877]::sys::backtrace::__rust_end_short_backtrace::<std[617be2ca0a6fd877]::panicking::panic_handler::{closure#0}, !>
[INFO] [stdout]    9:     0x55835baea71d - __rustc[ea4f61d10b84890b]::rust_begin_unwind
[INFO] [stdout]   10:     0x55835bb25dac - core[a373ad73a504971]::panicking::panic_fmt
[INFO] [stdout]   11:     0x55835bb25b82 - core[a373ad73a504971]::result::unwrap_failed
[INFO] [stdout]   12:     0x55835ba3c5d1 - recipe_integration[1aed06335930bba3]::later_global_dir_overrides_earlier_on_collision::{closure#0}
[INFO] [stdout]   13:     0x55835ba55df8 - <tokio[3f4cba5b69cc4ff1]::runtime::context::scoped::Scoped<tokio[3f4cba5b69cc4ff1]::runtime::scheduler::Context>>::set::<<tokio[3f4cba5b69cc4ff1]::runtime::scheduler::current_thread::CoreGuard>::enter<<tokio[3f4cba5b69cc4ff1]::runtime::scheduler::current_thread::CoreGuard>::block_on<core[a373ad73a504971]::pin::Pin<&mut core[a373ad73a504971]::pin::Pin<&mut dyn core[a373ad73a504971]::future::future::Future<Output = ()>>>>::{closure#0}, core[a373ad73a504971]::option::Option<()>>::{closure#0}, (alloc[2e1b2a31b91974c5]::boxed::Box<tokio[3f4cba5b69cc4ff1]::runtime::scheduler::current_thread::Core>, core[a373ad73a504971]::option::Option<()>)>
[INFO] [stdout]   14:     0x55835ba5624d - <tokio[3f4cba5b69cc4ff1]::runtime::scheduler::current_thread::CoreGuard>::block_on::<core[a373ad73a504971]::pin::Pin<&mut core[a373ad73a504971]::pin::Pin<&mut dyn core[a373ad73a504971]::future::future::Future<Output = ()>>>>
[INFO] [stdout]   15:     0x55835ba55147 - tokio[3f4cba5b69cc4ff1]::runtime::context::runtime::enter_runtime::<<tokio[3f4cba5b69cc4ff1]::runtime::scheduler::current_thread::CurrentThread>::block_on<core[a373ad73a504971]::pin::Pin<&mut dyn core[a373ad73a504971]::future::future::Future<Output = ()>>>::{closure#0}, ()>
[INFO] [stdout]   16:     0x55835ba5436a - <tokio[3f4cba5b69cc4ff1]::runtime::runtime::Runtime>::block_on::<core[a373ad73a504971]::pin::Pin<&mut dyn core[a373ad73a504971]::future::future::Future<Output = ()>>>
[INFO] [stdout]   17:     0x55835ba420de - <recipe_integration[1aed06335930bba3]::later_global_dir_overrides_earlier_on_collision::{closure#0} as core[a373ad73a504971]::ops::function::FnOnce<()>>::call_once
[INFO] [stdout]   18:     0x55835ba5f89b - test[aada8e7e76ba119b]::__rust_begin_short_backtrace::<core[a373ad73a504971]::result::Result<(), alloc[2e1b2a31b91974c5]::string::String>, fn() -> core[a373ad73a504971]::result::Result<(), alloc[2e1b2a31b91974c5]::string::String>>
[INFO] [stdout]   19:     0x55835ba6ca75 - test[aada8e7e76ba119b]::run_test::{closure#0}
[INFO] [stdout]   20:     0x55835ba66364 - std[617be2ca0a6fd877]::sys::backtrace::__rust_begin_short_backtrace::<test[aada8e7e76ba119b]::run_test::{closure#1}, ()>
[INFO] [stdout]   21:     0x55835ba6fb02 - <std[617be2ca0a6fd877]::thread::lifecycle::spawn_unchecked<test[aada8e7e76ba119b]::run_test::{closure#1}, ()>::{closure#1} as core[a373ad73a504971]::ops::function::FnOnce<()>>::call_once::{shim:vtable#0}
[INFO] [stdout]   22:     0x55835bb0eecf - <std[617be2ca0a6fd877]::sys::thread::unix::Thread>::new::thread_start
[INFO] [stdout]   23:     0x74cfcaaf1dfa - <unknown>
[INFO] [stdout]   24:     0x74cfcab853d4 - clone
[INFO] [stdout]   25:                0x0 - <unknown>
[INFO] [stdout] 
[INFO] [stdout] 
[INFO] [stdout] failures:
[INFO] [stdout]     failed_recipe_recorded_in_logs
[INFO] [stdout]     later_global_dir_overrides_earlier_on_collision
[INFO] [stdout]     list_filters_by_allow_agent
[INFO] [stdout]     list_global_plugins_later_dir_overrides
[INFO] [stdout]     list_plugins_filters_by_lds_plugin_group
[INFO] [stdout]     logs_store_records_execution
[INFO] [stdout]     recovers_after_session_restart
[INFO] [stdout]     run_recipe_with_args
[INFO] [stdout]     run_recipe_with_content
[INFO] [stdout] 
[INFO] [stdout] test result: FAILED. 5 passed; 9 failed; 0 ignored; 0 measured; 0 filtered out; finished in 0.01s
[INFO] [stdout] 
[INFO] running `Command { std: "docker" "inspect" "c2904fcb775a2e5ba032cfd8788faedce3fe70f4333865a498fad8cf9190016f", kill_on_drop: false }`
[INFO] running `Command { std: "docker" "rm" "-f" "c2904fcb775a2e5ba032cfd8788faedce3fe70f4333865a498fad8cf9190016f", kill_on_drop: false }`
[INFO] [stdout] c2904fcb775a2e5ba032cfd8788faedce3fe70f4333865a498fad8cf9190016f
