[INFO] fetching crate ldr 1.0.3...
[INFO] testing ldr-1.0.3 against 1.100.0-beta.1+cargoflags=--release for beta-release-1.100-2
[INFO] extracting crate ldr 1.0.3 into /workspace/builds/worker-5-tc2/source
[INFO] started tweaking crates.io crate ldr 1.0.3
[INFO] removed 0 missing tests
[INFO] finished tweaking crates.io crate ldr 1.0.3
[INFO] tweaked toml for crates.io crate ldr 1.0.3 written to /workspace/builds/worker-5-tc2/source/Cargo.toml
[INFO] validating manifest of crates.io crate ldr 1.0.3 on toolchain 1.100.0-beta.1
[INFO] running `Command { std: CARGO_HOME="/workspace/cargo-home" RUSTUP_HOME="/workspace/rustup-home" "/workspace/cargo-home/bin/cargo" "+1.100.0-beta.1" "metadata" "--manifest-path" "Cargo.toml" "--no-deps", kill_on_drop: false }`
[INFO] crate crates.io crate ldr 1.0.3 already has a lockfile, it will not be regenerated
[INFO] running `Command { std: CARGO_HOME="/workspace/cargo-home" RUSTUP_HOME="/workspace/rustup-home" "/workspace/cargo-home/bin/cargo" "+1.100.0-beta.1" "fetch" "--manifest-path" "Cargo.toml", kill_on_drop: false }`
[INFO] [stderr] warning: `package.homepage` is redundant with `package.repository`
[INFO] [stderr]   --> Cargo.toml:35:12
[INFO] [stderr]    |
[INFO] [stderr] 35 | homepage = "https://github.com/swaits/ldr"
[INFO] [stderr]    |            ^^^^^^^^^^^^^^^^^^^^^^^^^^^^^^^
[INFO] [stderr] ...
[INFO] [stderr] 40 | repository = "https://github.com/swaits/ldr"
[INFO] [stderr]    |              -------------------------------
[INFO] [stderr]    |
[INFO] [stderr]    = note: `cargo::redundant_homepage` is set to `warn` by default
[INFO] [stderr] help: consider removing `package.homepage`
[INFO] [stderr] warning: `ldr` (manifest) generated 1 warning
[INFO] running `Command { std: "docker" "create" "-v" "/var/lib/crater-agent-workspace/builds/worker-5-tc2/source:/opt/rustwide/workdir:ro,Z" "-v" "/var/lib/crater-agent-workspace/builds/worker-5-tc2/target:/opt/rustwide/target:rw,Z" "-v" "/var/lib/crater-agent-workspace/cargo-home:/opt/rustwide/cargo-home:ro,Z" "-v" "/var/lib/crater-agent-workspace/rustup-home:/opt/rustwide/rustup-home:ro,Z" "-m" "1610612736" "--network" "none" "ghcr.io/rust-lang/crates-build-env/linux@sha256:77db811e55d90add9212f6832c23229e3de5f1c1f9905e8cb07319ea15df73ac" "sleep" "infinity", kill_on_drop: false }`
[INFO] [stdout] 20075742e86abd09c6c7a772175aa223dea8cec9bf20e6f2344b02f9be9ff1e3
[INFO] running `Command { std: "docker" "start" "20075742e86abd09c6c7a772175aa223dea8cec9bf20e6f2344b02f9be9ff1e3", kill_on_drop: false }`
[INFO] running `Command { std: "docker" "inspect" "20075742e86abd09c6c7a772175aa223dea8cec9bf20e6f2344b02f9be9ff1e3", kill_on_drop: false }`
[INFO] running `Command { std: "docker" "exec" "-e" "SOURCE_DIR=/opt/rustwide/workdir" "-e" "CARGO_HOME=/opt/rustwide/cargo-home" "-e" "RUSTUP_HOME=/opt/rustwide/rustup-home" "-e" "CARGO_TARGET_DIR=/opt/rustwide/target" "-w" "/opt/rustwide/workdir" "--user" "0:0" "20075742e86abd09c6c7a772175aa223dea8cec9bf20e6f2344b02f9be9ff1e3" "/opt/rustwide/cargo-home/bin/cargo" "+1.100.0-beta.1" "metadata" "--no-deps" "--format-version=1", kill_on_drop: false }`
[INFO] running `Command { std: "docker" "inspect" "20075742e86abd09c6c7a772175aa223dea8cec9bf20e6f2344b02f9be9ff1e3", kill_on_drop: false }`
[INFO] running `Command { std: "docker" "exec" "-e" "SOURCE_DIR=/opt/rustwide/workdir" "-e" "CARGO_HOME=/opt/rustwide/cargo-home" "-e" "RUSTUP_HOME=/opt/rustwide/rustup-home" "-e" "CARGO_TARGET_DIR=/opt/rustwide/target" "-e" "CARGO_INCREMENTAL=0" "-e" "RUST_BACKTRACE=full" "-e" "RUSTFLAGS=--cap-lints=warn" "-e" "RUSTDOCFLAGS=--cap-lints=warn" "-w" "/opt/rustwide/workdir" "--user" "0:0" "20075742e86abd09c6c7a772175aa223dea8cec9bf20e6f2344b02f9be9ff1e3" "/opt/rustwide/cargo-home/bin/cargo" "+1.100.0-beta.1" "build" "--frozen" "--message-format=json" "--release", kill_on_drop: false }`
[INFO] [stderr] warning: `package.homepage` is redundant with `package.repository`
[INFO] [stderr]   --> Cargo.toml:35:12
[INFO] [stderr]    |
[INFO] [stderr] 35 | homepage = "https://github.com/swaits/ldr"
[INFO] [stderr]    |            ^^^^^^^^^^^^^^^^^^^^^^^^^^^^^^^
[INFO] [stderr] ...
[INFO] [stderr] 40 | repository = "https://github.com/swaits/ldr"
[INFO] [stderr]    |              -------------------------------
[INFO] [stderr]    |
[INFO] [stderr]    = note: `cargo::redundant_homepage` is set to `warn` by default
[INFO] [stderr] help: consider removing `package.homepage`
[INFO] [stderr] warning: `ldr` (manifest) generated 1 warning
[INFO] [stderr]    Compiling anstyle-query v1.1.3
[INFO] [stderr]    Compiling num-traits v0.2.19
[INFO] [stderr]    Compiling anyhow v1.0.99
[INFO] [stderr]    Compiling clap_lex v0.7.5
[INFO] [stderr]    Compiling numtoa v0.2.4
[INFO] [stderr]    Compiling iana-time-zone v0.1.63
[INFO] [stderr]    Compiling syn v2.0.104
[INFO] [stderr]    Compiling anstream v0.6.19
[INFO] [stderr]    Compiling xdg v3.0.0
[INFO] [stderr]    Compiling clap_builder v4.5.41
[INFO] [stderr]    Compiling termion v4.0.5
[INFO] [stderr]    Compiling chrono v0.4.41
[INFO] [stderr]    Compiling clap_derive v4.5.41
[INFO] [stderr]    Compiling clap v4.5.41
[INFO] [stderr]    Compiling ldr v1.0.3 (/opt/rustwide/workdir)
[INFO] [stderr]     Finished `release` profile [optimized] target(s) in 32.34s
[INFO] running `Command { std: "docker" "inspect" "20075742e86abd09c6c7a772175aa223dea8cec9bf20e6f2344b02f9be9ff1e3", kill_on_drop: false }`
[INFO] running `Command { std: "docker" "exec" "-e" "SOURCE_DIR=/opt/rustwide/workdir" "-e" "CARGO_HOME=/opt/rustwide/cargo-home" "-e" "RUSTUP_HOME=/opt/rustwide/rustup-home" "-e" "CARGO_TARGET_DIR=/opt/rustwide/target" "-e" "CARGO_INCREMENTAL=0" "-e" "RUST_BACKTRACE=full" "-e" "RUSTFLAGS=--cap-lints=warn" "-e" "RUSTDOCFLAGS=--cap-lints=warn" "-w" "/opt/rustwide/workdir" "--user" "0:0" "20075742e86abd09c6c7a772175aa223dea8cec9bf20e6f2344b02f9be9ff1e3" "/opt/rustwide/cargo-home/bin/cargo" "+1.100.0-beta.1" "test" "--frozen" "--no-run" "--message-format=json" "--release", kill_on_drop: false }`
[INFO] [stderr] warning: `package.homepage` is redundant with `package.repository`
[INFO] [stderr]   --> Cargo.toml:35:12
[INFO] [stderr]    |
[INFO] [stderr] 35 | homepage = "https://github.com/swaits/ldr"
[INFO] [stderr]    |            ^^^^^^^^^^^^^^^^^^^^^^^^^^^^^^^
[INFO] [stderr] ...
[INFO] [stderr] 40 | repository = "https://github.com/swaits/ldr"
[INFO] [stderr]    |              -------------------------------
[INFO] [stderr]    |
[INFO] [stderr]    = note: `cargo::redundant_homepage` is set to `warn` by default
[INFO] [stderr] help: consider removing `package.homepage`
[INFO] [stderr] warning: `ldr` (manifest) generated 1 warning
[INFO] [stderr]    Compiling getrandom v0.3.3
[INFO] [stderr]    Compiling rustix v1.0.8
[INFO] [stderr]    Compiling bitflags v2.9.1
[INFO] [stderr]    Compiling linux-raw-sys v0.9.4
[INFO] [stderr]    Compiling once_cell v1.21.3
[INFO] [stderr]    Compiling tempfile v3.20.0
[INFO] [stderr]    Compiling ldr v1.0.3 (/opt/rustwide/workdir)
[INFO] [stderr]     Finished `release` profile [optimized] target(s) in 14.57s
[INFO] running `Command { std: "docker" "inspect" "20075742e86abd09c6c7a772175aa223dea8cec9bf20e6f2344b02f9be9ff1e3", kill_on_drop: false }`
[INFO] running `Command { std: "docker" "exec" "-e" "SOURCE_DIR=/opt/rustwide/workdir" "-e" "CARGO_HOME=/opt/rustwide/cargo-home" "-e" "RUSTUP_HOME=/opt/rustwide/rustup-home" "-e" "CARGO_TARGET_DIR=/opt/rustwide/target" "-e" "CARGO_INCREMENTAL=0" "-e" "RUST_BACKTRACE=full" "-e" "RUSTFLAGS=--cap-lints=warn" "-e" "RUSTDOCFLAGS=--cap-lints=warn" "-w" "/opt/rustwide/workdir" "--user" "0:0" "20075742e86abd09c6c7a772175aa223dea8cec9bf20e6f2344b02f9be9ff1e3" "/opt/rustwide/cargo-home/bin/cargo" "+1.100.0-beta.1" "test" "--frozen" "--release", kill_on_drop: false }`
[INFO] [stderr] warning: `package.homepage` is redundant with `package.repository`
[INFO] [stderr]   --> Cargo.toml:35:12
[INFO] [stderr]    |
[INFO] [stderr] 35 | homepage = "https://github.com/swaits/ldr"
[INFO] [stderr]    |            ^^^^^^^^^^^^^^^^^^^^^^^^^^^^^^^
[INFO] [stderr] ...
[INFO] [stderr] 40 | repository = "https://github.com/swaits/ldr"
[INFO] [stderr]    |              -------------------------------
[INFO] [stderr]    |
[INFO] [stderr]    = note: `cargo::redundant_homepage` is set to `warn` by default
[INFO] [stderr] help: consider removing `package.homepage`
[INFO] [stderr] warning: `ldr` (manifest) generated 1 warning
[INFO] [stderr]     Finished `release` profile [optimized] target(s) in 0.06s
[INFO] [stderr]      Running unittests src/main.rs (/opt/rustwide/target/release/build/ldr/21f82bfc7dc61928/out/ldr-21f82bfc7dc61928)
[INFO] [stdout] 
[INFO] [stdout] running 42 tests
[INFO] [stdout] test markdown::tests::test_task_ref_parsing ... ok
[INFO] [stdout] test migration::tests::test_migrate_empty_note_file ... ok
[INFO] [stdout] test markdown::tests::test_generate_todo_file ... ok
[INFO] [stdout] test migration::tests::test_migrate_nonexistent_files ... ok
[INFO] [stdout] test markdown::tests::test_handle_deep_nesting_gracefully ... ok
[INFO] [stdout] test migration::tests::test_migrate_note_file ... ok
[INFO] [stderr]      Running tests/integration_tests.rs (/opt/rustwide/target/release/build/ldr/b62f55b64d131187/out/integration_tests-b62f55b64d131187)
[INFO] [stdout] test migration::tests::test_needs_migration ... ok
[INFO] [stdout] test tests::list_tests::test_list_with_filter_and_all ... ok
[INFO] [stdout] test tests::list_tests::test_list_empty_file ... ok
[INFO] [stdout] test tests::list_tests::test_list_with_all_flag ... ok
[INFO] [stdout] test tests::list_tests::test_list_without_all_flag ... ok
[INFO] [stdout] test markdown::tests::test_parse_simple_todo_file ... ok
[INFO] [stdout] test markdown::tests::test_resilient_parsing_various_formats ... ok
[INFO] [stdout] test migration::tests::test_migrate_archive_file ... ok
[INFO] [stdout] test tests::remove_tests::test_remove_duplicate_item_numbers ... ok
[INFO] [stdout] test tests::remove_tests::test_remove_from_nonexistent_file ... ok
[INFO] [stdout] test tests::remove_tests::test_remove_invalid_item_number ... ok
[INFO] [stdout] test tests::remove_tests::test_remove_all_items ... ok
[INFO] [stdout] test tests::remove_tests::test_remove_multiple_items ... ok
[INFO] [stdout] test tests::remove_tests::test_remove_does_not_archive ... ok
[INFO] [stdout] test tests::remove_tests::test_auto_complete_parent_when_all_subtasks_done ... ok
[INFO] [stdout] test tests::review_tests::test_prioritize_command_line_order ... ok
[INFO] [stdout] test tests::review_tests::test_prioritize_command_line_order_with_duplicates ... ok
[INFO] [stdout] test tests::review_tests::test_review_prioritization_order ... ok
[INFO] [stdout] test tests::review_tests::test_review_quit_saves_changes ... ok
[INFO] [stdout] test tests::test_archive_items_in_content_duplicates ... ok
[INFO] [stdout] test tests::remove_tests::test_remove_from_empty_file ... ok
[INFO] [stdout] test tests::test_add_entry_to_content_existing ... ok
[INFO] [stdout] test tests::remove_tests::test_remove_single_item ... ok
[INFO] [stdout] test tests::test_add_entry_to_content_with_trailing_newline ... ok
[INFO] [stdout] test tests::test_archive_items_in_content_all_items ... ok
[INFO] [stdout] test tests::test_archive_items_in_content_invalid_number ... ok
[INFO] [stdout] test tests::test_archive_items_in_content_multiple_items ... ok
[INFO] [stdout] test tests::test_archive_items_in_content_single_item ... ok
[INFO] [stdout] test tests::test_prioritize_items_in_content_invalid_number ... ok
[INFO] [stdout] test tests::test_prioritize_items_in_content_multiple_items ... ok
[INFO] [stdout] test tests::test_prioritize_items_in_content_zero_number ... ok
[INFO] [stdout] test tests::test_prioritize_items_in_content_duplicates ... ok
[INFO] [stdout] test tests::test_case_insensitive_filtering ... ok
[INFO] [stdout] test tests::test_filter_functionality ... ok
[INFO] [stdout] test tests::test_prioritize_items_in_content_single_item ... ok
[INFO] [stdout] test tests::test_add_entry_to_content_empty ... ok
[INFO] [stdout] 
[INFO] [stdout] test result: ok. 42 passed; 0 failed; 0 ignored; 0 measured; 0 filtered out; finished in 0.03s
[INFO] [stdout] 
[INFO] [stdout] 
[INFO] [stdout] running 31 tests
[INFO] [stdout] test basic_operations::test_empty_list ... FAILED
[INFO] [stdout] test archiving_tests::test_archive_whole_task_with_subtasks ... FAILED
[INFO] [stdout] test archiving_tests::test_archive_single_task ... FAILED
[INFO] [stdout] test edit_functionality::test_edit_aliases ... FAILED
[INFO] [stdout] test basic_operations::test_add_and_list_basic ... FAILED
[INFO] [stdout] test basic_operations::test_list_with_limits ... FAILED
[INFO] [stdout] test archiving_tests::test_archive_subtask ... FAILED
[INFO] [stdout] test archiving_tests::test_auto_complete_parent_when_all_subtasks_done ... FAILED
[INFO] [stdout] test edit_functionality::test_edit_creates_file_if_not_exists ... FAILED
[INFO] [stdout] test filtering_tests::test_filtering_case_insensitive ... FAILED
[INFO] [stdout] test error_handling::test_invalid_task_references ... FAILED
[INFO] [stdout] test error_handling::test_subtask_references_without_parent ... FAILED
[INFO] [stdout] test filtering_tests::test_filtering_basic ... FAILED
[INFO] [stdout] test error_handling::test_operations_on_empty_file ... FAILED
[INFO] [stdout] test filtering_tests::test_filtering_with_limits ... FAILED
[INFO] [stdout] test migration_tests::test_no_migration_when_markdown_exists ... FAILED
[INFO] [stdout] test filtering_tests::test_filtering_no_matches ... FAILED
[INFO] [stdout] test migration_tests::test_migration_from_plain_text ... FAILED
[INFO] [stdout] test pols_compliance::test_completion_cascades_logically ... FAILED
[INFO] [stdout] test pols_compliance::test_subtask_operations_affect_parent_logically ... FAILED
[INFO] [stdout] test pols_compliance::test_newest_items_at_top ... FAILED
[INFO] [stdout] test pols_compliance::test_prioritization_order_predictable ... FAILED
[INFO] [stdout] test prioritization_tests::test_prioritize_invalid_reference ... FAILED
[INFO] [stdout] test prioritization_tests::test_prioritize_basic ... FAILED
[INFO] [stdout] test prioritization_tests::test_prioritize_subtask_moves_parent ... FAILED
[INFO] [stdout] test removal_tests::test_remove_subtask ... FAILED
[INFO] [stdout] test prioritization_tests::test_prioritize_multiple ... FAILED
[INFO] [stdout] test subtask_operations::test_add_subtask ... FAILED
[INFO] [stdout] test removal_tests::test_remove_vs_archive ... FAILED
[INFO] [stdout] test subtask_operations::test_subtask_numbering ... FAILED
[INFO] [stdout] test subtask_operations::test_add_subtask_invalid_parent ... FAILED
[INFO] [stdout] 
[INFO] [stdout] failures:
[INFO] [stdout] 
[INFO] [stdout] ---- basic_operations::test_empty_list stdout ----
[INFO] [stdout] 
[INFO] [stdout] thread 'basic_operations::test_empty_list' (709) panicked at tests/integration_tests.rs:61:14:
[INFO] [stdout] Failed to execute ldr command: Os { code: 2, kind: NotFound, message: "No such file or directory" }
[INFO] [stdout] stack backtrace:
[INFO] [stdout]    0:     0x60c8976d5311 - <<std[617be2ca0a6fd877]::sys::backtrace::BacktraceLock>::print::DisplayBacktrace as core[a373ad73a504971]::fmt::Display>::fmt
[INFO] [stdout]    1:     0x60c8976e971a - core[a373ad73a504971]::fmt::write
[INFO] [stdout]    2:     0x60c8976d978c - <alloc[2e1b2a31b91974c5]::vec::Vec<u8> as core[a373ad73a504971]::io::write::Write>::write_fmt
[INFO] [stdout]    3:     0x60c8976af5f6 - std[617be2ca0a6fd877]::panicking::default_hook::{closure#0}
[INFO] [stdout]    4:     0x60c8976cc759 - std[617be2ca0a6fd877]::panicking::default_hook
[INFO] [stdout]    5:     0x60c8976660e0 - test[aada8e7e76ba119b]::test_main_inner::{closure#0}
[INFO] [stdout]    6:     0x60c8976cc912 - std[617be2ca0a6fd877]::panicking::panic_with_hook
[INFO] [stdout]    7:     0x60c8976af6a2 - std[617be2ca0a6fd877]::panicking::panic_handler::{closure#0}
[INFO] [stdout]    8:     0x60c8976a8109 - std[617be2ca0a6fd877]::sys::backtrace::__rust_end_short_backtrace::<std[617be2ca0a6fd877]::panicking::panic_handler::{closure#0}, !>
[INFO] [stdout]    9:     0x60c8976b02ad - __rustc[ea4f61d10b84890b]::rust_begin_unwind
[INFO] [stdout]   10:     0x60c8976e9e4c - core[a373ad73a504971]::panicking::panic_fmt
[INFO] [stdout]   11:     0x60c8976e9c22 - core[a373ad73a504971]::result::unwrap_failed
[INFO] [stdout]   12:     0x60c897643357 - <integration_tests[a9359a729fe23c89]::TestEnv>::run_ldr
[INFO] [stdout]   13:     0x60c89763fc73 - <integration_tests[a9359a729fe23c89]::basic_operations::test_empty_list::{closure#0} as core[a373ad73a504971]::ops::function::FnOnce<()>>::call_once
[INFO] [stdout]   14:     0x60c89765952b - test[aada8e7e76ba119b]::__rust_begin_short_backtrace::<core[a373ad73a504971]::result::Result<(), alloc[2e1b2a31b91974c5]::string::String>, fn() -> core[a373ad73a504971]::result::Result<(), alloc[2e1b2a31b91974c5]::string::String>>
[INFO] [stdout]   15:     0x60c897666705 - test[aada8e7e76ba119b]::run_test::{closure#0}
[INFO] [stdout]   16:     0x60c89765fff4 - std[617be2ca0a6fd877]::sys::backtrace::__rust_begin_short_backtrace::<test[aada8e7e76ba119b]::run_test::{closure#1}, ()>
[INFO] [stdout]   17:     0x60c897669792 - <std[617be2ca0a6fd877]::thread::lifecycle::spawn_unchecked<test[aada8e7e76ba119b]::run_test::{closure#1}, ()>::{closure#1} as core[a373ad73a504971]::ops::function::FnOnce<()>>::call_once::{shim:vtable#0}
[INFO] [stdout]   18:     0x60c8976d431f - <std[617be2ca0a6fd877]::sys::thread::unix::Thread>::new::thread_start
[INFO] [stdout]   19:     0x732cced15dfa - <unknown>
[INFO] [stdout]   20:     0x732cceda93d4 - clone
[INFO] [stdout]   21:                0x0 - <unknown>
[INFO] [stdout] 
[INFO] [stdout] ---- archiving_tests::test_archive_whole_task_with_subtasks stdout ----
[INFO] [stdout] 
[INFO] [stdout] thread 'archiving_tests::test_archive_whole_task_with_subtasks' (706) panicked at tests/integration_tests.rs:61:14:
[INFO] [stdout] Failed to execute ldr command: Os { code: 2, kind: NotFound, message: "No such file or directory" }
[INFO] [stdout] stack backtrace:
[INFO] [stdout]    0:     0x60c8976d5311 - <<std[617be2ca0a6fd877]::sys::backtrace::BacktraceLock>::print::DisplayBacktrace as core[a373ad73a504971]::fmt::Display>::fmt
[INFO] [stdout]    1:     0x60c8976e971a - core[a373ad73a504971]::fmt::write
[INFO] [stdout]    2:     0x60c8976d978c - <alloc[2e1b2a31b91974c5]::vec::Vec<u8> as core[a373ad73a504971]::io::write::Write>::write_fmt
[INFO] [stdout]    3:     0x60c8976af5f6 - std[617be2ca0a6fd877]::panicking::default_hook::{closure#0}
[INFO] [stdout]    4:     0x60c8976cc759 - std[617be2ca0a6fd877]::panicking::default_hook
[INFO] [stdout]    5:     0x60c8976660e0 - test[aada8e7e76ba119b]::test_main_inner::{closure#0}
[INFO] [stdout]    6:     0x60c8976cc912 - std[617be2ca0a6fd877]::panicking::panic_with_hook
[INFO] [stdout]    7:     0x60c8976af6a2 - std[617be2ca0a6fd877]::panicking::panic_handler::{closure#0}
[INFO] [stdout]    8:     0x60c8976a8109 - std[617be2ca0a6fd877]::sys::backtrace::__rust_end_short_backtrace::<std[617be2ca0a6fd877]::panicking::panic_handler::{closure#0}, !>
[INFO] [stdout]    9:     0x60c8976b02ad - __rustc[ea4f61d10b84890b]::rust_begin_unwind
[INFO] [stdout]   10:     0x60c8976e9e4c - core[a373ad73a504971]::panicking::panic_fmt
[INFO] [stdout]   11:     0x60c8976e9c22 - core[a373ad73a504971]::result::unwrap_failed
[INFO] [stdout]   12:     0x60c897643357 - <integration_tests[a9359a729fe23c89]::TestEnv>::run_ldr
[INFO] [stdout]   13:     0x60c8976489f8 - <integration_tests[a9359a729fe23c89]::archiving_tests::test_archive_whole_task_with_subtasks::{closure#0} as core[a373ad73a504971]::ops::function::FnOnce<()>>::call_once
[INFO] [stdout]   14:     0x60c89765952b - test[aada8e7e76ba119b]::__rust_begin_short_backtrace::<core[a373ad73a504971]::result::Result<(), alloc[2e1b2a31b91974c5]::string::String>, fn() -> core[a373ad73a504971]::result::Result<(), alloc[2e1b2a31b91974c5]::string::String>>
[INFO] [stdout]   15:     0x60c897666705 - test[aada8e7e76ba119b]::run_test::{closure#0}
[INFO] [stdout]   16:     0x60c89765fff4 - std[617be2ca0a6fd877]::sys::backtrace::__rust_begin_short_backtrace::<test[aada8e7e76ba119b]::run_test::{closure#1}, ()>
[INFO] [stdout]   17:     0x60c897669792 - <std[617be2ca0a6fd877]::thread::lifecycle::spawn_unchecked<test[aada8e7e76ba119b]::run_test::{closure#1}, ()>::{closure#1} as core[a373ad73a504971]::ops::function::FnOnce<()>>::call_once::{shim:vtable#0}
[INFO] [stdout]   18:     0x60c8976d431f - <std[617be2ca0a6fd877]::sys::thread::unix::Thread>::new::thread_start
[INFO] [stdout]   19:     0x732cced15dfa - <unknown>
[INFO] [stdout]   20:     0x732cceda93d4 - clone
[INFO] [stdout]   21:                0x0 - <unknown>
[INFO] [stdout] 
[INFO] [stdout] ---- archiving_tests::test_archive_single_task stdout ----
[INFO] [stdout] 
[INFO] [stdout] thread 'archiving_tests::test_archive_single_task' (704) panicked at tests/integration_tests.rs:61:14:
[INFO] [stdout] Failed to execute ldr command: Os { code: 2, kind: NotFound, message: "No such file or directory" }
[INFO] [stdout] stack backtrace:
[INFO] [stdout]    0:     0x60c8976d5311 - <<std[617be2ca0a6fd877]::sys::backtrace::BacktraceLock>::print::DisplayBacktrace as core[a373ad73a504971]::fmt::Display>::fmt
[INFO] [stdout]    1:     0x60c8976e971a - core[a373ad73a504971]::fmt::write
[INFO] [stdout]    2:     0x60c8976d978c - <alloc[2e1b2a31b91974c5]::vec::Vec<u8> as core[a373ad73a504971]::io::write::Write>::write_fmt
[INFO] [stdout]    3:     0x60c8976af5f6 - std[617be2ca0a6fd877]::panicking::default_hook::{closure#0}
[INFO] [stdout]    4:     0x60c8976cc759 - std[617be2ca0a6fd877]::panicking::default_hook
[INFO] [stdout]    5:     0x60c8976660e0 - test[aada8e7e76ba119b]::test_main_inner::{closure#0}
[INFO] [stdout]    6:     0x60c8976cc912 - std[617be2ca0a6fd877]::panicking::panic_with_hook
[INFO] [stdout]    7:     0x60c8976af6a2 - std[617be2ca0a6fd877]::panicking::panic_handler::{closure#0}
[INFO] [stdout]    8:     0x60c8976a8109 - std[617be2ca0a6fd877]::sys::backtrace::__rust_end_short_backtrace::<std[617be2ca0a6fd877]::panicking::panic_handler::{closure#0}, !>
[INFO] [stdout]    9:     0x60c8976b02ad - __rustc[ea4f61d10b84890b]::rust_begin_unwind
[INFO] [stdout]   10:     0x60c8976e9e4c - core[a373ad73a504971]::panicking::panic_fmt
[INFO] [stdout]   11:     0x60c8976e9c22 - core[a373ad73a504971]::result::unwrap_failed
[INFO] [stdout]   12:     0x60c897643357 - <integration_tests[a9359a729fe23c89]::TestEnv>::run_ldr
[INFO] [stdout]   13:     0x60c89764841d - <integration_tests[a9359a729fe23c89]::archiving_tests::test_archive_single_task::{closure#0} as core[a373ad73a504971]::ops::function::FnOnce<()>>::call_once
[INFO] [stdout]   14:     0x60c89765952b - test[aada8e7e76ba119b]::__rust_begin_short_backtrace::<core[a373ad73a504971]::result::Result<(), alloc[2e1b2a31b91974c5]::string::String>, fn() -> core[a373ad73a504971]::result::Result<(), alloc[2e1b2a31b91974c5]::string::String>>
[INFO] [stdout]   15:     0x60c897666705 - test[aada8e7e76ba119b]::run_test::{closure#0}
[INFO] [stdout]   16:     0x60c89765fff4 - std[617be2ca0a6fd877]::sys::backtrace::__rust_begin_short_backtrace::<test[aada8e7e76ba119b]::run_test::{closure#1}, ()>
[INFO] [stdout]   17:     0x60c897669792 - <std[617be2ca0a6fd877]::thread::lifecycle::spawn_unchecked<test[aada8e7e76ba119b]::run_test::{closure#1}, ()>::{closure#1} as core[a373ad73a504971]::ops::function::FnOnce<()>>::call_once::{shim:vtable#0}
[INFO] [stdout]   18:     0x60c8976d431f - <std[617be2ca0a6fd877]::sys::thread::unix::Thread>::new::thread_start
[INFO] [stdout]   19:     0x732cced15dfa - <unknown>
[INFO] [stdout]   20:     0x732cceda93d4 - clone
[INFO] [stdout]   21:                0x0 - <unknown>
[INFO] [stdout] 
[INFO] [stdout] ---- edit_functionality::test_edit_aliases stdout ----
[INFO] [stdout] 
[INFO] [stdout] thread 'edit_functionality::test_edit_aliases' (711) panicked at tests/integration_tests.rs:674:18:
[INFO] [stdout] Failed to execute edit command: Os { code: 2, kind: NotFound, message: "No such file or directory" }
[INFO] [stdout] stack backtrace:
[INFO] [stdout]    0:     0x60c8976d5311 - <<std[617be2ca0a6fd877]::sys::backtrace::BacktraceLock>::print::DisplayBacktrace as core[a373ad73a504971]::fmt::Display>::fmt
[INFO] [stdout]    1:     0x60c8976e971a - core[a373ad73a504971]::fmt::write
[INFO] [stdout]    2:     0x60c8976d978c - <alloc[2e1b2a31b91974c5]::vec::Vec<u8> as core[a373ad73a504971]::io::write::Write>::write_fmt
[INFO] [stdout]    3:     0x60c8976af5f6 - std[617be2ca0a6fd877]::panicking::default_hook::{closure#0}
[INFO] [stdout]    4:     0x60c8976cc759 - std[617be2ca0a6fd877]::panicking::default_hook
[INFO] [stdout]    5:     0x60c8976660e0 - test[aada8e7e76ba119b]::test_main_inner::{closure#0}
[INFO] [stdout]    6:     0x60c8976cc912 - std[617be2ca0a6fd877]::panicking::panic_with_hook
[INFO] [stdout]    7:     0x60c8976af6a2 - std[617be2ca0a6fd877]::panicking::panic_handler::{closure#0}
[INFO] [stdout]    8:     0x60c8976a8109 - std[617be2ca0a6fd877]::sys::backtrace::__rust_end_short_backtrace::<std[617be2ca0a6fd877]::panicking::panic_handler::{closure#0}, !>
[INFO] [stdout]    9:     0x60c8976b02ad - __rustc[ea4f61d10b84890b]::rust_begin_unwind
[INFO] [stdout]   10:     0x60c8976e9e4c - core[a373ad73a504971]::panicking::panic_fmt
[INFO] [stdout]   11:     0x60c8976e9c22 - core[a373ad73a504971]::result::unwrap_failed
[INFO] [stdout]   12:     0x60c897641fa8 - <integration_tests[a9359a729fe23c89]::edit_functionality::test_edit_aliases::{closure#0} as core[a373ad73a504971]::ops::function::FnOnce<()>>::call_once
[INFO] [stdout]   13:     0x60c89765952b - test[aada8e7e76ba119b]::__rust_begin_short_backtrace::<core[a373ad73a504971]::result::Result<(), alloc[2e1b2a31b91974c5]::string::String>, fn() -> core[a373ad73a504971]::result::Result<(), alloc[2e1b2a31b91974c5]::string::String>>
[INFO] [stdout]   14:     0x60c897666705 - test[aada8e7e76ba119b]::run_test::{closure#0}
[INFO] [stdout]   15:     0x60c89765fff4 - std[617be2ca0a6fd877]::sys::backtrace::__rust_begin_short_backtrace::<test[aada8e7e76ba119b]::run_test::{closure#1}, ()>
[INFO] [stdout]   16:     0x60c897669792 - <std[617be2ca0a6fd877]::thread::lifecycle::spawn_unchecked<test[aada8e7e76ba119b]::run_test::{closure#1}, ()>::{closure#1} as core[a373ad73a504971]::ops::function::FnOnce<()>>::call_once::{shim:vtable#0}
[INFO] [stdout]   17:     0x60c8976d431f - <std[617be2ca0a6fd877]::sys::thread::unix::Thread>::new::thread_start
[INFO] [stdout]   18:     0x732cced15dfa - <unknown>
[INFO] [stdout]   19:     0x732cceda93d4 - clone
[INFO] [stdout]   20:                0x0 - <unknown>
[INFO] [stdout] 
[INFO] [stdout] ---- basic_operations::test_add_and_list_basic stdout ----
[INFO] [stdout] 
[INFO] [stdout] thread 'basic_operations::test_add_and_list_basic' (708) panicked at tests/integration_tests.rs:61:14:
[INFO] [stdout] Failed to execute ldr command: Os { code: 2, kind: NotFound, message: "No such file or directory" }
[INFO] [stdout] stack backtrace:
[INFO] [stdout]    0:     0x60c8976d5311 - <<std[617be2ca0a6fd877]::sys::backtrace::BacktraceLock>::print::DisplayBacktrace as core[a373ad73a504971]::fmt::Display>::fmt
[INFO] [stdout]    1:     0x60c8976e971a - core[a373ad73a504971]::fmt::write
[INFO] [stdout]    2:     0x60c8976d978c - <alloc[2e1b2a31b91974c5]::vec::Vec<u8> as core[a373ad73a504971]::io::write::Write>::write_fmt
[INFO] [stdout]    3:     0x60c8976af5f6 - std[617be2ca0a6fd877]::panicking::default_hook::{closure#0}
[INFO] [stdout]    4:     0x60c8976cc759 - std[617be2ca0a6fd877]::panicking::default_hook
[INFO] [stdout]    5:     0x60c8976660e0 - test[aada8e7e76ba119b]::test_main_inner::{closure#0}
[INFO] [stdout]    6:     0x60c8976cc912 - std[617be2ca0a6fd877]::panicking::panic_with_hook
[INFO] [stdout]    7:     0x60c8976af6a2 - std[617be2ca0a6fd877]::panicking::panic_handler::{closure#0}
[INFO] [stdout]    8:     0x60c8976a8109 - std[617be2ca0a6fd877]::sys::backtrace::__rust_end_short_backtrace::<std[617be2ca0a6fd877]::panicking::panic_handler::{closure#0}, !>
[INFO] [stdout]    9:     0x60c8976b02ad - __rustc[ea4f61d10b84890b]::rust_begin_unwind
[INFO] [stdout]   10:     0x60c8976e9e4c - core[a373ad73a504971]::panicking::panic_fmt
[INFO] [stdout]   11:     0x60c8976e9c22 - core[a373ad73a504971]::result::unwrap_failed
[INFO] [stdout]   12:     0x60c897643357 - <integration_tests[a9359a729fe23c89]::TestEnv>::run_ldr
[INFO] [stdout]   13:     0x60c897640bda - <integration_tests[a9359a729fe23c89]::basic_operations::test_add_and_list_basic::{closure#0} as core[a373ad73a504971]::ops::function::FnOnce<()>>::call_once
[INFO] [stdout]   14:     0x60c89765952b - test[aada8e7e76ba119b]::__rust_begin_short_backtrace::<core[a373ad73a504971]::result::Result<(), alloc[2e1b2a31b91974c5]::string::String>, fn() -> core[a373ad73a504971]::result::Result<(), alloc[2e1b2a31b91974c5]::string::String>>
[INFO] [stdout]   15:     0x60c897666705 - test[aada8e7e76ba119b]::run_test::{closure#0}
[INFO] [stdout]   16:     0x60c89765fff4 - std[617be2ca0a6fd877]::sys::backtrace::__rust_begin_short_backtrace::<test[aada8e7e76ba119b]::run_test::{closure#1}, ()>
[INFO] [stdout]   17:     0x60c897669792 - <std[617be2ca0a6fd877]::thread::lifecycle::spawn_unchecked<test[aada8e7e76ba119b]::run_test::{closure#1}, ()>::{closure#1} as core[a373ad73a504971]::ops::function::FnOnce<()>>::call_once::{shim:vtable#0}
[INFO] [stdout]   18:     0x60c8976d431f - <std[617be2ca0a6fd877]::sys::thread::unix::Thread>::new::thread_start
[INFO] [stdout]   19:     0x732cced15dfa - <unknown>
[INFO] [stdout]   20:     0x732cceda93d4 - clone
[INFO] [stdout]   21:                0x0 - <unknown>
[INFO] [stdout] 
[INFO] [stdout] ---- basic_operations::test_list_with_limits stdout ----
[INFO] [stdout] 
[INFO] [stdout] thread 'basic_operations::test_list_with_limits' (710) panicked at tests/integration_tests.rs:61:14:
[INFO] [stdout] Failed to execute ldr command: Os { code: 2, kind: NotFound, message: "No such file or directory" }
[INFO] [stdout] stack backtrace:
[INFO] [stdout]    0:     0x60c8976d5311 - <<std[617be2ca0a6fd877]::sys::backtrace::BacktraceLock>::print::DisplayBacktrace as core[a373ad73a504971]::fmt::Display>::fmt
[INFO] [stdout]    1:     0x60c8976e971a - core[a373ad73a504971]::fmt::write
[INFO] [stdout]    2:     0x60c8976d978c - <alloc[2e1b2a31b91974c5]::vec::Vec<u8> as core[a373ad73a504971]::io::write::Write>::write_fmt
[INFO] [stdout]    3:     0x60c8976af5f6 - std[617be2ca0a6fd877]::panicking::default_hook::{closure#0}
[INFO] [stdout]    4:     0x60c8976cc759 - std[617be2ca0a6fd877]::panicking::default_hook
[INFO] [stdout]    5:     0x60c8976660e0 - test[aada8e7e76ba119b]::test_main_inner::{closure#0}
[INFO] [stdout]    6:     0x60c8976cc912 - std[617be2ca0a6fd877]::panicking::panic_with_hook
[INFO] [stdout]    7:     0x60c8976af6a2 - std[617be2ca0a6fd877]::panicking::panic_handler::{closure#0}
[INFO] [stdout]    8:     0x60c8976a8109 - std[617be2ca0a6fd877]::sys::backtrace::__rust_end_short_backtrace::<std[617be2ca0a6fd877]::panicking::panic_handler::{closure#0}, !>
[INFO] [stdout]    9:     0x60c8976b02ad - __rustc[ea4f61d10b84890b]::rust_begin_unwind
[INFO] [stdout]   10:     0x60c8976e9e4c - core[a373ad73a504971]::panicking::panic_fmt
[INFO] [stdout]   11:     0x60c8976e9c22 - core[a373ad73a504971]::result::unwrap_failed
[INFO] [stdout]   12:     0x60c897643357 - <integration_tests[a9359a729fe23c89]::TestEnv>::run_ldr
[INFO] [stdout]   13:     0x60c89763fe3b - <integration_tests[a9359a729fe23c89]::basic_operations::test_list_with_limits::{closure#0} as core[a373ad73a504971]::ops::function::FnOnce<()>>::call_once
[INFO] [stdout]   14:     0x60c89765952b - test[aada8e7e76ba119b]::__rust_begin_short_backtrace::<core[a373ad73a504971]::result::Result<(), alloc[2e1b2a31b91974c5]::string::String>, fn() -> core[a373ad73a504971]::result::Result<(), alloc[2e1b2a31b91974c5]::string::String>>
[INFO] [stdout]   15:     0x60c897666705 - test[aada8e7e76ba119b]::run_test::{closure#0}
[INFO] [stdout]   16:     0x60c89765fff4 - std[617be2ca0a6fd877]::sys::backtrace::__rust_begin_short_backtrace::<test[aada8e7e76ba119b]::run_test::{closure#1}, ()>
[INFO] [stdout]   17:     0x60c897669792 - <std[617be2ca0a6fd877]::thread::lifecycle::spawn_unchecked<test[aada8e7e76ba119b]::run_test::{closure#1}, ()>::{closure#1} as core[a373ad73a504971]::ops::function::FnOnce<()>>::call_once::{shim:vtable#0}
[INFO] [stdout]   18:     0x60c8976d431f - <std[617be2ca0a6fd877]::sys::thread::unix::Thread>::new::thread_start
[INFO] [stdout]   19:     0x732cced15dfa - <unknown>
[INFO] [stdout]   20:     0x732cceda93d4 - clone
[INFO] [stdout]   21:                0x0 - <unknown>
[INFO] [stdout] 
[INFO] [stdout] ---- archiving_tests::test_archive_subtask stdout ----
[INFO] [stdout] 
[INFO] [stdout] thread 'archiving_tests::test_archive_subtask' (705) panicked at tests/integration_tests.rs:61:14:
[INFO] [stdout] Failed to execute ldr command: Os { code: 2, kind: NotFound, message: "No such file or directory" }
[INFO] [stdout] stack backtrace:
[INFO] [stdout]    0:     0x60c8976d5311 - <<std[617be2ca0a6fd877]::sys::backtrace::BacktraceLock>::print::DisplayBacktrace as core[a373ad73a504971]::fmt::Display>::fmt
[INFO] [stdout]    1:     0x60c8976e971a - core[a373ad73a504971]::fmt::write
[INFO] [stdout]    2:     0x60c8976d978c - <alloc[2e1b2a31b91974c5]::vec::Vec<u8> as core[a373ad73a504971]::io::write::Write>::write_fmt
[INFO] [stdout]    3:     0x60c8976af5f6 - std[617be2ca0a6fd877]::panicking::default_hook::{closure#0}
[INFO] [stdout]    4:     0x60c8976cc759 - std[617be2ca0a6fd877]::panicking::default_hook
[INFO] [stdout]    5:     0x60c8976660e0 - test[aada8e7e76ba119b]::test_main_inner::{closure#0}
[INFO] [stdout]    6:     0x60c8976cc912 - std[617be2ca0a6fd877]::panicking::panic_with_hook
[INFO] [stdout]    7:     0x60c8976af6a2 - std[617be2ca0a6fd877]::panicking::panic_handler::{closure#0}
[INFO] [stdout]    8:     0x60c8976a8109 - std[617be2ca0a6fd877]::sys::backtrace::__rust_end_short_backtrace::<std[617be2ca0a6fd877]::panicking::panic_handler::{closure#0}, !>
[INFO] [stdout]    9:     0x60c8976b02ad - __rustc[ea4f61d10b84890b]::rust_begin_unwind
[INFO] [stdout]   10:     0x60c8976e9e4c - core[a373ad73a504971]::panicking::panic_fmt
[INFO] [stdout]   11:     0x60c8976e9c22 - core[a373ad73a504971]::result::unwrap_failed
[INFO] [stdout]   12:     0x60c897643357 - <integration_tests[a9359a729fe23c89]::TestEnv>::run_ldr
[INFO] [stdout]   13:     0x60c897648028 - <integration_tests[a9359a729fe23c89]::archiving_tests::test_archive_subtask::{closure#0} as core[a373ad73a504971]::ops::function::FnOnce<()>>::call_once
[INFO] [stdout]   14:     0x60c89765952b - test[aada8e7e76ba119b]::__rust_begin_short_backtrace::<core[a373ad73a504971]::result::Result<(), alloc[2e1b2a31b91974c5]::string::String>, fn() -> core[a373ad73a504971]::result::Result<(), alloc[2e1b2a31b91974c5]::string::String>>
[INFO] [stdout]   15:     0x60c897666705 - test[aada8e7e76ba119b]::run_test::{closure#0}
[INFO] [stdout]   16:     0x60c89765fff4 - std[617be2ca0a6fd877]::sys::backtrace::__rust_begin_short_backtrace::<test[aada8e7e76ba119b]::run_test::{closure#1}, ()>
[INFO] [stdout]   17:     0x60c897669792 - <std[617be2ca0a6fd877]::thread::lifecycle::spawn_unchecked<test[aada8e7e76ba119b]::run_test::{closure#1}, ()>::{closure#1} as core[a373ad73a504971]::ops::function::FnOnce<()>>::call_once::{shim:vtable#0}
[INFO] [stdout]   18:     0x60c8976d431f - <std[617be2ca0a6fd877]::sys::thread::unix::Thread>::new::thread_start
[INFO] [stdout]   19:     0x732cced15dfa - <unknown>
[INFO] [stdout]   20:     0x732cceda93d4 - clone
[INFO] [stdout]   21:                0x0 - <unknown>
[INFO] [stdout] 
[INFO] [stdout] ---- archiving_tests::test_auto_complete_parent_when_all_subtasks_done stdout ----
[INFO] [stdout] 
[INFO] [stdout] thread 'archiving_tests::test_auto_complete_parent_when_all_subtasks_done' (707) panicked at tests/integration_tests.rs:61:14:
[INFO] [stdout] Failed to execute ldr command: Os { code: 2, kind: NotFound, message: "No such file or directory" }
[INFO] [stdout] stack backtrace:
[INFO] [stdout]    0:     0x60c8976d5311 - <<std[617be2ca0a6fd877]::sys::backtrace::BacktraceLock>::print::DisplayBacktrace as core[a373ad73a504971]::fmt::Display>::fmt
[INFO] [stdout]    1:     0x60c8976e971a - core[a373ad73a504971]::fmt::write
[INFO] [stdout]    2:     0x60c8976d978c - <alloc[2e1b2a31b91974c5]::vec::Vec<u8> as core[a373ad73a504971]::io::write::Write>::write_fmt
[INFO] [stdout]    3:     0x60c8976af5f6 - std[617be2ca0a6fd877]::panicking::default_hook::{closure#0}
[INFO] [stdout]    4:     0x60c8976cc759 - std[617be2ca0a6fd877]::panicking::default_hook
[INFO] [stdout]    5:     0x60c8976660e0 - test[aada8e7e76ba119b]::test_main_inner::{closure#0}
[INFO] [stdout]    6:     0x60c8976cc912 - std[617be2ca0a6fd877]::panicking::panic_with_hook
[INFO] [stdout]    7:     0x60c8976af6a2 - std[617be2ca0a6fd877]::panicking::panic_handler::{closure#0}
[INFO] [stdout]    8:     0x60c8976a8109 - std[617be2ca0a6fd877]::sys::backtrace::__rust_end_short_backtrace::<std[617be2ca0a6fd877]::panicking::panic_handler::{closure#0}, !>
[INFO] [stdout]    9:     0x60c8976b02ad - __rustc[ea4f61d10b84890b]::rust_begin_unwind
[INFO] [stdout]   10:     0x60c8976e9e4c - core[a373ad73a504971]::panicking::panic_fmt
[INFO] [stdout]   11:     0x60c8976e9c22 - core[a373ad73a504971]::result::unwrap_failed
[INFO] [stdout]   12:     0x60c897643357 - <integration_tests[a9359a729fe23c89]::TestEnv>::run_ldr
[INFO] [stdout]   13:     0x60c897648de8 - <integration_tests[a9359a729fe23c89]::archiving_tests::test_auto_complete_parent_when_all_subtasks_done::{closure#0} as core[a373ad73a504971]::ops::function::FnOnce<()>>::call_once
[INFO] [stdout]   14:     0x60c89765952b - test[aada8e7e76ba119b]::__rust_begin_short_backtrace::<core[a373ad73a504971]::result::Result<(), alloc[2e1b2a31b91974c5]::string::String>, fn() -> core[a373ad73a504971]::result::Result<(), alloc[2e1b2a31b91974c5]::string::String>>
[INFO] [stdout]   15:     0x60c897666705 - test[aada8e7e76ba119b]::run_test::{closure#0}
[INFO] [stdout]   16:     0x60c89765fff4 - std[617be2ca0a6fd877]::sys::backtrace::__rust_begin_short_backtrace::<test[aada8e7e76ba119b]::run_test::{closure#1}, ()>
[INFO] [stdout]   17:     0x60c897669792 - <std[617be2ca0a6fd877]::thread::lifecycle::spawn_unchecked<test[aada8e7e76ba119b]::run_test::{closure#1}, ()>::{closure#1} as core[a373ad73a504971]::ops::function::FnOnce<()>>::call_once::{shim:vtable#0}
[INFO] [stdout]   18:     0x60c8976d431f - <std[617be2ca0a6fd877]::sys::thread::unix::Thread>::new::thread_start
[INFO] [stdout]   19:     0x732cced15dfa - <unknown>
[INFO] [stdout]   20:     0x732cceda93d4 - clone
[INFO] [stdout]   21:                0x0 - <unknown>
[INFO] [stdout] 
[INFO] [stdout] ---- edit_functionality::test_edit_creates_file_if_not_exists stdout ----
[INFO] [stdout] 
[INFO] [stdout] thread 'edit_functionality::test_edit_creates_file_if_not_exists' (1182) panicked at tests/integration_tests.rs:651:14:
[INFO] [stdout] Failed to execute edit command: Os { code: 2, kind: NotFound, message: "No such file or directory" }
[INFO] [stdout] stack backtrace:
[INFO] [stdout]    0:     0x60c8976d5311 - <<std[617be2ca0a6fd877]::sys::backtrace::BacktraceLock>::print::DisplayBacktrace as core[a373ad73a504971]::fmt::Display>::fmt
[INFO] [stdout]    1:     0x60c8976e971a - core[a373ad73a504971]::fmt::write
[INFO] [stdout]    2:     0x60c8976d978c - <alloc[2e1b2a31b91974c5]::vec::Vec<u8> as core[a373ad73a504971]::io::write::Write>::write_fmt
[INFO] [stdout]    3:     0x60c8976af5f6 - std[617be2ca0a6fd877]::panicking::default_hook::{closure#0}
[INFO] [stdout]    4:     0x60c8976cc759 - std[617be2ca0a6fd877]::panicking::default_hook
[INFO] [stdout]    5:     0x60c8976660e0 - test[aada8e7e76ba119b]::test_main_inner::{closure#0}
[INFO] [stdout]    6:     0x60c8976cc912 - std[617be2ca0a6fd877]::panicking::panic_with_hook
[INFO] [stdout]    7:     0x60c8976af6a2 - std[617be2ca0a6fd877]::panicking::panic_handler::{closure#0}
[INFO] [stdout]    8:     0x60c8976a8109 - std[617be2ca0a6fd877]::sys::backtrace::__rust_end_short_backtrace::<std[617be2ca0a6fd877]::panicking::panic_handler::{closure#0}, !>
[INFO] [stdout]    9:     0x60c8976b02ad - __rustc[ea4f61d10b84890b]::rust_begin_unwind
[INFO] [stdout]   10:     0x60c8976e9e4c - core[a373ad73a504971]::panicking::panic_fmt
[INFO] [stdout]   11:     0x60c8976e9c22 - core[a373ad73a504971]::result::unwrap_failed
[INFO] [stdout]   12:     0x60c897642317 - <integration_tests[a9359a729fe23c89]::edit_functionality::test_edit_creates_file_if_not_exists::{closure#0} as core[a373ad73a504971]::ops::function::FnOnce<()>>::call_once
[INFO] [stdout]   13:     0x60c89765952b - test[aada8e7e76ba119b]::__rust_begin_short_backtrace::<core[a373ad73a504971]::result::Result<(), alloc[2e1b2a31b91974c5]::string::String>, fn() -> core[a373ad73a504971]::result::Result<(), alloc[2e1b2a31b91974c5]::string::String>>
[INFO] [stdout]   14:     0x60c897666705 - test[aada8e7e76ba119b]::run_test::{closure#0}
[INFO] [stdout]   15:     0x60c89765fff4 - std[617be2ca0a6fd877]::sys::backtrace::__rust_begin_short_backtrace::<test[aada8e7e76ba119b]::run_test::{closure#1}, ()>
[INFO] [stdout]   16:     0x60c897669792 - <std[617be2ca0a6fd877]::thread::lifecycle::spawn_unchecked<test[aada8e7e76ba119b]::run_test::{closure#1}, ()>::{closure#1} as core[a373ad73a504971]::ops::function::FnOnce<()>>::call_once::{shim:vtable#0}
[INFO] [stdout]   17:     0x60c8976d431f - <std[617be2ca0a6fd877]::sys::thread::unix::Thread>::new::thread_start
[INFO] [stdout]   18:     0x732cced15dfa - <unknown>
[INFO] [stdout]   19:     0x732cceda93d4 - clone
[INFO] [stdout]   20:                0x0 - <unknown>
[INFO] [stdout] 
[INFO] [stdout] ---- filtering_tests::test_filtering_case_insensitive stdout ----
[INFO] [stdout] 
[INFO] [stdout] thread 'filtering_tests::test_filtering_case_insensitive' (1243) panicked at tests/integration_tests.rs:61:14:
[INFO] [stdout] Failed to execute ldr command: Os { code: 2, kind: NotFound, message: "No such file or directory" }
[INFO] [stdout] stack backtrace:
[INFO] [stdout]    0:     0x60c8976d5311 - <<std[617be2ca0a6fd877]::sys::backtrace::BacktraceLock>::print::DisplayBacktrace as core[a373ad73a504971]::fmt::Display>::fmt
[INFO] [stdout]    1:     0x60c8976e971a - core[a373ad73a504971]::fmt::write
[INFO] [stdout]    2:     0x60c8976d978c - <alloc[2e1b2a31b91974c5]::vec::Vec<u8> as core[a373ad73a504971]::io::write::Write>::write_fmt
[INFO] [stdout]    3:     0x60c8976af5f6 - std[617be2ca0a6fd877]::panicking::default_hook::{closure#0}
[INFO] [stdout]    4:     0x60c8976cc759 - std[617be2ca0a6fd877]::panicking::default_hook
[INFO] [stdout]    5:     0x60c8976660e0 - test[aada8e7e76ba119b]::test_main_inner::{closure#0}
[INFO] [stdout]    6:     0x60c8976cc912 - std[617be2ca0a6fd877]::panicking::panic_with_hook
[INFO] [stdout]    7:     0x60c8976af6a2 - std[617be2ca0a6fd877]::panicking::panic_handler::{closure#0}
[INFO] [stdout]    8:     0x60c8976a8109 - std[617be2ca0a6fd877]::sys::backtrace::__rust_end_short_backtrace::<std[617be2ca0a6fd877]::panicking::panic_handler::{closure#0}, !>
[INFO] [stdout]    9:     0x60c8976b02ad - __rustc[ea4f61d10b84890b]::rust_begin_unwind
[INFO] [stdout]   10:     0x60c8976e9e4c - core[a373ad73a504971]::panicking::panic_fmt
[INFO] [stdout]   11:     0x60c8976e9c22 - core[a373ad73a504971]::result::unwrap_failed
[INFO] [stdout]   12:     0x60c897643357 - <integration_tests[a9359a729fe23c89]::TestEnv>::run_ldr
[INFO] [stdout]   13:     0x60c897645943 - <integration_tests[a9359a729fe23c89]::filtering_tests::test_filtering_case_insensitive::{closure#0} as core[a373ad73a504971]::ops::function::FnOnce<()>>::call_once
[INFO] [stdout]   14:     0x60c89765952b - test[aada8e7e76ba119b]::__rust_begin_short_backtrace::<core[a373ad73a504971]::result::Result<(), alloc[2e1b2a31b91974c5]::string::String>, fn() -> core[a373ad73a504971]::result::Result<(), alloc[2e1b2a31b91974c5]::string::String>>
[INFO] [stdout]   15:     0x60c897666705 - test[aada8e7e76ba119b]::run_test::{closure#0}
[INFO] [stdout]   16:     0x60c89765fff4 - std[617be2ca0a6fd877]::sys::backtrace::__rust_begin_short_backtrace::<test[aada8e7e76ba119b]::run_test::{closure#1}, ()>
[INFO] [stdout]   17:     0x60c897669792 - <std[617be2ca0a6fd877]::thread::lifecycle::spawn_unchecked<test[aada8e7e76ba119b]::run_test::{closure#1}, ()>::{closure#1} as core[a373ad73a504971]::ops::function::FnOnce<()>>::call_once::{shim:vtable#0}
[INFO] [stdout]   18:     0x60c8976d431f - <std[617be2ca0a6fd877]::sys::thread::unix::Thread>::new::thread_start
[INFO] [stdout]   19:     0x732cced15dfa - <unknown>
[INFO] [stdout]   20:     0x732cceda93d4 - clone
[INFO] [stdout]   21:                0x0 - <unknown>
[INFO] [stdout] 
[INFO] [stdout] ---- error_handling::test_invalid_task_references stdout ----
[INFO] [stdout] 
[INFO] [stdout] thread 'error_handling::test_invalid_task_references' (1195) panicked at tests/integration_tests.rs:61:14:
[INFO] [stdout] Failed to execute ldr command: Os { code: 2, kind: NotFound, message: "No such file or directory" }
[INFO] [stdout] stack backtrace:
[INFO] [stdout]    0:     0x60c8976d5311 - <<std[617be2ca0a6fd877]::sys::backtrace::BacktraceLock>::print::DisplayBacktrace as core[a373ad73a504971]::fmt::Display>::fmt
[INFO] [stdout]    1:     0x60c8976e971a - core[a373ad73a504971]::fmt::write
[INFO] [stdout]    2:     0x60c8976d978c - <alloc[2e1b2a31b91974c5]::vec::Vec<u8> as core[a373ad73a504971]::io::write::Write>::write_fmt
[INFO] [stdout]    3:     0x60c8976af5f6 - std[617be2ca0a6fd877]::panicking::default_hook::{closure#0}
[INFO] [stdout]    4:     0x60c8976cc759 - std[617be2ca0a6fd877]::panicking::default_hook
[INFO] [stdout]    5:     0x60c8976660e0 - test[aada8e7e76ba119b]::test_main_inner::{closure#0}
[INFO] [stdout]    6:     0x60c8976cc912 - std[617be2ca0a6fd877]::panicking::panic_with_hook
[INFO] [stdout]    7:     0x60c8976af6a2 - std[617be2ca0a6fd877]::panicking::panic_handler::{closure#0}
[INFO] [stdout]    8:     0x60c8976a8109 - std[617be2ca0a6fd877]::sys::backtrace::__rust_end_short_backtrace::<std[617be2ca0a6fd877]::panicking::panic_handler::{closure#0}, !>
[INFO] [stdout]    9:     0x60c8976b02ad - __rustc[ea4f61d10b84890b]::rust_begin_unwind
[INFO] [stdout]   10:     0x60c8976e9e4c - core[a373ad73a504971]::panicking::panic_fmt
[INFO] [stdout]   11:     0x60c8976e9c22 - core[a373ad73a504971]::result::unwrap_failed
[INFO] [stdout]   12:     0x60c897643357 - <integration_tests[a9359a729fe23c89]::TestEnv>::run_ldr
[INFO] [stdout]   13:     0x60c89764e7d8 - <integration_tests[a9359a729fe23c89]::error_handling::test_invalid_task_references::{closure#0} as core[a373ad73a504971]::ops::function::FnOnce<()>>::call_once
[INFO] [stdout]   14:     0x60c89765952b - test[aada8e7e76ba119b]::__rust_begin_short_backtrace::<core[a373ad73a504971]::result::Result<(), alloc[2e1b2a31b91974c5]::string::String>, fn() -> core[a373ad73a504971]::result::Result<(), alloc[2e1b2a31b91974c5]::string::String>>
[INFO] [stdout]   15:     0x60c897666705 - test[aada8e7e76ba119b]::run_test::{closure#0}
[INFO] [stdout]   16:     0x60c89765fff4 - std[617be2ca0a6fd877]::sys::backtrace::__rust_begin_short_backtrace::<test[aada8e7e76ba119b]::run_test::{closure#1}, ()>
[INFO] [stdout]   17:     0x60c897669792 - <std[617be2ca0a6fd877]::thread::lifecycle::spawn_unchecked<test[aada8e7e76ba119b]::run_test::{closure#1}, ()>::{closure#1} as core[a373ad73a504971]::ops::function::FnOnce<()>>::call_once::{shim:vtable#0}
[INFO] [stdout]   18:     0x60c8976d431f - <std[617be2ca0a6fd877]::sys::thread::unix::Thread>::new::thread_start
[INFO] [stdout]   19:     0x732cced15dfa - <unknown>
[INFO] [stdout]   20:     0x732cceda93d4 - clone
[INFO] [stdout]   21:                0x0 - <unknown>
[INFO] [stdout] 
[INFO] [stdout] ---- error_handling::test_subtask_references_without_parent stdout ----
[INFO] [stdout] 
[INFO] [stdout] thread 'error_handling::test_subtask_references_without_parent' (1219) panicked at tests/integration_tests.rs:61:14:
[INFO] [stdout] Failed to execute ldr command: Os { code: 2, kind: NotFound, message: "No such file or directory" }
[INFO] [stdout] stack backtrace:
[INFO] [stdout]    0:     0x60c8976d5311 - <<std[617be2ca0a6fd877]::sys::backtrace::BacktraceLock>::print::DisplayBacktrace as core[a373ad73a504971]::fmt::Display>::fmt
[INFO] [stdout]    1:     0x60c8976e971a - core[a373ad73a504971]::fmt::write
[INFO] [stdout]    2:     0x60c8976d978c - <alloc[2e1b2a31b91974c5]::vec::Vec<u8> as core[a373ad73a504971]::io::write::Write>::write_fmt
[INFO] [stdout]    3:     0x60c8976af5f6 - std[617be2ca0a6fd877]::panicking::default_hook::{closure#0}
[INFO] [stdout]    4:     0x60c8976cc759 - std[617be2ca0a6fd877]::panicking::default_hook
[INFO] [stdout]    5:     0x60c8976660e0 - test[aada8e7e76ba119b]::test_main_inner::{closure#0}
[INFO] [stdout]    6:     0x60c8976cc912 - std[617be2ca0a6fd877]::panicking::panic_with_hook
[INFO] [stdout]    7:     0x60c8976af6a2 - std[617be2ca0a6fd877]::panicking::panic_handler::{closure#0}
[INFO] [stdout]    8:     0x60c8976a8109 - std[617be2ca0a6fd877]::sys::backtrace::__rust_end_short_backtrace::<std[617be2ca0a6fd877]::panicking::panic_handler::{closure#0}, !>
[INFO] [stdout]    9:     0x60c8976b02ad - __rustc[ea4f61d10b84890b]::rust_begin_unwind
[INFO] [stdout]   10:     0x60c8976e9e4c - core[a373ad73a504971]::panicking::panic_fmt
[INFO] [stdout]   11:     0x60c8976e9c22 - core[a373ad73a504971]::result::unwrap_failed
[INFO] [stdout]   12:     0x60c897643357 - <integration_tests[a9359a729fe23c89]::TestEnv>::run_ldr
[INFO] [stdout]   13:     0x60c89764ed9d - <integration_tests[a9359a729fe23c89]::error_handling::test_subtask_references_without_parent::{closure#0} as core[a373ad73a504971]::ops::function::FnOnce<()>>::call_once
[INFO] [stdout]   14:     0x60c89765952b - test[aada8e7e76ba119b]::__rust_begin_short_backtrace::<core[a373ad73a504971]::result::Result<(), alloc[2e1b2a31b91974c5]::string::String>, fn() -> core[a373ad73a504971]::result::Result<(), alloc[2e1b2a31b91974c5]::string::String>>
[INFO] [stdout]   15:     0x60c897666705 - test[aada8e7e76ba119b]::run_test::{closure#0}
[INFO] [stdout]   16:     0x60c89765fff4 - std[617be2ca0a6fd877]::sys::backtrace::__rust_begin_short_backtrace::<test[aada8e7e76ba119b]::run_test::{closure#1}, ()>
[INFO] [stdout]   17:     0x60c897669792 - <std[617be2ca0a6fd877]::thread::lifecycle::spawn_unchecked<test[aada8e7e76ba119b]::run_test::{closure#1}, ()>::{closure#1} as core[a373ad73a504971]::ops::function::FnOnce<()>>::call_once::{shim:vtable#0}
[INFO] [stdout]   18:     0x60c8976d431f - <std[617be2ca0a6fd877]::sys::thread::unix::Thread>::new::thread_start
[INFO] [stdout]   19:     0x732cced15dfa - <unknown>
[INFO] [stdout]   20:     0x732cceda93d4 - clone
[INFO] [stdout]   21:                0x0 - <unknown>
[INFO] [stdout] 
[INFO] [stdout] ---- filtering_tests::test_filtering_basic stdout ----
[INFO] [stdout] 
[INFO] [stdout] thread 'filtering_tests::test_filtering_basic' (1221) panicked at tests/integration_tests.rs:61:14:
[INFO] [stdout] Failed to execute ldr command: Os { code: 2, kind: NotFound, message: "No such file or directory" }
[INFO] [stdout] stack backtrace:
[INFO] [stdout]    0:     0x60c8976d5311 - <<std[617be2ca0a6fd877]::sys::backtrace::BacktraceLock>::print::DisplayBacktrace as core[a373ad73a504971]::fmt::Display>::fmt
[INFO] [stdout]    1:     0x60c8976e971a - core[a373ad73a504971]::fmt::write
[INFO] [stdout]    2:     0x60c8976d978c - <alloc[2e1b2a31b91974c5]::vec::Vec<u8> as core[a373ad73a504971]::io::write::Write>::write_fmt
[INFO] [stdout]    3:     0x60c8976af5f6 - std[617be2ca0a6fd877]::panicking::default_hook::{closure#0}
[INFO] [stdout]    4:     0x60c8976cc759 - std[617be2ca0a6fd877]::panicking::default_hook
[INFO] [stdout]    5:     0x60c8976660e0 - test[aada8e7e76ba119b]::test_main_inner::{closure#0}
[INFO] [stdout]    6:     0x60c8976cc912 - std[617be2ca0a6fd877]::panicking::panic_with_hook
[INFO] [stdout]    7:     0x60c8976af6a2 - std[617be2ca0a6fd877]::panicking::panic_handler::{closure#0}
[INFO] [stdout]    8:     0x60c8976a8109 - std[617be2ca0a6fd877]::sys::backtrace::__rust_end_short_backtrace::<std[617be2ca0a6fd877]::panicking::panic_handler::{closure#0}, !>
[INFO] [stdout]    9:     0x60c8976b02ad - __rustc[ea4f61d10b84890b]::rust_begin_unwind
[INFO] [stdout]   10:     0x60c8976e9e4c - core[a373ad73a504971]::panicking::panic_fmt
[INFO] [stdout]   11:     0x60c8976e9c22 - core[a373ad73a504971]::result::unwrap_failed
[INFO] [stdout]   12:     0x60c897643357 - <integration_tests[a9359a729fe23c89]::TestEnv>::run_ldr
[INFO] [stdout]   13:     0x60c897644728 - <integration_tests[a9359a729fe23c89]::filtering_tests::test_filtering_basic::{closure#0} as core[a373ad73a504971]::ops::function::FnOnce<()>>::call_once
[INFO] [stdout]   14:     0x60c89765952b - test[aada8e7e76ba119b]::__rust_begin_short_backtrace::<core[a373ad73a504971]::result::Result<(), alloc[2e1b2a31b91974c5]::string::String>, fn() -> core[a373ad73a504971]::result::Result<(), alloc[2e1b2a31b91974c5]::string::String>>
[INFO] [stdout]   15:     0x60c897666705 - test[aada8e7e76ba119b]::run_test::{closure#0}
[INFO] [stdout]   16:     0x60c89765fff4 - std[617be2ca0a6fd877]::sys::backtrace::__rust_begin_short_backtrace::<test[aada8e7e76ba119b]::run_test::{closure#1}, ()>
[INFO] [stdout]   17:     0x60c897669792 - <std[617be2ca0a6fd877]::thread::lifecycle::spawn_unchecked<test[aada8e7e76ba119b]::run_test::{closure#1}, ()>::{closure#1} as core[a373ad73a504971]::ops::function::FnOnce<()>>::call_once::{shim:vtable#0}
[INFO] [stdout]   18:     0x60c8976d431f - <std[617be2ca0a6fd877]::sys::thread::unix::Thread>::new::thread_start
[INFO] [stdout]   19:     0x732cced15dfa - <unknown>
[INFO] [stdout]   20:     0x732cceda93d4 - clone
[INFO] [stdout]   21:                0x0 - <unknown>
[INFO] [stdout] 
[INFO] [stdout] ---- error_handling::test_operations_on_empty_file stdout ----
[INFO] [stdout] 
[INFO] [stdout] thread 'error_handling::test_operations_on_empty_file' (1198) panicked at tests/integration_tests.rs:61:14:
[INFO] [stdout] Failed to execute ldr command: Os { code: 2, kind: NotFound, message: "No such file or directory" }
[INFO] [stdout] stack backtrace:
[INFO] [stdout]    0:     0x60c8976d5311 - <<std[617be2ca0a6fd877]::sys::backtrace::BacktraceLock>::print::DisplayBacktrace as core[a373ad73a504971]::fmt::Display>::fmt
[INFO] [stdout]    1:     0x60c8976e971a - core[a373ad73a504971]::fmt::write
[INFO] [stdout]    2:     0x60c8976d978c - <alloc[2e1b2a31b91974c5]::vec::Vec<u8> as core[a373ad73a504971]::io::write::Write>::write_fmt
[INFO] [stdout]    3:     0x60c8976af5f6 - std[617be2ca0a6fd877]::panicking::default_hook::{closure#0}
[INFO] [stdout]    4:     0x60c8976cc759 - std[617be2ca0a6fd877]::panicking::default_hook
[INFO] [stdout]    5:     0x60c8976660e0 - test[aada8e7e76ba119b]::test_main_inner::{closure#0}
[INFO] [stdout]    6:     0x60c8976cc912 - std[617be2ca0a6fd877]::panicking::panic_with_hook
[INFO] [stdout]    7:     0x60c8976af6a2 - std[617be2ca0a6fd877]::panicking::panic_handler::{closure#0}
[INFO] [stdout]    8:     0x60c8976a8109 - std[617be2ca0a6fd877]::sys::backtrace::__rust_end_short_backtrace::<std[617be2ca0a6fd877]::panicking::panic_handler::{closure#0}, !>
[INFO] [stdout]    9:     0x60c8976b02ad - __rustc[ea4f61d10b84890b]::rust_begin_unwind
[INFO] [stdout]   10:     0x60c8976e9e4c - core[a373ad73a504971]::panicking::panic_fmt
[INFO] [stdout]   11:     0x60c8976e9c22 - core[a373ad73a504971]::result::unwrap_failed
[INFO] [stdout]   12:     0x60c897643357 - <integration_tests[a9359a729fe23c89]::TestEnv>::run_ldr
[INFO] [stdout]   13:     0x60c89764ea98 - <integration_tests[a9359a729fe23c89]::error_handling::test_operations_on_empty_file::{closure#0} as core[a373ad73a504971]::ops::function::FnOnce<()>>::call_once
[INFO] [stdout]   14:     0x60c89765952b - test[aada8e7e76ba119b]::__rust_begin_short_backtrace::<core[a373ad73a504971]::result::Result<(), alloc[2e1b2a31b91974c5]::string::String>, fn() -> core[a373ad73a504971]::result::Result<(), alloc[2e1b2a31b91974c5]::string::String>>
[INFO] [stdout]   15:     0x60c897666705 - test[aada8e7e76ba119b]::run_test::{closure#0}
[INFO] [stdout]   16:     0x60c89765fff4 - std[617be2ca0a6fd877]::sys::backtrace::__rust_begin_short_backtrace::<test[aada8e7e76ba119b]::run_test::{closure#1}, ()>
[INFO] [stdout]   17:     0x60c897669792 - <std[617be2ca0a6fd877]::thread::lifecycle::spawn_unchecked<test[aada8e7e76ba119b]::run_test::{closure#1}, ()>::{closure#1} as core[a373ad73a504971]::ops::function::FnOnce<()>>::call_once::{shim:vtable#0}
[INFO] [stdout]   18:     0x60c8976d431f - <std[617be2ca0a6fd877]::sys::thread::unix::Thread>::new::thread_start
[INFO] [stdout]   19:     0x732cced15dfa - <unknown>
[INFO] [stdout]   20:     0x732cceda93d4 - clone
[INFO] [stdout]   21:                0x0 - <unknown>
[INFO] [stdout] 
[INFO] [stdout] ---- filtering_tests::test_filtering_with_limits stdout ----
[INFO] [stdout] 
[INFO] [stdout] thread 'filtering_tests::test_filtering_with_limits' (1266) panicked at tests/integration_tests.rs:61:14:
[INFO] [stdout] Failed to execute ldr command: Os { code: 2, kind: NotFound, message: "No such file or directory" }
[INFO] [stdout] stack backtrace:
[INFO] [stdout]    0:     0x60c8976d5311 - <<std[617be2ca0a6fd877]::sys::backtrace::BacktraceLock>::print::DisplayBacktrace as core[a373ad73a504971]::fmt::Display>::fmt
[INFO] [stdout]    1:     0x60c8976e971a - core[a373ad73a504971]::fmt::write
[INFO] [stdout]    2:     0x60c8976d978c - <alloc[2e1b2a31b91974c5]::vec::Vec<u8> as core[a373ad73a504971]::io::write::Write>::write_fmt
[INFO] [stdout]    3:     0x60c8976af5f6 - std[617be2ca0a6fd877]::panicking::default_hook::{closure#0}
[INFO] [stdout]    4:     0x60c8976cc759 - std[617be2ca0a6fd877]::panicking::default_hook
[INFO] [stdout]    5:     0x60c8976660e0 - test[aada8e7e76ba119b]::test_main_inner::{closure#0}
[INFO] [stdout]    6:     0x60c8976cc912 - std[617be2ca0a6fd877]::panicking::panic_with_hook
[INFO] [stdout]    7:     0x60c8976af6a2 - std[617be2ca0a6fd877]::panicking::panic_handler::{closure#0}
[INFO] [stdout]    8:     0x60c8976a8109 - std[617be2ca0a6fd877]::sys::backtrace::__rust_end_short_backtrace::<std[617be2ca0a6fd877]::panicking::panic_handler::{closure#0}, !>
[INFO] [stdout]    9:     0x60c8976b02ad - __rustc[ea4f61d10b84890b]::rust_begin_unwind
[INFO] [stdout]   10:     0x60c8976e9e4c - core[a373ad73a504971]::panicking::panic_fmt
[INFO] [stdout]   11:     0x60c8976e9c22 - core[a373ad73a504971]::result::unwrap_failed
[INFO] [stdout]   12:     0x60c897643357 - <integration_tests[a9359a729fe23c89]::TestEnv>::run_ldr
[INFO] [stdout]   13:     0x60c897644de5 - <integration_tests[a9359a729fe23c89]::filtering_tests::test_filtering_with_limits::{closure#0} as core[a373ad73a504971]::ops::function::FnOnce<()>>::call_once
[INFO] [stdout]   14:     0x60c89765952b - test[aada8e7e76ba119b]::__rust_begin_short_backtrace::<core[a373ad73a504971]::result::Result<(), alloc[2e1b2a31b91974c5]::string::String>, fn() -> core[a373ad73a504971]::result::Result<(), alloc[2e1b2a31b91974c5]::string::String>>
[INFO] [stdout]   15:     0x60c897666705 - test[aada8e7e76ba119b]::run_test::{closure#0}
[INFO] [stdout]   16:     0x60c89765fff4 - std[617be2ca0a6fd877]::sys::backtrace::__rust_begin_short_backtrace::<test[aada8e7e76ba119b]::run_test::{closure#1}, ()>
[INFO] [stdout]   17:     0x60c897669792 - <std[617be2ca0a6fd877]::thread::lifecycle::spawn_unchecked<test[aada8e7e76ba119b]::run_test::{closure#1}, ()>::{closure#1} as core[a373ad73a504971]::ops::function::FnOnce<()>>::call_once::{shim:vtable#0}
[INFO] [stdout]   18:     0x60c8976d431f - <std[617be2ca0a6fd877]::sys::thread::unix::Thread>::new::thread_start
[INFO] [stdout]   19:     0x732cced15dfa - <unknown>
[INFO] [stdout]   20:     0x732cceda93d4 - clone
[INFO] [stdout]   21:                0x0 - <unknown>
[INFO] [stdout] 
[INFO] [stdout] ---- migration_tests::test_no_migration_when_markdown_exists stdout ----
[INFO] [stdout] 
[INFO] [stdout] thread 'migration_tests::test_no_migration_when_markdown_exists' (1288) panicked at tests/integration_tests.rs:61:14:
[INFO] [stdout] Failed to execute ldr command: Os { code: 2, kind: NotFound, message: "No such file or directory" }
[INFO] [stdout] stack backtrace:
[INFO] [stdout]    0:     0x60c8976d5311 - <<std[617be2ca0a6fd877]::sys::backtrace::BacktraceLock>::print::DisplayBacktrace as core[a373ad73a504971]::fmt::Display>::fmt
[INFO] [stdout]    1:     0x60c8976e971a - core[a373ad73a504971]::fmt::write
[INFO] [stdout]    2:     0x60c8976d978c - <alloc[2e1b2a31b91974c5]::vec::Vec<u8> as core[a373ad73a504971]::io::write::Write>::write_fmt
[INFO] [stdout]    3:     0x60c8976af5f6 - std[617be2ca0a6fd877]::panicking::default_hook::{closure#0}
[INFO] [stdout]    4:     0x60c8976cc759 - std[617be2ca0a6fd877]::panicking::default_hook
[INFO] [stdout]    5:     0x60c8976660e0 - test[aada8e7e76ba119b]::test_main_inner::{closure#0}
[INFO] [stdout]    6:     0x60c8976cc912 - std[617be2ca0a6fd877]::panicking::panic_with_hook
[INFO] [stdout]    7:     0x60c8976af6a2 - std[617be2ca0a6fd877]::panicking::panic_handler::{closure#0}
[INFO] [stdout]    8:     0x60c8976a8109 - std[617be2ca0a6fd877]::sys::backtrace::__rust_end_short_backtrace::<std[617be2ca0a6fd877]::panicking::panic_handler::{closure#0}, !>
[INFO] [stdout]    9:     0x60c8976b02ad - __rustc[ea4f61d10b84890b]::rust_begin_unwind
[INFO] [stdout]   10:     0x60c8976e9e4c - core[a373ad73a504971]::panicking::panic_fmt
[INFO] [stdout]   11:     0x60c8976e9c22 - core[a373ad73a504971]::result::unwrap_failed
[INFO] [stdout]   12:     0x60c897643357 - <integration_tests[a9359a729fe23c89]::TestEnv>::run_ldr
[INFO] [stdout]   13:     0x60c8976470a2 - <integration_tests[a9359a729fe23c89]::migration_tests::test_no_migration_when_markdown_exists::{closure#0} as core[a373ad73a504971]::ops::function::FnOnce<()>>::call_once
[INFO] [stdout]   14:     0x60c89765952b - test[aada8e7e76ba119b]::__rust_begin_short_backtrace::<core[a373ad73a504971]::result::Result<(), alloc[2e1b2a31b91974c5]::string::String>, fn() -> core[a373ad73a504971]::result::Result<(), alloc[2e1b2a31b91974c5]::string::String>>
[INFO] [stdout]   15:     0x60c897666705 - test[aada8e7e76ba119b]::run_test::{closure#0}
[INFO] [stdout]   16:     0x60c89765fff4 - std[617be2ca0a6fd877]::sys::backtrace::__rust_begin_short_backtrace::<test[aada8e7e76ba119b]::run_test::{closure#1}, ()>
[INFO] [stdout]   17:     0x60c897669792 - <std[617be2ca0a6fd877]::thread::lifecycle::spawn_unchecked<test[aada8e7e76ba119b]::run_test::{closure#1}, ()>::{closure#1} as core[a373ad73a504971]::ops::function::FnOnce<()>>::call_once::{shim:vtable#0}
[INFO] [stdout]   18:     0x60c8976d431f - <std[617be2ca0a6fd877]::sys::thread::unix::Thread>::new::thread_start
[INFO] [stdout]   19:     0x732cced15dfa - <unknown>
[INFO] [stdout]   20:     0x732cceda93d4 - clone
[INFO] [stdout]   21:                0x0 - <unknown>
[INFO] [stdout] 
[INFO] [stdout] ---- filtering_tests::test_filtering_no_matches stdout ----
[INFO] [stdout] 
[INFO] [stdout] thread 'filtering_tests::test_filtering_no_matches' (1254) panicked at tests/integration_tests.rs:61:14:
[INFO] [stdout] Failed to execute ldr command: Os { code: 2, kind: NotFound, message: "No such file or directory" }
[INFO] [stdout] stack backtrace:
[INFO] [stdout]    0:     0x60c8976d5311 - <<std[617be2ca0a6fd877]::sys::backtrace::BacktraceLock>::print::DisplayBacktrace as core[a373ad73a504971]::fmt::Display>::fmt
[INFO] [stdout]    1:     0x60c8976e971a - core[a373ad73a504971]::fmt::write
[INFO] [stdout]    2:     0x60c8976d978c - <alloc[2e1b2a31b91974c5]::vec::Vec<u8> as core[a373ad73a504971]::io::write::Write>::write_fmt
[INFO] [stdout]    3:     0x60c8976af5f6 - std[617be2ca0a6fd877]::panicking::default_hook::{closure#0}
[INFO] [stdout]    4:     0x60c8976cc759 - std[617be2ca0a6fd877]::panicking::default_hook
[INFO] [stdout]    5:     0x60c8976660e0 - test[aada8e7e76ba119b]::test_main_inner::{closure#0}
[INFO] [stdout]    6:     0x60c8976cc912 - std[617be2ca0a6fd877]::panicking::panic_with_hook
[INFO] [stdout]    7:     0x60c8976af6a2 - std[617be2ca0a6fd877]::panicking::panic_handler::{closure#0}
[INFO] [stdout]    8:     0x60c8976a8109 - std[617be2ca0a6fd877]::sys::backtrace::__rust_end_short_backtrace::<std[617be2ca0a6fd877]::panicking::panic_handler::{closure#0}, !>
[INFO] [stdout]    9:     0x60c8976b02ad - __rustc[ea4f61d10b84890b]::rust_begin_unwind
[INFO] [stdout]   10:     0x60c8976e9e4c - core[a373ad73a504971]::panicking::panic_fmt
[INFO] [stdout]   11:     0x60c8976e9c22 - core[a373ad73a504971]::result::unwrap_failed
[INFO] [stdout]   12:     0x60c897643357 - <integration_tests[a9359a729fe23c89]::TestEnv>::run_ldr
[INFO] [stdout]   13:     0x60c897644b83 - <integration_tests[a9359a729fe23c89]::filtering_tests::test_filtering_no_matches::{closure#0} as core[a373ad73a504971]::ops::function::FnOnce<()>>::call_once
[INFO] [stdout]   14:     0x60c89765952b - test[aada8e7e76ba119b]::__rust_begin_short_backtrace::<core[a373ad73a504971]::result::Result<(), alloc[2e1b2a31b91974c5]::string::String>, fn() -> core[a373ad73a504971]::result::Result<(), alloc[2e1b2a31b91974c5]::string::String>>
[INFO] [stdout]   15:     0x60c897666705 - test[aada8e7e76ba119b]::run_test::{closure#0}
[INFO] [stdout]   16:     0x60c89765fff4 - std[617be2ca0a6fd877]::sys::backtrace::__rust_begin_short_backtrace::<test[aada8e7e76ba119b]::run_test::{closure#1}, ()>
[INFO] [stdout]   17:     0x60c897669792 - <std[617be2ca0a6fd877]::thread::lifecycle::spawn_unchecked<test[aada8e7e76ba119b]::run_test::{closure#1}, ()>::{closure#1} as core[a373ad73a504971]::ops::function::FnOnce<()>>::call_once::{shim:vtable#0}
[INFO] [stdout]   18:     0x60c8976d431f - <std[617be2ca0a6fd877]::sys::thread::unix::Thread>::new::thread_start
[INFO] [stdout]   19:     0x732cced15dfa - <unknown>
[INFO] [stdout]   20:     0x732cceda93d4 - clone
[INFO] [stdout]   21:                0x0 - <unknown>
[INFO] [stdout] 
[INFO] [stdout] ---- migration_tests::test_migration_from_plain_text stdout ----
[INFO] [stdout] 
[INFO] [stdout] thread 'migration_tests::test_migration_from_plain_text' (1285) panicked at tests/integration_tests.rs:61:14:
[INFO] [stdout] Failed to execute ldr command: Os { code: 2, kind: NotFound, message: "No such file or directory" }
[INFO] [stdout] stack backtrace:
[INFO] [stdout]    0:     0x60c8976d5311 - <<std[617be2ca0a6fd877]::sys::backtrace::BacktraceLock>::print::DisplayBacktrace as core[a373ad73a504971]::fmt::Display>::fmt
[INFO] [stdout]    1:     0x60c8976e971a - core[a373ad73a504971]::fmt::write
[INFO] [stdout]    2:     0x60c8976d978c - <alloc[2e1b2a31b91974c5]::vec::Vec<u8> as core[a373ad73a504971]::io::write::Write>::write_fmt
[INFO] [stdout]    3:     0x60c8976af5f6 - std[617be2ca0a6fd877]::panicking::default_hook::{closure#0}
[INFO] [stdout]    4:     0x60c8976cc759 - std[617be2ca0a6fd877]::panicking::default_hook
[INFO] [stdout]    5:     0x60c8976660e0 - test[aada8e7e76ba119b]::test_main_inner::{closure#0}
[INFO] [stdout]    6:     0x60c8976cc912 - std[617be2ca0a6fd877]::panicking::panic_with_hook
[INFO] [stdout]    7:     0x60c8976af6a2 - std[617be2ca0a6fd877]::panicking::panic_handler::{closure#0}
[INFO] [stdout]    8:     0x60c8976a8109 - std[617be2ca0a6fd877]::sys::backtrace::__rust_end_short_backtrace::<std[617be2ca0a6fd877]::panicking::panic_handler::{closure#0}, !>
[INFO] [stdout]    9:     0x60c8976b02ad - __rustc[ea4f61d10b84890b]::rust_begin_unwind
[INFO] [stdout]   10:     0x60c8976e9e4c - core[a373ad73a504971]::panicking::panic_fmt
[INFO] [stdout]   11:     0x60c8976e9c22 - core[a373ad73a504971]::result::unwrap_failed
[INFO] [stdout]   12:     0x60c897643357 - <integration_tests[a9359a729fe23c89]::TestEnv>::run_ldr
[INFO] [stdout]   13:     0x60c897646777 - <integration_tests[a9359a729fe23c89]::migration_tests::test_migration_from_plain_text::{closure#0} as core[a373ad73a504971]::ops::function::FnOnce<()>>::call_once
[INFO] [stdout]   14:     0x60c89765952b - test[aada8e7e76ba119b]::__rust_begin_short_backtrace::<core[a373ad73a504971]::result::Result<(), alloc[2e1b2a31b91974c5]::string::String>, fn() -> core[a373ad73a504971]::result::Result<(), alloc[2e1b2a31b91974c5]::string::String>>
[INFO] [stdout]   15:     0x60c897666705 - test[aada8e7e76ba119b]::run_test::{closure#0}
[INFO] [stdout]   16:     0x60c89765fff4 - std[617be2ca0a6fd877]::sys::backtrace::__rust_begin_short_backtrace::<test[aada8e7e76ba119b]::run_test::{closure#1}, ()>
[INFO] [stdout]   17:     0x60c897669792 - <std[617be2ca0a6fd877]::thread::lifecycle::spawn_unchecked<test[aada8e7e76ba119b]::run_test::{closure#1}, ()>::{closure#1} as core[a373ad73a504971]::ops::function::FnOnce<()>>::call_once::{shim:vtable#0}
[INFO] [stdout]   18:     0x60c8976d431f - <std[617be2ca0a6fd877]::sys::thread::unix::Thread>::new::thread_start
[INFO] [stdout]   19:     0x732cced15dfa - <unknown>
[INFO] [stdout]   20:     0x732cceda93d4 - clone
[INFO] [stdout]   21:                0x0 - <unknown>
[INFO] [stdout] 
[INFO] [stdout] ---- pols_compliance::test_completion_cascades_logically stdout ----
[INFO] [stdout] 
[INFO] [stdout] thread 'pols_compliance::test_completion_cascades_logically' (1301) panicked at tests/integration_tests.rs:61:14:
[INFO] [stdout] Failed to execute ldr command: Os { code: 2, kind: NotFound, message: "No such file or directory" }
[INFO] [stdout] stack backtrace:
[INFO] [stdout]    0:     0x60c8976d5311 - <<std[617be2ca0a6fd877]::sys::backtrace::BacktraceLock>::print::DisplayBacktrace as core[a373ad73a504971]::fmt::Display>::fmt
[INFO] [stdout]    1:     0x60c8976e971a - core[a373ad73a504971]::fmt::write
[INFO] [stdout]    2:     0x60c8976d978c - <alloc[2e1b2a31b91974c5]::vec::Vec<u8> as core[a373ad73a504971]::io::write::Write>::write_fmt
[INFO] [stdout]    3:     0x60c8976af5f6 - std[617be2ca0a6fd877]::panicking::default_hook::{closure#0}
[INFO] [stdout]    4:     0x60c8976cc759 - std[617be2ca0a6fd877]::panicking::default_hook
[INFO] [stdout]    5:     0x60c8976660e0 - test[aada8e7e76ba119b]::test_main_inner::{closure#0}
[INFO] [stdout]    6:     0x60c8976cc912 - std[617be2ca0a6fd877]::panicking::panic_with_hook
[INFO] [stdout]    7:     0x60c8976af6a2 - std[617be2ca0a6fd877]::panicking::panic_handler::{closure#0}
[INFO] [stdout]    8:     0x60c8976a8109 - std[617be2ca0a6fd877]::sys::backtrace::__rust_end_short_backtrace::<std[617be2ca0a6fd877]::panicking::panic_handler::{closure#0}, !>
[INFO] [stdout]    9:     0x60c8976b02ad - __rustc[ea4f61d10b84890b]::rust_begin_unwind
[INFO] [stdout]   10:     0x60c8976e9e4c - core[a373ad73a504971]::panicking::panic_fmt
[INFO] [stdout]   11:     0x60c8976e9c22 - core[a373ad73a504971]::result::unwrap_failed
[INFO] [stdout]   12:     0x60c897643357 - <integration_tests[a9359a729fe23c89]::TestEnv>::run_ldr
[INFO] [stdout]   13:     0x60c89764c0d7 - <integration_tests[a9359a729fe23c89]::pols_compliance::test_completion_cascades_logically::{closure#0} as core[a373ad73a504971]::ops::function::FnOnce<()>>::call_once
[INFO] [stdout]   14:     0x60c89765952b - test[aada8e7e76ba119b]::__rust_begin_short_backtrace::<core[a373ad73a504971]::result::Result<(), alloc[2e1b2a31b91974c5]::string::String>, fn() -> core[a373ad73a504971]::result::Result<(), alloc[2e1b2a31b91974c5]::string::String>>
[INFO] [stdout]   15:     0x60c897666705 - test[aada8e7e76ba119b]::run_test::{closure#0}
[INFO] [stdout]   16:     0x60c89765fff4 - std[617be2ca0a6fd877]::sys::backtrace::__rust_begin_short_backtrace::<test[aada8e7e76ba119b]::run_test::{closure#1}, ()>
[INFO] [stdout]   17:     0x60c897669792 - <std[617be2ca0a6fd877]::thread::lifecycle::spawn_unchecked<test[aada8e7e76ba119b]::run_test::{closure#1}, ()>::{closure#1} as core[a373ad73a504971]::ops::function::FnOnce<()>>::call_once::{shim:vtable#0}
[INFO] [stdout]   18:     0x60c8976d431f - <std[617be2ca0a6fd877]::sys::thread::unix::Thread>::new::thread_start
[INFO] [stdout]   19:     0x732cced15dfa - <unknown>
[INFO] [stdout]   20:     0x732cceda93d4 - clone
[INFO] [stdout]   21:                0x0 - <unknown>
[INFO] [stdout] 
[INFO] [stdout] ---- pols_compliance::test_subtask_operations_affect_parent_logically stdout ----
[INFO] [stdout] 
[INFO] [stdout] thread 'pols_compliance::test_subtask_operations_affect_parent_logically' (1346) panicked at tests/integration_tests.rs:61:14:
[INFO] [stdout] Failed to execute ldr command: Os { code: 2, kind: NotFound, message: "No such file or directory" }
[INFO] [stdout] stack backtrace:
[INFO] [stdout]    0:     0x60c8976d5311 - <<std[617be2ca0a6fd877]::sys::backtrace::BacktraceLock>::print::DisplayBacktrace as core[a373ad73a504971]::fmt::Display>::fmt
[INFO] [stdout]    1:     0x60c8976e971a - core[a373ad73a504971]::fmt::write
[INFO] [stdout]    2:     0x60c8976d978c - <alloc[2e1b2a31b91974c5]::vec::Vec<u8> as core[a373ad73a504971]::io::write::Write>::write_fmt
[INFO] [stdout]    3:     0x60c8976af5f6 - std[617be2ca0a6fd877]::panicking::default_hook::{closure#0}
[INFO] [stdout]    4:     0x60c8976cc759 - std[617be2ca0a6fd877]::panicking::default_hook
[INFO] [stdout]    5:     0x60c8976660e0 - test[aada8e7e76ba119b]::test_main_inner::{closure#0}
[INFO] [stdout]    6:     0x60c8976cc912 - std[617be2ca0a6fd877]::panicking::panic_with_hook
[INFO] [stdout]    7:     0x60c8976af6a2 - std[617be2ca0a6fd877]::panicking::panic_handler::{closure#0}
[INFO] [stdout]    8:     0x60c8976a8109 - std[617be2ca0a6fd877]::sys::backtrace::__rust_end_short_backtrace::<std[617be2ca0a6fd877]::panicking::panic_handler::{closure#0}, !>
[INFO] [stdout]    9:     0x60c8976b02ad - __rustc[ea4f61d10b84890b]::rust_begin_unwind
[INFO] [stdout]   10:     0x60c8976e9e4c - core[a373ad73a504971]::panicking::panic_fmt
[INFO] [stdout]   11:     0x60c8976e9c22 - core[a373ad73a504971]::result::unwrap_failed
[INFO] [stdout]   12:     0x60c897643357 - <integration_tests[a9359a729fe23c89]::TestEnv>::run_ldr
[INFO] [stdout]   13:     0x60c89764c723 - <integration_tests[a9359a729fe23c89]::pols_compliance::test_subtask_operations_affect_parent_logically::{closure#0} as core[a373ad73a504971]::ops::function::FnOnce<()>>::call_once
[INFO] [stdout]   14:     0x60c89765952b - test[aada8e7e76ba119b]::__rust_begin_short_backtrace::<core[a373ad73a504971]::result::Result<(), alloc[2e1b2a31b91974c5]::string::String>, fn() -> core[a373ad73a504971]::result::Result<(), alloc[2e1b2a31b91974c5]::string::String>>
[INFO] [stdout]   15:     0x60c897666705 - test[aada8e7e76ba119b]::run_test::{closure#0}
[INFO] [stdout]   16:     0x60c89765fff4 - std[617be2ca0a6fd877]::sys::backtrace::__rust_begin_short_backtrace::<test[aada8e7e76ba119b]::run_test::{closure#1}, ()>
[INFO] [stdout]   17:     0x60c897669792 - <std[617be2ca0a6fd877]::thread::lifecycle::spawn_unchecked<test[aada8e7e76ba119b]::run_test::{closure#1}, ()>::{closure#1} as core[a373ad73a504971]::ops::function::FnOnce<()>>::call_once::{shim:vtable#0}
[INFO] [stdout]   18:     0x60c8976d431f - <std[617be2ca0a6fd877]::sys::thread::unix::Thread>::new::thread_start
[INFO] [stdout]   19:     0x732cced15dfa - <unknown>
[INFO] [stdout]   20:     0x732cceda93d4 - clone
[INFO] [stdout]   21:                0x0 - <unknown>
[INFO] [stdout] 
[INFO] [stdout] ---- pols_compliance::test_newest_items_at_top stdout ----
[INFO] [stdout] 
[INFO] [stdout] thread 'pols_compliance::test_newest_items_at_top' (1303) panicked at tests/integration_tests.rs:61:14:
[INFO] [stdout] Failed to execute ldr command: Os { code: 2, kind: NotFound, message: "No such file or directory" }
[INFO] [stdout] stack backtrace:
[INFO] [stdout]    0:     0x60c8976d5311 - <<std[617be2ca0a6fd877]::sys::backtrace::BacktraceLock>::print::DisplayBacktrace as core[a373ad73a504971]::fmt::Display>::fmt
[INFO] [stdout]    1:     0x60c8976e971a - core[a373ad73a504971]::fmt::write
[INFO] [stdout]    2:     0x60c8976d978c - <alloc[2e1b2a31b91974c5]::vec::Vec<u8> as core[a373ad73a504971]::io::write::Write>::write_fmt
[INFO] [stdout]    3:     0x60c8976af5f6 - std[617be2ca0a6fd877]::panicking::default_hook::{closure#0}
[INFO] [stdout]    4:     0x60c8976cc759 - std[617be2ca0a6fd877]::panicking::default_hook
[INFO] [stdout]    5:     0x60c8976660e0 - test[aada8e7e76ba119b]::test_main_inner::{closure#0}
[INFO] [stdout]    6:     0x60c8976cc912 - std[617be2ca0a6fd877]::panicking::panic_with_hook
[INFO] [stdout]    7:     0x60c8976af6a2 - std[617be2ca0a6fd877]::panicking::panic_handler::{closure#0}
[INFO] [stdout]    8:     0x60c8976a8109 - std[617be2ca0a6fd877]::sys::backtrace::__rust_end_short_backtrace::<std[617be2ca0a6fd877]::panicking::panic_handler::{closure#0}, !>
[INFO] [stdout]    9:     0x60c8976b02ad - __rustc[ea4f61d10b84890b]::rust_begin_unwind
[INFO] [stdout]   10:     0x60c8976e9e4c - core[a373ad73a504971]::panicking::panic_fmt
[INFO] [stdout]   11:     0x60c8976e9c22 - core[a373ad73a504971]::result::unwrap_failed
[INFO] [stdout]   12:     0x60c897643357 - <integration_tests[a9359a729fe23c89]::TestEnv>::run_ldr
[INFO] [stdout]   13:     0x60c89764beb3 - <integration_tests[a9359a729fe23c89]::pols_compliance::test_newest_items_at_top::{closure#0} as core[a373ad73a504971]::ops::function::FnOnce<()>>::call_once
[INFO] [stdout]   14:     0x60c89765952b - test[aada8e7e76ba119b]::__rust_begin_short_backtrace::<core[a373ad73a504971]::result::Result<(), alloc[2e1b2a31b91974c5]::string::String>, fn() -> core[a373ad73a504971]::result::Result<(), alloc[2e1b2a31b91974c5]::string::String>>
[INFO] [stdout]   15:     0x60c897666705 - test[aada8e7e76ba119b]::run_test::{closure#0}
[INFO] [stdout]   16:     0x60c89765fff4 - std[617be2ca0a6fd877]::sys::backtrace::__rust_begin_short_backtrace::<test[aada8e7e76ba119b]::run_test::{closure#1}, ()>
[INFO] [stdout]   17:     0x60c897669792 - <std[617be2ca0a6fd877]::thread::lifecycle::spawn_unchecked<test[aada8e7e76ba119b]::run_test::{closure#1}, ()>::{closure#1} as core[a373ad73a504971]::ops::function::FnOnce<()>>::call_once::{shim:vtable#0}
[INFO] [stdout]   18:     0x60c8976d431f - <std[617be2ca0a6fd877]::sys::thread::unix::Thread>::new::thread_start
[INFO] [stdout]   19:     0x732cced15dfa - <unknown>
[INFO] [stdout]   20:     0x732cceda93d4 - clone
[INFO] [stdout]   21:                0x0 - <unknown>
[INFO] [stdout] 
[INFO] [stdout] ---- pols_compliance::test_prioritization_order_predictable stdout ----
[INFO] [stdout] 
[INFO] [stdout] thread 'pols_compliance::test_prioritization_order_predictable' (1335) panicked at tests/integration_tests.rs:61:14:
[INFO] [stdout] Failed to execute ldr command: Os { code: 2, kind: NotFound, message: "No such file or directory" }
[INFO] [stdout] stack backtrace:
[INFO] [stdout]    0:     0x60c8976d5311 - <<std[617be2ca0a6fd877]::sys::backtrace::BacktraceLock>::print::DisplayBacktrace as core[a373ad73a504971]::fmt::Display>::fmt
[INFO] [stdout]    1:     0x60c8976e971a - core[a373ad73a504971]::fmt::write
[INFO] [stdout]    2:     0x60c8976d978c - <alloc[2e1b2a31b91974c5]::vec::Vec<u8> as core[a373ad73a504971]::io::write::Write>::write_fmt
[INFO] [stdout]    3:     0x60c8976af5f6 - std[617be2ca0a6fd877]::panicking::default_hook::{closure#0}
[INFO] [stdout]    4:     0x60c8976cc759 - std[617be2ca0a6fd877]::panicking::default_hook
[INFO] [stdout]    5:     0x60c8976660e0 - test[aada8e7e76ba119b]::test_main_inner::{closure#0}
[INFO] [stdout]    6:     0x60c8976cc912 - std[617be2ca0a6fd877]::panicking::panic_with_hook
[INFO] [stdout]    7:     0x60c8976af6a2 - std[617be2ca0a6fd877]::panicking::panic_handler::{closure#0}
[INFO] [stdout]    8:     0x60c8976a8109 - std[617be2ca0a6fd877]::sys::backtrace::__rust_end_short_backtrace::<std[617be2ca0a6fd877]::panicking::panic_handler::{closure#0}, !>
[INFO] [stdout]    9:     0x60c8976b02ad - __rustc[ea4f61d10b84890b]::rust_begin_unwind
[INFO] [stdout]   10:     0x60c8976e9e4c - core[a373ad73a504971]::panicking::panic_fmt
[INFO] [stdout]   11:     0x60c8976e9c22 - core[a373ad73a504971]::result::unwrap_failed
[INFO] [stdout]   12:     0x60c897643357 - <integration_tests[a9359a729fe23c89]::TestEnv>::run_ldr
[INFO] [stdout]   13:     0x60c89764c3d3 - <integration_tests[a9359a729fe23c89]::pols_compliance::test_prioritization_order_predictable::{closure#0} as core[a373ad73a504971]::ops::function::FnOnce<()>>::call_once
[INFO] [stdout]   14:     0x60c89765952b - test[aada8e7e76ba119b]::__rust_begin_short_backtrace::<core[a373ad73a504971]::result::Result<(), alloc[2e1b2a31b91974c5]::string::String>, fn() -> core[a373ad73a504971]::result::Result<(), alloc[2e1b2a31b91974c5]::string::String>>
[INFO] [stdout]   15:     0x60c897666705 - test[aada8e7e76ba119b]::run_test::{closure#0}
[INFO] [stdout]   16:     0x60c89765fff4 - std[617be2ca0a6fd877]::sys::backtrace::__rust_begin_short_backtrace::<test[aada8e7e76ba119b]::run_test::{closure#1}, ()>
[INFO] [stdout]   17:     0x60c897669792 - <std[617be2ca0a6fd877]::thread::lifecycle::spawn_unchecked<test[aada8e7e76ba119b]::run_test::{closure#1}, ()>::{closure#1} as core[a373ad73a504971]::ops::function::FnOnce<()>>::call_once::{shim:vtable#0}
[INFO] [stdout]   18:     0x60c8976d431f - <std[617be2ca0a6fd877]::sys::thread::unix::Thread>::new::thread_start
[INFO] [stdout]   19:     0x732cced15dfa - <unknown>
[INFO] [stdout]   20:     0x732cceda93d4 - clone
[INFO] [stdout]   21:                0x0 - <unknown>
[INFO] [stdout] 
[INFO] [stdout] ---- prioritization_tests::test_prioritize_invalid_reference stdout ----
[INFO] [stdout] 
[INFO] [stdout] thread 'prioritization_tests::test_prioritize_invalid_reference' (1374) panicked at tests/integration_tests.rs:61:14:
[INFO] [stdout] Failed to execute ldr command: Os { code: 2, kind: NotFound, message: "No such file or directory" }
[INFO] [stdout] stack backtrace:
[INFO] [stdout]    0:     0x60c8976d5311 - <<std[617be2ca0a6fd877]::sys::backtrace::BacktraceLock>::print::DisplayBacktrace as core[a373ad73a504971]::fmt::Display>::fmt
[INFO] [stdout]    1:     0x60c8976e971a - core[a373ad73a504971]::fmt::write
[INFO] [stdout]    2:     0x60c8976d978c - <alloc[2e1b2a31b91974c5]::vec::Vec<u8> as core[a373ad73a504971]::io::write::Write>::write_fmt
[INFO] [stdout]    3:     0x60c8976af5f6 - std[617be2ca0a6fd877]::panicking::default_hook::{closure#0}
[INFO] [stdout]    4:     0x60c8976cc759 - std[617be2ca0a6fd877]::panicking::default_hook
[INFO] [stdout]    5:     0x60c8976660e0 - test[aada8e7e76ba119b]::test_main_inner::{closure#0}
[INFO] [stdout]    6:     0x60c8976cc912 - std[617be2ca0a6fd877]::panicking::panic_with_hook
[INFO] [stdout]    7:     0x60c8976af6a2 - std[617be2ca0a6fd877]::panicking::panic_handler::{closure#0}
[INFO] [stdout]    8:     0x60c8976a8109 - std[617be2ca0a6fd877]::sys::backtrace::__rust_end_short_backtrace::<std[617be2ca0a6fd877]::panicking::panic_handler::{closure#0}, !>
[INFO] [stdout]    9:     0x60c8976b02ad - __rustc[ea4f61d10b84890b]::rust_begin_unwind
[INFO] [stdout]   10:     0x60c8976e9e4c - core[a373ad73a504971]::panicking::panic_fmt
[INFO] [stdout]   11:     0x60c8976e9c22 - core[a373ad73a504971]::result::unwrap_failed
[INFO] [stdout]   12:     0x60c897643357 - <integration_tests[a9359a729fe23c89]::TestEnv>::run_ldr
[INFO] [stdout]   13:     0x60c89764a60c - <integration_tests[a9359a729fe23c89]::prioritization_tests::test_prioritize_invalid_reference::{closure#0} as core[a373ad73a504971]::ops::function::FnOnce<()>>::call_once
[INFO] [stdout]   14:     0x60c89765952b - test[aada8e7e76ba119b]::__rust_begin_short_backtrace::<core[a373ad73a504971]::result::Result<(), alloc[2e1b2a31b91974c5]::string::String>, fn() -> core[a373ad73a504971]::result::Result<(), alloc[2e1b2a31b91974c5]::string::String>>
[INFO] [stdout]   15:     0x60c897666705 - test[aada8e7e76ba119b]::run_test::{closure#0}
[INFO] [stdout]   16:     0x60c89765fff4 - std[617be2ca0a6fd877]::sys::backtrace::__rust_begin_short_backtrace::<test[aada8e7e76ba119b]::run_test::{closure#1}, ()>
[INFO] [stdout]   17:     0x60c897669792 - <std[617be2ca0a6fd877]::thread::lifecycle::spawn_unchecked<test[aada8e7e76ba119b]::run_test::{closure#1}, ()>::{closure#1} as core[a373ad73a504971]::ops::function::FnOnce<()>>::call_once::{shim:vtable#0}
[INFO] [stdout]   18:     0x60c8976d431f - <std[617be2ca0a6fd877]::sys::thread::unix::Thread>::new::thread_start
[INFO] [stdout]   19:     0x732cced15dfa - <unknown>
[INFO] [stdout]   20:     0x732cceda93d4 - clone
[INFO] [stdout]   21:                0x0 - <unknown>
[INFO] [stdout] 
[INFO] [stdout] ---- prioritization_tests::test_prioritize_basic stdout ----
[INFO] [stdout] 
[INFO] [stdout] thread 'prioritization_tests::test_prioritize_basic' (1362) panicked at tests/integration_tests.rs:61:14:
[INFO] [stdout] Failed to execute ldr command: Os { code: 2, kind: NotFound, message: "No such file or directory" }
[INFO] [stdout] stack backtrace:
[INFO] [stdout]    0:     0x60c8976d5311 - <<std[617be2ca0a6fd877]::sys::backtrace::BacktraceLock>::print::DisplayBacktrace as core[a373ad73a504971]::fmt::Display>::fmt
[INFO] [stderr] error: test failed, to rerun pass `--test integration_tests`
[INFO] [stdout]    1:     0x60c8976e971a - core[a373ad73a504971]::fmt::write
[INFO] [stdout]    2:     0x60c8976d978c - <alloc[2e1b2a31b91974c5]::vec::Vec<u8> as core[a373ad73a504971]::io::write::Write>::write_fmt
[INFO] [stdout]    3:     0x60c8976af5f6 - std[617be2ca0a6fd877]::panicking::default_hook::{closure#0}
[INFO] [stdout]    4:     0x60c8976cc759 - std[617be2ca0a6fd877]::panicking::default_hook
[INFO] [stdout]    5:     0x60c8976660e0 - test[aada8e7e76ba119b]::test_main_inner::{closure#0}
[INFO] [stdout]    6:     0x60c8976cc912 - std[617be2ca0a6fd877]::panicking::panic_with_hook
[INFO] [stdout]    7:     0x60c8976af6a2 - std[617be2ca0a6fd877]::panicking::panic_handler::{closure#0}
[INFO] [stdout]    8:     0x60c8976a8109 - std[617be2ca0a6fd877]::sys::backtrace::__rust_end_short_backtrace::<std[617be2ca0a6fd877]::panicking::panic_handler::{closure#0}, !>
[INFO] [stdout]    9:     0x60c8976b02ad - __rustc[ea4f61d10b84890b]::rust_begin_unwind
[INFO] [stdout]   10:     0x60c8976e9e4c - core[a373ad73a504971]::panicking::panic_fmt
[INFO] [stdout]   11:     0x60c8976e9c22 - core[a373ad73a504971]::result::unwrap_failed
[INFO] [stdout]   12:     0x60c897643357 - <integration_tests[a9359a729fe23c89]::TestEnv>::run_ldr
[INFO] [stdout]   13:     0x60c897649c3c - <integration_tests[a9359a729fe23c89]::prioritization_tests::test_prioritize_basic::{closure#0} as core[a373ad73a504971]::ops::function::FnOnce<()>>::call_once
[INFO] [stdout]   14:     0x60c89765952b - test[aada8e7e76ba119b]::__rust_begin_short_backtrace::<core[a373ad73a504971]::result::Result<(), alloc[2e1b2a31b91974c5]::string::String>, fn() -> core[a373ad73a504971]::result::Result<(), alloc[2e1b2a31b91974c5]::string::String>>
[INFO] [stdout]   15:     0x60c897666705 - test[aada8e7e76ba119b]::run_test::{closure#0}
[INFO] [stdout]   16:     0x60c89765fff4 - std[617be2ca0a6fd877]::sys::backtrace::__rust_begin_short_backtrace::<test[aada8e7e76ba119b]::run_test::{closure#1}, ()>
[INFO] [stdout]   17:     0x60c897669792 - <std[617be2ca0a6fd877]::thread::lifecycle::spawn_unchecked<test[aada8e7e76ba119b]::run_test::{closure#1}, ()>::{closure#1} as core[a373ad73a504971]::ops::function::FnOnce<()>>::call_once::{shim:vtable#0}
[INFO] [stdout]   18:     0x60c8976d431f - <std[617be2ca0a6fd877]::sys::thread::unix::Thread>::new::thread_start
[INFO] [stdout]   19:     0x732cced15dfa - <unknown>
[INFO] [stdout]   20:     0x732cceda93d4 - clone
[INFO] [stdout]   21:                0x0 - <unknown>
[INFO] [stdout] 
[INFO] [stdout] ---- prioritization_tests::test_prioritize_subtask_moves_parent stdout ----
[INFO] [stdout] 
[INFO] [stdout] thread 'prioritization_tests::test_prioritize_subtask_moves_parent' (1397) panicked at tests/integration_tests.rs:61:14:
[INFO] [stdout] Failed to execute ldr command: Os { code: 2, kind: NotFound, message: "No such file or directory" }
[INFO] [stdout] stack backtrace:
[INFO] [stdout]    0:     0x60c8976d5311 - <<std[617be2ca0a6fd877]::sys::backtrace::BacktraceLock>::print::DisplayBacktrace as core[a373ad73a504971]::fmt::Display>::fmt
[INFO] [stdout]    1:     0x60c8976e971a - core[a373ad73a504971]::fmt::write
[INFO] [stdout]    2:     0x60c8976d978c - <alloc[2e1b2a31b91974c5]::vec::Vec<u8> as core[a373ad73a504971]::io::write::Write>::write_fmt
[INFO] [stdout]    3:     0x60c8976af5f6 - std[617be2ca0a6fd877]::panicking::default_hook::{closure#0}
[INFO] [stdout]    4:     0x60c8976cc759 - std[617be2ca0a6fd877]::panicking::default_hook
[INFO] [stdout]    5:     0x60c8976660e0 - test[aada8e7e76ba119b]::test_main_inner::{closure#0}
[INFO] [stdout]    6:     0x60c8976cc912 - std[617be2ca0a6fd877]::panicking::panic_with_hook
[INFO] [stdout]    7:     0x60c8976af6a2 - std[617be2ca0a6fd877]::panicking::panic_handler::{closure#0}
[INFO] [stdout]    8:     0x60c8976a8109 - std[617be2ca0a6fd877]::sys::backtrace::__rust_end_short_backtrace::<std[617be2ca0a6fd877]::panicking::panic_handler::{closure#0}, !>
[INFO] [stdout]    9:     0x60c8976b02ad - __rustc[ea4f61d10b84890b]::rust_begin_unwind
[INFO] [stdout]   10:     0x60c8976e9e4c - core[a373ad73a504971]::panicking::panic_fmt
[INFO] [stdout]   11:     0x60c8976e9c22 - core[a373ad73a504971]::result::unwrap_failed
[INFO] [stdout]   12:     0x60c897643357 - <integration_tests[a9359a729fe23c89]::TestEnv>::run_ldr
[INFO] [stdout]   13:     0x60c89764a878 - <integration_tests[a9359a729fe23c89]::prioritization_tests::test_prioritize_subtask_moves_parent::{closure#0} as core[a373ad73a504971]::ops::function::FnOnce<()>>::call_once
[INFO] [stdout]   14:     0x60c89765952b - test[aada8e7e76ba119b]::__rust_begin_short_backtrace::<core[a373ad73a504971]::result::Result<(), alloc[2e1b2a31b91974c5]::string::String>, fn() -> core[a373ad73a504971]::result::Result<(), alloc[2e1b2a31b91974c5]::string::String>>
[INFO] [stdout]   15:     0x60c897666705 - test[aada8e7e76ba119b]::run_test::{closure#0}
[INFO] [stdout]   16:     0x60c89765fff4 - std[617be2ca0a6fd877]::sys::backtrace::__rust_begin_short_backtrace::<test[aada8e7e76ba119b]::run_test::{closure#1}, ()>
[INFO] [stdout]   17:     0x60c897669792 - <std[617be2ca0a6fd877]::thread::lifecycle::spawn_unchecked<test[aada8e7e76ba119b]::run_test::{closure#1}, ()>::{closure#1} as core[a373ad73a504971]::ops::function::FnOnce<()>>::call_once::{shim:vtable#0}
[INFO] [stdout]   18:     0x60c8976d431f - <std[617be2ca0a6fd877]::sys::thread::unix::Thread>::new::thread_start
[INFO] [stdout]   19:     0x732cced15dfa - <unknown>
[INFO] [stdout]   20:     0x732cceda93d4 - clone
[INFO] [stdout]   21:                0x0 - <unknown>
[INFO] [stdout] 
[INFO] [stdout] ---- removal_tests::test_remove_subtask stdout ----
[INFO] [stdout] 
[INFO] [stdout] thread 'removal_tests::test_remove_subtask' (1412) panicked at tests/integration_tests.rs:61:14:
[INFO] [stdout] Failed to execute ldr command: Os { code: 2, kind: NotFound, message: "No such file or directory" }
[INFO] [stdout] stack backtrace:
[INFO] [stdout]    0:     0x60c8976d5311 - <<std[617be2ca0a6fd877]::sys::backtrace::BacktraceLock>::print::DisplayBacktrace as core[a373ad73a504971]::fmt::Display>::fmt
[INFO] [stdout]    1:     0x60c8976e971a - core[a373ad73a504971]::fmt::write
[INFO] [stdout]    2:     0x60c8976d978c - <alloc[2e1b2a31b91974c5]::vec::Vec<u8> as core[a373ad73a504971]::io::write::Write>::write_fmt
[INFO] [stdout]    3:     0x60c8976af5f6 - std[617be2ca0a6fd877]::panicking::default_hook::{closure#0}
[INFO] [stdout]    4:     0x60c8976cc759 - std[617be2ca0a6fd877]::panicking::default_hook
[INFO] [stdout]    5:     0x60c8976660e0 - test[aada8e7e76ba119b]::test_main_inner::{closure#0}
[INFO] [stdout]    6:     0x60c8976cc912 - std[617be2ca0a6fd877]::panicking::panic_with_hook
[INFO] [stdout]    7:     0x60c8976af6a2 - std[617be2ca0a6fd877]::panicking::panic_handler::{closure#0}
[INFO] [stdout]    8:     0x60c8976a8109 - std[617be2ca0a6fd877]::sys::backtrace::__rust_end_short_backtrace::<std[617be2ca0a6fd877]::panicking::panic_handler::{closure#0}, !>
[INFO] [stdout]    9:     0x60c8976b02ad - __rustc[ea4f61d10b84890b]::rust_begin_unwind
[INFO] [stdout]   10:     0x60c8976e9e4c - core[a373ad73a504971]::panicking::panic_fmt
[INFO] [stdout]   11:     0x60c8976e9c22 - core[a373ad73a504971]::result::unwrap_failed
[INFO] [stdout]   12:     0x60c897643357 - <integration_tests[a9359a729fe23c89]::TestEnv>::run_ldr
[INFO] [stdout]   13:     0x60c89764b678 - <integration_tests[a9359a729fe23c89]::removal_tests::test_remove_subtask::{closure#0} as core[a373ad73a504971]::ops::function::FnOnce<()>>::call_once
[INFO] [stdout]   14:     0x60c89765952b - test[aada8e7e76ba119b]::__rust_begin_short_backtrace::<core[a373ad73a504971]::result::Result<(), alloc[2e1b2a31b91974c5]::string::String>, fn() -> core[a373ad73a504971]::result::Result<(), alloc[2e1b2a31b91974c5]::string::String>>
[INFO] [stdout]   15:     0x60c897666705 - test[aada8e7e76ba119b]::run_test::{closure#0}
[INFO] [stdout]   16:     0x60c89765fff4 - std[617be2ca0a6fd877]::sys::backtrace::__rust_begin_short_backtrace::<test[aada8e7e76ba119b]::run_test::{closure#1}, ()>
[INFO] [stdout]   17:     0x60c897669792 - <std[617be2ca0a6fd877]::thread::lifecycle::spawn_unchecked<test[aada8e7e76ba119b]::run_test::{closure#1}, ()>::{closure#1} as core[a373ad73a504971]::ops::function::FnOnce<()>>::call_once::{shim:vtable#0}
[INFO] [stdout]   18:     0x60c8976d431f - <std[617be2ca0a6fd877]::sys::thread::unix::Thread>::new::thread_start
[INFO] [stdout]   19:     0x732cced15dfa - <unknown>
[INFO] [stdout]   20:     0x732cceda93d4 - clone
[INFO] [stdout]   21:                0x0 - <unknown>
[INFO] [stdout] 
[INFO] [stdout] ---- prioritization_tests::test_prioritize_multiple stdout ----
[INFO] [stdout] 
[INFO] [stdout] thread 'prioritization_tests::test_prioritize_multiple' (1377) panicked at tests/integration_tests.rs:61:14:
[INFO] [stdout] Failed to execute ldr command: Os { code: 2, kind: NotFound, message: "No such file or directory" }
[INFO] [stdout] stack backtrace:
[INFO] [stdout]    0:     0x60c8976d5311 - <<std[617be2ca0a6fd877]::sys::backtrace::BacktraceLock>::print::DisplayBacktrace as core[a373ad73a504971]::fmt::Display>::fmt
[INFO] [stdout]    1:     0x60c8976e971a - core[a373ad73a504971]::fmt::write
[INFO] [stdout]    2:     0x60c8976d978c - <alloc[2e1b2a31b91974c5]::vec::Vec<u8> as core[a373ad73a504971]::io::write::Write>::write_fmt
[INFO] [stdout]    3:     0x60c8976af5f6 - std[617be2ca0a6fd877]::panicking::default_hook::{closure#0}
[INFO] [stdout]    4:     0x60c8976cc759 - std[617be2ca0a6fd877]::panicking::default_hook
[INFO] [stdout]    5:     0x60c8976660e0 - test[aada8e7e76ba119b]::test_main_inner::{closure#0}
[INFO] [stdout]    6:     0x60c8976cc912 - std[617be2ca0a6fd877]::panicking::panic_with_hook
[INFO] [stdout]    7:     0x60c8976af6a2 - std[617be2ca0a6fd877]::panicking::panic_handler::{closure#0}
[INFO] [stdout]    8:     0x60c8976a8109 - std[617be2ca0a6fd877]::sys::backtrace::__rust_end_short_backtrace::<std[617be2ca0a6fd877]::panicking::panic_handler::{closure#0}, !>
[INFO] [stdout]    9:     0x60c8976b02ad - __rustc[ea4f61d10b84890b]::rust_begin_unwind
[INFO] [stdout]   10:     0x60c8976e9e4c - core[a373ad73a504971]::panicking::panic_fmt
[INFO] [stdout]   11:     0x60c8976e9c22 - core[a373ad73a504971]::result::unwrap_failed
[INFO] [stdout]   12:     0x60c897643357 - <integration_tests[a9359a729fe23c89]::TestEnv>::run_ldr
[INFO] [stdout]   13:     0x60c89764a108 - <integration_tests[a9359a729fe23c89]::prioritization_tests::test_prioritize_multiple::{closure#0} as core[a373ad73a504971]::ops::function::FnOnce<()>>::call_once
[INFO] [stdout]   14:     0x60c89765952b - test[aada8e7e76ba119b]::__rust_begin_short_backtrace::<core[a373ad73a504971]::result::Result<(), alloc[2e1b2a31b91974c5]::string::String>, fn() -> core[a373ad73a504971]::result::Result<(), alloc[2e1b2a31b91974c5]::string::String>>
[INFO] [stdout]   15:     0x60c897666705 - test[aada8e7e76ba119b]::run_test::{closure#0}
[INFO] [stdout]   16:     0x60c89765fff4 - std[617be2ca0a6fd877]::sys::backtrace::__rust_begin_short_backtrace::<test[aada8e7e76ba119b]::run_test::{closure#1}, ()>
[INFO] [stdout]   17:     0x60c897669792 - <std[617be2ca0a6fd877]::thread::lifecycle::spawn_unchecked<test[aada8e7e76ba119b]::run_test::{closure#1}, ()>::{closure#1} as core[a373ad73a504971]::ops::function::FnOnce<()>>::call_once::{shim:vtable#0}
[INFO] [stdout]   18:     0x60c8976d431f - <std[617be2ca0a6fd877]::sys::thread::unix::Thread>::new::thread_start
[INFO] [stdout]   19:     0x732cced15dfa - <unknown>
[INFO] [stdout]   20:     0x732cceda93d4 - clone
[INFO] [stdout]   21:                0x0 - <unknown>
[INFO] [stdout] 
[INFO] [stdout] ---- subtask_operations::test_add_subtask stdout ----
[INFO] [stdout] 
[INFO] [stdout] thread 'subtask_operations::test_add_subtask' (1430) panicked at tests/integration_tests.rs:61:14:
[INFO] [stdout] Failed to execute ldr command: Os { code: 2, kind: NotFound, message: "No such file or directory" }
[INFO] [stdout] stack backtrace:
[INFO] [stdout]    0:     0x60c8976d5311 - <<std[617be2ca0a6fd877]::sys::backtrace::BacktraceLock>::print::DisplayBacktrace as core[a373ad73a504971]::fmt::Display>::fmt
[INFO] [stdout]    1:     0x60c8976e971a - core[a373ad73a504971]::fmt::write
[INFO] [stdout]    2:     0x60c8976d978c - <alloc[2e1b2a31b91974c5]::vec::Vec<u8> as core[a373ad73a504971]::io::write::Write>::write_fmt
[INFO] [stdout]    3:     0x60c8976af5f6 - std[617be2ca0a6fd877]::panicking::default_hook::{closure#0}
[INFO] [stdout]    4:     0x60c8976cc759 - std[617be2ca0a6fd877]::panicking::default_hook
[INFO] [stdout]    5:     0x60c8976660e0 - test[aada8e7e76ba119b]::test_main_inner::{closure#0}
[INFO] [stdout]    6:     0x60c8976cc912 - std[617be2ca0a6fd877]::panicking::panic_with_hook
[INFO] [stdout]    7:     0x60c8976af6a2 - std[617be2ca0a6fd877]::panicking::panic_handler::{closure#0}
[INFO] [stdout]    8:     0x60c8976a8109 - std[617be2ca0a6fd877]::sys::backtrace::__rust_end_short_backtrace::<std[617be2ca0a6fd877]::panicking::panic_handler::{closure#0}, !>
[INFO] [stdout]    9:     0x60c8976b02ad - __rustc[ea4f61d10b84890b]::rust_begin_unwind
[INFO] [stdout]   10:     0x60c8976e9e4c - core[a373ad73a504971]::panicking::panic_fmt
[INFO] [stdout]   11:     0x60c8976e9c22 - core[a373ad73a504971]::result::unwrap_failed
[INFO] [stdout]   12:     0x60c897643357 - <integration_tests[a9359a729fe23c89]::TestEnv>::run_ldr
[INFO] [stdout]   13:     0x60c89764d44a - <integration_tests[a9359a729fe23c89]::subtask_operations::test_add_subtask::{closure#0} as core[a373ad73a504971]::ops::function::FnOnce<()>>::call_once
[INFO] [stdout]   14:     0x60c89765952b - test[aada8e7e76ba119b]::__rust_begin_short_backtrace::<core[a373ad73a504971]::result::Result<(), alloc[2e1b2a31b91974c5]::string::String>, fn() -> core[a373ad73a504971]::result::Result<(), alloc[2e1b2a31b91974c5]::string::String>>
[INFO] [stdout]   15:     0x60c897666705 - test[aada8e7e76ba119b]::run_test::{closure#0}
[INFO] [stdout]   16:     0x60c89765fff4 - std[617be2ca0a6fd877]::sys::backtrace::__rust_begin_short_backtrace::<test[aada8e7e76ba119b]::run_test::{closure#1}, ()>
[INFO] [stdout]   17:     0x60c897669792 - <std[617be2ca0a6fd877]::thread::lifecycle::spawn_unchecked<test[aada8e7e76ba119b]::run_test::{closure#1}, ()>::{closure#1} as core[a373ad73a504971]::ops::function::FnOnce<()>>::call_once::{shim:vtable#0}
[INFO] [stdout]   18:     0x60c8976d431f - <std[617be2ca0a6fd877]::sys::thread::unix::Thread>::new::thread_start
[INFO] [stdout]   19:     0x732cced15dfa - <unknown>
[INFO] [stdout]   20:     0x732cceda93d4 - clone
[INFO] [stdout]   21:                0x0 - <unknown>
[INFO] [stdout] 
[INFO] [stdout] ---- removal_tests::test_remove_vs_archive stdout ----
[INFO] [stdout] 
[INFO] [stdout] thread 'removal_tests::test_remove_vs_archive' (1426) panicked at tests/integration_tests.rs:61:14:
[INFO] [stdout] Failed to execute ldr command: Os { code: 2, kind: NotFound, message: "No such file or directory" }
[INFO] [stdout] stack backtrace:
[INFO] [stdout]    0:     0x60c8976d5311 - <<std[617be2ca0a6fd877]::sys::backtrace::BacktraceLock>::print::DisplayBacktrace as core[a373ad73a504971]::fmt::Display>::fmt
[INFO] [stdout]    1:     0x60c8976e971a - core[a373ad73a504971]::fmt::write
[INFO] [stdout]    2:     0x60c8976d978c - <alloc[2e1b2a31b91974c5]::vec::Vec<u8> as core[a373ad73a504971]::io::write::Write>::write_fmt
[INFO] [stdout]    3:     0x60c8976af5f6 - std[617be2ca0a6fd877]::panicking::default_hook::{closure#0}
[INFO] [stdout]    4:     0x60c8976cc759 - std[617be2ca0a6fd877]::panicking::default_hook
[INFO] [stdout]    5:     0x60c8976660e0 - test[aada8e7e76ba119b]::test_main_inner::{closure#0}
[INFO] [stdout]    6:     0x60c8976cc912 - std[617be2ca0a6fd877]::panicking::panic_with_hook
[INFO] [stdout]    7:     0x60c8976af6a2 - std[617be2ca0a6fd877]::panicking::panic_handler::{closure#0}
[INFO] [stdout]    8:     0x60c8976a8109 - std[617be2ca0a6fd877]::sys::backtrace::__rust_end_short_backtrace::<std[617be2ca0a6fd877]::panicking::panic_handler::{closure#0}, !>
[INFO] [stdout]    9:     0x60c8976b02ad - __rustc[ea4f61d10b84890b]::rust_begin_unwind
[INFO] [stdout]   10:     0x60c8976e9e4c - core[a373ad73a504971]::panicking::panic_fmt
[INFO] [stdout]   11:     0x60c8976e9c22 - core[a373ad73a504971]::result::unwrap_failed
[INFO] [stdout]   12:     0x60c897643357 - <integration_tests[a9359a729fe23c89]::TestEnv>::run_ldr
[INFO] [stdout]   13:     0x60c89764ba68 - <integration_tests[a9359a729fe23c89]::removal_tests::test_remove_vs_archive::{closure#0} as core[a373ad73a504971]::ops::function::FnOnce<()>>::call_once
[INFO] [stdout]   14:     0x60c89765952b - test[aada8e7e76ba119b]::__rust_begin_short_backtrace::<core[a373ad73a504971]::result::Result<(), alloc[2e1b2a31b91974c5]::string::String>, fn() -> core[a373ad73a504971]::result::Result<(), alloc[2e1b2a31b91974c5]::string::String>>
[INFO] [stdout]   15:     0x60c897666705 - test[aada8e7e76ba119b]::run_test::{closure#0}
[INFO] [stdout]   16:     0x60c89765fff4 - std[617be2ca0a6fd877]::sys::backtrace::__rust_begin_short_backtrace::<test[aada8e7e76ba119b]::run_test::{closure#1}, ()>
[INFO] [stdout]   17:     0x60c897669792 - <std[617be2ca0a6fd877]::thread::lifecycle::spawn_unchecked<test[aada8e7e76ba119b]::run_test::{closure#1}, ()>::{closure#1} as core[a373ad73a504971]::ops::function::FnOnce<()>>::call_once::{shim:vtable#0}
[INFO] [stdout]   18:     0x60c8976d431f - <std[617be2ca0a6fd877]::sys::thread::unix::Thread>::new::thread_start
[INFO] [stdout]   19:     0x732cced15dfa - <unknown>
[INFO] [stdout]   20:     0x732cceda93d4 - clone
[INFO] [stdout]   21:                0x0 - <unknown>
[INFO] [stdout] 
[INFO] [stdout] ---- subtask_operations::test_subtask_numbering stdout ----
[INFO] [stdout] 
[INFO] [stdout] thread 'subtask_operations::test_subtask_numbering' (1465) panicked at tests/integration_tests.rs:61:14:
[INFO] [stdout] Failed to execute ldr command: Os { code: 2, kind: NotFound, message: "No such file or directory" }
[INFO] [stdout] stack backtrace:
[INFO] [stdout]    0:     0x60c8976d5311 - <<std[617be2ca0a6fd877]::sys::backtrace::BacktraceLock>::print::DisplayBacktrace as core[a373ad73a504971]::fmt::Display>::fmt
[INFO] [stdout]    1:     0x60c8976e971a - core[a373ad73a504971]::fmt::write
[INFO] [stdout]    2:     0x60c8976d978c - <alloc[2e1b2a31b91974c5]::vec::Vec<u8> as core[a373ad73a504971]::io::write::Write>::write_fmt
[INFO] [stdout]    3:     0x60c8976af5f6 - std[617be2ca0a6fd877]::panicking::default_hook::{closure#0}
[INFO] [stdout]    4:     0x60c8976cc759 - std[617be2ca0a6fd877]::panicking::default_hook
[INFO] [stdout]    5:     0x60c8976660e0 - test[aada8e7e76ba119b]::test_main_inner::{closure#0}
[INFO] [stdout]    6:     0x60c8976cc912 - std[617be2ca0a6fd877]::panicking::panic_with_hook
[INFO] [stdout]    7:     0x60c8976af6a2 - std[617be2ca0a6fd877]::panicking::panic_handler::{closure#0}
[INFO] [stdout]    8:     0x60c8976a8109 - std[617be2ca0a6fd877]::sys::backtrace::__rust_end_short_backtrace::<std[617be2ca0a6fd877]::panicking::panic_handler::{closure#0}, !>
[INFO] [stdout]    9:     0x60c8976b02ad - __rustc[ea4f61d10b84890b]::rust_begin_unwind
[INFO] [stdout]   10:     0x60c8976e9e4c - core[a373ad73a504971]::panicking::panic_fmt
[INFO] [stdout]   11:     0x60c8976e9c22 - core[a373ad73a504971]::result::unwrap_failed
[INFO] [stdout]   12:     0x60c897643357 - <integration_tests[a9359a729fe23c89]::TestEnv>::run_ldr
[INFO] [stdout]   13:     0x60c89764d8a2 - <integration_tests[a9359a729fe23c89]::subtask_operations::test_subtask_numbering::{closure#0} as core[a373ad73a504971]::ops::function::FnOnce<()>>::call_once
[INFO] [stdout]   14:     0x60c89765952b - test[aada8e7e76ba119b]::__rust_begin_short_backtrace::<core[a373ad73a504971]::result::Result<(), alloc[2e1b2a31b91974c5]::string::String>, fn() -> core[a373ad73a504971]::result::Result<(), alloc[2e1b2a31b91974c5]::string::String>>
[INFO] [stdout]   15:     0x60c897666705 - test[aada8e7e76ba119b]::run_test::{closure#0}
[INFO] [stdout]   16:     0x60c89765fff4 - std[617be2ca0a6fd877]::sys::backtrace::__rust_begin_short_backtrace::<test[aada8e7e76ba119b]::run_test::{closure#1}, ()>
[INFO] [stdout]   17:     0x60c897669792 - <std[617be2ca0a6fd877]::thread::lifecycle::spawn_unchecked<test[aada8e7e76ba119b]::run_test::{closure#1}, ()>::{closure#1} as core[a373ad73a504971]::ops::function::FnOnce<()>>::call_once::{shim:vtable#0}
[INFO] [stdout]   18:     0x60c8976d431f - <std[617be2ca0a6fd877]::sys::thread::unix::Thread>::new::thread_start
[INFO] [stdout]   19:     0x732cced15dfa - <unknown>
[INFO] [stdout]   20:     0x732cceda93d4 - clone
[INFO] [stdout]   21:                0x0 - <unknown>
[INFO] [stdout] 
[INFO] [stdout] ---- subtask_operations::test_add_subtask_invalid_parent stdout ----
[INFO] [stdout] 
[INFO] [stdout] thread 'subtask_operations::test_add_subtask_invalid_parent' (1451) panicked at tests/integration_tests.rs:61:14:
[INFO] [stdout] Failed to execute ldr command: Os { code: 2, kind: NotFound, message: "No such file or directory" }
[INFO] [stdout] stack backtrace:
[INFO] [stdout]    0:     0x60c8976d5311 - <<std[617be2ca0a6fd877]::sys::backtrace::BacktraceLock>::print::DisplayBacktrace as core[a373ad73a504971]::fmt::Display>::fmt
[INFO] [stdout]    1:     0x60c8976e971a - core[a373ad73a504971]::fmt::write
[INFO] [stdout]    2:     0x60c8976d978c - <alloc[2e1b2a31b91974c5]::vec::Vec<u8> as core[a373ad73a504971]::io::write::Write>::write_fmt
[INFO] [stdout]    3:     0x60c8976af5f6 - std[617be2ca0a6fd877]::panicking::default_hook::{closure#0}
[INFO] [stdout]    4:     0x60c8976cc759 - std[617be2ca0a6fd877]::panicking::default_hook
[INFO] [stdout]    5:     0x60c8976660e0 - test[aada8e7e76ba119b]::test_main_inner::{closure#0}
[INFO] [stdout]    6:     0x60c8976cc912 - std[617be2ca0a6fd877]::panicking::panic_with_hook
[INFO] [stdout]    7:     0x60c8976af6a2 - std[617be2ca0a6fd877]::panicking::panic_handler::{closure#0}
[INFO] [stdout]    8:     0x60c8976a8109 - std[617be2ca0a6fd877]::sys::backtrace::__rust_end_short_backtrace::<std[617be2ca0a6fd877]::panicking::panic_handler::{closure#0}, !>
[INFO] [stdout]    9:     0x60c8976b02ad - __rustc[ea4f61d10b84890b]::rust_begin_unwind
[INFO] [stdout]   10:     0x60c8976e9e4c - core[a373ad73a504971]::panicking::panic_fmt
[INFO] [stdout]   11:     0x60c8976e9c22 - core[a373ad73a504971]::result::unwrap_failed
[INFO] [stdout]   12:     0x60c897643357 - <integration_tests[a9359a729fe23c89]::TestEnv>::run_ldr
[INFO] [stdout]   13:     0x60c89764e07d - <integration_tests[a9359a729fe23c89]::subtask_operations::test_add_subtask_invalid_parent::{closure#0} as core[a373ad73a504971]::ops::function::FnOnce<()>>::call_once
[INFO] [stdout]   14:     0x60c89765952b - test[aada8e7e76ba119b]::__rust_begin_short_backtrace::<core[a373ad73a504971]::result::Result<(), alloc[2e1b2a31b91974c5]::string::String>, fn() -> core[a373ad73a504971]::result::Result<(), alloc[2e1b2a31b91974c5]::string::String>>
[INFO] [stdout]   15:     0x60c897666705 - test[aada8e7e76ba119b]::run_test::{closure#0}
[INFO] [stdout]   16:     0x60c89765fff4 - std[617be2ca0a6fd877]::sys::backtrace::__rust_begin_short_backtrace::<test[aada8e7e76ba119b]::run_test::{closure#1}, ()>
[INFO] [stdout]   17:     0x60c897669792 - <std[617be2ca0a6fd877]::thread::lifecycle::spawn_unchecked<test[aada8e7e76ba119b]::run_test::{closure#1}, ()>::{closure#1} as core[a373ad73a504971]::ops::function::FnOnce<()>>::call_once::{shim:vtable#0}
[INFO] [stdout]   18:     0x60c8976d431f - <std[617be2ca0a6fd877]::sys::thread::unix::Thread>::new::thread_start
[INFO] [stdout]   19:     0x732cced15dfa - <unknown>
[INFO] [stdout]   20:     0x732cceda93d4 - clone
[INFO] [stdout]   21:                0x0 - <unknown>
[INFO] [stdout] 
[INFO] [stdout] 
[INFO] [stdout] failures:
[INFO] [stdout]     archiving_tests::test_archive_single_task
[INFO] [stdout]     archiving_tests::test_archive_subtask
[INFO] [stdout]     archiving_tests::test_archive_whole_task_with_subtasks
[INFO] [stdout]     archiving_tests::test_auto_complete_parent_when_all_subtasks_done
[INFO] [stdout]     basic_operations::test_add_and_list_basic
[INFO] [stdout]     basic_operations::test_empty_list
[INFO] [stdout]     basic_operations::test_list_with_limits
[INFO] [stdout]     edit_functionality::test_edit_aliases
[INFO] [stdout]     edit_functionality::test_edit_creates_file_if_not_exists
[INFO] [stdout]     error_handling::test_invalid_task_references
[INFO] [stdout]     error_handling::test_operations_on_empty_file
[INFO] [stdout]     error_handling::test_subtask_references_without_parent
[INFO] [stdout]     filtering_tests::test_filtering_basic
[INFO] [stdout]     filtering_tests::test_filtering_case_insensitive
[INFO] [stdout]     filtering_tests::test_filtering_no_matches
[INFO] [stdout]     filtering_tests::test_filtering_with_limits
[INFO] [stdout]     migration_tests::test_migration_from_plain_text
[INFO] [stdout]     migration_tests::test_no_migration_when_markdown_exists
[INFO] [stdout]     pols_compliance::test_completion_cascades_logically
[INFO] [stdout]     pols_compliance::test_newest_items_at_top
[INFO] [stdout]     pols_compliance::test_prioritization_order_predictable
[INFO] [stdout]     pols_compliance::test_subtask_operations_affect_parent_logically
[INFO] [stdout]     prioritization_tests::test_prioritize_basic
[INFO] [stdout]     prioritization_tests::test_prioritize_invalid_reference
[INFO] [stdout]     prioritization_tests::test_prioritize_multiple
[INFO] [stdout]     prioritization_tests::test_prioritize_subtask_moves_parent
[INFO] [stdout]     removal_tests::test_remove_subtask
[INFO] [stdout]     removal_tests::test_remove_vs_archive
[INFO] [stdout]     subtask_operations::test_add_subtask
[INFO] [stdout]     subtask_operations::test_add_subtask_invalid_parent
[INFO] [stdout]     subtask_operations::test_subtask_numbering
[INFO] [stdout] 
[INFO] [stdout] test result: FAILED. 0 passed; 31 failed; 0 ignored; 0 measured; 0 filtered out; finished in 19.70s
[INFO] [stdout] 
[INFO] running `Command { std: "docker" "inspect" "20075742e86abd09c6c7a772175aa223dea8cec9bf20e6f2344b02f9be9ff1e3", kill_on_drop: false }`
[INFO] running `Command { std: "docker" "rm" "-f" "20075742e86abd09c6c7a772175aa223dea8cec9bf20e6f2344b02f9be9ff1e3", kill_on_drop: false }`
[INFO] [stdout] 20075742e86abd09c6c7a772175aa223dea8cec9bf20e6f2344b02f9be9ff1e3
