[INFO] fetching crate ldap3-de 0.1.4...
[INFO] testing ldap3-de-0.1.4 against 1.100.0-beta.1+cargoflags=--release for beta-release-1.100-2
[INFO] extracting crate ldap3-de 0.1.4 into /workspace/builds/worker-4-tc2/source
[INFO] started tweaking crates.io crate ldap3-de 0.1.4
[INFO] finished tweaking crates.io crate ldap3-de 0.1.4
[INFO] tweaked toml for crates.io crate ldap3-de 0.1.4 written to /workspace/builds/worker-4-tc2/source/Cargo.toml
[INFO] validating manifest of crates.io crate ldap3-de 0.1.4 on toolchain 1.100.0-beta.1
[INFO] running `Command { std: CARGO_HOME="/workspace/cargo-home" RUSTUP_HOME="/workspace/rustup-home" "/workspace/cargo-home/bin/cargo" "+1.100.0-beta.1" "metadata" "--manifest-path" "Cargo.toml" "--no-deps", kill_on_drop: false }`
[INFO] crate crates.io crate ldap3-de 0.1.4 already has a lockfile, it will not be regenerated
[INFO] running `Command { std: CARGO_HOME="/workspace/cargo-home" RUSTUP_HOME="/workspace/rustup-home" "/workspace/cargo-home/bin/cargo" "+1.100.0-beta.1" "fetch" "--manifest-path" "Cargo.toml", kill_on_drop: false }`
[INFO] running `Command { std: "docker" "create" "-v" "/var/lib/crater-agent-workspace/builds/worker-4-tc2/source:/opt/rustwide/workdir:ro,Z" "-v" "/var/lib/crater-agent-workspace/builds/worker-4-tc2/target:/opt/rustwide/target:rw,Z" "-v" "/var/lib/crater-agent-workspace/cargo-home:/opt/rustwide/cargo-home:ro,Z" "-v" "/var/lib/crater-agent-workspace/rustup-home:/opt/rustwide/rustup-home:ro,Z" "-m" "1610612736" "--network" "none" "ghcr.io/rust-lang/crates-build-env/linux@sha256:77db811e55d90add9212f6832c23229e3de5f1c1f9905e8cb07319ea15df73ac" "sleep" "infinity", kill_on_drop: false }`
[INFO] [stdout] ae617460c1b53003ce90714815e269641301f53e69488a7433b1ad02c7666f7e
[INFO] running `Command { std: "docker" "start" "ae617460c1b53003ce90714815e269641301f53e69488a7433b1ad02c7666f7e", kill_on_drop: false }`
[INFO] running `Command { std: "docker" "inspect" "ae617460c1b53003ce90714815e269641301f53e69488a7433b1ad02c7666f7e", kill_on_drop: false }`
[INFO] running `Command { std: "docker" "exec" "-e" "SOURCE_DIR=/opt/rustwide/workdir" "-e" "CARGO_HOME=/opt/rustwide/cargo-home" "-e" "RUSTUP_HOME=/opt/rustwide/rustup-home" "-e" "CARGO_TARGET_DIR=/opt/rustwide/target" "-w" "/opt/rustwide/workdir" "--user" "0:0" "ae617460c1b53003ce90714815e269641301f53e69488a7433b1ad02c7666f7e" "/opt/rustwide/cargo-home/bin/cargo" "+1.100.0-beta.1" "metadata" "--no-deps" "--format-version=1", kill_on_drop: false }`
[INFO] running `Command { std: "docker" "inspect" "ae617460c1b53003ce90714815e269641301f53e69488a7433b1ad02c7666f7e", kill_on_drop: false }`
[INFO] running `Command { std: "docker" "exec" "-e" "SOURCE_DIR=/opt/rustwide/workdir" "-e" "CARGO_HOME=/opt/rustwide/cargo-home" "-e" "RUSTUP_HOME=/opt/rustwide/rustup-home" "-e" "CARGO_TARGET_DIR=/opt/rustwide/target" "-e" "CARGO_INCREMENTAL=0" "-e" "RUST_BACKTRACE=full" "-e" "RUSTFLAGS=--cap-lints=warn" "-e" "RUSTDOCFLAGS=--cap-lints=warn" "-w" "/opt/rustwide/workdir" "--user" "0:0" "ae617460c1b53003ce90714815e269641301f53e69488a7433b1ad02c7666f7e" "/opt/rustwide/cargo-home/bin/cargo" "+1.100.0-beta.1" "build" "--frozen" "--message-format=json" "--release", kill_on_drop: false }`
[INFO] [stderr]    Compiling proc-macro2 v1.0.107
[INFO] [stderr]    Compiling quote v1.0.47
[INFO] [stderr]    Compiling unicode-ident v1.0.24
[INFO] [stderr]    Compiling find-msvc-tools v0.1.9
[INFO] [stderr]    Compiling shlex v2.0.1
[INFO] [stderr]    Compiling stable_deref_trait v1.2.1
[INFO] [stderr]    Compiling libc v0.2.189
[INFO] [stderr]    Compiling autocfg v1.5.1
[INFO] [stderr]    Compiling vcpkg v0.2.15
[INFO] [stderr]    Compiling pkg-config v0.3.33
[INFO] [stderr]    Compiling writeable v0.6.3
[INFO] [stderr]    Compiling pin-project-lite v0.2.17
[INFO] [stderr]    Compiling object v0.37.3
[INFO] [stderr]    Compiling litemap v0.8.2
[INFO] [stderr]    Compiling icu_properties_data v2.2.0
[INFO] [stderr]    Compiling icu_normalizer_data v2.2.0
[INFO] [stderr]    Compiling memchr v2.8.3
[INFO] [stderr]    Compiling utf8_iter v1.0.4
[INFO] [stderr]    Compiling futures-core v0.3.33
[INFO] [stderr]    Compiling futures-sink v0.3.33
[INFO] [stderr]    Compiling cfg-if v1.0.4
[INFO] [stderr]    Compiling bytes v1.12.1
[INFO] [stderr]    Compiling smallvec v1.15.2
[INFO] [stderr]    Compiling foreign-types-shared v0.1.1
[INFO] [stderr]    Compiling serde_core v1.0.229
[INFO] [stderr]    Compiling openssl v0.10.81
[INFO] [stderr]    Compiling cc v1.4.0
[INFO] [stderr]    Compiling foreign-types v0.3.2
[INFO] [stderr]    Compiling futures-channel v0.3.33
[INFO] [stderr]    Compiling native-tls v0.2.18
[INFO] [stderr]    Compiling bitflags v2.13.1
[INFO] [stderr]    Compiling syn v1.0.109
[INFO] [stderr]    Compiling slab v0.4.12
[INFO] [stderr]    Compiling futures-io v0.3.33
[INFO] [stderr]    Compiling serde v1.0.229
[INFO] [stderr]    Compiling futures-task v0.3.33
[INFO] [stderr]    Compiling heck v0.5.0
[INFO] [stderr]    Compiling thiserror v2.0.19
[INFO] [stderr]    Compiling percent-encoding v2.3.2
[INFO] [stderr]    Compiling minimal-lexical v0.2.1
[INFO] [stderr]    Compiling openssl-probe v0.2.1
[INFO] [stderr]    Compiling num-traits v0.2.19
[INFO] [stderr]    Compiling log v0.4.33
[INFO] [stderr]    Compiling form_urlencoded v1.2.2
[INFO] [stderr]    Compiling equivalent v1.0.2
[INFO] [stderr]    Compiling allocator-api2 v0.2.21
[INFO] [stderr]    Compiling foldhash v0.1.5
[INFO] [stderr]    Compiling either v1.17.0
[INFO] [stderr]    Compiling yansi v1.0.1
[INFO] [stderr]    Compiling unicode-width v0.2.2
[INFO] [stderr]    Compiling nom v7.1.3
[INFO] [stderr]    Compiling unicode-segmentation v1.13.3
[INFO] [stderr]    Compiling hashbrown v0.15.5
[INFO] [stderr]    Compiling hex v0.4.3
[INFO] [stderr]    Compiling itertools v0.14.0
[INFO] [stderr]    Compiling syn v2.0.119
[INFO] [stderr]    Compiling syn v3.0.3
[INFO] [stderr]    Compiling ariadne v0.6.0
[INFO] [stderr]    Compiling mio v1.2.2
[INFO] [stderr]    Compiling socket2 v0.6.5
[INFO] [stderr]    Compiling openssl-sys v0.9.117
[INFO] [stderr]    Compiling stacker v0.1.24
[INFO] [stderr]    Compiling num-integer v0.1.46
[INFO] [stderr]    Compiling num-complex v0.4.6
[INFO] [stderr]    Compiling num-bigint v0.4.8
[INFO] [stderr]    Compiling num-iter v0.1.46
[INFO] [stderr]    Compiling num-rational v0.4.2
[INFO] [stderr]    Compiling ar_archive_writer v0.5.2
[INFO] [stderr]    Compiling lber v0.5.1
[INFO] [stderr]    Compiling num v0.4.3
[INFO] [stderr]    Compiling psm v0.1.31
[INFO] [stderr]    Compiling diff_derive v0.2.3
[INFO] [stderr]    Compiling chumsky v0.12.0
[INFO] [stderr]    Compiling serde_derive v1.0.229
[INFO] [stderr]    Compiling thiserror-impl v2.0.19
[INFO] [stderr]    Compiling async-trait v0.1.91
[INFO] [stderr]    Compiling synstructure v0.13.2
[INFO] [stderr]    Compiling zerofrom-derive v0.1.7
[INFO] [stderr]    Compiling yoke-derive v0.8.2
[INFO] [stderr]    Compiling zerovec-derive v0.11.3
[INFO] [stderr]    Compiling displaydoc v0.2.6
[INFO] [stderr]    Compiling tokio-macros v2.7.1
[INFO] [stderr]    Compiling futures-macro v0.3.33
[INFO] [stderr]    Compiling openssl-macros v0.1.1
[INFO] [stderr]    Compiling enum-ordinalize-derive v4.4.1
[INFO] [stderr]    Compiling enum-as-inner v0.7.0
[INFO] [stderr]    Compiling strum_macros v0.28.0
[INFO] [stderr]    Compiling enum-ordinalize v4.4.1
[INFO] [stderr]    Compiling educe v0.6.0
[INFO] [stderr]    Compiling tokio v1.53.1
[INFO] [stderr]    Compiling futures-util v0.3.33
[INFO] [stderr]    Compiling zerofrom v0.1.8
[INFO] [stderr]    Compiling yoke v0.8.3
[INFO] [stderr]    Compiling zerovec v0.11.6
[INFO] [stderr]    Compiling zerotrie v0.2.4
[INFO] [stderr]    Compiling strum v0.28.0
[INFO] [stderr]    Compiling tinystr v0.8.3
[INFO] [stderr]    Compiling potential_utf v0.1.5
[INFO] [stderr]    Compiling icu_collections v2.2.0
[INFO] [stderr]    Compiling icu_locale_core v2.2.0
[INFO] [stderr]    Compiling oid v0.3.0
[INFO] [stderr]    Compiling diff-struct v0.5.3
[INFO] [stderr]    Compiling icu_provider v2.2.0
[INFO] [stderr]    Compiling icu_properties v2.2.0
[INFO] [stderr]    Compiling icu_normalizer v2.2.0
[INFO] [stderr]    Compiling futures-executor v0.3.33
[INFO] [stderr]    Compiling futures v0.3.33
[INFO] [stderr]    Compiling idna_adapter v1.2.2
[INFO] [stderr]    Compiling idna v1.1.0
[INFO] [stderr]    Compiling url v2.5.8
[INFO] [stderr]    Compiling tokio-util v0.7.19
[INFO] [stderr]    Compiling tokio-native-tls v0.3.1
[INFO] [stderr]    Compiling tokio-stream v0.1.19
[INFO] [stderr]    Compiling ldap3 v0.12.1
[INFO] [stderr]    Compiling ldap-types v0.7.2
[INFO] [stderr]    Compiling ldap3-de v0.1.4 (/opt/rustwide/workdir)
[INFO] [stderr]     Finished `release` profile [optimized] target(s) in 1m 02s
[INFO] running `Command { std: "docker" "inspect" "ae617460c1b53003ce90714815e269641301f53e69488a7433b1ad02c7666f7e", kill_on_drop: false }`
[INFO] running `Command { std: "docker" "exec" "-e" "SOURCE_DIR=/opt/rustwide/workdir" "-e" "CARGO_HOME=/opt/rustwide/cargo-home" "-e" "RUSTUP_HOME=/opt/rustwide/rustup-home" "-e" "CARGO_TARGET_DIR=/opt/rustwide/target" "-e" "CARGO_INCREMENTAL=0" "-e" "RUST_BACKTRACE=full" "-e" "RUSTFLAGS=--cap-lints=warn" "-e" "RUSTDOCFLAGS=--cap-lints=warn" "-w" "/opt/rustwide/workdir" "--user" "0:0" "ae617460c1b53003ce90714815e269641301f53e69488a7433b1ad02c7666f7e" "/opt/rustwide/cargo-home/bin/cargo" "+1.100.0-beta.1" "test" "--frozen" "--no-run" "--message-format=json" "--release", kill_on_drop: false }`
[INFO] [stderr]    Compiling zmij v1.0.23
[INFO] [stderr]    Compiling serde_json v1.0.151
[INFO] [stderr]    Compiling itoa v1.0.18
[INFO] [stderr]    Compiling serde_bytes v0.11.19
[INFO] [stderr]    Compiling ldap3-de v0.1.4 (/opt/rustwide/workdir)
[INFO] [stdout] warning: fields `dn` and `cn` are never read
[INFO] [stdout]    --> src/lib.rs:732:13
[INFO] [stdout]     |
[INFO] [stdout] 731 |         struct WithRaw {
[INFO] [stdout]     |                ------- fields in this struct
[INFO] [stdout] 732 |             dn: serde::de::IgnoredAny,
[INFO] [stdout]     |             ^^
[INFO] [stdout] 733 |             cn: serde::de::IgnoredAny,
[INFO] [stdout]     |             ^^
[INFO] [stdout]     |
[INFO] [stdout]     = note: `WithRaw` has a derived impl for the trait `Debug`, but this is intentionally ignored during dead code analysis
[INFO] [stdout]     = note: `#[warn(dead_code)]` (part of `#[warn(unused)]`) on by default
[INFO] [stdout] 
[INFO] [stdout] 
[INFO] [stdout] warning: multiple fields are never read
[INFO] [stdout]    --> src/lib.rs:757:13
[INFO] [stdout]     |
[INFO] [stdout] 756 |         struct Person {
[INFO] [stdout]     |                ------ fields in this struct
[INFO] [stdout] 757 |             dn: String,
[INFO] [stdout]     |             ^^
[INFO] [stdout] 758 |             cn: String,
[INFO] [stdout]     |             ^^
[INFO] [stdout] 759 |             sn: String,
[INFO] [stdout]     |             ^^
[INFO] [stdout] 760 |             uid: String,
[INFO] [stdout]     |             ^^^
[INFO] [stdout] 761 |             #[serde(rename = "uidNumber")]
[INFO] [stdout] 762 |             uid_number: u32,
[INFO] [stdout]     |             ^^^^^^^^^^
[INFO] [stdout] 763 |             #[serde(rename = "givenName")]
[INFO] [stdout] 764 |             given_name: String,
[INFO] [stdout]     |             ^^^^^^^^^^
[INFO] [stdout] 765 |             mail: Vec<String>,
[INFO] [stdout]     |             ^^^^
[INFO] [stdout]     |
[INFO] [stdout]     = note: `Person` has a derived impl for the trait `Debug`, but this is intentionally ignored during dead code analysis
[INFO] [stdout] 
[INFO] [stdout] 
[INFO] [stdout] warning: multiple fields are never read
[INFO] [stdout]    --> src/lib.rs:792:13
[INFO] [stdout]     |
[INFO] [stdout] 791 |         struct Extensible {
[INFO] [stdout]     |                ---------- fields in this struct
[INFO] [stdout] 792 |             dn: String,
[INFO] [stdout]     |             ^^
[INFO] [stdout] 793 |             cn: String,
[INFO] [stdout]     |             ^^
[INFO] [stdout] 794 |             sn: String,
[INFO] [stdout]     |             ^^
[INFO] [stdout] 795 |             uid: String,
[INFO] [stdout]     |             ^^^
[INFO] [stdout] 796 |             description: Vec<String>,
[INFO] [stdout]     |             ^^^^^^^^^^^
[INFO] [stdout] 797 |             #[serde(rename = "givenName")]
[INFO] [stdout] 798 |             given_name: String,
[INFO] [stdout]     |             ^^^^^^^^^^
[INFO] [stdout] 799 |             mail: Vec<String>,
[INFO] [stdout]     |             ^^^^
[INFO] [stdout] 800 |             #[serde(rename = "jpegPhoto", with = "serde_bytes")]
[INFO] [stdout] 801 |             jpeg_photo: Vec<u8>,
[INFO] [stdout]     |             ^^^^^^^^^^
[INFO] [stdout]     |
[INFO] [stdout]     = note: `Extensible` has a derived impl for the trait `Debug`, but this is intentionally ignored during dead code analysis
[INFO] [stdout] 
[INFO] [stdout] 
[INFO] [stderr]     Finished `release` profile [optimized] target(s) in 7.98s
[INFO] running `Command { std: "docker" "inspect" "ae617460c1b53003ce90714815e269641301f53e69488a7433b1ad02c7666f7e", kill_on_drop: false }`
[INFO] running `Command { std: "docker" "exec" "-e" "SOURCE_DIR=/opt/rustwide/workdir" "-e" "CARGO_HOME=/opt/rustwide/cargo-home" "-e" "RUSTUP_HOME=/opt/rustwide/rustup-home" "-e" "CARGO_TARGET_DIR=/opt/rustwide/target" "-e" "CARGO_INCREMENTAL=0" "-e" "RUST_BACKTRACE=full" "-e" "RUSTFLAGS=--cap-lints=warn" "-e" "RUSTDOCFLAGS=--cap-lints=warn" "-w" "/opt/rustwide/workdir" "--user" "0:0" "ae617460c1b53003ce90714815e269641301f53e69488a7433b1ad02c7666f7e" "/opt/rustwide/cargo-home/bin/cargo" "+1.100.0-beta.1" "test" "--frozen" "--release", kill_on_drop: false }`
[INFO] [stderr] warning: fields `dn` and `cn` are never read
[INFO] [stderr]    --> src/lib.rs:732:13
[INFO] [stderr]     |
[INFO] [stderr] 731 |         struct WithRaw {
[INFO] [stderr]     |                ------- fields in this struct
[INFO] [stderr] 732 |             dn: serde::de::IgnoredAny,
[INFO] [stderr]     |             ^^
[INFO] [stderr] 733 |             cn: serde::de::IgnoredAny,
[INFO] [stderr]     |             ^^
[INFO] [stderr]     |
[INFO] [stderr]     = note: `WithRaw` has a derived impl for the trait `Debug`, but this is intentionally ignored during dead code analysis
[INFO] [stderr]     = note: `#[warn(dead_code)]` (part of `#[warn(unused)]`) on by default
[INFO] [stderr] 
[INFO] [stderr] warning: multiple fields are never read
[INFO] [stderr]    --> src/lib.rs:757:13
[INFO] [stderr]     |
[INFO] [stderr] 756 |         struct Person {
[INFO] [stderr]     |                ------ fields in this struct
[INFO] [stderr] 757 |             dn: String,
[INFO] [stderr]     |             ^^
[INFO] [stderr] 758 |             cn: String,
[INFO] [stderr]     |             ^^
[INFO] [stderr] 759 |             sn: String,
[INFO] [stderr]     |             ^^
[INFO] [stderr] 760 |             uid: String,
[INFO] [stderr]     |             ^^^
[INFO] [stderr] 761 |             #[serde(rename = "uidNumber")]
[INFO] [stderr] 762 |             uid_number: u32,
[INFO] [stderr]     |             ^^^^^^^^^^
[INFO] [stderr] 763 |             #[serde(rename = "givenName")]
[INFO] [stderr] 764 |             given_name: String,
[INFO] [stderr]     |             ^^^^^^^^^^
[INFO] [stderr] 765 |             mail: Vec<String>,
[INFO] [stderr]     |             ^^^^
[INFO] [stderr]     |
[INFO] [stderr]     = note: `Person` has a derived impl for the trait `Debug`, but this is intentionally ignored during dead code analysis
[INFO] [stderr] 
[INFO] [stderr] warning: multiple fields are never read
[INFO] [stderr]    --> src/lib.rs:792:13
[INFO] [stderr]     |
[INFO] [stderr] 791 |         struct Extensible {
[INFO] [stderr]     |                ---------- fields in this struct
[INFO] [stderr] 792 |             dn: String,
[INFO] [stderr]     |             ^^
[INFO] [stderr] 793 |             cn: String,
[INFO] [stderr]     |             ^^
[INFO] [stderr] 794 |             sn: String,
[INFO] [stderr]     |             ^^
[INFO] [stderr] 795 |             uid: String,
[INFO] [stderr]     |             ^^^
[INFO] [stderr] 796 |             description: Vec<String>,
[INFO] [stderr]     |             ^^^^^^^^^^^
[INFO] [stderr] 797 |             #[serde(rename = "givenName")]
[INFO] [stderr] 798 |             given_name: String,
[INFO] [stderr]     |             ^^^^^^^^^^
[INFO] [stderr] 799 |             mail: Vec<String>,
[INFO] [stderr]     |             ^^^^
[INFO] [stderr] 800 |             #[serde(rename = "jpegPhoto", with = "serde_bytes")]
[INFO] [stderr] 801 |             jpeg_photo: Vec<u8>,
[INFO] [stderr]     |             ^^^^^^^^^^
[INFO] [stderr]     |
[INFO] [stderr]     = note: `Extensible` has a derived impl for the trait `Debug`, but this is intentionally ignored during dead code analysis
[INFO] [stderr] 
[INFO] [stderr] warning: `ldap3-de` (lib test) generated 3 warnings
[INFO] [stderr]     Finished `release` profile [optimized] target(s) in 0.13s
[INFO] [stderr]      Running unittests src/lib.rs (/opt/rustwide/target/release/build/ldap3-de/06a0fa2bdc80c90c/out/ldap3_de-06a0fa2bdc80c90c)
[INFO] [stdout] 
[INFO] [stdout] running 6 tests
[INFO] [stdout] test tests::deserializes_a_simple_entry ... ok
[INFO] [stdout] test tests::single_valued_attribute_into_scalar_field ... ok
[INFO] [stdout] test tests::test_extensible ... FAILED
[INFO] [stdout] test tests::test_schema ... FAILED
[INFO] [stdout] test tests::test_person ... FAILED
[INFO] [stdout] test tests::schema_driven_any_dispatch ... FAILED
[INFO] [stdout] 
[INFO] [stdout] failures:
[INFO] [stdout] 
[INFO] [stdout] ---- tests::test_extensible stdout ----
[INFO] [stdout] 
[INFO] [stdout] thread 'tests::test_extensible' (2436) panicked at src/lib.rs:646:14:
[INFO] [stdout] connect failed: Io { source: Os { code: 111, kind: ConnectionRefused, message: "Connection refused" } }
[INFO] [stdout] stack backtrace:
[INFO] [stdout]    0:     0x594537c4e5c1 - <<std[617be2ca0a6fd877]::sys::backtrace::BacktraceLock>::print::DisplayBacktrace as core[a373ad73a504971]::fmt::Display>::fmt
[INFO] [stdout]    1:     0x594537c6489a - core[a373ad73a504971]::fmt::write
[INFO] [stdout]    2:     0x594537c52ddc - <alloc[2e1b2a31b91974c5]::vec::Vec<u8> as core[a373ad73a504971]::io::write::Write>::write_fmt
[INFO] [stdout]    3:     0x594537c29af6 - std[617be2ca0a6fd877]::panicking::default_hook::{closure#0}
[INFO] [stdout]    4:     0x594537c46569 - std[617be2ca0a6fd877]::panicking::default_hook
[INFO] [stdout]    5:     0x594537b36f60 - test[aada8e7e76ba119b]::test_main_inner::{closure#0}
[INFO] [stdout]    6:     0x594537c46892 - std[617be2ca0a6fd877]::panicking::panic_with_hook
[INFO] [stdout]    7:     0x594537c29ba2 - std[617be2ca0a6fd877]::panicking::panic_handler::{closure#0}
[INFO] [stdout]    8:     0x594537c22809 - std[617be2ca0a6fd877]::sys::backtrace::__rust_end_short_backtrace::<std[617be2ca0a6fd877]::panicking::panic_handler::{closure#0}, !>
[INFO] [stdout]    9:     0x594537c2a99d - __rustc[ea4f61d10b84890b]::rust_begin_unwind
[INFO] [stdout]   10:     0x594537c64ffc - core[a373ad73a504971]::panicking::panic_fmt
[INFO] [stdout]   11:     0x594537c64dd2 - core[a373ad73a504971]::result::unwrap_failed
[INFO] [stdout]   12:     0x594537b1d674 - ldap3_de[8ec03d8605cfa4ea]::tests::bind
[INFO] [stdout]   13:     0x594537b1ea64 - <ldap3_de[8ec03d8605cfa4ea]::tests::test_extensible::{closure#0} as core[a373ad73a504971]::ops::function::FnOnce<()>>::call_once
[INFO] [stdout]   14:     0x594537b2a3ab - test[aada8e7e76ba119b]::__rust_begin_short_backtrace::<core[a373ad73a504971]::result::Result<(), alloc[2e1b2a31b91974c5]::string::String>, fn() -> core[a373ad73a504971]::result::Result<(), alloc[2e1b2a31b91974c5]::string::String>>
[INFO] [stdout]   15:     0x594537b37585 - test[aada8e7e76ba119b]::run_test::{closure#0}
[INFO] [stdout]   16:     0x594537b30e74 - std[617be2ca0a6fd877]::sys::backtrace::__rust_begin_short_backtrace::<test[aada8e7e76ba119b]::run_test::{closure#1}, ()>
[INFO] [stdout]   17:     0x594537b3a612 - <std[617be2ca0a6fd877]::thread::lifecycle::spawn_unchecked<test[aada8e7e76ba119b]::run_test::{closure#1}, ()>::{closure#1} as core[a373ad73a504971]::ops::function::FnOnce<()>>::call_once::{shim:vtable#0}
[INFO] [stdout]   18:     0x594537c4da9f - <std[617be2ca0a6fd877]::sys::thread::unix::Thread>::new::thread_start
[INFO] [stdout]   19:     0x70387c9c8dfa - <unknown>
[INFO] [stdout]   20:     0x70387ca5c3d4 - clone
[INFO] [stdout]   21:                0x0 - <unknown>
[INFO] [stdout] 
[INFO] [stdout] ---- tests::test_schema stdout ----
[INFO] [stdout] 
[INFO] [stdout] thread 'tests::test_schema' (2438) panicked at src/lib.rs:646:14:
[INFO] [stdout] connect failed: Io { source: Os { code: 111, kind: ConnectionRefused, message: "Connection refused" } }
[INFO] [stdout] stack backtrace:
[INFO] [stdout]    0:     0x594537c4e5c1 - <<std[617be2ca0a6fd877]::sys::backtrace::BacktraceLock>::print::DisplayBacktrace as core[a373ad73a504971]::fmt::Display>::fmt
[INFO] [stdout]    1:     0x594537c6489a - core[a373ad73a504971]::fmt::write
[INFO] [stdout]    2:     0x594537c52ddc - <alloc[2e1b2a31b91974c5]::vec::Vec<u8> as core[a373ad73a504971]::io::write::Write>::write_fmt
[INFO] [stdout]    3:     0x594537c29af6 - std[617be2ca0a6fd877]::panicking::default_hook::{closure#0}
[INFO] [stdout]    4:     0x594537c46569 - std[617be2ca0a6fd877]::panicking::default_hook
[INFO] [stdout]    5:     0x594537b36f60 - test[aada8e7e76ba119b]::test_main_inner::{closure#0}
[INFO] [stdout]    6:     0x594537c46892 - std[617be2ca0a6fd877]::panicking::panic_with_hook
[INFO] [stdout]    7:     0x594537c29ba2 - std[617be2ca0a6fd877]::panicking::panic_handler::{closure#0}
[INFO] [stdout]    8:     0x594537c22809 - std[617be2ca0a6fd877]::sys::backtrace::__rust_end_short_backtrace::<std[617be2ca0a6fd877]::panicking::panic_handler::{closure#0}, !>
[INFO] [stdout]    9:     0x594537c2a99d - __rustc[ea4f61d10b84890b]::rust_begin_unwind
[INFO] [stdout]   10:     0x594537c64ffc - core[a373ad73a504971]::panicking::panic_fmt
[INFO] [stdout]   11:     0x594537c64dd2 - core[a373ad73a504971]::result::unwrap_failed
[INFO] [stdout]   12:     0x594537b1d674 - ldap3_de[8ec03d8605cfa4ea]::tests::bind
[INFO] [stdout]   13:     0x594537b1e83d - <ldap3_de[8ec03d8605cfa4ea]::tests::test_schema::{closure#0} as core[a373ad73a504971]::ops::function::FnOnce<()>>::call_once
[INFO] [stdout]   14:     0x594537b2a3ab - test[aada8e7e76ba119b]::__rust_begin_short_backtrace::<core[a373ad73a504971]::result::Result<(), alloc[2e1b2a31b91974c5]::string::String>, fn() -> core[a373ad73a504971]::result::Result<(), alloc[2e1b2a31b91974c5]::string::String>>
[INFO] [stdout]   15:     0x594537b37585 - test[aada8e7e76ba119b]::run_test::{closure#0}
[INFO] [stdout]   16:     0x594537b30e74 - std[617be2ca0a6fd877]::sys::backtrace::__rust_begin_short_backtrace::<test[aada8e7e76ba119b]::run_test::{closure#1}, ()>
[INFO] [stdout]   17:     0x594537b3a612 - <std[617be2ca0a6fd877]::thread::lifecycle::spawn_unchecked<test[aada8e7e76ba119b]::run_test::{closure#1}, ()>::{closure#1} as core[a373ad73a504971]::ops::function::FnOnce<()>>::call_once::{shim:vtable#0}
[INFO] [stdout]   18:     0x594537c4da9f - <std[617be2ca0a6fd877]::sys::thread::unix::Thread>::new::thread_start
[INFO] [stdout]   19:     0x70387c9c8dfa - <unknown>
[INFO] [stdout]   20:     0x70387ca5c3d4 - clone
[INFO] [stdout]   21:                0x0 - <unknown>
[INFO] [stdout] 
[INFO] [stdout] ---- tests::test_person stdout ----
[INFO] [stdout] 
[INFO] [stdout] thread 'tests::test_person' (2437) panicked at src/lib.rs:646:14:
[INFO] [stdout] connect failed: Io { source: Os { code: 111, kind: ConnectionRefused, message: "Connection refused" } }
[INFO] [stdout] stack backtrace:
[INFO] [stdout]    0:     0x594537c4e5c1 - <<std[617be2ca0a6fd877]::sys::backtrace::BacktraceLock>::print::DisplayBacktrace as core[a373ad73a504971]::fmt::Display>::fmt
[INFO] [stdout]    1:     0x594537c6489a - core[a373ad73a504971]::fmt::write
[INFO] [stdout]    2:     0x594537c52ddc - <alloc[2e1b2a31b91974c5]::vec::Vec<u8> as core[a373ad73a504971]::io::write::Write>::write_fmt
[INFO] [stdout]    3:     0x594537c29af6 - std[617be2ca0a6fd877]::panicking::default_hook::{closure#0}
[INFO] [stdout]    4:     0x594537c46569 - std[617be2ca0a6fd877]::panicking::default_hook
[INFO] [stdout]    5:     0x594537b36f60 - test[aada8e7e76ba119b]::test_main_inner::{closure#0}
[INFO] [stdout]    6:     0x594537c46892 - std[617be2ca0a6fd877]::panicking::panic_with_hook
[INFO] [stdout]    7:     0x594537c29ba2 - std[617be2ca0a6fd877]::panicking::panic_handler::{closure#0}
[INFO] [stdout]    8:     0x594537c22809 - std[617be2ca0a6fd877]::sys::backtrace::__rust_end_short_backtrace::<std[617be2ca0a6fd877]::panicking::panic_handler::{closure#0}, !>
[INFO] [stdout]    9:     0x594537c2a99d - __rustc[ea4f61d10b84890b]::rust_begin_unwind
[INFO] [stdout]   10:     0x594537c64ffc - core[a373ad73a504971]::panicking::panic_fmt
[INFO] [stdout]   11:     0x594537c64dd2 - core[a373ad73a504971]::result::unwrap_failed
[INFO] [stdout]   12:     0x594537b1d674 - ldap3_de[8ec03d8605cfa4ea]::tests::bind
[INFO] [stdout]   13:     0x594537b1e144 - <ldap3_de[8ec03d8605cfa4ea]::tests::test_person::{closure#0} as core[a373ad73a504971]::ops::function::FnOnce<()>>::call_once
[INFO] [stdout]   14:     0x594537b2a3ab - test[aada8e7e76ba119b]::__rust_begin_short_backtrace::<core[a373ad73a504971]::result::Result<(), alloc[2e1b2a31b91974c5]::string::String>, fn() -> core[a373ad73a504971]::result::Result<(), alloc[2e1b2a31b91974c5]::string::String>>
[INFO] [stdout]   15:     0x594537b37585 - test[aada8e7e76ba119b]::run_test::{closure#0}
[INFO] [stdout]   16:     0x594537b30e74 - std[617be2ca0a6fd877]::sys::backtrace::__rust_begin_short_backtrace::<test[aada8e7e76ba119b]::run_test::{closure#1}, ()>
[INFO] [stdout]   17:     0x594537b3a612 - <std[617be2ca0a6fd877]::thread::lifecycle::spawn_unchecked<test[aada8e7e76ba119b]::run_test::{closure#1}, ()>::{closure#1} as core[a373ad73a504971]::ops::function::FnOnce<()>>::call_once::{shim:vtable#0}
[INFO] [stdout]   18:     0x594537c4da9f - <std[617be2ca0a6fd877]::sys::thread::unix::Thread>::new::thread_start
[INFO] [stdout]   19:     0x70387c9c8dfa - <unknown>
[INFO] [stdout]   20:     0x70387ca5c3d4 - clone
[INFO] [stdout]   21:                0x0 - <unknown>
[INFO] [stdout] 
[INFO] [stdout] ---- tests::schema_driven_any_dispatch stdout ----
[INFO] [stdout] 
[INFO] [stdout] thread 'tests::schema_driven_any_dispatch' (2434) panicked at src/lib.rs:646:14:
[INFO] [stdout] connect failed: Io { source: Os { code: 111, kind: ConnectionRefused, message: "Connection refused" } }
[INFO] [stdout] stack backtrace:
[INFO] [stdout]    0:     0x594537c4e5c1 - <<std[617be2ca0a6fd877]::sys::backtrace::BacktraceLock>::print::DisplayBacktrace as core[a373ad73a504971]::fmt::Display>::fmt
[INFO] [stdout]    1:     0x594537c6489a - core[a373ad73a504971]::fmt::write
[INFO] [stdout]    2:     0x594537c52ddc - <alloc[2e1b2a31b91974c5]::vec::Vec<u8> as core[a373ad73a504971]::io::write::Write>::write_fmt
[INFO] [stdout]    3:     0x594537c29af6 - std[617be2ca0a6fd877]::panicking::default_hook::{closure#0}
[INFO] [stdout]    4:     0x594537c46569 - std[617be2ca0a6fd877]::panicking::default_hook
[INFO] [stdout]    5:     0x594537b36f60 - test[aada8e7e76ba119b]::test_main_inner::{closure#0}
[INFO] [stdout]    6:     0x594537c46892 - std[617be2ca0a6fd877]::panicking::panic_with_hook
[INFO] [stdout]    7:     0x594537c29ba2 - std[617be2ca0a6fd877]::panicking::panic_handler::{closure#0}
[INFO] [stdout]    8:     0x594537c22809 - std[617be2ca0a6fd877]::sys::backtrace::__rust_end_short_backtrace::<std[617be2ca0a6fd877]::panicking::panic_handler::{closure#0}, !>
[INFO] [stdout]    9:     0x594537c2a99d - __rustc[ea4f61d10b84890b]::rust_begin_unwind
[INFO] [stdout]   10:     0x594537c64ffc - core[a373ad73a504971]::panicking::panic_fmt
[INFO] [stdout]   11:     0x594537c64dd2 - core[a373ad73a504971]::result::unwrap_failed
[INFO] [stdout]   12:     0x594537b1d674 - ldap3_de[8ec03d8605cfa4ea]::tests::bind
[INFO] [stdout]   13:     0x594537b1f12f - <ldap3_de[8ec03d8605cfa4ea]::tests::schema_driven_any_dispatch::{closure#0} as core[a373ad73a504971]::ops::function::FnOnce<()>>::call_once
[INFO] [stdout]   14:     0x594537b2a3ab - test[aada8e7e76ba119b]::__rust_begin_short_backtrace::<core[a373ad73a504971]::result::Result<(), alloc[2e1b2a31b91974c5]::string::String>, fn() -> core[a373ad73a504971]::result::Result<(), alloc[2e1b2a31b91974c5]::string::String>>
[INFO] [stdout]   15:     0x594537b37585 - test[aada8e7e76ba119b]::run_test::{closure#0}
[INFO] [stdout]   16:     0x594537b30e74 - std[617be2ca0a6fd877]::sys::backtrace::__rust_begin_short_backtrace::<test[aada8e7e76ba119b]::run_test::{closure#1}, ()>
[INFO] [stdout]   17:     0x594537b3a612 - <std[617be2ca0a6fd877]::thread::lifecycle::spawn_unchecked<test[aada8e7e76ba119b]::run_test::{closure#1}, ()>::{closure#1} as core[a373ad73a504971]::ops::function::FnOnce<()>>::call_once::{shim:vtable#0}
[INFO] [stdout]   18:     0x594537c4da9f - <std[617be2ca0a6fd877]::sys::thread::unix::Thread>::new::thread_start
[INFO] [stdout]   19:     0x70387c9c8dfa - <unknown>
[INFO] [stdout]   20:     0x70387ca5c3d4 - clone
[INFO] [stdout]   21:                0x0 - <unknown>
[INFO] [stdout] 
[INFO] [stdout] 
[INFO] [stdout] failures:
[INFO] [stdout]     tests::schema_driven_any_dispatch
[INFO] [stdout]     tests::test_extensible
[INFO] [stdout]     tests::test_person
[INFO] [stdout]     tests::test_schema
[INFO] [stdout] 
[INFO] [stdout] test result: FAILED. 2 passed; 4 failed; 0 ignored; 0 measured; 0 filtered out; finished in 0.16s
[INFO] [stdout] 
[INFO] [stderr] error: test failed, to rerun pass `--lib`
[INFO] running `Command { std: "docker" "inspect" "ae617460c1b53003ce90714815e269641301f53e69488a7433b1ad02c7666f7e", kill_on_drop: false }`
[INFO] running `Command { std: "docker" "rm" "-f" "ae617460c1b53003ce90714815e269641301f53e69488a7433b1ad02c7666f7e", kill_on_drop: false }`
[INFO] [stdout] ae617460c1b53003ce90714815e269641301f53e69488a7433b1ad02c7666f7e
