[INFO] fetching crate lc3box 0.7.1...
[INFO] testing lc3box-0.7.1 against 1.100.0-beta.1+cargoflags=--release for beta-release-1.100-2
[INFO] extracting crate lc3box 0.7.1 into /workspace/builds/worker-0-tc2/source
[INFO] started tweaking crates.io crate lc3box 0.7.1
[INFO] removed 0 missing tests
[INFO] finished tweaking crates.io crate lc3box 0.7.1
[INFO] tweaked toml for crates.io crate lc3box 0.7.1 written to /workspace/builds/worker-0-tc2/source/Cargo.toml
[INFO] validating manifest of crates.io crate lc3box 0.7.1 on toolchain 1.100.0-beta.1
[INFO] running `Command { std: CARGO_HOME="/workspace/cargo-home" RUSTUP_HOME="/workspace/rustup-home" "/workspace/cargo-home/bin/cargo" "+1.100.0-beta.1" "metadata" "--manifest-path" "Cargo.toml" "--no-deps", kill_on_drop: false }`
[INFO] crate crates.io crate lc3box 0.7.1 already has a lockfile, it will not be regenerated
[INFO] running `Command { std: CARGO_HOME="/workspace/cargo-home" RUSTUP_HOME="/workspace/rustup-home" "/workspace/cargo-home/bin/cargo" "+1.100.0-beta.1" "fetch" "--manifest-path" "Cargo.toml", kill_on_drop: false }`
[INFO] [stderr] warning: `package.homepage` is redundant with `package.repository`
[INFO] [stderr]   --> Cargo.toml:55:12
[INFO] [stderr]    |
[INFO] [stderr] 55 | homepage = "https://github.com/kobby-pentangeli/lc3box"
[INFO] [stderr]    |            ^^^^^^^^^^^^^^^^^^^^^^^^^^^^^^^^^^^^^^^^^^^^
[INFO] [stderr] ...
[INFO] [stderr] 60 | repository = "https://github.com/kobby-pentangeli/lc3box"
[INFO] [stderr]    |              --------------------------------------------
[INFO] [stderr]    |
[INFO] [stderr]    = note: `cargo::redundant_homepage` is set to `warn` by default
[INFO] [stderr] help: consider removing `package.homepage`
[INFO] [stderr] warning: `lc3box` (manifest) generated 1 warning
[INFO] running `Command { std: "docker" "create" "-v" "/var/lib/crater-agent-workspace/builds/worker-0-tc2/source:/opt/rustwide/workdir:ro,Z" "-v" "/var/lib/crater-agent-workspace/builds/worker-0-tc2/target:/opt/rustwide/target:rw,Z" "-v" "/var/lib/crater-agent-workspace/cargo-home:/opt/rustwide/cargo-home:ro,Z" "-v" "/var/lib/crater-agent-workspace/rustup-home:/opt/rustwide/rustup-home:ro,Z" "-m" "1610612736" "--network" "none" "ghcr.io/rust-lang/crates-build-env/linux@sha256:77db811e55d90add9212f6832c23229e3de5f1c1f9905e8cb07319ea15df73ac" "sleep" "infinity", kill_on_drop: false }`
[INFO] [stdout] f1dc527e4f567710e478b75af27c0a7e569941ba81d19e373d8381c4ab4a4117
[INFO] running `Command { std: "docker" "start" "f1dc527e4f567710e478b75af27c0a7e569941ba81d19e373d8381c4ab4a4117", kill_on_drop: false }`
[INFO] running `Command { std: "docker" "inspect" "f1dc527e4f567710e478b75af27c0a7e569941ba81d19e373d8381c4ab4a4117", kill_on_drop: false }`
[INFO] running `Command { std: "docker" "exec" "-e" "SOURCE_DIR=/opt/rustwide/workdir" "-e" "CARGO_HOME=/opt/rustwide/cargo-home" "-e" "RUSTUP_HOME=/opt/rustwide/rustup-home" "-e" "CARGO_TARGET_DIR=/opt/rustwide/target" "-w" "/opt/rustwide/workdir" "--user" "0:0" "f1dc527e4f567710e478b75af27c0a7e569941ba81d19e373d8381c4ab4a4117" "/opt/rustwide/cargo-home/bin/cargo" "+1.100.0-beta.1" "metadata" "--no-deps" "--format-version=1", kill_on_drop: false }`
[INFO] running `Command { std: "docker" "inspect" "f1dc527e4f567710e478b75af27c0a7e569941ba81d19e373d8381c4ab4a4117", kill_on_drop: false }`
[INFO] running `Command { std: "docker" "exec" "-e" "SOURCE_DIR=/opt/rustwide/workdir" "-e" "CARGO_HOME=/opt/rustwide/cargo-home" "-e" "RUSTUP_HOME=/opt/rustwide/rustup-home" "-e" "CARGO_TARGET_DIR=/opt/rustwide/target" "-e" "CARGO_INCREMENTAL=0" "-e" "RUST_BACKTRACE=full" "-e" "RUSTFLAGS=--cap-lints=warn" "-e" "RUSTDOCFLAGS=--cap-lints=warn" "-w" "/opt/rustwide/workdir" "--user" "0:0" "f1dc527e4f567710e478b75af27c0a7e569941ba81d19e373d8381c4ab4a4117" "/opt/rustwide/cargo-home/bin/cargo" "+1.100.0-beta.1" "build" "--frozen" "--message-format=json" "--release", kill_on_drop: false }`
[INFO] [stderr] warning: `package.homepage` is redundant with `package.repository`
[INFO] [stderr]   --> Cargo.toml:55:12
[INFO] [stderr]    |
[INFO] [stderr] 55 | homepage = "https://github.com/kobby-pentangeli/lc3box"
[INFO] [stderr]    |            ^^^^^^^^^^^^^^^^^^^^^^^^^^^^^^^^^^^^^^^^^^^^
[INFO] [stderr] ...
[INFO] [stderr] 60 | repository = "https://github.com/kobby-pentangeli/lc3box"
[INFO] [stderr]    |              --------------------------------------------
[INFO] [stderr]    |
[INFO] [stderr]    = note: `cargo::redundant_homepage` is set to `warn` by default
[INFO] [stderr] help: consider removing `package.homepage`
[INFO] [stderr] warning: `lc3box` (manifest) generated 1 warning
[INFO] [stderr]    Compiling syn v2.0.118
[INFO] [stderr]    Compiling termios v0.3.3
[INFO] [stderr]    Compiling clap_builder v4.6.0
[INFO] [stderr]    Compiling thiserror-impl v2.0.18
[INFO] [stderr]    Compiling clap_derive v4.6.1
[INFO] [stderr]    Compiling thiserror v2.0.18
[INFO] [stderr]    Compiling lc3core v0.7.1
[INFO] [stderr]    Compiling lc3vm v0.7.1
[INFO] [stderr]    Compiling lc3dsm v0.7.1
[INFO] [stderr]    Compiling lc3as v0.7.1
[INFO] [stderr]    Compiling lc3debug v0.7.1
[INFO] [stderr]    Compiling clap v4.6.1
[INFO] [stderr]    Compiling lc3box v0.7.1 (/opt/rustwide/workdir)
[INFO] [stderr]     Finished `release` profile [optimized] target(s) in 13.68s
[INFO] running `Command { std: "docker" "inspect" "f1dc527e4f567710e478b75af27c0a7e569941ba81d19e373d8381c4ab4a4117", kill_on_drop: false }`
[INFO] running `Command { std: "docker" "exec" "-e" "SOURCE_DIR=/opt/rustwide/workdir" "-e" "CARGO_HOME=/opt/rustwide/cargo-home" "-e" "RUSTUP_HOME=/opt/rustwide/rustup-home" "-e" "CARGO_TARGET_DIR=/opt/rustwide/target" "-e" "CARGO_INCREMENTAL=0" "-e" "RUST_BACKTRACE=full" "-e" "RUSTFLAGS=--cap-lints=warn" "-e" "RUSTDOCFLAGS=--cap-lints=warn" "-w" "/opt/rustwide/workdir" "--user" "0:0" "f1dc527e4f567710e478b75af27c0a7e569941ba81d19e373d8381c4ab4a4117" "/opt/rustwide/cargo-home/bin/cargo" "+1.100.0-beta.1" "test" "--frozen" "--no-run" "--message-format=json" "--release", kill_on_drop: false }`
[INFO] [stderr] warning: `package.homepage` is redundant with `package.repository`
[INFO] [stderr]   --> Cargo.toml:55:12
[INFO] [stderr]    |
[INFO] [stderr] 55 | homepage = "https://github.com/kobby-pentangeli/lc3box"
[INFO] [stderr]    |            ^^^^^^^^^^^^^^^^^^^^^^^^^^^^^^^^^^^^^^^^^^^^
[INFO] [stderr] ...
[INFO] [stderr] 60 | repository = "https://github.com/kobby-pentangeli/lc3box"
[INFO] [stderr]    |              --------------------------------------------
[INFO] [stderr]    |
[INFO] [stderr]    = note: `cargo::redundant_homepage` is set to `warn` by default
[INFO] [stderr] help: consider removing `package.homepage`
[INFO] [stderr] warning: `lc3box` (manifest) generated 1 warning
[INFO] [stderr]    Compiling lc3box v0.7.1 (/opt/rustwide/workdir)
[INFO] [stderr]     Finished `release` profile [optimized] target(s) in 0.90s
[INFO] running `Command { std: "docker" "inspect" "f1dc527e4f567710e478b75af27c0a7e569941ba81d19e373d8381c4ab4a4117", kill_on_drop: false }`
[INFO] running `Command { std: "docker" "exec" "-e" "SOURCE_DIR=/opt/rustwide/workdir" "-e" "CARGO_HOME=/opt/rustwide/cargo-home" "-e" "RUSTUP_HOME=/opt/rustwide/rustup-home" "-e" "CARGO_TARGET_DIR=/opt/rustwide/target" "-e" "CARGO_INCREMENTAL=0" "-e" "RUST_BACKTRACE=full" "-e" "RUSTFLAGS=--cap-lints=warn" "-e" "RUSTDOCFLAGS=--cap-lints=warn" "-w" "/opt/rustwide/workdir" "--user" "0:0" "f1dc527e4f567710e478b75af27c0a7e569941ba81d19e373d8381c4ab4a4117" "/opt/rustwide/cargo-home/bin/cargo" "+1.100.0-beta.1" "test" "--frozen" "--release", kill_on_drop: false }`
[INFO] [stderr] warning: `package.homepage` is redundant with `package.repository`
[INFO] [stderr]   --> Cargo.toml:55:12
[INFO] [stderr]    |
[INFO] [stderr] 55 | homepage = "https://github.com/kobby-pentangeli/lc3box"
[INFO] [stderr]    |            ^^^^^^^^^^^^^^^^^^^^^^^^^^^^^^^^^^^^^^^^^^^^
[INFO] [stderr] ...
[INFO] [stderr] 60 | repository = "https://github.com/kobby-pentangeli/lc3box"
[INFO] [stderr]    |              --------------------------------------------
[INFO] [stderr]    |
[INFO] [stderr]    = note: `cargo::redundant_homepage` is set to `warn` by default
[INFO] [stderr] help: consider removing `package.homepage`
[INFO] [stderr] warning: `lc3box` (manifest) generated 1 warning
[INFO] [stderr]     Finished `release` profile [optimized] target(s) in 0.05s
[INFO] [stderr]      Running unittests src/lib.rs (/opt/rustwide/target/release/build/lc3box/db1167cbb7788df0/out/lc3box-db1167cbb7788df0)
[INFO] [stdout] 
[INFO] [stderr]      Running unittests src/main.rs (/opt/rustwide/target/release/build/lc3box/ebe5c82617014b0d/out/lc3box-ebe5c82617014b0d)
[INFO] [stdout] running 0 tests
[INFO] [stdout] 
[INFO] [stdout] test result: ok. 0 passed; 0 failed; 0 ignored; 0 measured; 0 filtered out; finished in 0.00s
[INFO] [stdout] 
[INFO] [stdout] 
[INFO] [stdout] running 0 tests
[INFO] [stdout] 
[INFO] [stdout] test result: ok. 0 passed; 0 failed; 0 ignored; 0 measured; 0 filtered out; finished in 0.00s
[INFO] [stdout] 
[INFO] [stderr]      Running tests/cli.rs (/opt/rustwide/target/release/build/lc3box/de93feb16f4bb078/out/cli-de93feb16f4bb078)
[INFO] [stdout] 
[INFO] [stdout] running 11 tests
[INFO] [stderr] lc3box: lc3box: No such file or directory (os error 2)
[INFO] [stdout] test asm_assembles_hello_world_to_the_committed_object ... FAILED
[INFO] [stdout] test dbg_disassembles_a_window_of_the_loaded_program ... FAILED
[INFO] [stdout] test dbg_continues_hello_world_to_its_greeting_and_halt ... FAILED
[INFO] [stdout] test dbg_rejects_an_unrecognized_extension ... ok
[INFO] [stdout] test disasm_rejects_a_malformed_object_with_a_diagnostic ... ok
[INFO] [stdout] test run_rejects_an_unrecognized_extension ... ok
[INFO] [stdout] test asm_rejects_malformed_source_with_a_line_numbered_diagnostic ... ok
[INFO] [stderr] No such file or directory (os error 2)
[INFO] [stdout] test assemble_then_disassemble_re_assembles_to_the_same_object ... FAILED
[INFO] [stdout] test run_rejects_a_malformed_object ... ok
[INFO] [stdout] test dbg_steps_and_inspects_registers ... FAILED
[INFO] [stdout] test disasm_renders_hello_world_to_a_readable_listing ... FAILED
[INFO] [stdout] 
[INFO] [stdout] failures:
[INFO] [stdout] 
[INFO] [stdout] ---- asm_assembles_hello_world_to_the_committed_object stdout ----
[INFO] [stdout] 
[INFO] [stdout] thread 'asm_assembles_hello_world_to_the_committed_object' (460) panicked at tests/cli.rs:47:5:
[INFO] [stdout] assembling hello_world.asm should succeed
[INFO] [stdout] stack backtrace:
[INFO] [stdout]    0:     0x59987b56aa61 - <<std[617be2ca0a6fd877]::sys::backtrace::BacktraceLock>::print::DisplayBacktrace as core[a373ad73a504971]::fmt::Display>::fmt
[INFO] [stdout]    1:     0x59987b57eafa - core[a373ad73a504971]::fmt::write
[INFO] [stdout]    2:     0x59987b56ecec - <alloc[2e1b2a31b91974c5]::vec::Vec<u8> as core[a373ad73a504971]::io::write::Write>::write_fmt
[INFO] [stdout]    3:     0x59987b5460c6 - std[617be2ca0a6fd877]::panicking::default_hook::{closure#0}
[INFO] [stdout]    4:     0x59987b562b29 - std[617be2ca0a6fd877]::panicking::default_hook
[INFO] [stdout]    5:     0x59987b4fe350 - test[aada8e7e76ba119b]::test_main_inner::{closure#0}
[INFO] [stdout]    6:     0x59987b562ce2 - std[617be2ca0a6fd877]::panicking::panic_with_hook
[INFO] [stdout]    7:     0x59987b5461a4 - std[617be2ca0a6fd877]::panicking::panic_handler::{closure#0}
[INFO] [stdout]    8:     0x59987b53ec49 - std[617be2ca0a6fd877]::sys::backtrace::__rust_end_short_backtrace::<std[617be2ca0a6fd877]::panicking::panic_handler::{closure#0}, !>
[INFO] [stdout]    9:     0x59987b546d7d - __rustc[ea4f61d10b84890b]::rust_begin_unwind
[INFO] [stdout]   10:     0x59987b57f22c - core[a373ad73a504971]::panicking::panic_fmt
[INFO] [stdout]   11:     0x59987b4ef85b - <cli[82e5b5d0b638aa6d]::asm_assembles_hello_world_to_the_committed_object::{closure#0} as core[a373ad73a504971]::ops::function::FnOnce<()>>::call_once
[INFO] [stdout]   12:     0x59987b4f179b - test[aada8e7e76ba119b]::__rust_begin_short_backtrace::<core[a373ad73a504971]::result::Result<(), alloc[2e1b2a31b91974c5]::string::String>, fn() -> core[a373ad73a504971]::result::Result<(), alloc[2e1b2a31b91974c5]::string::String>>
[INFO] [stdout]   13:     0x59987b4fe975 - test[aada8e7e76ba119b]::run_test::{closure#0}
[INFO] [stdout]   14:     0x59987b4f8264 - std[617be2ca0a6fd877]::sys::backtrace::__rust_begin_short_backtrace::<test[aada8e7e76ba119b]::run_test::{closure#1}, ()>
[INFO] [stdout]   15:     0x59987b501a02 - <std[617be2ca0a6fd877]::thread::lifecycle::spawn_unchecked<test[aada8e7e76ba119b]::run_test::{closure#1}, ()>::{closure#1} as core[a373ad73a504971]::ops::function::FnOnce<()>>::call_once::{shim:vtable#0}
[INFO] [stdout]   16:     0x59987b569dcf - <std[617be2ca0a6fd877]::sys::thread::unix::Thread>::new::thread_start
[INFO] [stdout]   17:     0x7d77d3c17dfa - <unknown>
[INFO] [stdout]   18:     0x7d77d3cab3d4 - clone
[INFO] [stdout]   19:                0x0 - <unknown>
[INFO] [stdout] 
[INFO] [stdout] ---- dbg_disassembles_a_window_of_the_loaded_program stdout ----
[INFO] [stdout] 
[INFO] [stdout] thread 'dbg_disassembles_a_window_of_the_loaded_program' (464) panicked at tests/cli.rs:216:5:
[INFO] [stdout] the session should exit cleanly
[INFO] [stdout] stack backtrace:
[INFO] [stdout]    0:     0x59987b56aa61 - <<std[617be2ca0a6fd877]::sys::backtrace::BacktraceLock>::print::DisplayBacktrace as core[a373ad73a504971]::fmt::Display>::fmt
[INFO] [stdout]    1:     0x59987b57eafa - core[a373ad73a504971]::fmt::write
[INFO] [stdout]    2:     0x59987b56ecec - <alloc[2e1b2a31b91974c5]::vec::Vec<u8> as core[a373ad73a504971]::io::write::Write>::write_fmt
[INFO] [stdout]    3:     0x59987b5460c6 - std[617be2ca0a6fd877]::panicking::default_hook::{closure#0}
[INFO] [stdout]    4:     0x59987b562b29 - std[617be2ca0a6fd877]::panicking::default_hook
[INFO] [stdout]    5:     0x59987b4fe350 - test[aada8e7e76ba119b]::test_main_inner::{closure#0}
[INFO] [stdout]    6:     0x59987b562ce2 - std[617be2ca0a6fd877]::panicking::panic_with_hook
[INFO] [stdout]    7:     0x59987b5461a4 - std[617be2ca0a6fd877]::panicking::panic_handler::{closure#0}
[INFO] [stdout]    8:     0x59987b53ec49 - std[617be2ca0a6fd877]::sys::backtrace::__rust_end_short_backtrace::<std[617be2ca0a6fd877]::panicking::panic_handler::{closure#0}, !>
[INFO] [stdout]    9:     0x59987b546d7d - __rustc[ea4f61d10b84890b]::rust_begin_unwind
[INFO] [stdout]   10:     0x59987b57f22c - core[a373ad73a504971]::panicking::panic_fmt
[INFO] [stdout]   11:     0x59987b4eef55 - <cli[82e5b5d0b638aa6d]::dbg_disassembles_a_window_of_the_loaded_program::{closure#0} as core[a373ad73a504971]::ops::function::FnOnce<()>>::call_once
[INFO] [stdout]   12:     0x59987b4f179b - test[aada8e7e76ba119b]::__rust_begin_short_backtrace::<core[a373ad73a504971]::result::Result<(), alloc[2e1b2a31b91974c5]::string::String>, fn() -> core[a373ad73a504971]::result::Result<(), alloc[2e1b2a31b91974c5]::string::String>>
[INFO] [stdout]   13:     0x59987b4fe975 - test[aada8e7e76ba119b]::run_test::{closure#0}
[INFO] [stdout]   14:     0x59987b4f8264 - std[617be2ca0a6fd877]::sys::backtrace::__rust_begin_short_backtrace::<test[aada8e7e76ba119b]::run_test::{closure#1}, ()>
[INFO] [stdout]   15:     0x59987b501a02 - <std[617be2ca0a6fd877]::thread::lifecycle::spawn_unchecked<test[aada8e7e76ba119b]::run_test::{closure#1}, ()>::{closure#1} as core[a373ad73a504971]::ops::function::FnOnce<()>>::call_once::{shim:vtable#0}
[INFO] [stdout]   16:     0x59987b569dcf - <std[617be2ca0a6fd877]::sys::thread::unix::Thread>::new::thread_start
[INFO] [stdout]   17:     0x7d77d3c17dfa - <unknown>
[INFO] [stdout]   18:     0x7d77d3cab3d4 - clone
[INFO] [stdout]   19:                0x0 - <unknown>
[INFO] [stdout] 
[INFO] [stdout] ---- dbg_continues_hello_world_to_its_greeting_and_halt stdout ----
[INFO] [stdout] 
[INFO] [stdout] thread 'dbg_continues_hello_world_to_its_greeting_and_halt' (463) panicked at tests/cli.rs:206:5:
[INFO] [stdout] the session should exit cleanly
[INFO] [stdout] stack backtrace:
[INFO] [stdout]    0:     0x59987b56aa61 - <<std[617be2ca0a6fd877]::sys::backtrace::BacktraceLock>::print::DisplayBacktrace as core[a373ad73a504971]::fmt::Display>::fmt
[INFO] [stdout]    1:     0x59987b57eafa - core[a373ad73a504971]::fmt::write
[INFO] [stdout]    2:     0x59987b56ecec - <alloc[2e1b2a31b91974c5]::vec::Vec<u8> as core[a373ad73a504971]::io::write::Write>::write_fmt
[INFO] [stdout]    3:     0x59987b5460c6 - std[617be2ca0a6fd877]::panicking::default_hook::{closure#0}
[INFO] [stdout]    4:     0x59987b562b29 - std[617be2ca0a6fd877]::panicking::default_hook
[INFO] [stdout]    5:     0x59987b4fe350 - test[aada8e7e76ba119b]::test_main_inner::{closure#0}
[INFO] [stdout]    6:     0x59987b562ce2 - std[617be2ca0a6fd877]::panicking::panic_with_hook
[INFO] [stdout]    7:     0x59987b5461a4 - std[617be2ca0a6fd877]::panicking::panic_handler::{closure#0}
[INFO] [stdout]    8:     0x59987b53ec49 - std[617be2ca0a6fd877]::sys::backtrace::__rust_end_short_backtrace::<std[617be2ca0a6fd877]::panicking::panic_handler::{closure#0}, !>
[INFO] [stdout]    9:     0x59987b546d7d - __rustc[ea4f61d10b84890b]::rust_begin_unwind
[INFO] [stdout]   10:     0x59987b57f22c - core[a373ad73a504971]::panicking::panic_fmt
[INFO] [stdout]   11:     0x59987b4efb45 - <cli[82e5b5d0b638aa6d]::dbg_continues_hello_world_to_its_greeting_and_halt::{closure#0} as core[a373ad73a504971]::ops::function::FnOnce<()>>::call_once
[INFO] [stdout]   12:     0x59987b4f179b - test[aada8e7e76ba119b]::__rust_begin_short_backtrace::<core[a373ad73a504971]::result::Result<(), alloc[2e1b2a31b91974c5]::string::String>, fn() -> core[a373ad73a504971]::result::Result<(), alloc[2e1b2a31b91974c5]::string::String>>
[INFO] [stdout]   13:     0x59987b4fe975 - test[aada8e7e76ba119b]::run_test::{closure#0}
[INFO] [stdout]   14:     0x59987b4f8264 - std[617be2ca0a6fd877]::sys::backtrace::__rust_begin_short_backtrace::<test[aada8e7e76ba119b]::run_test::{closure#1}, ()>
[INFO] [stdout]   15:     0x59987b501a02 - <std[617be2ca0a6fd877]::thread::lifecycle::spawn_unchecked<test[aada8e7e76ba119b]::run_test::{closure#1}, ()>::{closure#1} as core[a373ad73a504971]::ops::function::FnOnce<()>>::call_once::{shim:vtable#0}
[INFO] [stdout]   16:     0x59987b569dcf - <std[617be2ca0a6fd877]::sys::thread::unix::Thread>::new::thread_start
[INFO] [stdout]   17:     0x7d77d3c17dfa - <unknown>
[INFO] [stdout]   18:     0x7d77d3cab3d4 - clone
[INFO] [stdout]   19:                0x0 - <unknown>
[INFO] [stdout] 
[INFO] [stdout] ---- assemble_then_disassemble_re_assembles_to_the_same_object stdout ----
[INFO] [stdout] 
[INFO] [stdout] thread 'assemble_then_disassemble_re_assembles_to_the_same_object' (462) panicked at tests/cli.rs:136:5:
[INFO] [stdout] assembling the source
[INFO] [stdout] stack backtrace:
[INFO] [stdout]    0:     0x59987b56aa61 - <<std[617be2ca0a6fd877]::sys::backtrace::BacktraceLock>::print::DisplayBacktrace as core[a373ad73a504971]::fmt::Display>::fmt
[INFO] [stdout]    1:     0x59987b57eafa - core[a373ad73a504971]::fmt::write
[INFO] [stdout]    2:     0x59987b56ecec - <alloc[2e1b2a31b91974c5]::vec::Vec<u8> as core[a373ad73a504971]::io::write::Write>::write_fmt
[INFO] [stdout]    3:     0x59987b5460c6 - std[617be2ca0a6fd877]::panicking::default_hook::{closure#0}
[INFO] [stdout]    4:     0x59987b562b29 - std[617be2ca0a6fd877]::panicking::default_hook
[INFO] [stdout]    5:     0x59987b4fe350 - test[aada8e7e76ba119b]::test_main_inner::{closure#0}
[INFO] [stdout]    6:     0x59987b562ce2 - std[617be2ca0a6fd877]::panicking::panic_with_hook
[INFO] [stdout]    7:     0x59987b5461a4 - std[617be2ca0a6fd877]::panicking::panic_handler::{closure#0}
[INFO] [stdout]    8:     0x59987b53ec49 - std[617be2ca0a6fd877]::sys::backtrace::__rust_end_short_backtrace::<std[617be2ca0a6fd877]::panicking::panic_handler::{closure#0}, !>
[INFO] [stdout]    9:     0x59987b546d7d - __rustc[ea4f61d10b84890b]::rust_begin_unwind
[INFO] [stdout]   10:     0x59987b57f22c - core[a373ad73a504971]::panicking::panic_fmt
[INFO] [stdout]   11:     0x59987b4f058e - <cli[82e5b5d0b638aa6d]::assemble_then_disassemble_re_assembles_to_the_same_object::{closure#0} as core[a373ad73a504971]::ops::function::FnOnce<()>>::call_once
[INFO] [stdout]   12:     0x59987b4f179b - test[aada8e7e76ba119b]::__rust_begin_short_backtrace::<core[a373ad73a504971]::result::Result<(), alloc[2e1b2a31b91974c5]::string::String>, fn() -> core[a373ad73a504971]::result::Result<(), alloc[2e1b2a31b91974c5]::string::String>>
[INFO] [stdout]   13:     0x59987b4fe975 - test[aada8e7e76ba119b]::run_test::{closure#0}
[INFO] [stdout]   14:     0x59987b4f8264 - std[617be2ca0a6fd877]::sys::backtrace::__rust_begin_short_backtrace::<test[aada8e7e76ba119b]::run_test::{closure#1}, ()>
[INFO] [stdout]   15:     0x59987b501a02 - <std[617be2ca0a6fd877]::thread::lifecycle::spawn_unchecked<test[aada8e7e76ba119b]::run_test::{closure#1}, ()>::{closure#1} as core[a373ad73a504971]::ops::function::FnOnce<()>>::call_once::{shim:vtable#0}
[INFO] [stdout]   16:     0x59987b569dcf - <std[617be2ca0a6fd877]::sys::thread::unix::Thread>::new::thread_start
[INFO] [stdout]   17:     0x7d77d3c17dfa - <unknown>
[INFO] [stdout]   18:     0x7d77d3cab3d4 - clone
[INFO] [stdout]   19:                0x0 - <unknown>
[INFO] [stdout] 
[INFO] [stdout] ---- dbg_steps_and_inspects_registers stdout ----
[INFO] [stdout] 
[INFO] [stdout] thread 'dbg_steps_and_inspects_registers' (470) panicked at tests/cli.rs:228:5:
[INFO] [stdout] the session should exit cleanly
[INFO] [stdout] stack backtrace:
[INFO] [stdout]    0:     0x59987b56aa61 - <<std[617be2ca0a6fd877]::sys::backtrace::BacktraceLock>::print::DisplayBacktrace as core[a373ad73a504971]::fmt::Display>::fmt
[INFO] [stdout]    1:     0x59987b57eafa - core[a373ad73a504971]::fmt::write
[INFO] [stdout]    2:     0x59987b56ecec - <alloc[2e1b2a31b91974c5]::vec::Vec<u8> as core[a373ad73a504971]::io::write::Write>::write_fmt
[INFO] [stdout]    3:     0x59987b5460c6 - std[617be2ca0a6fd877]::panicking::default_hook::{closure#0}
[INFO] [stdout]    4:     0x59987b562b29 - std[617be2ca0a6fd877]::panicking::default_hook
[INFO] [stdout]    5:     0x59987b4fe350 - test[aada8e7e76ba119b]::test_main_inner::{closure#0}
[INFO] [stdout]    6:     0x59987b562ce2 - std[617be2ca0a6fd877]::panicking::panic_with_hook
[INFO] [stdout]    7:     0x59987b5461a4 - std[617be2ca0a6fd877]::panicking::panic_handler::{closure#0}
[INFO] [stdout]    8:     0x59987b53ec49 - std[617be2ca0a6fd877]::sys::backtrace::__rust_end_short_backtrace::<std[617be2ca0a6fd877]::panicking::panic_handler::{closure#0}, !>
[INFO] [stdout]    9:     0x59987b546d7d - __rustc[ea4f61d10b84890b]::rust_begin_unwind
[INFO] [stdout]   10:     0x59987b57f22c - core[a373ad73a504971]::panicking::panic_fmt
[INFO] [stdout]   11:     0x59987b4ee645 - <cli[82e5b5d0b638aa6d]::dbg_steps_and_inspects_registers::{closure#0} as core[a373ad73a504971]::ops::function::FnOnce<()>>::call_once
[INFO] [stdout]   12:     0x59987b4f179b - test[aada8e7e76ba119b]::__rust_begin_short_backtrace::<core[a373ad73a504971]::result::Result<(), alloc[2e1b2a31b91974c5]::string::String>, fn() -> core[a373ad73a504971]::result::Result<(), alloc[2e1b2a31b91974c5]::string::String>>
[INFO] [stdout]   13:     0x59987b4fe975 - test[aada8e7e76ba119b]::run_test::{closure#0}
[INFO] [stdout]   14:     0x59987b4f8264 - std[617be2ca0a6fd877]::sys::backtrace::__rust_begin_short_backtrace::<test[aada8e7e76ba119b]::run_test::{closure#1}, ()>
[INFO] [stdout]   15:     0x59987b501a02 - <std[617be2ca0a6fd877]::thread::lifecycle::spawn_unchecked<test[aada8e7e76ba119b]::run_test::{closure#1}, ()>::{closure#1} as core[a373ad73a504971]::ops::function::FnOnce<()>>::call_once::{shim:vtable#0}
[INFO] [stdout]   16:     0x59987b569dcf - <std[617be2ca0a6fd877]::sys::thread::unix::Thread>::new::thread_start
[INFO] [stdout]   17:     0x7d77d3c17dfa - <unknown>
[INFO] [stdout]   18:     0x7d77d3cab3d4 - clone
[INFO] [stdout]   19:                0x0 - <unknown>
[INFO] [stdout] 
[INFO] [stdout] ---- disasm_renders_hello_world_to_a_readable_listing stdout ----
[INFO] [stdout] 
[INFO] [stdout] thread 'disasm_renders_hello_world_to_a_readable_listing' (472) panicked at tests/cli.rs:81:5:
[INFO] [stdout] disassembling hello_world.obj should succeed
[INFO] [stdout] stack backtrace:
[INFO] [stdout]    0:     0x59987b56aa61 - <<std[617be2ca0a6fd877]::sys::backtrace::BacktraceLock>::print::DisplayBacktrace as core[a373ad73a504971]::fmt::Display>::fmt
[INFO] [stdout]    1:     0x59987b57eafa - core[a373ad73a504971]::fmt::write
[INFO] [stdout]    2:     0x59987b56ecec - <alloc[2e1b2a31b91974c5]::vec::Vec<u8> as core[a373ad73a504971]::io::write::Write>::write_fmt
[INFO] [stdout]    3:     0x59987b5460c6 - std[617be2ca0a6fd877]::panicking::default_hook::{closure#0}
[INFO] [stdout]    4:     0x59987b562b29 - std[617be2ca0a6fd877]::panicking::default_hook
[INFO] [stdout]    5:     0x59987b4fe350 - test[aada8e7e76ba119b]::test_main_inner::{closure#0}
[INFO] [stdout]    6:     0x59987b562ce2 - std[617be2ca0a6fd877]::panicking::panic_with_hook
[INFO] [stdout]    7:     0x59987b5461a4 - std[617be2ca0a6fd877]::panicking::panic_handler::{closure#0}
[INFO] [stdout]    8:     0x59987b53ec49 - std[617be2ca0a6fd877]::sys::backtrace::__rust_end_short_backtrace::<std[617be2ca0a6fd877]::panicking::panic_handler::{closure#0}, !>
[INFO] [stdout]    9:     0x59987b546d7d - __rustc[ea4f61d10b84890b]::rust_begin_unwind
[INFO] [stdout]   10:     0x59987b57f22c - core[a373ad73a504971]::panicking::panic_fmt
[INFO] [stdout]   11:     0x59987b4ef39c - <cli[82e5b5d0b638aa6d]::disasm_renders_hello_world_to_a_readable_listing::{closure#0} as core[a373ad73a504971]::ops::function::FnOnce<()>>::call_once
[INFO] [stdout]   12:     0x59987b4f179b - test[aada8e7e76ba119b]::__rust_begin_short_backtrace::<core[a373ad73a504971]::result::Result<(), alloc[2e1b2a31b91974c5]::string::String>, fn() -> core[a373ad73a504971]::result::Result<(), alloc[2e1b2a31b91974c5]::string::String>>
[INFO] [stdout]   13:     0x59987b4fe975 - test[aada8e7e76ba119b]::run_test::{closure#0}
[INFO] [stdout]   14:     0x59987b4f8264 - std[617be2ca0a6fd877]::sys::backtrace::__rust_begin_short_backtrace::<test[aada8e7e76ba119b]::run_test::{closure#1}, ()>
[INFO] [stdout]   15:     0x59987b501a02 - <std[617be2ca0a6fd877]::thread::lifecycle::spawn_unchecked<test[aada8e7e76ba119b]::run_test::{closure#1}, ()>::{closure#1} as core[a373ad73a504971]::ops::function::FnOnce<()>>::call_once::{shim:vtable#0}
[INFO] [stdout]   16:     0x59987b569dcf - <std[617be2ca0a6fd877]::sys::thread::unix::Thread>::new::thread_start
[INFO] [stdout]   17:     0x7d77d3c17dfa - <unknown>
[INFO] [stdout]   18:     0x7d77d3cab3d4 - clone
[INFO] [stdout]   19:                0x0 - <unknown>
[INFO] [stdout] 
[INFO] [stdout] 
[INFO] [stdout] failures:
[INFO] [stdout]     asm_assembles_hello_world_to_the_committed_object
[INFO] [stdout]     assemble_then_disassemble_re_assembles_to_the_same_object
[INFO] [stdout]     dbg_continues_hello_world_to_its_greeting_and_halt
[INFO] [stdout]     dbg_disassembles_a_window_of_the_loaded_program
[INFO] [stdout]     dbg_steps_and_inspects_registers
[INFO] [stdout]     disasm_renders_hello_world_to_a_readable_listing
[INFO] [stdout] 
[INFO] [stdout] test result: FAILED. 5 passed; 6 failed; 0 ignored; 0 measured; 0 filtered out; finished in 0.02s
[INFO] [stdout] 
[INFO] [stderr] error: test failed, to rerun pass `--test cli`
[INFO] running `Command { std: "docker" "inspect" "f1dc527e4f567710e478b75af27c0a7e569941ba81d19e373d8381c4ab4a4117", kill_on_drop: false }`
[INFO] running `Command { std: "docker" "rm" "-f" "f1dc527e4f567710e478b75af27c0a7e569941ba81d19e373d8381c4ab4a4117", kill_on_drop: false }`
[INFO] [stdout] f1dc527e4f567710e478b75af27c0a7e569941ba81d19e373d8381c4ab4a4117
