[INFO] fetching crate lbzip2 0.5.13...
[INFO] testing lbzip2-0.5.13 against 1.99.0-beta.8+cargoflags=--release for beta-release-1.100-2
[INFO] extracting crate lbzip2 0.5.13 into /workspace/builds/worker-2-tc1/source
[INFO] started tweaking crates.io crate lbzip2 0.5.13
[INFO] removed 0 missing tests
[INFO] finished tweaking crates.io crate lbzip2 0.5.13
[INFO] tweaked toml for crates.io crate lbzip2 0.5.13 written to /workspace/builds/worker-2-tc1/source/Cargo.toml
[INFO] validating manifest of crates.io crate lbzip2 0.5.13 on toolchain 1.99.0-beta.8
[INFO] running `Command { std: CARGO_HOME="/workspace/cargo-home" RUSTUP_HOME="/workspace/rustup-home" "/workspace/cargo-home/bin/cargo" "+1.99.0-beta.8" "metadata" "--manifest-path" "Cargo.toml" "--no-deps", kill_on_drop: false }`
[INFO] crate crates.io crate lbzip2 0.5.13 already has a lockfile, it will not be regenerated
[INFO] running `Command { std: CARGO_HOME="/workspace/cargo-home" RUSTUP_HOME="/workspace/rustup-home" "/workspace/cargo-home/bin/cargo" "+1.99.0-beta.8" "fetch" "--manifest-path" "Cargo.toml", kill_on_drop: false }`
[INFO] running `Command { std: "docker" "create" "-v" "/var/lib/crater-agent-workspace/builds/worker-2-tc1/source:/opt/rustwide/workdir:ro,Z" "-v" "/var/lib/crater-agent-workspace/builds/worker-2-tc1/target:/opt/rustwide/target:rw,Z" "-v" "/var/lib/crater-agent-workspace/cargo-home:/opt/rustwide/cargo-home:ro,Z" "-v" "/var/lib/crater-agent-workspace/rustup-home:/opt/rustwide/rustup-home:ro,Z" "-m" "1610612736" "--network" "none" "ghcr.io/rust-lang/crates-build-env/linux@sha256:77db811e55d90add9212f6832c23229e3de5f1c1f9905e8cb07319ea15df73ac" "sleep" "infinity", kill_on_drop: false }`
[INFO] [stdout] 634911c78ec02ce019b6a4fdc4d3969b1c6dbf019015ff10dd049010dd0849ed
[INFO] running `Command { std: "docker" "start" "634911c78ec02ce019b6a4fdc4d3969b1c6dbf019015ff10dd049010dd0849ed", kill_on_drop: false }`
[INFO] running `Command { std: "docker" "inspect" "634911c78ec02ce019b6a4fdc4d3969b1c6dbf019015ff10dd049010dd0849ed", kill_on_drop: false }`
[INFO] running `Command { std: "docker" "exec" "-e" "SOURCE_DIR=/opt/rustwide/workdir" "-e" "CARGO_HOME=/opt/rustwide/cargo-home" "-e" "RUSTUP_HOME=/opt/rustwide/rustup-home" "-e" "CARGO_TARGET_DIR=/opt/rustwide/target" "-w" "/opt/rustwide/workdir" "--user" "0:0" "634911c78ec02ce019b6a4fdc4d3969b1c6dbf019015ff10dd049010dd0849ed" "/opt/rustwide/cargo-home/bin/cargo" "+1.99.0-beta.8" "metadata" "--no-deps" "--format-version=1", kill_on_drop: false }`
[INFO] running `Command { std: "docker" "inspect" "634911c78ec02ce019b6a4fdc4d3969b1c6dbf019015ff10dd049010dd0849ed", kill_on_drop: false }`
[INFO] running `Command { std: "docker" "exec" "-e" "SOURCE_DIR=/opt/rustwide/workdir" "-e" "CARGO_HOME=/opt/rustwide/cargo-home" "-e" "RUSTUP_HOME=/opt/rustwide/rustup-home" "-e" "CARGO_TARGET_DIR=/opt/rustwide/target" "-e" "CARGO_INCREMENTAL=0" "-e" "RUST_BACKTRACE=full" "-e" "RUSTFLAGS=--cap-lints=warn" "-e" "RUSTDOCFLAGS=--cap-lints=warn" "-w" "/opt/rustwide/workdir" "--user" "0:0" "634911c78ec02ce019b6a4fdc4d3969b1c6dbf019015ff10dd049010dd0849ed" "/opt/rustwide/cargo-home/bin/cargo" "+1.99.0-beta.8" "build" "--frozen" "--message-format=json" "--release", kill_on_drop: false }`
[INFO] [stderr]    Compiling futures-core v0.3.34
[INFO] [stderr]    Compiling syn v3.0.6
[INFO] [stderr]    Compiling futures-channel v0.3.34
[INFO] [stderr]    Compiling futures-macro v0.3.34
[INFO] [stderr]    Compiling futures-util v0.3.34
[INFO] [stderr]    Compiling futures-executor v0.3.34
[INFO] [stderr]    Compiling futures v0.3.34
[INFO] [stderr]    Compiling rotaryengine v0.1.13
[INFO] [stderr]    Compiling lbzip2 v0.5.13 (/opt/rustwide/workdir)
[INFO] [stdout] warning: use of deprecated method `std::sync::atomic::Atomic::<usize>::fetch_update`: renamed to `try_update` for consistency
[INFO] [stdout]    --> src/limits.rs:114:14
[INFO] [stdout]     |
[INFO] [stdout] 114 |             .fetch_update(Ordering::Relaxed, Ordering::Relaxed, |r| {
[INFO] [stdout]     |              ^^^^^^^^^^^^
[INFO] [stdout]     |
[INFO] [stdout]     = note: `#[warn(deprecated)]` on by default
[INFO] [stdout] help: replace the use of the deprecated method
[INFO] [stdout]     |
[INFO] [stdout] 114 -             .fetch_update(Ordering::Relaxed, Ordering::Relaxed, |r| {
[INFO] [stdout] 114 +             .try_update(Ordering::Relaxed, Ordering::Relaxed, |r| {
[INFO] [stdout]     |
[INFO] [stdout] 
[INFO] [stdout] 
[INFO] [stderr]     Finished `release` profile [optimized] target(s) in 13.68s
[INFO] running `Command { std: "docker" "inspect" "634911c78ec02ce019b6a4fdc4d3969b1c6dbf019015ff10dd049010dd0849ed", kill_on_drop: false }`
[INFO] running `Command { std: "docker" "exec" "-e" "SOURCE_DIR=/opt/rustwide/workdir" "-e" "CARGO_HOME=/opt/rustwide/cargo-home" "-e" "RUSTUP_HOME=/opt/rustwide/rustup-home" "-e" "CARGO_TARGET_DIR=/opt/rustwide/target" "-e" "CARGO_INCREMENTAL=0" "-e" "RUST_BACKTRACE=full" "-e" "RUSTFLAGS=--cap-lints=warn" "-e" "RUSTDOCFLAGS=--cap-lints=warn" "-w" "/opt/rustwide/workdir" "--user" "0:0" "634911c78ec02ce019b6a4fdc4d3969b1c6dbf019015ff10dd049010dd0849ed" "/opt/rustwide/cargo-home/bin/cargo" "+1.99.0-beta.8" "test" "--frozen" "--no-run" "--message-format=json" "--release", kill_on_drop: false }`
[INFO] [stderr]    Compiling lbzip2 v0.5.13 (/opt/rustwide/workdir)
[INFO] [stdout] warning: use of deprecated method `std::sync::atomic::Atomic::<usize>::fetch_update`: renamed to `try_update` for consistency
[INFO] [stdout]    --> src/limits.rs:114:14
[INFO] [stdout]     |
[INFO] [stdout] 114 |             .fetch_update(Ordering::Relaxed, Ordering::Relaxed, |r| {
[INFO] [stdout]     |              ^^^^^^^^^^^^
[INFO] [stdout]     |
[INFO] [stdout]     = note: `#[warn(deprecated)]` on by default
[INFO] [stdout] help: replace the use of the deprecated method
[INFO] [stdout]     |
[INFO] [stdout] 114 -             .fetch_update(Ordering::Relaxed, Ordering::Relaxed, |r| {
[INFO] [stdout] 114 +             .try_update(Ordering::Relaxed, Ordering::Relaxed, |r| {
[INFO] [stdout]     |
[INFO] [stdout] 
[INFO] [stdout] 
[INFO] [stdout] warning: use of deprecated method `std::sync::atomic::Atomic::<usize>::fetch_update`: renamed to `try_update` for consistency
[INFO] [stdout]    --> src/limits.rs:114:14
[INFO] [stdout]     |
[INFO] [stdout] 114 |             .fetch_update(Ordering::Relaxed, Ordering::Relaxed, |r| {
[INFO] [stdout]     |              ^^^^^^^^^^^^
[INFO] [stdout]     |
[INFO] [stdout]     = note: `#[warn(deprecated)]` on by default
[INFO] [stdout] help: replace the use of the deprecated method
[INFO] [stdout]     |
[INFO] [stdout] 114 -             .fetch_update(Ordering::Relaxed, Ordering::Relaxed, |r| {
[INFO] [stdout] 114 +             .try_update(Ordering::Relaxed, Ordering::Relaxed, |r| {
[INFO] [stdout]     |
[INFO] [stdout] 
[INFO] [stdout] 
[INFO] [stderr]     Finished `release` profile [optimized] target(s) in 5.16s
[INFO] running `Command { std: "docker" "inspect" "634911c78ec02ce019b6a4fdc4d3969b1c6dbf019015ff10dd049010dd0849ed", kill_on_drop: false }`
[INFO] running `Command { std: "docker" "exec" "-e" "SOURCE_DIR=/opt/rustwide/workdir" "-e" "CARGO_HOME=/opt/rustwide/cargo-home" "-e" "RUSTUP_HOME=/opt/rustwide/rustup-home" "-e" "CARGO_TARGET_DIR=/opt/rustwide/target" "-e" "CARGO_INCREMENTAL=0" "-e" "RUST_BACKTRACE=full" "-e" "RUSTFLAGS=--cap-lints=warn" "-e" "RUSTDOCFLAGS=--cap-lints=warn" "-w" "/opt/rustwide/workdir" "--user" "0:0" "634911c78ec02ce019b6a4fdc4d3969b1c6dbf019015ff10dd049010dd0849ed" "/opt/rustwide/cargo-home/bin/cargo" "+1.99.0-beta.8" "test" "--frozen" "--release", kill_on_drop: false }`
[INFO] [stderr] warning: use of deprecated method `std::sync::atomic::Atomic::<usize>::fetch_update`: renamed to `try_update` for consistency
[INFO] [stderr]    --> src/limits.rs:114:14
[INFO] [stderr]     |
[INFO] [stderr] 114 |             .fetch_update(Ordering::Relaxed, Ordering::Relaxed, |r| {
[INFO] [stderr]     |              ^^^^^^^^^^^^
[INFO] [stderr]     |
[INFO] [stderr]     = note: `#[warn(deprecated)]` on by default
[INFO] [stderr] help: replace the use of the deprecated method
[INFO] [stderr]     |
[INFO] [stderr] 114 -             .fetch_update(Ordering::Relaxed, Ordering::Relaxed, |r| {
[INFO] [stderr] 114 +             .try_update(Ordering::Relaxed, Ordering::Relaxed, |r| {
[INFO] [stderr]     |
[INFO] [stderr] 
[INFO] [stderr] warning: `lbzip2` (lib) generated 1 warning (run `cargo fix --lib -p lbzip2` to apply 1 suggestion)
[INFO] [stderr] warning: `lbzip2` (lib test) generated 1 warning (1 duplicate)
[INFO] [stderr]     Finished `release` profile [optimized] target(s) in 0.04s
[INFO] [stderr]      Running unittests src/lib.rs (/opt/rustwide/target/release/deps/lbzip2-fb22d21e4ee7ab6d)
[INFO] [stdout] 
[INFO] [stdout] running 38 tests
[INFO] [stdout] test bitreader::tests::from_bit_offset ... ok
[INFO] [stdout] test block_scan::tests::test_find_magic_bit_shifted ... ok
[INFO] [stdout] test bitreader::tests::read_byte_aligned ... ok
[INFO] [stdout] test block::tests::decode_known_block ... FAILED
[INFO] [stdout] test chunk::tests::chunk_split_simulation ... FAILED
[INFO] [stdout] test chunk::tests::interleaved_matches_serial ... FAILED
[INFO] [stdout] test chunk::tests::chunk_hello ... FAILED
[INFO] [stdout] test block_scan::tests::test_find_magic_byte_aligned ... ok
[INFO] [stdout] test huffman::tests::fast_table_coverage ... ok
[INFO] [stdout] test bwt::tests::inconsistent_counts_rejected_not_ub ... ok
[INFO] [stdout] test chunk::tests::chunk_liechtenstein ... FAILED
[INFO] [stdout] test bwt::tests::simple_inverse ... ok
[INFO] [stdout] test mtf::tests::basic_mtf ... ok
[INFO] [stdout] test limits::tests::one_oversized_charge_is_refused_whole ... ok
[INFO] [stdout] test limits::tests::the_unlimited_budget_admits_a_charge_no_finite_one_could ... ok
[INFO] [stdout] test bitreader::tests::read_cross_byte ... ok
[INFO] [stdout] test block_scan::tests::test_no_magic ... ok
[INFO] [stdout] test limits::tests::the_default_ceiling_is_reachable_from_a_kilobyte_of_input ... ok
[INFO] [stdout] test reader::tests::streaming_hello ... FAILED
[INFO] [stdout] test parallel::tests::parallel_hello ... FAILED
[INFO] [stdout] test reader::tests::streaming_liechtenstein ... FAILED
[INFO] [stdout] test reader::tests::mmap_liechtenstein ... FAILED
[INFO] [stdout] test reader::tests::streaming_incremental ... FAILED
[INFO] [stdout] test parallel::tests::parallel_matches_sequential ... FAILED
[INFO] [stdout] test bitreader::tests::peek_and_consume ... ok
[INFO] [stdout] test huffman::tests::simple_tree ... ok
[INFO] [stdout] test reader::tests::mmap_hello ... FAILED
[INFO] [stdout] test stream::tests::capped_small_input_roundtrips ... ok
[INFO] [stdout] test limits::tests::the_budget_admits_exactly_its_ceiling_and_refuses_one_past_it ... ok
[INFO] [stdout] test stream::tests::decompress_hello ... FAILED
[INFO] [stdout] test limits::tests::concurrent_overshoot_cannot_wrap_the_counter_back_up ... ok
[INFO] [stdout] test parallel::tests::parallel_liechtenstein ... FAILED
[INFO] [stdout] test stream::tests::decompress_liechtenstein ... FAILED
[INFO] [stdout] test stream::tests::capped_normal_matches_uncapped ... ok
[INFO] [stdout] test mtf::tests::fast_path_matches_reference_all_indices ... ok
[INFO] [stdout] test stream::tests::capped_bomb_errors_not_ooms ... ok
[INFO] [stdout] test chunk::tests::rle1_expansion_far_exceeds_blocksize ... ok
[INFO] [stderr] error: test failed, to rerun pass `--lib`
[INFO] [stdout] test block_scan::tests::parallel_scan_matches_serial_multiblock ... ok
[INFO] [stdout] 
[INFO] [stdout] failures:
[INFO] [stdout] 
[INFO] [stdout] ---- block::tests::decode_known_block stdout ----
[INFO] [stdout] 
[INFO] [stdout] thread 'block::tests::decode_known_block' (583) panicked at src/block.rs:773:9:
[INFO] [stdout] assertion `left == right` failed
[INFO] [stdout]   left: [118, 101, 114]
[INFO] [stdout]  right: [66, 90, 104]
[INFO] [stdout] stack backtrace:
[INFO] [stdout]    0:     0x62e7f82afe01 - <<std[70759c8f55707aa4]::sys::backtrace::BacktraceLock>::print::DisplayBacktrace as core[df12db4294e9bfd3]::fmt::Display>::fmt
[INFO] [stdout]    1:     0x62e7f82c412a - core[df12db4294e9bfd3]::fmt::write
[INFO] [stdout]    2:     0x62e7f82b42ec - <alloc[2182bb758b4b3781]::vec::Vec<u8> as core[df12db4294e9bfd3]::io::write::Write>::write_fmt
[INFO] [stdout]    3:     0x62e7f828c1b6 - std[70759c8f55707aa4]::panicking::default_hook::{closure#0}
[INFO] [stdout]    4:     0x62e7f82a8339 - std[70759c8f55707aa4]::panicking::default_hook
[INFO] [stdout]    5:     0x62e7f823a0f0 - test[9d35eded1c95d3be]::test_main_inner::<test[9d35eded1c95d3be]::test_main_static::{closure#0}>::{closure#0}
[INFO] [stdout]    6:     0x62e7f82a8662 - std[70759c8f55707aa4]::panicking::panic_with_hook
[INFO] [stdout]    7:     0x62e7f828c262 - std[70759c8f55707aa4]::panicking::panic_handler::{closure#0}
[INFO] [stdout]    8:     0x62e7f8284fe9 - std[70759c8f55707aa4]::sys::backtrace::__rust_end_short_backtrace::<std[70759c8f55707aa4]::panicking::panic_handler::{closure#0}, !>
[INFO] [stdout]    9:     0x62e7f828ce5d - __rustc[8fa7c3cbc660c2b3]::rust_begin_unwind
[INFO] [stdout]   10:     0x62e7f82c485c - core[df12db4294e9bfd3]::panicking::panic_fmt
[INFO] [stdout]   11:     0x62e7f82c4773 - core[df12db4294e9bfd3]::panicking::assert_failed_inner
[INFO] [stdout]   12:     0x62e7f8227feb - core[df12db4294e9bfd3]::panicking::assert_failed::<&[u8], &[u8; 3usize]>
[INFO] [stdout]   13:     0x62e7f821c185 - lbzip2[2616d98cb444e035]::block::tests::decode_known_block
[INFO] [stdout]   14:     0x62e7f821e906 - <lbzip2[2616d98cb444e035]::block::tests::decode_known_block::{closure#0} as core[df12db4294e9bfd3]::ops::function::FnOnce<()>>::call_once
[INFO] [stdout]   15:     0x62e7f822d3db - test[9d35eded1c95d3be]::__rust_begin_short_backtrace::<core[df12db4294e9bfd3]::result::Result<(), alloc[2182bb758b4b3781]::string::String>, fn() -> core[df12db4294e9bfd3]::result::Result<(), alloc[2182bb758b4b3781]::string::String>>
[INFO] [stdout]   16:     0x62e7f823aa45 - test[9d35eded1c95d3be]::run_test::{closure#0}
[INFO] [stdout]   17:     0x62e7f8234304 - std[70759c8f55707aa4]::sys::backtrace::__rust_begin_short_backtrace::<test[9d35eded1c95d3be]::run_test::{closure#1}, ()>
[INFO] [stdout]   18:     0x62e7f823dba2 - <std[70759c8f55707aa4]::thread::lifecycle::spawn_unchecked<test[9d35eded1c95d3be]::run_test::{closure#1}, ()>::{closure#1} as core[df12db4294e9bfd3]::ops::function::FnOnce<()>>::call_once::{shim:vtable#0}
[INFO] [stdout]   19:     0x62e7f82af6c9 - <std[70759c8f55707aa4]::sys::thread::unix::Thread>::new::thread_start
[INFO] [stdout]   20:     0x7437780afdfa - <unknown>
[INFO] [stdout]   21:     0x7437781433d4 - clone
[INFO] [stdout]   22:                0x0 - <unknown>
[INFO] [stdout] 
[INFO] [stdout] ---- chunk::tests::chunk_split_simulation stdout ----
[INFO] [stdout] 
[INFO] [stdout] thread 'chunk::tests::chunk_split_simulation' (592) panicked at src/chunk.rs:671:63:
[INFO] [stdout] called `Option::unwrap()` on a `None` value
[INFO] [stdout] stack backtrace:
[INFO] [stdout]    0:     0x62e7f82afe01 - <<std[70759c8f55707aa4]::sys::backtrace::BacktraceLock>::print::DisplayBacktrace as core[df12db4294e9bfd3]::fmt::Display>::fmt
[INFO] [stdout]    1:     0x62e7f82c412a - core[df12db4294e9bfd3]::fmt::write
[INFO] [stdout]    2:     0x62e7f82b42ec - <alloc[2182bb758b4b3781]::vec::Vec<u8> as core[df12db4294e9bfd3]::io::write::Write>::write_fmt
[INFO] [stdout]    3:     0x62e7f828c1b6 - std[70759c8f55707aa4]::panicking::default_hook::{closure#0}
[INFO] [stdout]    4:     0x62e7f82a8339 - std[70759c8f55707aa4]::panicking::default_hook
[INFO] [stdout]    5:     0x62e7f823a0f0 - test[9d35eded1c95d3be]::test_main_inner::<test[9d35eded1c95d3be]::test_main_static::{closure#0}>::{closure#0}
[INFO] [stdout]    6:     0x62e7f82a8662 - std[70759c8f55707aa4]::panicking::panic_with_hook
[INFO] [stdout]    7:     0x62e7f828c294 - std[70759c8f55707aa4]::panicking::panic_handler::{closure#0}
[INFO] [stdout]    8:     0x62e7f8284fe9 - std[70759c8f55707aa4]::sys::backtrace::__rust_end_short_backtrace::<std[70759c8f55707aa4]::panicking::panic_handler::{closure#0}, !>
[INFO] [stdout]    9:     0x62e7f828ce5d - __rustc[8fa7c3cbc660c2b3]::rust_begin_unwind
[INFO] [stdout]   10:     0x62e7f82c485c - core[df12db4294e9bfd3]::panicking::panic_fmt
[INFO] [stdout]   11:     0x62e7f82c4822 - core[df12db4294e9bfd3]::panicking::panic
[INFO] [stdout]   12:     0x62e7f82c45d9 - core[df12db4294e9bfd3]::option::unwrap_failed
[INFO] [stdout]   13:     0x62e7f8226e1c - lbzip2[2616d98cb444e035]::chunk::tests::chunk_split_simulation
[INFO] [stdout]   14:     0x62e7f821e959 - <lbzip2[2616d98cb444e035]::chunk::tests::chunk_split_simulation::{closure#0} as core[df12db4294e9bfd3]::ops::function::FnOnce<()>>::call_once
[INFO] [stdout]   15:     0x62e7f822d3db - test[9d35eded1c95d3be]::__rust_begin_short_backtrace::<core[df12db4294e9bfd3]::result::Result<(), alloc[2182bb758b4b3781]::string::String>, fn() -> core[df12db4294e9bfd3]::result::Result<(), alloc[2182bb758b4b3781]::string::String>>
[INFO] [stdout]   16:     0x62e7f823aa45 - test[9d35eded1c95d3be]::run_test::{closure#0}
[INFO] [stdout]   17:     0x62e7f8234304 - std[70759c8f55707aa4]::sys::backtrace::__rust_begin_short_backtrace::<test[9d35eded1c95d3be]::run_test::{closure#1}, ()>
[INFO] [stdout]   18:     0x62e7f823dba2 - <std[70759c8f55707aa4]::thread::lifecycle::spawn_unchecked<test[9d35eded1c95d3be]::run_test::{closure#1}, ()>::{closure#1} as core[df12db4294e9bfd3]::ops::function::FnOnce<()>>::call_once::{shim:vtable#0}
[INFO] [stdout]   19:     0x62e7f82af6c9 - <std[70759c8f55707aa4]::sys::thread::unix::Thread>::new::thread_start
[INFO] [stdout]   20:     0x7437780afdfa - <unknown>
[INFO] [stdout]   21:     0x7437781433d4 - clone
[INFO] [stdout]   22:                0x0 - <unknown>
[INFO] [stdout] 
[INFO] [stdout] ---- chunk::tests::interleaved_matches_serial stdout ----
[INFO] [stdout] 
[INFO] [stdout] thread 'chunk::tests::interleaved_matches_serial' (593) panicked at src/chunk.rs:574:57:
[INFO] [stdout] called `Result::unwrap()` on an `Err` value: BlockError("bad bzip2 signature")
[INFO] [stdout] stack backtrace:
[INFO] [stdout]    0:     0x62e7f82afe01 - <<std[70759c8f55707aa4]::sys::backtrace::BacktraceLock>::print::DisplayBacktrace as core[df12db4294e9bfd3]::fmt::Display>::fmt
[INFO] [stdout]    1:     0x62e7f82c412a - core[df12db4294e9bfd3]::fmt::write
[INFO] [stdout]    2:     0x62e7f82b42ec - <alloc[2182bb758b4b3781]::vec::Vec<u8> as core[df12db4294e9bfd3]::io::write::Write>::write_fmt
[INFO] [stdout]    3:     0x62e7f828c1b6 - std[70759c8f55707aa4]::panicking::default_hook::{closure#0}
[INFO] [stdout]    4:     0x62e7f82a8339 - std[70759c8f55707aa4]::panicking::default_hook
[INFO] [stdout]    5:     0x62e7f823a0f0 - test[9d35eded1c95d3be]::test_main_inner::<test[9d35eded1c95d3be]::test_main_static::{closure#0}>::{closure#0}
[INFO] [stdout]    6:     0x62e7f82a8662 - std[70759c8f55707aa4]::panicking::panic_with_hook
[INFO] [stdout]    7:     0x62e7f828c262 - std[70759c8f55707aa4]::panicking::panic_handler::{closure#0}
[INFO] [stdout]    8:     0x62e7f8284fe9 - std[70759c8f55707aa4]::sys::backtrace::__rust_end_short_backtrace::<std[70759c8f55707aa4]::panicking::panic_handler::{closure#0}, !>
[INFO] [stdout]    9:     0x62e7f828ce5d - __rustc[8fa7c3cbc660c2b3]::rust_begin_unwind
[INFO] [stdout]   10:     0x62e7f82c485c - core[df12db4294e9bfd3]::panicking::panic_fmt
[INFO] [stdout]   11:     0x62e7f82c4632 - core[df12db4294e9bfd3]::result::unwrap_failed
[INFO] [stdout]   12:     0x62e7f8227229 - lbzip2[2616d98cb444e035]::chunk::tests::interleaved_matches_serial
[INFO] [stdout]   13:     0x62e7f821e979 - <lbzip2[2616d98cb444e035]::chunk::tests::interleaved_matches_serial::{closure#0} as core[df12db4294e9bfd3]::ops::function::FnOnce<()>>::call_once
[INFO] [stdout]   14:     0x62e7f822d3db - test[9d35eded1c95d3be]::__rust_begin_short_backtrace::<core[df12db4294e9bfd3]::result::Result<(), alloc[2182bb758b4b3781]::string::String>, fn() -> core[df12db4294e9bfd3]::result::Result<(), alloc[2182bb758b4b3781]::string::String>>
[INFO] [stdout]   15:     0x62e7f823aa45 - test[9d35eded1c95d3be]::run_test::{closure#0}
[INFO] [stdout]   16:     0x62e7f8234304 - std[70759c8f55707aa4]::sys::backtrace::__rust_begin_short_backtrace::<test[9d35eded1c95d3be]::run_test::{closure#1}, ()>
[INFO] [stdout]   17:     0x62e7f823dba2 - <std[70759c8f55707aa4]::thread::lifecycle::spawn_unchecked<test[9d35eded1c95d3be]::run_test::{closure#1}, ()>::{closure#1} as core[df12db4294e9bfd3]::ops::function::FnOnce<()>>::call_once::{shim:vtable#0}
[INFO] [stdout]   18:     0x62e7f82af6c9 - <std[70759c8f55707aa4]::sys::thread::unix::Thread>::new::thread_start
[INFO] [stdout]   19:     0x7437780afdfa - <unknown>
[INFO] [stdout]   20:     0x7437781433d4 - clone
[INFO] [stdout]   21:                0x0 - <unknown>
[INFO] [stdout] 
[INFO] [stdout] ---- chunk::tests::chunk_hello stdout ----
[INFO] [stdout] 
[INFO] [stdout] thread 'chunk::tests::chunk_hello' (590) panicked at src/chunk.rs:533:69:
[INFO] [stdout] called `Option::unwrap()` on a `None` value
[INFO] [stdout] stack backtrace:
[INFO] [stdout]    0:     0x62e7f82afe01 - <<std[70759c8f55707aa4]::sys::backtrace::BacktraceLock>::print::DisplayBacktrace as core[df12db4294e9bfd3]::fmt::Display>::fmt
[INFO] [stdout]    1:     0x62e7f82c412a - core[df12db4294e9bfd3]::fmt::write
[INFO] [stdout]    2:     0x62e7f82b42ec - <alloc[2182bb758b4b3781]::vec::Vec<u8> as core[df12db4294e9bfd3]::io::write::Write>::write_fmt
[INFO] [stdout]    3:     0x62e7f828c1b6 - std[70759c8f55707aa4]::panicking::default_hook::{closure#0}
[INFO] [stdout]    4:     0x62e7f82a8339 - std[70759c8f55707aa4]::panicking::default_hook
[INFO] [stdout]    5:     0x62e7f823a0f0 - test[9d35eded1c95d3be]::test_main_inner::<test[9d35eded1c95d3be]::test_main_static::{closure#0}>::{closure#0}
[INFO] [stdout]    6:     0x62e7f82a8662 - std[70759c8f55707aa4]::panicking::panic_with_hook
[INFO] [stdout]    7:     0x62e7f828c294 - std[70759c8f55707aa4]::panicking::panic_handler::{closure#0}
[INFO] [stdout]    8:     0x62e7f8284fe9 - std[70759c8f55707aa4]::sys::backtrace::__rust_end_short_backtrace::<std[70759c8f55707aa4]::panicking::panic_handler::{closure#0}, !>
[INFO] [stdout]    9:     0x62e7f828ce5d - __rustc[8fa7c3cbc660c2b3]::rust_begin_unwind
[INFO] [stdout]   10:     0x62e7f82c485c - core[df12db4294e9bfd3]::panicking::panic_fmt
[INFO] [stdout]   11:     0x62e7f82c4822 - core[df12db4294e9bfd3]::panicking::panic
[INFO] [stdout]   12:     0x62e7f82c45d9 - core[df12db4294e9bfd3]::option::unwrap_failed
[INFO] [stdout]   13:     0x62e7f8226416 - lbzip2[2616d98cb444e035]::chunk::tests::chunk_hello
[INFO] [stdout]   14:     0x62e7f821e919 - <lbzip2[2616d98cb444e035]::chunk::tests::chunk_hello::{closure#0} as core[df12db4294e9bfd3]::ops::function::FnOnce<()>>::call_once
[INFO] [stdout]   15:     0x62e7f822d3db - test[9d35eded1c95d3be]::__rust_begin_short_backtrace::<core[df12db4294e9bfd3]::result::Result<(), alloc[2182bb758b4b3781]::string::String>, fn() -> core[df12db4294e9bfd3]::result::Result<(), alloc[2182bb758b4b3781]::string::String>>
[INFO] [stdout]   16:     0x62e7f823aa45 - test[9d35eded1c95d3be]::run_test::{closure#0}
[INFO] [stdout]   17:     0x62e7f8234304 - std[70759c8f55707aa4]::sys::backtrace::__rust_begin_short_backtrace::<test[9d35eded1c95d3be]::run_test::{closure#1}, ()>
[INFO] [stdout]   18:     0x62e7f823dba2 - <std[70759c8f55707aa4]::thread::lifecycle::spawn_unchecked<test[9d35eded1c95d3be]::run_test::{closure#1}, ()>::{closure#1} as core[df12db4294e9bfd3]::ops::function::FnOnce<()>>::call_once::{shim:vtable#0}
[INFO] [stdout]   19:     0x62e7f82af6c9 - <std[70759c8f55707aa4]::sys::thread::unix::Thread>::new::thread_start
[INFO] [stdout]   20:     0x7437780afdfa - <unknown>
[INFO] [stdout]   21:     0x7437781433d4 - clone
[INFO] [stdout]   22:                0x0 - <unknown>
[INFO] [stdout] 
[INFO] [stdout] ---- chunk::tests::chunk_liechtenstein stdout ----
[INFO] [stdout] 
[INFO] [stdout] thread 'chunk::tests::chunk_liechtenstein' (591) panicked at src/chunk.rs:645:69:
[INFO] [stdout] called `Option::unwrap()` on a `None` value
[INFO] [stdout] stack backtrace:
[INFO] [stdout]    0:     0x62e7f82afe01 - <<std[70759c8f55707aa4]::sys::backtrace::BacktraceLock>::print::DisplayBacktrace as core[df12db4294e9bfd3]::fmt::Display>::fmt
[INFO] [stdout]    1:     0x62e7f82c412a - core[df12db4294e9bfd3]::fmt::write
[INFO] [stdout]    2:     0x62e7f82b42ec - <alloc[2182bb758b4b3781]::vec::Vec<u8> as core[df12db4294e9bfd3]::io::write::Write>::write_fmt
[INFO] [stdout]    3:     0x62e7f828c1b6 - std[70759c8f55707aa4]::panicking::default_hook::{closure#0}
[INFO] [stdout]    4:     0x62e7f82a8339 - std[70759c8f55707aa4]::panicking::default_hook
[INFO] [stdout]    5:     0x62e7f823a0f0 - test[9d35eded1c95d3be]::test_main_inner::<test[9d35eded1c95d3be]::test_main_static::{closure#0}>::{closure#0}
[INFO] [stdout]    6:     0x62e7f82a8662 - std[70759c8f55707aa4]::panicking::panic_with_hook
[INFO] [stdout]    7:     0x62e7f828c294 - std[70759c8f55707aa4]::panicking::panic_handler::{closure#0}
[INFO] [stdout]    8:     0x62e7f8284fe9 - std[70759c8f55707aa4]::sys::backtrace::__rust_end_short_backtrace::<std[70759c8f55707aa4]::panicking::panic_handler::{closure#0}, !>
[INFO] [stdout]    9:     0x62e7f828ce5d - __rustc[8fa7c3cbc660c2b3]::rust_begin_unwind
[INFO] [stdout]   10:     0x62e7f82c485c - core[df12db4294e9bfd3]::panicking::panic_fmt
[INFO] [stdout]   11:     0x62e7f82c4822 - core[df12db4294e9bfd3]::panicking::panic
[INFO] [stdout]   12:     0x62e7f82c45d9 - core[df12db4294e9bfd3]::option::unwrap_failed
[INFO] [stdout]   13:     0x62e7f822676e - lbzip2[2616d98cb444e035]::chunk::tests::chunk_liechtenstein
[INFO] [stdout]   14:     0x62e7f821e939 - <lbzip2[2616d98cb444e035]::chunk::tests::chunk_liechtenstein::{closure#0} as core[df12db4294e9bfd3]::ops::function::FnOnce<()>>::call_once
[INFO] [stdout]   15:     0x62e7f822d3db - test[9d35eded1c95d3be]::__rust_begin_short_backtrace::<core[df12db4294e9bfd3]::result::Result<(), alloc[2182bb758b4b3781]::string::String>, fn() -> core[df12db4294e9bfd3]::result::Result<(), alloc[2182bb758b4b3781]::string::String>>
[INFO] [stdout]   16:     0x62e7f823aa45 - test[9d35eded1c95d3be]::run_test::{closure#0}
[INFO] [stdout]   17:     0x62e7f8234304 - std[70759c8f55707aa4]::sys::backtrace::__rust_begin_short_backtrace::<test[9d35eded1c95d3be]::run_test::{closure#1}, ()>
[INFO] [stdout]   18:     0x62e7f823dba2 - <std[70759c8f55707aa4]::thread::lifecycle::spawn_unchecked<test[9d35eded1c95d3be]::run_test::{closure#1}, ()>::{closure#1} as core[df12db4294e9bfd3]::ops::function::FnOnce<()>>::call_once::{shim:vtable#0}
[INFO] [stdout]   19:     0x62e7f82af6c9 - <std[70759c8f55707aa4]::sys::thread::unix::Thread>::new::thread_start
[INFO] [stdout]   20:     0x7437780afdfa - <unknown>
[INFO] [stdout]   21:     0x7437781433d4 - clone
[INFO] [stdout]   22:                0x0 - <unknown>
[INFO] [stdout] 
[INFO] [stdout] ---- reader::tests::streaming_hello stdout ----
[INFO] [stdout] 
[INFO] [stdout] thread 'reader::tests::streaming_hello' (609) panicked at src/reader.rs:328:56:
[INFO] [stdout] called `Result::unwrap()` on an `Err` value: BlockError("bad bzip2 signature")
[INFO] [stdout] stack backtrace:
[INFO] [stdout]    0:     0x62e7f82afe01 - <<std[70759c8f55707aa4]::sys::backtrace::BacktraceLock>::print::DisplayBacktrace as core[df12db4294e9bfd3]::fmt::Display>::fmt
[INFO] [stdout]    1:     0x62e7f82c412a - core[df12db4294e9bfd3]::fmt::write
[INFO] [stdout]    2:     0x62e7f82b42ec - <alloc[2182bb758b4b3781]::vec::Vec<u8> as core[df12db4294e9bfd3]::io::write::Write>::write_fmt
[INFO] [stdout]    3:     0x62e7f828c1b6 - std[70759c8f55707aa4]::panicking::default_hook::{closure#0}
[INFO] [stdout]    4:     0x62e7f82a8339 - std[70759c8f55707aa4]::panicking::default_hook
[INFO] [stdout]    5:     0x62e7f823a0f0 - test[9d35eded1c95d3be]::test_main_inner::<test[9d35eded1c95d3be]::test_main_static::{closure#0}>::{closure#0}
[INFO] [stdout]    6:     0x62e7f82a8662 - std[70759c8f55707aa4]::panicking::panic_with_hook
[INFO] [stdout]    7:     0x62e7f828c262 - std[70759c8f55707aa4]::panicking::panic_handler::{closure#0}
[INFO] [stdout]    8:     0x62e7f8284fe9 - std[70759c8f55707aa4]::sys::backtrace::__rust_end_short_backtrace::<std[70759c8f55707aa4]::panicking::panic_handler::{closure#0}, !>
[INFO] [stdout]    9:     0x62e7f828ce5d - __rustc[8fa7c3cbc660c2b3]::rust_begin_unwind
[INFO] [stdout]   10:     0x62e7f82c485c - core[df12db4294e9bfd3]::panicking::panic_fmt
[INFO] [stdout]   11:     0x62e7f82c4632 - core[df12db4294e9bfd3]::result::unwrap_failed
[INFO] [stdout]   12:     0x62e7f822165e - lbzip2[2616d98cb444e035]::reader::tests::streaming_hello
[INFO] [stdout]   13:     0x62e7f821eb89 - <lbzip2[2616d98cb444e035]::reader::tests::streaming_hello::{closure#0} as core[df12db4294e9bfd3]::ops::function::FnOnce<()>>::call_once
[INFO] [stdout]   14:     0x62e7f822d3db - test[9d35eded1c95d3be]::__rust_begin_short_backtrace::<core[df12db4294e9bfd3]::result::Result<(), alloc[2182bb758b4b3781]::string::String>, fn() -> core[df12db4294e9bfd3]::result::Result<(), alloc[2182bb758b4b3781]::string::String>>
[INFO] [stdout]   15:     0x62e7f823aa45 - test[9d35eded1c95d3be]::run_test::{closure#0}
[INFO] [stdout]   16:     0x62e7f8234304 - std[70759c8f55707aa4]::sys::backtrace::__rust_begin_short_backtrace::<test[9d35eded1c95d3be]::run_test::{closure#1}, ()>
[INFO] [stdout]   17:     0x62e7f823dba2 - <std[70759c8f55707aa4]::thread::lifecycle::spawn_unchecked<test[9d35eded1c95d3be]::run_test::{closure#1}, ()>::{closure#1} as core[df12db4294e9bfd3]::ops::function::FnOnce<()>>::call_once::{shim:vtable#0}
[INFO] [stdout]   18:     0x62e7f82af6c9 - <std[70759c8f55707aa4]::sys::thread::unix::Thread>::new::thread_start
[INFO] [stdout]   19:     0x7437780afdfa - <unknown>
[INFO] [stdout]   20:     0x7437781433d4 - clone
[INFO] [stdout]   21:                0x0 - <unknown>
[INFO] [stdout] 
[INFO] [stdout] ---- parallel::tests::parallel_hello stdout ----
[INFO] [stdout] 
[INFO] [stdout] thread 'parallel::tests::parallel_hello' (604) panicked at src/parallel.rs:183:54:
[INFO] [stdout] called `Result::unwrap()` on an `Err` value: BlockError("bad bzip2 signature")
[INFO] [stdout] stack backtrace:
[INFO] [stdout]    0:     0x62e7f82afe01 - <<std[70759c8f55707aa4]::sys::backtrace::BacktraceLock>::print::DisplayBacktrace as core[df12db4294e9bfd3]::fmt::Display>::fmt
[INFO] [stdout]    1:     0x62e7f82c412a - core[df12db4294e9bfd3]::fmt::write
[INFO] [stdout]    2:     0x62e7f82b42ec - <alloc[2182bb758b4b3781]::vec::Vec<u8> as core[df12db4294e9bfd3]::io::write::Write>::write_fmt
[INFO] [stdout]    3:     0x62e7f828c1b6 - std[70759c8f55707aa4]::panicking::default_hook::{closure#0}
[INFO] [stdout]    4:     0x62e7f82a8339 - std[70759c8f55707aa4]::panicking::default_hook
[INFO] [stdout]    5:     0x62e7f823a0f0 - test[9d35eded1c95d3be]::test_main_inner::<test[9d35eded1c95d3be]::test_main_static::{closure#0}>::{closure#0}
[INFO] [stdout]    6:     0x62e7f82a8662 - std[70759c8f55707aa4]::panicking::panic_with_hook
[INFO] [stdout]    7:     0x62e7f828c262 - std[70759c8f55707aa4]::panicking::panic_handler::{closure#0}
[INFO] [stdout]    8:     0x62e7f8284fe9 - std[70759c8f55707aa4]::sys::backtrace::__rust_end_short_backtrace::<std[70759c8f55707aa4]::panicking::panic_handler::{closure#0}, !>
[INFO] [stdout]    9:     0x62e7f828ce5d - __rustc[8fa7c3cbc660c2b3]::rust_begin_unwind
[INFO] [stdout]   10:     0x62e7f82c485c - core[df12db4294e9bfd3]::panicking::panic_fmt
[INFO] [stdout]   11:     0x62e7f82c4632 - core[df12db4294e9bfd3]::result::unwrap_failed
[INFO] [stdout]   12:     0x62e7f821d3ad - lbzip2[2616d98cb444e035]::parallel::tests::parallel_hello
[INFO] [stdout]   13:     0x62e7f821ece9 - <lbzip2[2616d98cb444e035]::parallel::tests::parallel_hello::{closure#0} as core[df12db4294e9bfd3]::ops::function::FnOnce<()>>::call_once
[INFO] [stdout]   14:     0x62e7f822d3db - test[9d35eded1c95d3be]::__rust_begin_short_backtrace::<core[df12db4294e9bfd3]::result::Result<(), alloc[2182bb758b4b3781]::string::String>, fn() -> core[df12db4294e9bfd3]::result::Result<(), alloc[2182bb758b4b3781]::string::String>>
[INFO] [stdout]   15:     0x62e7f823aa45 - test[9d35eded1c95d3be]::run_test::{closure#0}
[INFO] [stdout]   16:     0x62e7f8234304 - std[70759c8f55707aa4]::sys::backtrace::__rust_begin_short_backtrace::<test[9d35eded1c95d3be]::run_test::{closure#1}, ()>
[INFO] [stdout]   17:     0x62e7f823dba2 - <std[70759c8f55707aa4]::thread::lifecycle::spawn_unchecked<test[9d35eded1c95d3be]::run_test::{closure#1}, ()>::{closure#1} as core[df12db4294e9bfd3]::ops::function::FnOnce<()>>::call_once::{shim:vtable#0}
[INFO] [stdout]   18:     0x62e7f82af6c9 - <std[70759c8f55707aa4]::sys::thread::unix::Thread>::new::thread_start
[INFO] [stdout]   19:     0x7437780afdfa - <unknown>
[INFO] [stdout]   20:     0x7437781433d4 - clone
[INFO] [stdout]   21:                0x0 - <unknown>
[INFO] [stdout] 
[INFO] [stdout] ---- reader::tests::streaming_liechtenstein stdout ----
[INFO] [stdout] 
[INFO] [stdout] thread 'reader::tests::streaming_liechtenstein' (612) panicked at src/reader.rs:338:56:
[INFO] [stdout] called `Result::unwrap()` on an `Err` value: BlockError("bad bzip2 signature")
[INFO] [stdout] stack backtrace:
[INFO] [stdout]    0:     0x62e7f82afe01 - <<std[70759c8f55707aa4]::sys::backtrace::BacktraceLock>::print::DisplayBacktrace as core[df12db4294e9bfd3]::fmt::Display>::fmt
[INFO] [stdout]    1:     0x62e7f82c412a - core[df12db4294e9bfd3]::fmt::write
[INFO] [stdout]    2:     0x62e7f82b42ec - <alloc[2182bb758b4b3781]::vec::Vec<u8> as core[df12db4294e9bfd3]::io::write::Write>::write_fmt
[INFO] [stdout]    3:     0x62e7f828c1b6 - std[70759c8f55707aa4]::panicking::default_hook::{closure#0}
[INFO] [stdout]    4:     0x62e7f82a8339 - std[70759c8f55707aa4]::panicking::default_hook
[INFO] [stdout]    5:     0x62e7f823a0f0 - test[9d35eded1c95d3be]::test_main_inner::<test[9d35eded1c95d3be]::test_main_static::{closure#0}>::{closure#0}
[INFO] [stdout]    6:     0x62e7f82a8662 - std[70759c8f55707aa4]::panicking::panic_with_hook
[INFO] [stdout]    7:     0x62e7f828c262 - std[70759c8f55707aa4]::panicking::panic_handler::{closure#0}
[INFO] [stdout]    8:     0x62e7f8284fe9 - std[70759c8f55707aa4]::sys::backtrace::__rust_end_short_backtrace::<std[70759c8f55707aa4]::panicking::panic_handler::{closure#0}, !>
[INFO] [stdout]    9:     0x62e7f828ce5d - __rustc[8fa7c3cbc660c2b3]::rust_begin_unwind
[INFO] [stdout]   10:     0x62e7f82c485c - core[df12db4294e9bfd3]::panicking::panic_fmt
[INFO] [stdout]   11:     0x62e7f82c4632 - core[df12db4294e9bfd3]::result::unwrap_failed
[INFO] [stdout]   12:     0x62e7f822198e - lbzip2[2616d98cb444e035]::reader::tests::streaming_liechtenstein
[INFO] [stdout]   13:     0x62e7f821ebe9 - <lbzip2[2616d98cb444e035]::reader::tests::streaming_liechtenstein::{closure#0} as core[df12db4294e9bfd3]::ops::function::FnOnce<()>>::call_once
[INFO] [stdout]   14:     0x62e7f822d3db - test[9d35eded1c95d3be]::__rust_begin_short_backtrace::<core[df12db4294e9bfd3]::result::Result<(), alloc[2182bb758b4b3781]::string::String>, fn() -> core[df12db4294e9bfd3]::result::Result<(), alloc[2182bb758b4b3781]::string::String>>
[INFO] [stdout]   15:     0x62e7f823aa45 - test[9d35eded1c95d3be]::run_test::{closure#0}
[INFO] [stdout]   16:     0x62e7f8234304 - std[70759c8f55707aa4]::sys::backtrace::__rust_begin_short_backtrace::<test[9d35eded1c95d3be]::run_test::{closure#1}, ()>
[INFO] [stdout]   17:     0x62e7f823dba2 - <std[70759c8f55707aa4]::thread::lifecycle::spawn_unchecked<test[9d35eded1c95d3be]::run_test::{closure#1}, ()>::{closure#1} as core[df12db4294e9bfd3]::ops::function::FnOnce<()>>::call_once::{shim:vtable#0}
[INFO] [stdout]   18:     0x62e7f82af6c9 - <std[70759c8f55707aa4]::sys::thread::unix::Thread>::new::thread_start
[INFO] [stdout]   19:     0x7437780afdfa - <unknown>
[INFO] [stdout]   20:     0x7437781433d4 - clone
[INFO] [stdout]   21:                0x0 - <unknown>
[INFO] [stdout] 
[INFO] [stdout] ---- reader::tests::mmap_liechtenstein stdout ----
[INFO] [stdout] 
[INFO] [stdout] thread 'reader::tests::mmap_liechtenstein' (608) panicked at src/reader.rs:379:59:
[INFO] [stdout] called `Result::unwrap()` on an `Err` value: BlockError("bad bzip2 signature")
[INFO] [stdout] stack backtrace:
[INFO] [stdout]    0:     0x62e7f82afe01 - <<std[70759c8f55707aa4]::sys::backtrace::BacktraceLock>::print::DisplayBacktrace as core[df12db4294e9bfd3]::fmt::Display>::fmt
[INFO] [stdout]    1:     0x62e7f82c412a - core[df12db4294e9bfd3]::fmt::write
[INFO] [stdout]    2:     0x62e7f82b42ec - <alloc[2182bb758b4b3781]::vec::Vec<u8> as core[df12db4294e9bfd3]::io::write::Write>::write_fmt
[INFO] [stdout]    3:     0x62e7f828c1b6 - std[70759c8f55707aa4]::panicking::default_hook::{closure#0}
[INFO] [stdout]    4:     0x62e7f82a8339 - std[70759c8f55707aa4]::panicking::default_hook
[INFO] [stdout]    5:     0x62e7f823a0f0 - test[9d35eded1c95d3be]::test_main_inner::<test[9d35eded1c95d3be]::test_main_static::{closure#0}>::{closure#0}
[INFO] [stdout]    6:     0x62e7f82a8662 - std[70759c8f55707aa4]::panicking::panic_with_hook
[INFO] [stdout]    7:     0x62e7f828c262 - std[70759c8f55707aa4]::panicking::panic_handler::{closure#0}
[INFO] [stdout]    8:     0x62e7f8284fe9 - std[70759c8f55707aa4]::sys::backtrace::__rust_end_short_backtrace::<std[70759c8f55707aa4]::panicking::panic_handler::{closure#0}, !>
[INFO] [stdout]    9:     0x62e7f828ce5d - __rustc[8fa7c3cbc660c2b3]::rust_begin_unwind
[INFO] [stdout]   10:     0x62e7f82c485c - core[df12db4294e9bfd3]::panicking::panic_fmt
[INFO] [stdout]   11:     0x62e7f82c4632 - core[df12db4294e9bfd3]::result::unwrap_failed
[INFO] [stdout]   12:     0x62e7f8221847 - lbzip2[2616d98cb444e035]::reader::tests::mmap_liechtenstein
[INFO] [stdout]   13:     0x62e7f821eba9 - <lbzip2[2616d98cb444e035]::reader::tests::mmap_liechtenstein::{closure#0} as core[df12db4294e9bfd3]::ops::function::FnOnce<()>>::call_once
[INFO] [stdout]   14:     0x62e7f822d3db - test[9d35eded1c95d3be]::__rust_begin_short_backtrace::<core[df12db4294e9bfd3]::result::Result<(), alloc[2182bb758b4b3781]::string::String>, fn() -> core[df12db4294e9bfd3]::result::Result<(), alloc[2182bb758b4b3781]::string::String>>
[INFO] [stdout]   15:     0x62e7f823aa45 - test[9d35eded1c95d3be]::run_test::{closure#0}
[INFO] [stdout]   16:     0x62e7f8234304 - std[70759c8f55707aa4]::sys::backtrace::__rust_begin_short_backtrace::<test[9d35eded1c95d3be]::run_test::{closure#1}, ()>
[INFO] [stdout]   17:     0x62e7f823dba2 - <std[70759c8f55707aa4]::thread::lifecycle::spawn_unchecked<test[9d35eded1c95d3be]::run_test::{closure#1}, ()>::{closure#1} as core[df12db4294e9bfd3]::ops::function::FnOnce<()>>::call_once::{shim:vtable#0}
[INFO] [stdout]   18:     0x62e7f82af6c9 - <std[70759c8f55707aa4]::sys::thread::unix::Thread>::new::thread_start
[INFO] [stdout]   19:     0x7437780afdfa - <unknown>
[INFO] [stdout]   20:     0x7437781433d4 - clone
[INFO] [stdout]   21:                0x0 - <unknown>
[INFO] [stdout] 
[INFO] [stdout] ---- reader::tests::streaming_incremental stdout ----
[INFO] [stdout] 
[INFO] [stdout] thread 'reader::tests::streaming_incremental' (610) panicked at src/reader.rs:351:56:
[INFO] [stdout] called `Result::unwrap()` on an `Err` value: BlockError("bad bzip2 signature")
[INFO] [stdout] stack backtrace:
[INFO] [stdout]    0:     0x62e7f82afe01 - <<std[70759c8f55707aa4]::sys::backtrace::BacktraceLock>::print::DisplayBacktrace as core[df12db4294e9bfd3]::fmt::Display>::fmt
[INFO] [stdout]    1:     0x62e7f82c412a - core[df12db4294e9bfd3]::fmt::write
[INFO] [stdout]    2:     0x62e7f82b42ec - <alloc[2182bb758b4b3781]::vec::Vec<u8> as core[df12db4294e9bfd3]::io::write::Write>::write_fmt
[INFO] [stdout]    3:     0x62e7f828c1b6 - std[70759c8f55707aa4]::panicking::default_hook::{closure#0}
[INFO] [stdout]    4:     0x62e7f82a8339 - std[70759c8f55707aa4]::panicking::default_hook
[INFO] [stdout]    5:     0x62e7f823a0f0 - test[9d35eded1c95d3be]::test_main_inner::<test[9d35eded1c95d3be]::test_main_static::{closure#0}>::{closure#0}
[INFO] [stdout]    6:     0x62e7f82a8662 - std[70759c8f55707aa4]::panicking::panic_with_hook
[INFO] [stdout]    7:     0x62e7f828c262 - std[70759c8f55707aa4]::panicking::panic_handler::{closure#0}
[INFO] [stdout]    8:     0x62e7f8284fe9 - std[70759c8f55707aa4]::sys::backtrace::__rust_end_short_backtrace::<std[70759c8f55707aa4]::panicking::panic_handler::{closure#0}, !>
[INFO] [stdout]    9:     0x62e7f828ce5d - __rustc[8fa7c3cbc660c2b3]::rust_begin_unwind
[INFO] [stdout]   10:     0x62e7f82c485c - core[df12db4294e9bfd3]::panicking::panic_fmt
[INFO] [stdout]   11:     0x62e7f82c4632 - core[df12db4294e9bfd3]::result::unwrap_failed
[INFO] [stdout]   12:     0x62e7f822194e - lbzip2[2616d98cb444e035]::reader::tests::streaming_incremental
[INFO] [stdout]   13:     0x62e7f821ebc9 - <lbzip2[2616d98cb444e035]::reader::tests::streaming_incremental::{closure#0} as core[df12db4294e9bfd3]::ops::function::FnOnce<()>>::call_once
[INFO] [stdout]   14:     0x62e7f822d3db - test[9d35eded1c95d3be]::__rust_begin_short_backtrace::<core[df12db4294e9bfd3]::result::Result<(), alloc[2182bb758b4b3781]::string::String>, fn() -> core[df12db4294e9bfd3]::result::Result<(), alloc[2182bb758b4b3781]::string::String>>
[INFO] [stdout]   15:     0x62e7f823aa45 - test[9d35eded1c95d3be]::run_test::{closure#0}
[INFO] [stdout]   16:     0x62e7f8234304 - std[70759c8f55707aa4]::sys::backtrace::__rust_begin_short_backtrace::<test[9d35eded1c95d3be]::run_test::{closure#1}, ()>
[INFO] [stdout]   17:     0x62e7f823dba2 - <std[70759c8f55707aa4]::thread::lifecycle::spawn_unchecked<test[9d35eded1c95d3be]::run_test::{closure#1}, ()>::{closure#1} as core[df12db4294e9bfd3]::ops::function::FnOnce<()>>::call_once::{shim:vtable#0}
[INFO] [stdout]   18:     0x62e7f82af6c9 - <std[70759c8f55707aa4]::sys::thread::unix::Thread>::new::thread_start
[INFO] [stdout]   19:     0x7437780afdfa - <unknown>
[INFO] [stdout]   20:     0x7437781433d4 - clone
[INFO] [stdout]   21:                0x0 - <unknown>
[INFO] [stdout] 
[INFO] [stdout] ---- parallel::tests::parallel_matches_sequential stdout ----
[INFO] [stdout] 
[INFO] [stdout] thread 'parallel::tests::parallel_matches_sequential' (606) panicked at src/parallel.rs:200:51:
[INFO] [stdout] called `Result::unwrap()` on an `Err` value: BlockError("bad bzip2 signature")
[INFO] [stdout] stack backtrace:
[INFO] [stdout]    0:     0x62e7f82afe01 - <<std[70759c8f55707aa4]::sys::backtrace::BacktraceLock>::print::DisplayBacktrace as core[df12db4294e9bfd3]::fmt::Display>::fmt
[INFO] [stdout]    1:     0x62e7f82c412a - core[df12db4294e9bfd3]::fmt::write
[INFO] [stdout]    2:     0x62e7f82b42ec - <alloc[2182bb758b4b3781]::vec::Vec<u8> as core[df12db4294e9bfd3]::io::write::Write>::write_fmt
[INFO] [stdout]    3:     0x62e7f828c1b6 - std[70759c8f55707aa4]::panicking::default_hook::{closure#0}
[INFO] [stdout]    4:     0x62e7f82a8339 - std[70759c8f55707aa4]::panicking::default_hook
[INFO] [stdout]    5:     0x62e7f823a0f0 - test[9d35eded1c95d3be]::test_main_inner::<test[9d35eded1c95d3be]::test_main_static::{closure#0}>::{closure#0}
[INFO] [stdout]    6:     0x62e7f82a8662 - std[70759c8f55707aa4]::panicking::panic_with_hook
[INFO] [stdout]    7:     0x62e7f828c262 - std[70759c8f55707aa4]::panicking::panic_handler::{closure#0}
[INFO] [stdout]    8:     0x62e7f8284fe9 - std[70759c8f55707aa4]::sys::backtrace::__rust_end_short_backtrace::<std[70759c8f55707aa4]::panicking::panic_handler::{closure#0}, !>
[INFO] [stdout]    9:     0x62e7f828ce5d - __rustc[8fa7c3cbc660c2b3]::rust_begin_unwind
[INFO] [stdout]   10:     0x62e7f82c485c - core[df12db4294e9bfd3]::panicking::panic_fmt
[INFO] [stdout]   11:     0x62e7f82c4632 - core[df12db4294e9bfd3]::result::unwrap_failed
[INFO] [stdout]   12:     0x62e7f821d6d8 - lbzip2[2616d98cb444e035]::parallel::tests::parallel_matches_sequential
[INFO] [stdout]   13:     0x62e7f821ed29 - <lbzip2[2616d98cb444e035]::parallel::tests::parallel_matches_sequential::{closure#0} as core[df12db4294e9bfd3]::ops::function::FnOnce<()>>::call_once
[INFO] [stdout]   14:     0x62e7f822d3db - test[9d35eded1c95d3be]::__rust_begin_short_backtrace::<core[df12db4294e9bfd3]::result::Result<(), alloc[2182bb758b4b3781]::string::String>, fn() -> core[df12db4294e9bfd3]::result::Result<(), alloc[2182bb758b4b3781]::string::String>>
[INFO] [stdout]   15:     0x62e7f823aa45 - test[9d35eded1c95d3be]::run_test::{closure#0}
[INFO] [stdout]   16:     0x62e7f8234304 - std[70759c8f55707aa4]::sys::backtrace::__rust_begin_short_backtrace::<test[9d35eded1c95d3be]::run_test::{closure#1}, ()>
[INFO] [stdout]   17:     0x62e7f823dba2 - <std[70759c8f55707aa4]::thread::lifecycle::spawn_unchecked<test[9d35eded1c95d3be]::run_test::{closure#1}, ()>::{closure#1} as core[df12db4294e9bfd3]::ops::function::FnOnce<()>>::call_once::{shim:vtable#0}
[INFO] [stdout]   18:     0x62e7f82af6c9 - <std[70759c8f55707aa4]::sys::thread::unix::Thread>::new::thread_start
[INFO] [stdout]   19:     0x7437780afdfa - <unknown>
[INFO] [stdout]   20:     0x7437781433d4 - clone
[INFO] [stdout]   21:                0x0 - <unknown>
[INFO] [stdout] 
[INFO] [stdout] ---- reader::tests::mmap_hello stdout ----
[INFO] [stdout] 
[INFO] [stdout] thread 'reader::tests::mmap_hello' (607) panicked at src/reader.rs:370:59:
[INFO] [stdout] called `Result::unwrap()` on an `Err` value: BlockError("bad bzip2 signature")
[INFO] [stdout] stack backtrace:
[INFO] [stdout]    0:     0x62e7f82afe01 - <<std[70759c8f55707aa4]::sys::backtrace::BacktraceLock>::print::DisplayBacktrace as core[df12db4294e9bfd3]::fmt::Display>::fmt
[INFO] [stdout]    1:     0x62e7f82c412a - core[df12db4294e9bfd3]::fmt::write
[INFO] [stdout]    2:     0x62e7f82b42ec - <alloc[2182bb758b4b3781]::vec::Vec<u8> as core[df12db4294e9bfd3]::io::write::Write>::write_fmt
[INFO] [stdout]    3:     0x62e7f828c1b6 - std[70759c8f55707aa4]::panicking::default_hook::{closure#0}
[INFO] [stdout]    4:     0x62e7f82a8339 - std[70759c8f55707aa4]::panicking::default_hook
[INFO] [stdout]    5:     0x62e7f823a0f0 - test[9d35eded1c95d3be]::test_main_inner::<test[9d35eded1c95d3be]::test_main_static::{closure#0}>::{closure#0}
[INFO] [stdout]    6:     0x62e7f82a8662 - std[70759c8f55707aa4]::panicking::panic_with_hook
[INFO] [stdout]    7:     0x62e7f828c262 - std[70759c8f55707aa4]::panicking::panic_handler::{closure#0}
[INFO] [stdout]    8:     0x62e7f8284fe9 - std[70759c8f55707aa4]::sys::backtrace::__rust_end_short_backtrace::<std[70759c8f55707aa4]::panicking::panic_handler::{closure#0}, !>
[INFO] [stdout]    9:     0x62e7f828ce5d - __rustc[8fa7c3cbc660c2b3]::rust_begin_unwind
[INFO] [stdout]   10:     0x62e7f82c485c - core[df12db4294e9bfd3]::panicking::panic_fmt
[INFO] [stdout]   11:     0x62e7f82c4632 - core[df12db4294e9bfd3]::result::unwrap_failed
[INFO] [stdout]   12:     0x62e7f82215b0 - lbzip2[2616d98cb444e035]::reader::tests::mmap_hello
[INFO] [stdout]   13:     0x62e7f821eb69 - <lbzip2[2616d98cb444e035]::reader::tests::mmap_hello::{closure#0} as core[df12db4294e9bfd3]::ops::function::FnOnce<()>>::call_once
[INFO] [stdout]   14:     0x62e7f822d3db - test[9d35eded1c95d3be]::__rust_begin_short_backtrace::<core[df12db4294e9bfd3]::result::Result<(), alloc[2182bb758b4b3781]::string::String>, fn() -> core[df12db4294e9bfd3]::result::Result<(), alloc[2182bb758b4b3781]::string::String>>
[INFO] [stdout]   15:     0x62e7f823aa45 - test[9d35eded1c95d3be]::run_test::{closure#0}
[INFO] [stdout]   16:     0x62e7f8234304 - std[70759c8f55707aa4]::sys::backtrace::__rust_begin_short_backtrace::<test[9d35eded1c95d3be]::run_test::{closure#1}, ()>
[INFO] [stdout]   17:     0x62e7f823dba2 - <std[70759c8f55707aa4]::thread::lifecycle::spawn_unchecked<test[9d35eded1c95d3be]::run_test::{closure#1}, ()>::{closure#1} as core[df12db4294e9bfd3]::ops::function::FnOnce<()>>::call_once::{shim:vtable#0}
[INFO] [stdout]   18:     0x62e7f82af6c9 - <std[70759c8f55707aa4]::sys::thread::unix::Thread>::new::thread_start
[INFO] [stdout]   19:     0x7437780afdfa - <unknown>
[INFO] [stdout]   20:     0x7437781433d4 - clone
[INFO] [stdout]   21:                0x0 - <unknown>
[INFO] [stdout] 
[INFO] [stdout] ---- stream::tests::decompress_hello stdout ----
[INFO] [stdout] 
[INFO] [stdout] thread 'stream::tests::decompress_hello' (631) panicked at src/stream.rs:160:45:
[INFO] [stdout] called `Result::unwrap()` on an `Err` value: BlockError("bad bzip2 signature")
[INFO] [stdout] stack backtrace:
[INFO] [stdout]    0:     0x62e7f82afe01 - <<std[70759c8f55707aa4]::sys::backtrace::BacktraceLock>::print::DisplayBacktrace as core[df12db4294e9bfd3]::fmt::Display>::fmt
[INFO] [stdout]    1:     0x62e7f82c412a - core[df12db4294e9bfd3]::fmt::write
[INFO] [stdout]    2:     0x62e7f82b42ec - <alloc[2182bb758b4b3781]::vec::Vec<u8> as core[df12db4294e9bfd3]::io::write::Write>::write_fmt
[INFO] [stdout]    3:     0x62e7f828c1b6 - std[70759c8f55707aa4]::panicking::default_hook::{closure#0}
[INFO] [stdout]    4:     0x62e7f82a8339 - std[70759c8f55707aa4]::panicking::default_hook
[INFO] [stdout]    5:     0x62e7f823a0f0 - test[9d35eded1c95d3be]::test_main_inner::<test[9d35eded1c95d3be]::test_main_static::{closure#0}>::{closure#0}
[INFO] [stdout]    6:     0x62e7f82a8662 - std[70759c8f55707aa4]::panicking::panic_with_hook
[INFO] [stdout]    7:     0x62e7f828c262 - std[70759c8f55707aa4]::panicking::panic_handler::{closure#0}
[INFO] [stdout]    8:     0x62e7f8284fe9 - std[70759c8f55707aa4]::sys::backtrace::__rust_end_short_backtrace::<std[70759c8f55707aa4]::panicking::panic_handler::{closure#0}, !>
[INFO] [stdout]    9:     0x62e7f828ce5d - __rustc[8fa7c3cbc660c2b3]::rust_begin_unwind
[INFO] [stdout]   10:     0x62e7f82c485c - core[df12db4294e9bfd3]::panicking::panic_fmt
[INFO] [stdout]   11:     0x62e7f82c4632 - core[df12db4294e9bfd3]::result::unwrap_failed
[INFO] [stdout]   12:     0x62e7f821f212 - lbzip2[2616d98cb444e035]::stream::tests::decompress_hello
[INFO] [stdout]   13:     0x62e7f821ec09 - <lbzip2[2616d98cb444e035]::stream::tests::decompress_hello::{closure#0} as core[df12db4294e9bfd3]::ops::function::FnOnce<()>>::call_once
[INFO] [stdout]   14:     0x62e7f822d3db - test[9d35eded1c95d3be]::__rust_begin_short_backtrace::<core[df12db4294e9bfd3]::result::Result<(), alloc[2182bb758b4b3781]::string::String>, fn() -> core[df12db4294e9bfd3]::result::Result<(), alloc[2182bb758b4b3781]::string::String>>
[INFO] [stdout]   15:     0x62e7f823aa45 - test[9d35eded1c95d3be]::run_test::{closure#0}
[INFO] [stdout]   16:     0x62e7f8234304 - std[70759c8f55707aa4]::sys::backtrace::__rust_begin_short_backtrace::<test[9d35eded1c95d3be]::run_test::{closure#1}, ()>
[INFO] [stdout]   17:     0x62e7f823dba2 - <std[70759c8f55707aa4]::thread::lifecycle::spawn_unchecked<test[9d35eded1c95d3be]::run_test::{closure#1}, ()>::{closure#1} as core[df12db4294e9bfd3]::ops::function::FnOnce<()>>::call_once::{shim:vtable#0}
[INFO] [stdout]   18:     0x62e7f82af6c9 - <std[70759c8f55707aa4]::sys::thread::unix::Thread>::new::thread_start
[INFO] [stdout]   19:     0x7437780afdfa - <unknown>
[INFO] [stdout]   20:     0x7437781433d4 - clone
[INFO] [stdout]   21:                0x0 - <unknown>
[INFO] [stdout] 
[INFO] [stdout] ---- parallel::tests::parallel_liechtenstein stdout ----
[INFO] [stdout] 
[INFO] [stdout] thread 'parallel::tests::parallel_liechtenstein' (605) panicked at src/parallel.rs:190:54:
[INFO] [stdout] called `Result::unwrap()` on an `Err` value: BlockError("bad bzip2 signature")
[INFO] [stdout] stack backtrace:
[INFO] [stdout]    0:     0x62e7f82afe01 - <<std[70759c8f55707aa4]::sys::backtrace::BacktraceLock>::print::DisplayBacktrace as core[df12db4294e9bfd3]::fmt::Display>::fmt
[INFO] [stdout]    1:     0x62e7f82c412a - core[df12db4294e9bfd3]::fmt::write
[INFO] [stdout]    2:     0x62e7f82b42ec - <alloc[2182bb758b4b3781]::vec::Vec<u8> as core[df12db4294e9bfd3]::io::write::Write>::write_fmt
[INFO] [stdout]    3:     0x62e7f828c1b6 - std[70759c8f55707aa4]::panicking::default_hook::{closure#0}
[INFO] [stdout]    4:     0x62e7f82a8339 - std[70759c8f55707aa4]::panicking::default_hook
[INFO] [stdout]    5:     0x62e7f823a0f0 - test[9d35eded1c95d3be]::test_main_inner::<test[9d35eded1c95d3be]::test_main_static::{closure#0}>::{closure#0}
[INFO] [stdout]    6:     0x62e7f82a8662 - std[70759c8f55707aa4]::panicking::panic_with_hook
[INFO] [stdout]    7:     0x62e7f828c262 - std[70759c8f55707aa4]::panicking::panic_handler::{closure#0}
[INFO] [stdout]    8:     0x62e7f8284fe9 - std[70759c8f55707aa4]::sys::backtrace::__rust_end_short_backtrace::<std[70759c8f55707aa4]::panicking::panic_handler::{closure#0}, !>
[INFO] [stdout]    9:     0x62e7f828ce5d - __rustc[8fa7c3cbc660c2b3]::rust_begin_unwind
[INFO] [stdout]   10:     0x62e7f82c485c - core[df12db4294e9bfd3]::panicking::panic_fmt
[INFO] [stdout]   11:     0x62e7f82c4632 - core[df12db4294e9bfd3]::result::unwrap_failed
[INFO] [stdout]   12:     0x62e7f821d4f5 - lbzip2[2616d98cb444e035]::parallel::tests::parallel_liechtenstein
[INFO] [stdout]   13:     0x62e7f821ed09 - <lbzip2[2616d98cb444e035]::parallel::tests::parallel_liechtenstein::{closure#0} as core[df12db4294e9bfd3]::ops::function::FnOnce<()>>::call_once
[INFO] [stdout]   14:     0x62e7f822d3db - test[9d35eded1c95d3be]::__rust_begin_short_backtrace::<core[df12db4294e9bfd3]::result::Result<(), alloc[2182bb758b4b3781]::string::String>, fn() -> core[df12db4294e9bfd3]::result::Result<(), alloc[2182bb758b4b3781]::string::String>>
[INFO] [stdout]   15:     0x62e7f823aa45 - test[9d35eded1c95d3be]::run_test::{closure#0}
[INFO] [stdout]   16:     0x62e7f8234304 - std[70759c8f55707aa4]::sys::backtrace::__rust_begin_short_backtrace::<test[9d35eded1c95d3be]::run_test::{closure#1}, ()>
[INFO] [stdout]   17:     0x62e7f823dba2 - <std[70759c8f55707aa4]::thread::lifecycle::spawn_unchecked<test[9d35eded1c95d3be]::run_test::{closure#1}, ()>::{closure#1} as core[df12db4294e9bfd3]::ops::function::FnOnce<()>>::call_once::{shim:vtable#0}
[INFO] [stdout]   18:     0x62e7f82af6c9 - <std[70759c8f55707aa4]::sys::thread::unix::Thread>::new::thread_start
[INFO] [stdout]   19:     0x7437780afdfa - <unknown>
[INFO] [stdout]   20:     0x7437781433d4 - clone
[INFO] [stdout]   21:                0x0 - <unknown>
[INFO] [stdout] 
[INFO] [stdout] ---- stream::tests::decompress_liechtenstein stdout ----
[INFO] [stdout] 
[INFO] [stdout] thread 'stream::tests::decompress_liechtenstein' (632) panicked at src/stream.rs:210:45:
[INFO] [stdout] called `Result::unwrap()` on an `Err` value: BlockError("bad bzip2 signature")
[INFO] [stdout] stack backtrace:
[INFO] [stdout]    0:     0x62e7f82afe01 - <<std[70759c8f55707aa4]::sys::backtrace::BacktraceLock>::print::DisplayBacktrace as core[df12db4294e9bfd3]::fmt::Display>::fmt
[INFO] [stdout]    1:     0x62e7f82c412a - core[df12db4294e9bfd3]::fmt::write
[INFO] [stdout]    2:     0x62e7f82b42ec - <alloc[2182bb758b4b3781]::vec::Vec<u8> as core[df12db4294e9bfd3]::io::write::Write>::write_fmt
[INFO] [stdout]    3:     0x62e7f828c1b6 - std[70759c8f55707aa4]::panicking::default_hook::{closure#0}
[INFO] [stdout]    4:     0x62e7f82a8339 - std[70759c8f55707aa4]::panicking::default_hook
[INFO] [stdout]    5:     0x62e7f823a0f0 - test[9d35eded1c95d3be]::test_main_inner::<test[9d35eded1c95d3be]::test_main_static::{closure#0}>::{closure#0}
[INFO] [stdout]    6:     0x62e7f82a8662 - std[70759c8f55707aa4]::panicking::panic_with_hook
[INFO] [stdout]    7:     0x62e7f828c262 - std[70759c8f55707aa4]::panicking::panic_handler::{closure#0}
[INFO] [stdout]    8:     0x62e7f8284fe9 - std[70759c8f55707aa4]::sys::backtrace::__rust_end_short_backtrace::<std[70759c8f55707aa4]::panicking::panic_handler::{closure#0}, !>
[INFO] [stdout]    9:     0x62e7f828ce5d - __rustc[8fa7c3cbc660c2b3]::rust_begin_unwind
[INFO] [stdout]   10:     0x62e7f82c485c - core[df12db4294e9bfd3]::panicking::panic_fmt
[INFO] [stdout]   11:     0x62e7f82c4632 - core[df12db4294e9bfd3]::result::unwrap_failed
[INFO] [stdout]   12:     0x62e7f821f6d4 - lbzip2[2616d98cb444e035]::stream::tests::decompress_liechtenstein
[INFO] [stdout]   13:     0x62e7f821ec29 - <lbzip2[2616d98cb444e035]::stream::tests::decompress_liechtenstein::{closure#0} as core[df12db4294e9bfd3]::ops::function::FnOnce<()>>::call_once
[INFO] [stdout]   14:     0x62e7f822d3db - test[9d35eded1c95d3be]::__rust_begin_short_backtrace::<core[df12db4294e9bfd3]::result::Result<(), alloc[2182bb758b4b3781]::string::String>, fn() -> core[df12db4294e9bfd3]::result::Result<(), alloc[2182bb758b4b3781]::string::String>>
[INFO] [stdout]   15:     0x62e7f823aa45 - test[9d35eded1c95d3be]::run_test::{closure#0}
[INFO] [stdout]   16:     0x62e7f8234304 - std[70759c8f55707aa4]::sys::backtrace::__rust_begin_short_backtrace::<test[9d35eded1c95d3be]::run_test::{closure#1}, ()>
[INFO] [stdout]   17:     0x62e7f823dba2 - <std[70759c8f55707aa4]::thread::lifecycle::spawn_unchecked<test[9d35eded1c95d3be]::run_test::{closure#1}, ()>::{closure#1} as core[df12db4294e9bfd3]::ops::function::FnOnce<()>>::call_once::{shim:vtable#0}
[INFO] [stdout]   18:     0x62e7f82af6c9 - <std[70759c8f55707aa4]::sys::thread::unix::Thread>::new::thread_start
[INFO] [stdout]   19:     0x7437780afdfa - <unknown>
[INFO] [stdout]   20:     0x7437781433d4 - clone
[INFO] [stdout]   21:                0x0 - <unknown>
[INFO] [stdout] 
[INFO] [stdout] 
[INFO] [stdout] failures:
[INFO] [stdout]     block::tests::decode_known_block
[INFO] [stdout]     chunk::tests::chunk_hello
[INFO] [stdout]     chunk::tests::chunk_liechtenstein
[INFO] [stdout]     chunk::tests::chunk_split_simulation
[INFO] [stdout]     chunk::tests::interleaved_matches_serial
[INFO] [stdout]     parallel::tests::parallel_hello
[INFO] [stdout]     parallel::tests::parallel_liechtenstein
[INFO] [stdout]     parallel::tests::parallel_matches_sequential
[INFO] [stdout]     reader::tests::mmap_hello
[INFO] [stdout]     reader::tests::mmap_liechtenstein
[INFO] [stdout]     reader::tests::streaming_hello
[INFO] [stdout]     reader::tests::streaming_incremental
[INFO] [stdout]     reader::tests::streaming_liechtenstein
[INFO] [stdout]     stream::tests::decompress_hello
[INFO] [stdout]     stream::tests::decompress_liechtenstein
[INFO] [stdout] 
[INFO] [stdout] test result: FAILED. 23 passed; 15 failed; 0 ignored; 0 measured; 0 filtered out; finished in 0.39s
[INFO] [stdout] 
[INFO] running `Command { std: "docker" "inspect" "634911c78ec02ce019b6a4fdc4d3969b1c6dbf019015ff10dd049010dd0849ed", kill_on_drop: false }`
[INFO] running `Command { std: "docker" "rm" "-f" "634911c78ec02ce019b6a4fdc4d3969b1c6dbf019015ff10dd049010dd0849ed", kill_on_drop: false }`
[INFO] [stdout] 634911c78ec02ce019b6a4fdc4d3969b1c6dbf019015ff10dd049010dd0849ed
