[INFO] fetching crate lazypoline-macros 0.2.0...
[INFO] testing lazypoline-macros-0.2.0 against 1.99.0-beta.8+cargoflags=--release for beta-release-1.100-2
[INFO] extracting crate lazypoline-macros 0.2.0 into /workspace/builds/worker-2-tc1/source
[INFO] started tweaking crates.io crate lazypoline-macros 0.2.0
[INFO] finished tweaking crates.io crate lazypoline-macros 0.2.0
[INFO] tweaked toml for crates.io crate lazypoline-macros 0.2.0 written to /workspace/builds/worker-2-tc1/source/Cargo.toml
[INFO] validating manifest of crates.io crate lazypoline-macros 0.2.0 on toolchain 1.99.0-beta.8
[INFO] running `Command { std: CARGO_HOME="/workspace/cargo-home" RUSTUP_HOME="/workspace/rustup-home" "/workspace/cargo-home/bin/cargo" "+1.99.0-beta.8" "metadata" "--manifest-path" "Cargo.toml" "--no-deps", kill_on_drop: false }`
[INFO] crate crates.io crate lazypoline-macros 0.2.0 already has a lockfile, it will not be regenerated
[INFO] running `Command { std: CARGO_HOME="/workspace/cargo-home" RUSTUP_HOME="/workspace/rustup-home" "/workspace/cargo-home/bin/cargo" "+1.99.0-beta.8" "fetch" "--manifest-path" "Cargo.toml", kill_on_drop: false }`
[INFO] running `Command { std: "docker" "create" "-v" "/var/lib/crater-agent-workspace/builds/worker-2-tc1/source:/opt/rustwide/workdir:ro,Z" "-v" "/var/lib/crater-agent-workspace/builds/worker-2-tc1/target:/opt/rustwide/target:rw,Z" "-v" "/var/lib/crater-agent-workspace/cargo-home:/opt/rustwide/cargo-home:ro,Z" "-v" "/var/lib/crater-agent-workspace/rustup-home:/opt/rustwide/rustup-home:ro,Z" "-m" "1610612736" "--network" "none" "ghcr.io/rust-lang/crates-build-env/linux@sha256:77db811e55d90add9212f6832c23229e3de5f1c1f9905e8cb07319ea15df73ac" "sleep" "infinity", kill_on_drop: false }`
[INFO] [stdout] 43f212a1308eb90be1f761d1e2ed8728be3626a6721aedbb3bcde771f9f7c0bb
[INFO] running `Command { std: "docker" "start" "43f212a1308eb90be1f761d1e2ed8728be3626a6721aedbb3bcde771f9f7c0bb", kill_on_drop: false }`
[INFO] running `Command { std: "docker" "inspect" "43f212a1308eb90be1f761d1e2ed8728be3626a6721aedbb3bcde771f9f7c0bb", kill_on_drop: false }`
[INFO] running `Command { std: "docker" "exec" "-e" "SOURCE_DIR=/opt/rustwide/workdir" "-e" "CARGO_HOME=/opt/rustwide/cargo-home" "-e" "RUSTUP_HOME=/opt/rustwide/rustup-home" "-e" "CARGO_TARGET_DIR=/opt/rustwide/target" "-w" "/opt/rustwide/workdir" "--user" "0:0" "43f212a1308eb90be1f761d1e2ed8728be3626a6721aedbb3bcde771f9f7c0bb" "/opt/rustwide/cargo-home/bin/cargo" "+1.99.0-beta.8" "metadata" "--no-deps" "--format-version=1", kill_on_drop: false }`
[INFO] running `Command { std: "docker" "inspect" "43f212a1308eb90be1f761d1e2ed8728be3626a6721aedbb3bcde771f9f7c0bb", kill_on_drop: false }`
[INFO] running `Command { std: "docker" "exec" "-e" "SOURCE_DIR=/opt/rustwide/workdir" "-e" "CARGO_HOME=/opt/rustwide/cargo-home" "-e" "RUSTUP_HOME=/opt/rustwide/rustup-home" "-e" "CARGO_TARGET_DIR=/opt/rustwide/target" "-e" "CARGO_INCREMENTAL=0" "-e" "RUST_BACKTRACE=full" "-e" "RUSTFLAGS=--cap-lints=warn" "-e" "RUSTDOCFLAGS=--cap-lints=warn" "-w" "/opt/rustwide/workdir" "--user" "0:0" "43f212a1308eb90be1f761d1e2ed8728be3626a6721aedbb3bcde771f9f7c0bb" "/opt/rustwide/cargo-home/bin/cargo" "+1.99.0-beta.8" "build" "--frozen" "--message-format=json" "--release", kill_on_drop: false }`
[INFO] [stderr]    Compiling syn v2.0.100
[INFO] [stderr]    Compiling lazypoline-macros v0.2.0 (/opt/rustwide/workdir)
[INFO] [stderr]     Finished `release` profile [optimized] target(s) in 7.85s
[INFO] running `Command { std: "docker" "inspect" "43f212a1308eb90be1f761d1e2ed8728be3626a6721aedbb3bcde771f9f7c0bb", kill_on_drop: false }`
[INFO] running `Command { std: "docker" "exec" "-e" "SOURCE_DIR=/opt/rustwide/workdir" "-e" "CARGO_HOME=/opt/rustwide/cargo-home" "-e" "RUSTUP_HOME=/opt/rustwide/rustup-home" "-e" "CARGO_TARGET_DIR=/opt/rustwide/target" "-e" "CARGO_INCREMENTAL=0" "-e" "RUST_BACKTRACE=full" "-e" "RUSTFLAGS=--cap-lints=warn" "-e" "RUSTDOCFLAGS=--cap-lints=warn" "-w" "/opt/rustwide/workdir" "--user" "0:0" "43f212a1308eb90be1f761d1e2ed8728be3626a6721aedbb3bcde771f9f7c0bb" "/opt/rustwide/cargo-home/bin/cargo" "+1.99.0-beta.8" "test" "--frozen" "--no-run" "--message-format=json" "--release", kill_on_drop: false }`
[INFO] [stderr]    Compiling lazypoline-macros v0.2.0 (/opt/rustwide/workdir)
[INFO] [stderr]     Finished `release` profile [optimized] target(s) in 0.63s
[INFO] running `Command { std: "docker" "inspect" "43f212a1308eb90be1f761d1e2ed8728be3626a6721aedbb3bcde771f9f7c0bb", kill_on_drop: false }`
[INFO] running `Command { std: "docker" "exec" "-e" "SOURCE_DIR=/opt/rustwide/workdir" "-e" "CARGO_HOME=/opt/rustwide/cargo-home" "-e" "RUSTUP_HOME=/opt/rustwide/rustup-home" "-e" "CARGO_TARGET_DIR=/opt/rustwide/target" "-e" "CARGO_INCREMENTAL=0" "-e" "RUST_BACKTRACE=full" "-e" "RUSTFLAGS=--cap-lints=warn" "-e" "RUSTDOCFLAGS=--cap-lints=warn" "-w" "/opt/rustwide/workdir" "--user" "0:0" "43f212a1308eb90be1f761d1e2ed8728be3626a6721aedbb3bcde771f9f7c0bb" "/opt/rustwide/cargo-home/bin/cargo" "+1.99.0-beta.8" "test" "--frozen" "--release", kill_on_drop: false }`
[INFO] [stderr]     Finished `release` profile [optimized] target(s) in 0.03s
[INFO] [stderr]      Running unittests src/lib.rs (/opt/rustwide/target/release/deps/lazypoline_macros-fbd00dd181370176)
[INFO] [stdout] 
[INFO] [stdout] running 0 tests
[INFO] [stdout] 
[INFO] [stdout] test result: ok. 0 passed; 0 failed; 0 ignored; 0 measured; 0 filtered out; finished in 0.00s
[INFO] [stdout] 
[INFO] [stderr]    Doc-tests lazypoline_macros
[INFO] [stdout] 
[INFO] [stdout] running 1 test
[INFO] [stdout] test src/lib.rs - syscall_handler (line 37) ... FAILED
[INFO] [stdout] 
[INFO] [stdout] failures:
[INFO] [stdout] 
[INFO] [stdout] ---- src/lib.rs - syscall_handler (line 37) stdout ----
[INFO] [stdout] error[E0432]: unresolved import `lazypoline`
[INFO] [stdout]   --> src/lib.rs:38:5
[INFO] [stdout]    |
[INFO] [stdout] 38 | use lazypoline::{SyscallContext, SyscallAction};
[INFO] [stdout]    |     ^^^^^^^^^^ use of unresolved module or unlinked crate `lazypoline`
[INFO] [stdout]    |
[INFO] [stdout]    = help: if you wanted to use a crate named `lazypoline`, use `cargo add lazypoline` to add it to your `Cargo.toml`
[INFO] [stdout] 
[INFO] [stdout] error[E0433]: cannot find module or crate `lazypoline` in this scope
[INFO] [stdout]   --> src/lib.rs:40:3
[INFO] [stdout]    |
[INFO] [stdout] 40 | #[lazypoline::syscall_handler]
[INFO] [stdout]    |   ^^^^^^^^^^ use of unresolved module or unlinked crate `lazypoline`
[INFO] [stdout] 
[INFO] [stdout] error: aborting due to 2 previous errors
[INFO] [stdout] 
[INFO] [stdout] Some errors have detailed explanations: E0432, E0433.
[INFO] [stdout] For more information about an error, try `rustc --explain E0432`.
[INFO] [stdout] Couldn't compile the test.
[INFO] [stdout] 
[INFO] [stdout] failures:
[INFO] [stdout]     src/lib.rs - syscall_handler (line 37)
[INFO] [stdout] 
[INFO] [stdout] test result: FAILED. 0 passed; 1 failed; 0 ignored; 0 measured; 0 filtered out; finished in 0.04s
[INFO] [stdout] 
[INFO] [stdout] all doctests ran in 0.10s; merged doctests compilation took 0.06s
[INFO] [stderr] error: doctest failed, to rerun pass `--doc`
[INFO] running `Command { std: "docker" "inspect" "43f212a1308eb90be1f761d1e2ed8728be3626a6721aedbb3bcde771f9f7c0bb", kill_on_drop: false }`
[INFO] running `Command { std: "docker" "rm" "-f" "43f212a1308eb90be1f761d1e2ed8728be3626a6721aedbb3bcde771f9f7c0bb", kill_on_drop: false }`
[INFO] [stdout] 43f212a1308eb90be1f761d1e2ed8728be3626a6721aedbb3bcde771f9f7c0bb
