[INFO] fetching crate lazydiff 0.2.1...
[INFO] testing lazydiff-0.2.1 against 1.99.0-beta.8+cargoflags=--release for beta-release-1.100-2
[INFO] extracting crate lazydiff 0.2.1 into /workspace/builds/worker-1-tc1/source
[INFO] started tweaking crates.io crate lazydiff 0.2.1
[INFO] finished tweaking crates.io crate lazydiff 0.2.1
[INFO] tweaked toml for crates.io crate lazydiff 0.2.1 written to /workspace/builds/worker-1-tc1/source/Cargo.toml
[INFO] validating manifest of crates.io crate lazydiff 0.2.1 on toolchain 1.99.0-beta.8
[INFO] running `Command { std: CARGO_HOME="/workspace/cargo-home" RUSTUP_HOME="/workspace/rustup-home" "/workspace/cargo-home/bin/cargo" "+1.99.0-beta.8" "metadata" "--manifest-path" "Cargo.toml" "--no-deps", kill_on_drop: false }`
[INFO] crate crates.io crate lazydiff 0.2.1 already has a lockfile, it will not be regenerated
[INFO] running `Command { std: CARGO_HOME="/workspace/cargo-home" RUSTUP_HOME="/workspace/rustup-home" "/workspace/cargo-home/bin/cargo" "+1.99.0-beta.8" "fetch" "--manifest-path" "Cargo.toml", kill_on_drop: false }`
[INFO] [stderr]  Downloading crates ...
[INFO] [stderr]   Downloaded instability v0.3.9
[INFO] [stderr]   Downloaded assert_cmd v2.1.1
[INFO] [stderr]   Downloaded image v0.25.8
[INFO] [stderr]   Downloaded moxcms v0.7.9
[INFO] [stderr]   Downloaded pxfm v0.1.25
[INFO] running `Command { std: "docker" "create" "-v" "/var/lib/crater-agent-workspace/builds/worker-1-tc1/source:/opt/rustwide/workdir:ro,Z" "-v" "/var/lib/crater-agent-workspace/builds/worker-1-tc1/target:/opt/rustwide/target:rw,Z" "-v" "/var/lib/crater-agent-workspace/cargo-home:/opt/rustwide/cargo-home:ro,Z" "-v" "/var/lib/crater-agent-workspace/rustup-home:/opt/rustwide/rustup-home:ro,Z" "-m" "1610612736" "--network" "none" "ghcr.io/rust-lang/crates-build-env/linux@sha256:77db811e55d90add9212f6832c23229e3de5f1c1f9905e8cb07319ea15df73ac" "sleep" "infinity", kill_on_drop: false }`
[INFO] [stdout] 8cd15134ccb66ec1adffd0bba7c9565cb8fba14125ba7f8c8fb0add32c766d53
[INFO] running `Command { std: "docker" "start" "8cd15134ccb66ec1adffd0bba7c9565cb8fba14125ba7f8c8fb0add32c766d53", kill_on_drop: false }`
[INFO] running `Command { std: "docker" "inspect" "8cd15134ccb66ec1adffd0bba7c9565cb8fba14125ba7f8c8fb0add32c766d53", kill_on_drop: false }`
[INFO] running `Command { std: "docker" "exec" "-e" "SOURCE_DIR=/opt/rustwide/workdir" "-e" "CARGO_HOME=/opt/rustwide/cargo-home" "-e" "RUSTUP_HOME=/opt/rustwide/rustup-home" "-e" "CARGO_TARGET_DIR=/opt/rustwide/target" "-w" "/opt/rustwide/workdir" "--user" "0:0" "8cd15134ccb66ec1adffd0bba7c9565cb8fba14125ba7f8c8fb0add32c766d53" "/opt/rustwide/cargo-home/bin/cargo" "+1.99.0-beta.8" "metadata" "--no-deps" "--format-version=1", kill_on_drop: false }`
[INFO] running `Command { std: "docker" "inspect" "8cd15134ccb66ec1adffd0bba7c9565cb8fba14125ba7f8c8fb0add32c766d53", kill_on_drop: false }`
[INFO] running `Command { std: "docker" "exec" "-e" "SOURCE_DIR=/opt/rustwide/workdir" "-e" "CARGO_HOME=/opt/rustwide/cargo-home" "-e" "RUSTUP_HOME=/opt/rustwide/rustup-home" "-e" "CARGO_TARGET_DIR=/opt/rustwide/target" "-e" "CARGO_INCREMENTAL=0" "-e" "RUST_BACKTRACE=full" "-e" "RUSTFLAGS=--cap-lints=warn" "-e" "RUSTDOCFLAGS=--cap-lints=warn" "-w" "/opt/rustwide/workdir" "--user" "0:0" "8cd15134ccb66ec1adffd0bba7c9565cb8fba14125ba7f8c8fb0add32c766d53" "/opt/rustwide/cargo-home/bin/cargo" "+1.99.0-beta.8" "build" "--frozen" "--message-format=json" "--release", kill_on_drop: false }`
[INFO] [stderr]    Compiling proc-macro2 v1.0.103
[INFO] [stderr]    Compiling bitflags v2.10.0
[INFO] [stderr]    Compiling log v0.4.28
[INFO] [stderr]    Compiling rustix v1.1.2
[INFO] [stderr]    Compiling simd-adler32 v0.3.7
[INFO] [stderr]    Compiling linux-raw-sys v0.11.0
[INFO] [stderr]    Compiling parking_lot_core v0.9.12
[INFO] [stderr]    Compiling convert_case v0.7.1
[INFO] [stderr]    Compiling instability v0.3.9
[INFO] [stderr]    Compiling signal-hook v0.3.18
[INFO] [stderr]    Compiling pxfm v0.1.25
[INFO] [stderr]    Compiling anstream v0.6.21
[INFO] [stderr]    Compiling bytemuck v1.24.0
[INFO] [stderr]    Compiling x11rb-protocol v0.13.2
[INFO] [stderr]    Compiling unicode-truncate v1.1.0
[INFO] [stderr]    Compiling compact_str v0.8.1
[INFO] [stderr]    Compiling miniz_oxide v0.8.9
[INFO] [stderr]    Compiling fdeflate v0.3.7
[INFO] [stderr]    Compiling mio v1.1.0
[INFO] [stderr]    Compiling rustix v0.38.44
[INFO] [stderr]    Compiling parking_lot v0.12.5
[INFO] [stderr]    Compiling quote v1.0.42
[INFO] [stderr]    Compiling clap_builder v4.5.51
[INFO] [stderr]    Compiling unicode-width v0.2.0
[INFO] [stderr]    Compiling similar v2.7.0
[INFO] [stderr]    Compiling syn v2.0.110
[INFO] [stderr]    Compiling signal-hook-mio v0.2.5
[INFO] [stderr]    Compiling flate2 v1.1.5
[INFO] [stderr]    Compiling png v0.18.0
[INFO] [stderr]    Compiling crossterm v0.28.1
[INFO] [stderr]    Compiling moxcms v0.7.9
[INFO] [stderr]    Compiling darling_core v0.20.11
[INFO] [stderr]    Compiling strum_macros v0.26.4
[INFO] [stderr]    Compiling derive_more-impl v2.0.1
[INFO] [stderr]    Compiling clap_derive v4.5.49
[INFO] [stderr]    Compiling gethostname v1.1.0
[INFO] [stderr]    Compiling x11rb v0.13.2
[INFO] [stderr]    Compiling derive_more v2.0.1
[INFO] [stderr]    Compiling crossterm v0.29.0
[INFO] [stderr]    Compiling strum v0.26.3
[INFO] [stderr]    Compiling clap v4.5.51
[INFO] [stderr]    Compiling darling_macro v0.20.11
[INFO] [stderr]    Compiling darling v0.20.11
[INFO] [stderr]    Compiling ratatui v0.29.0
[INFO] [stderr]    Compiling image v0.25.8
[INFO] [stderr]    Compiling arboard v3.6.1
[INFO] [stderr]    Compiling lazydiff v0.2.1 (/opt/rustwide/workdir)
[INFO] [stderr]     Finished `release` profile [optimized] target(s) in 1m 23s
[INFO] running `Command { std: "docker" "inspect" "8cd15134ccb66ec1adffd0bba7c9565cb8fba14125ba7f8c8fb0add32c766d53", kill_on_drop: false }`
[INFO] running `Command { std: "docker" "exec" "-e" "SOURCE_DIR=/opt/rustwide/workdir" "-e" "CARGO_HOME=/opt/rustwide/cargo-home" "-e" "RUSTUP_HOME=/opt/rustwide/rustup-home" "-e" "CARGO_TARGET_DIR=/opt/rustwide/target" "-e" "CARGO_INCREMENTAL=0" "-e" "RUST_BACKTRACE=full" "-e" "RUSTFLAGS=--cap-lints=warn" "-e" "RUSTDOCFLAGS=--cap-lints=warn" "-w" "/opt/rustwide/workdir" "--user" "0:0" "8cd15134ccb66ec1adffd0bba7c9565cb8fba14125ba7f8c8fb0add32c766d53" "/opt/rustwide/cargo-home/bin/cargo" "+1.99.0-beta.8" "test" "--frozen" "--no-run" "--message-format=json" "--release", kill_on_drop: false }`
[INFO] [stderr]    Compiling rustix v1.1.2
[INFO] [stderr]    Compiling crossbeam-utils v0.8.21
[INFO] [stderr]    Compiling aho-corasick v1.1.4
[INFO] [stderr]    Compiling predicates-core v1.0.9
[INFO] [stderr]    Compiling float-cmp v0.10.0
[INFO] [stderr]    Compiling difflib v0.4.0
[INFO] [stderr]    Compiling termtree v0.5.1
[INFO] [stderr]    Compiling normalize-line-endings v0.3.0
[INFO] [stderr]    Compiling doc-comment v0.3.4
[INFO] [stderr]    Compiling getrandom v0.3.4
[INFO] [stderr]    Compiling assert_cmd v2.1.1
[INFO] [stderr]    Compiling wait-timeout v0.2.1
[INFO] [stderr]    Compiling predicates-tree v1.0.12
[INFO] [stderr]    Compiling crossbeam-epoch v0.9.18
[INFO] [stderr]    Compiling crossbeam-deque v0.8.6
[INFO] [stderr]    Compiling regex-automata v0.4.13
[INFO] [stderr]    Compiling gethostname v1.1.0
[INFO] [stderr]    Compiling tempfile v3.23.0
[INFO] [stderr]    Compiling crossterm v0.29.0
[INFO] [stderr]    Compiling x11rb v0.13.2
[INFO] [stderr]    Compiling arboard v3.6.1
[INFO] [stderr]    Compiling bstr v1.12.1
[INFO] [stderr]    Compiling regex v1.12.2
[INFO] [stderr]    Compiling predicates v3.1.3
[INFO] [stderr]    Compiling globset v0.4.18
[INFO] [stderr]    Compiling ignore v0.4.25
[INFO] [stderr]    Compiling globwalk v0.9.1
[INFO] [stderr]    Compiling assert_fs v1.1.3
[INFO] [stderr]    Compiling lazydiff v0.2.1 (/opt/rustwide/workdir)
[INFO] [stderr]     Finished `release` profile [optimized] target(s) in 21.74s
[INFO] running `Command { std: "docker" "inspect" "8cd15134ccb66ec1adffd0bba7c9565cb8fba14125ba7f8c8fb0add32c766d53", kill_on_drop: false }`
[INFO] running `Command { std: "docker" "exec" "-e" "SOURCE_DIR=/opt/rustwide/workdir" "-e" "CARGO_HOME=/opt/rustwide/cargo-home" "-e" "RUSTUP_HOME=/opt/rustwide/rustup-home" "-e" "CARGO_TARGET_DIR=/opt/rustwide/target" "-e" "CARGO_INCREMENTAL=0" "-e" "RUST_BACKTRACE=full" "-e" "RUSTFLAGS=--cap-lints=warn" "-e" "RUSTDOCFLAGS=--cap-lints=warn" "-w" "/opt/rustwide/workdir" "--user" "0:0" "8cd15134ccb66ec1adffd0bba7c9565cb8fba14125ba7f8c8fb0add32c766d53" "/opt/rustwide/cargo-home/bin/cargo" "+1.99.0-beta.8" "test" "--frozen" "--release", kill_on_drop: false }`
[INFO] [stderr]     Finished `release` profile [optimized] target(s) in 0.13s
[INFO] [stderr]      Running unittests src/main.rs (/opt/rustwide/target/release/deps/lazydiff-b2e3a0e0fe98ed11)
[INFO] [stdout] 
[INFO] [stdout] running 19 tests
[INFO] [stdout] test app::tests::test_copy_to_clipboard ... FAILED
[INFO] [stdout] test app::tests::test_multiple_clipboard_copies ... FAILED
[INFO] [stdout] test app::tests::test_generate_patch ... FAILED
[INFO] [stdout] test app::tests::test_export_to_file ... FAILED
[INFO] [stdout] test browser::tests::test_get_display_name_for_parent_dir ... ok
[INFO] [stdout] test browser::tests::test_move_down_stops_at_last_entry ... ok
[INFO] [stdout] test app::tests::test_clipboard_contains_correct_patch ... FAILED
[INFO] [stdout] test browser::tests::test_get_display_name_for_relative_path ... ok
[INFO] [stdout] test browser::tests::test_update_scroll_when_selected_above_viewport ... ok
[INFO] [stdout] test browser::tests::test_update_scroll_when_selected_below_viewport ... ok
[INFO] [stdout] test browser::tests::test_update_scroll_when_selected_within_viewport ... ok
[INFO] [stdout] test diff::tests::test_export_to_file ... FAILED
[INFO] [stdout] test browser::tests::test_move_down_increments_index ... ok
[INFO] [stdout] test app::tests::test_patch_format_with_no_changes ... FAILED
[INFO] [stdout] test browser::tests::test_move_up_decrements_index ... ok
[INFO] [stdout] test browser::tests::test_move_up_stops_at_first_entry ... ok
[INFO] [stdout] test diff::tests::test_copy_to_clipboard ... FAILED
[INFO] [stdout] test diff::tests::test_generate_patch ... FAILED
[INFO] [stdout] test app::tests::test_export_creates_unique_filenames ... FAILED
[INFO] [stdout] 
[INFO] [stdout] failures:
[INFO] [stdout] 
[INFO] [stdout] ---- app::tests::test_copy_to_clipboard stdout ----
[INFO] [stdout] Error: Os { code: 30, kind: ReadOnlyFilesystem, message: "Read-only file system" }
[INFO] [stdout] 
[INFO] [stdout] ---- app::tests::test_multiple_clipboard_copies stdout ----
[INFO] [stdout] Error: Os { code: 30, kind: ReadOnlyFilesystem, message: "Read-only file system" }
[INFO] [stdout] 
[INFO] [stdout] ---- app::tests::test_generate_patch stdout ----
[INFO] [stdout] Error: Os { code: 30, kind: ReadOnlyFilesystem, message: "Read-only file system" }
[INFO] [stdout] 
[INFO] [stdout] ---- app::tests::test_export_to_file stdout ----
[INFO] [stdout] Error: Os { code: 30, kind: ReadOnlyFilesystem, message: "Read-only file system" }
[INFO] [stdout] 
[INFO] [stdout] ---- app::tests::test_clipboard_contains_correct_patch stdout ----
[INFO] [stdout] Error: Os { code: 30, kind: ReadOnlyFilesystem, message: "Read-only file system" }
[INFO] [stdout] 
[INFO] [stdout] ---- diff::tests::test_export_to_file stdout ----
[INFO] [stdout] Error: Os { code: 30, kind: ReadOnlyFilesystem, message: "Read-only file system" }
[INFO] [stdout] 
[INFO] [stdout] ---- app::tests::test_patch_format_with_no_changes stdout ----
[INFO] [stdout] Error: Os { code: 30, kind: ReadOnlyFilesystem, message: "Read-only file system" }
[INFO] [stderr] error: test failed, to rerun pass `--bin lazydiff`
[INFO] [stdout] 
[INFO] [stdout] ---- diff::tests::test_copy_to_clipboard stdout ----
[INFO] [stdout] Error: Os { code: 30, kind: ReadOnlyFilesystem, message: "Read-only file system" }
[INFO] [stdout] 
[INFO] [stdout] ---- diff::tests::test_generate_patch stdout ----
[INFO] [stdout] Error: Os { code: 30, kind: ReadOnlyFilesystem, message: "Read-only file system" }
[INFO] [stdout] 
[INFO] [stdout] ---- app::tests::test_export_creates_unique_filenames stdout ----
[INFO] [stdout] Error: Os { code: 30, kind: ReadOnlyFilesystem, message: "Read-only file system" }
[INFO] [stdout] 
[INFO] [stdout] 
[INFO] [stdout] failures:
[INFO] [stdout]     app::tests::test_clipboard_contains_correct_patch
[INFO] [stdout]     app::tests::test_copy_to_clipboard
[INFO] [stdout]     app::tests::test_export_creates_unique_filenames
[INFO] [stdout]     app::tests::test_export_to_file
[INFO] [stdout]     app::tests::test_generate_patch
[INFO] [stdout]     app::tests::test_multiple_clipboard_copies
[INFO] [stdout]     app::tests::test_patch_format_with_no_changes
[INFO] [stdout]     diff::tests::test_copy_to_clipboard
[INFO] [stdout]     diff::tests::test_export_to_file
[INFO] [stdout]     diff::tests::test_generate_patch
[INFO] [stdout] 
[INFO] [stdout] test result: FAILED. 9 passed; 10 failed; 0 ignored; 0 measured; 0 filtered out; finished in 0.02s
[INFO] [stdout] 
[INFO] running `Command { std: "docker" "inspect" "8cd15134ccb66ec1adffd0bba7c9565cb8fba14125ba7f8c8fb0add32c766d53", kill_on_drop: false }`
[INFO] running `Command { std: "docker" "rm" "-f" "8cd15134ccb66ec1adffd0bba7c9565cb8fba14125ba7f8c8fb0add32c766d53", kill_on_drop: false }`
[INFO] [stdout] 8cd15134ccb66ec1adffd0bba7c9565cb8fba14125ba7f8c8fb0add32c766d53
