[INFO] fetching crate lazycomposer 0.1.7...
[INFO] testing lazycomposer-0.1.7 against 1.100.0-beta.1+cargoflags=--release for beta-release-1.100-2
[INFO] extracting crate lazycomposer 0.1.7 into /workspace/builds/worker-1-tc2/source
[INFO] started tweaking crates.io crate lazycomposer 0.1.7
[INFO] finished tweaking crates.io crate lazycomposer 0.1.7
[INFO] tweaked toml for crates.io crate lazycomposer 0.1.7 written to /workspace/builds/worker-1-tc2/source/Cargo.toml
[INFO] validating manifest of crates.io crate lazycomposer 0.1.7 on toolchain 1.100.0-beta.1
[INFO] running `Command { std: CARGO_HOME="/workspace/cargo-home" RUSTUP_HOME="/workspace/rustup-home" "/workspace/cargo-home/bin/cargo" "+1.100.0-beta.1" "metadata" "--manifest-path" "Cargo.toml" "--no-deps", kill_on_drop: false }`
[INFO] crate crates.io crate lazycomposer 0.1.7 already has a lockfile, it will not be regenerated
[INFO] running `Command { std: CARGO_HOME="/workspace/cargo-home" RUSTUP_HOME="/workspace/rustup-home" "/workspace/cargo-home/bin/cargo" "+1.100.0-beta.1" "fetch" "--manifest-path" "Cargo.toml", kill_on_drop: false }`
[INFO] [stderr] warning: `package.homepage` is redundant with `package.repository`
[INFO] [stderr]   --> Cargo.toml:63:12
[INFO] [stderr]    |
[INFO] [stderr] 63 | homepage = "https://github.com/gilles-g/lazycomposer"
[INFO] [stderr]    |            ^^^^^^^^^^^^^^^^^^^^^^^^^^^^^^^^^^^^^^^^^^
[INFO] [stderr] ...
[INFO] [stderr] 68 | repository = "https://github.com/gilles-g/lazycomposer"
[INFO] [stderr]    |              ------------------------------------------
[INFO] [stderr]    |
[INFO] [stderr]    = note: `cargo::redundant_homepage` is set to `warn` by default
[INFO] [stderr] help: consider removing `package.homepage`
[INFO] [stderr] warning: `lazycomposer` (manifest) generated 1 warning
[INFO] running `Command { std: "docker" "create" "-v" "/var/lib/crater-agent-workspace/builds/worker-1-tc2/source:/opt/rustwide/workdir:ro,Z" "-v" "/var/lib/crater-agent-workspace/builds/worker-1-tc2/target:/opt/rustwide/target:rw,Z" "-v" "/var/lib/crater-agent-workspace/cargo-home:/opt/rustwide/cargo-home:ro,Z" "-v" "/var/lib/crater-agent-workspace/rustup-home:/opt/rustwide/rustup-home:ro,Z" "-m" "1610612736" "--network" "none" "ghcr.io/rust-lang/crates-build-env/linux@sha256:77db811e55d90add9212f6832c23229e3de5f1c1f9905e8cb07319ea15df73ac" "sleep" "infinity", kill_on_drop: false }`
[INFO] [stdout] 953105464c7265ad664b57f9cde8fb98d340710bbb97435b3fb543307b42ea4c
[INFO] running `Command { std: "docker" "start" "953105464c7265ad664b57f9cde8fb98d340710bbb97435b3fb543307b42ea4c", kill_on_drop: false }`
[INFO] running `Command { std: "docker" "inspect" "953105464c7265ad664b57f9cde8fb98d340710bbb97435b3fb543307b42ea4c", kill_on_drop: false }`
[INFO] running `Command { std: "docker" "exec" "-e" "SOURCE_DIR=/opt/rustwide/workdir" "-e" "CARGO_HOME=/opt/rustwide/cargo-home" "-e" "RUSTUP_HOME=/opt/rustwide/rustup-home" "-e" "CARGO_TARGET_DIR=/opt/rustwide/target" "-w" "/opt/rustwide/workdir" "--user" "0:0" "953105464c7265ad664b57f9cde8fb98d340710bbb97435b3fb543307b42ea4c" "/opt/rustwide/cargo-home/bin/cargo" "+1.100.0-beta.1" "metadata" "--no-deps" "--format-version=1", kill_on_drop: false }`
[INFO] running `Command { std: "docker" "inspect" "953105464c7265ad664b57f9cde8fb98d340710bbb97435b3fb543307b42ea4c", kill_on_drop: false }`
[INFO] running `Command { std: "docker" "exec" "-e" "SOURCE_DIR=/opt/rustwide/workdir" "-e" "CARGO_HOME=/opt/rustwide/cargo-home" "-e" "RUSTUP_HOME=/opt/rustwide/rustup-home" "-e" "CARGO_TARGET_DIR=/opt/rustwide/target" "-e" "CARGO_INCREMENTAL=0" "-e" "RUST_BACKTRACE=full" "-e" "RUSTFLAGS=--cap-lints=warn" "-e" "RUSTDOCFLAGS=--cap-lints=warn" "-w" "/opt/rustwide/workdir" "--user" "0:0" "953105464c7265ad664b57f9cde8fb98d340710bbb97435b3fb543307b42ea4c" "/opt/rustwide/cargo-home/bin/cargo" "+1.100.0-beta.1" "build" "--frozen" "--message-format=json" "--release", kill_on_drop: false }`
[INFO] [stderr] warning: `package.homepage` is redundant with `package.repository`
[INFO] [stderr]   --> Cargo.toml:63:12
[INFO] [stderr]    |
[INFO] [stderr] 63 | homepage = "https://github.com/gilles-g/lazycomposer"
[INFO] [stderr]    |            ^^^^^^^^^^^^^^^^^^^^^^^^^^^^^^^^^^^^^^^^^^
[INFO] [stderr] ...
[INFO] [stderr] 68 | repository = "https://github.com/gilles-g/lazycomposer"
[INFO] [stderr]    |              ------------------------------------------
[INFO] [stderr]    |
[INFO] [stderr]    = note: `cargo::redundant_homepage` is set to `warn` by default
[INFO] [stderr] help: consider removing `package.homepage`
[INFO] [stderr] warning: `lazycomposer` (manifest) generated 1 warning
[INFO] [stderr]    Compiling unicode-ident v1.0.24
[INFO] [stderr]    Compiling quote v1.0.45
[INFO] [stderr]    Compiling libc v0.2.183
[INFO] [stderr]    Compiling rustversion v1.0.22
[INFO] [stderr]    Compiling strsim v0.11.1
[INFO] [stderr]    Compiling memchr v2.8.0
[INFO] [stderr]    Compiling bitflags v2.11.0
[INFO] [stderr]    Compiling ident_case v1.0.1
[INFO] [stderr]    Compiling signal-hook v0.3.18
[INFO] [stderr]    Compiling proc-macro2 v1.0.106
[INFO] [stderr]    Compiling either v1.15.0
[INFO] [stderr]    Compiling log v0.4.29
[INFO] [stderr]    Compiling rustix v0.38.44
[INFO] [stderr]    Compiling paste v1.0.15
[INFO] [stderr]    Compiling linux-raw-sys v0.4.15
[INFO] [stderr]    Compiling allocator-api2 v0.2.21
[INFO] [stderr]    Compiling foldhash v0.1.5
[INFO] [stderr]    Compiling instability v0.3.12
[INFO] [stderr]    Compiling itoa v1.0.18
[INFO] [stderr]    Compiling castaway v0.2.4
[INFO] [stderr]    Compiling syn v2.0.117
[INFO] [stderr]    Compiling anstyle-parse v1.0.0
[INFO] [stderr]    Compiling itertools v0.13.0
[INFO] [stderr]    Compiling hashbrown v0.15.5
[INFO] [stderr]    Compiling unicode-width v0.1.14
[INFO] [stderr]    Compiling colorchoice v1.0.5
[INFO] [stderr]    Compiling unicode-segmentation v1.12.0
[INFO] [stderr]    Compiling static_assertions v1.1.0
[INFO] [stderr]    Compiling rustix v1.1.4
[INFO] [stderr]    Compiling anstyle v1.0.14
[INFO] [stderr]    Compiling errno v0.3.14
[INFO] [stderr]    Compiling parking_lot_core v0.9.12
[INFO] [stderr]    Compiling mio v1.1.1
[INFO] [stderr]    Compiling signal-hook-registry v1.4.8
[INFO] [stderr]    Compiling indoc v2.0.7
[INFO] [stderr]    Compiling parking_lot v0.12.5
[INFO] [stderr]    Compiling anstream v1.0.0
[INFO] [stderr]    Compiling signal-hook-mio v0.2.5
[INFO] [stderr]    Compiling lru v0.12.5
[INFO] [stderr]    Compiling crossterm v0.28.1
[INFO] [stderr]    Compiling compact_str v0.8.1
[INFO] [stderr]    Compiling aho-corasick v1.1.4
[INFO] [stderr]    Compiling clap_lex v1.1.0
[INFO] [stderr]    Compiling cassowary v0.3.0
[INFO] [stderr]    Compiling unicode-width v0.2.0
[INFO] [stderr]    Compiling unicode-truncate v1.1.0
[INFO] [stderr]    Compiling minimal-lexical v0.2.1
[INFO] [stderr]    Compiling regex-syntax v0.8.10
[INFO] [stderr]    Compiling thiserror v2.0.18
[INFO] [stderr]    Compiling linux-raw-sys v0.12.1
[INFO] [stderr]    Compiling nom v7.1.3
[INFO] [stderr]    Compiling dirs-sys v0.5.0
[INFO] [stderr]    Compiling clap_builder v4.6.0
[INFO] [stderr]    Compiling darling_core v0.23.0
[INFO] [stderr]    Compiling thread_local v1.1.9
[INFO] [stderr]    Compiling lazycomposer v0.1.7 (/opt/rustwide/workdir)
[INFO] [stderr]    Compiling env_home v0.1.0
[INFO] [stderr]    Compiling simdutf8 v0.1.5
[INFO] [stderr]    Compiling regex-automata v0.4.14
[INFO] [stderr]    Compiling which v7.0.3
[INFO] [stderr]    Compiling fuzzy-matcher v0.3.7
[INFO] [stderr]    Compiling strum_macros v0.26.4
[INFO] [stderr]    Compiling thiserror-impl v1.0.69
[INFO] [stderr]    Compiling serde_derive v1.0.228
[INFO] [stderr]    Compiling darling_macro v0.23.0
[INFO] [stderr]    Compiling darling v0.23.0
[INFO] [stderr]    Compiling clap_derive v4.6.0
[INFO] [stderr]    Compiling thiserror v1.0.69
[INFO] [stderr]    Compiling thiserror-impl v2.0.18
[INFO] [stderr]    Compiling strum v0.26.3
[INFO] [stderr]    Compiling ratatui v0.29.0
[INFO] [stderr]    Compiling regex v1.12.3
[INFO] [stderr]    Compiling serde_json v1.0.149
[INFO] [stderr]    Compiling clap v4.6.0
[INFO] [stderr]    Compiling dirs v6.0.0
[INFO] [stderr]    Compiling serde v1.0.228
[INFO] [stderr]    Compiling ansi-to-tui v7.0.0
[INFO] [stderr] warning: unused dependency `dirs`
[INFO] [stderr]   --> Cargo.toml:15:15
[INFO] [stderr]    |
[INFO] [stderr] 15 | [dependencies.dirs]
[INFO] [stderr]    |               ^^^^^
[INFO] [stderr]    |
[INFO] [stderr]    = note: `cargo::unused_dependencies` is set to `warn` by default
[INFO] [stderr] help: consider removing the dependency on `dirs`
[INFO] [stderr] warning: unused dependency `fuzzy-matcher`
[INFO] [stderr]   --> Cargo.toml:18:15
[INFO] [stderr]    |
[INFO] [stderr] 18 | [dependencies.fuzzy-matcher]
[INFO] [stderr]    |               ^^^^^^^^^^^^^^
[INFO] [stderr]    |
[INFO] [stderr] help: consider removing the dependency on `fuzzy-matcher`
[INFO] [stderr] warning: `lazycomposer` (manifest) generated 2 warnings
[INFO] [stderr]     Finished `release` profile [optimized] target(s) in 2m 09s
[INFO] running `Command { std: "docker" "inspect" "953105464c7265ad664b57f9cde8fb98d340710bbb97435b3fb543307b42ea4c", kill_on_drop: false }`
[INFO] running `Command { std: "docker" "exec" "-e" "SOURCE_DIR=/opt/rustwide/workdir" "-e" "CARGO_HOME=/opt/rustwide/cargo-home" "-e" "RUSTUP_HOME=/opt/rustwide/rustup-home" "-e" "CARGO_TARGET_DIR=/opt/rustwide/target" "-e" "CARGO_INCREMENTAL=0" "-e" "RUST_BACKTRACE=full" "-e" "RUSTFLAGS=--cap-lints=warn" "-e" "RUSTDOCFLAGS=--cap-lints=warn" "-w" "/opt/rustwide/workdir" "--user" "0:0" "953105464c7265ad664b57f9cde8fb98d340710bbb97435b3fb543307b42ea4c" "/opt/rustwide/cargo-home/bin/cargo" "+1.100.0-beta.1" "test" "--frozen" "--no-run" "--message-format=json" "--release", kill_on_drop: false }`
[INFO] [stderr] warning: `package.homepage` is redundant with `package.repository`
[INFO] [stderr]   --> Cargo.toml:63:12
[INFO] [stderr]    |
[INFO] [stderr] 63 | homepage = "https://github.com/gilles-g/lazycomposer"
[INFO] [stderr]    |            ^^^^^^^^^^^^^^^^^^^^^^^^^^^^^^^^^^^^^^^^^^
[INFO] [stderr] ...
[INFO] [stderr] 68 | repository = "https://github.com/gilles-g/lazycomposer"
[INFO] [stderr]    |              ------------------------------------------
[INFO] [stderr]    |
[INFO] [stderr]    = note: `cargo::redundant_homepage` is set to `warn` by default
[INFO] [stderr] help: consider removing `package.homepage`
[INFO] [stderr] warning: `lazycomposer` (manifest) generated 1 warning
[INFO] [stderr]    Compiling rustix v1.1.4
[INFO] [stderr]    Compiling futures-core v0.3.32
[INFO] [stderr]    Compiling getrandom v0.4.2
[INFO] [stderr]    Compiling pin-project-lite v0.2.17
[INFO] [stderr]    Compiling slab v0.4.12
[INFO] [stderr]    Compiling once_cell v1.21.4
[INFO] [stderr]    Compiling sdd v3.0.10
[INFO] [stderr]    Compiling lazycomposer v0.1.7 (/opt/rustwide/workdir)
[INFO] [stderr]    Compiling serial_test_derive v3.4.0
[INFO] [stderr]    Compiling futures-util v0.3.32
[INFO] [stderr]    Compiling scc v2.4.0
[INFO] [stderr]    Compiling which v7.0.3
[INFO] [stderr]    Compiling tempfile v3.27.0
[INFO] [stderr]    Compiling futures-executor v0.3.32
[INFO] [stderr]    Compiling serial_test v3.4.0
[INFO] [stderr] warning: unused dependency `dirs`
[INFO] [stderr]   --> Cargo.toml:15:15
[INFO] [stderr]    |
[INFO] [stderr] 15 | [dependencies.dirs]
[INFO] [stderr]    |               ^^^^^
[INFO] [stderr]    |
[INFO] [stderr]    = note: `cargo::unused_dependencies` is set to `warn` by default
[INFO] [stderr] help: consider removing the dependency on `dirs`
[INFO] [stderr] warning: unused dependency `fuzzy-matcher`
[INFO] [stderr]   --> Cargo.toml:18:15
[INFO] [stderr]    |
[INFO] [stderr] 18 | [dependencies.fuzzy-matcher]
[INFO] [stderr]    |               ^^^^^^^^^^^^^^
[INFO] [stderr]    |
[INFO] [stderr] help: consider removing the dependency on `fuzzy-matcher`
[INFO] [stderr] warning: `lazycomposer` (manifest) generated 2 warnings
[INFO] [stderr]     Finished `release` profile [optimized] target(s) in 50.10s
[INFO] running `Command { std: "docker" "inspect" "953105464c7265ad664b57f9cde8fb98d340710bbb97435b3fb543307b42ea4c", kill_on_drop: false }`
[INFO] running `Command { std: "docker" "exec" "-e" "SOURCE_DIR=/opt/rustwide/workdir" "-e" "CARGO_HOME=/opt/rustwide/cargo-home" "-e" "RUSTUP_HOME=/opt/rustwide/rustup-home" "-e" "CARGO_TARGET_DIR=/opt/rustwide/target" "-e" "CARGO_INCREMENTAL=0" "-e" "RUST_BACKTRACE=full" "-e" "RUSTFLAGS=--cap-lints=warn" "-e" "RUSTDOCFLAGS=--cap-lints=warn" "-w" "/opt/rustwide/workdir" "--user" "0:0" "953105464c7265ad664b57f9cde8fb98d340710bbb97435b3fb543307b42ea4c" "/opt/rustwide/cargo-home/bin/cargo" "+1.100.0-beta.1" "test" "--frozen" "--release", kill_on_drop: false }`
[INFO] [stderr] warning: `package.homepage` is redundant with `package.repository`
[INFO] [stderr]   --> Cargo.toml:63:12
[INFO] [stderr]    |
[INFO] [stderr] 63 | homepage = "https://github.com/gilles-g/lazycomposer"
[INFO] [stderr]    |            ^^^^^^^^^^^^^^^^^^^^^^^^^^^^^^^^^^^^^^^^^^
[INFO] [stderr] ...
[INFO] [stderr] 68 | repository = "https://github.com/gilles-g/lazycomposer"
[INFO] [stderr]    |              ------------------------------------------
[INFO] [stderr]    |
[INFO] [stderr]    = note: `cargo::redundant_homepage` is set to `warn` by default
[INFO] [stderr] help: consider removing `package.homepage`
[INFO] [stderr] warning: `lazycomposer` (manifest) generated 1 warning
[INFO] [stderr]    Compiling lazycomposer v0.1.7 (/opt/rustwide/workdir)
[INFO] [stderr] warning: unused dependency `dirs`
[INFO] [stderr]   --> Cargo.toml:15:15
[INFO] [stderr]    |
[INFO] [stderr] 15 | [dependencies.dirs]
[INFO] [stderr]    |               ^^^^^
[INFO] [stderr]    |
[INFO] [stderr]    = note: `cargo::unused_dependencies` is set to `warn` by default
[INFO] [stderr] help: consider removing the dependency on `dirs`
[INFO] [stderr] warning: unused dependency `fuzzy-matcher`
[INFO] [stderr]   --> Cargo.toml:18:15
[INFO] [stderr]    |
[INFO] [stderr] 18 | [dependencies.fuzzy-matcher]
[INFO] [stderr]    |               ^^^^^^^^^^^^^^
[INFO] [stderr]    |
[INFO] [stderr] help: consider removing the dependency on `fuzzy-matcher`
[INFO] [stderr] warning: `lazycomposer` (manifest) generated 2 warnings
[INFO] [stderr]     Finished `release` profile [optimized] target(s) in 35.53s
[INFO] [stderr]      Running unittests src/lib.rs (/opt/rustwide/target/release/build/lazycomposer/a741eb661ea73223/out/lazycomposer-a741eb661ea73223)
[INFO] [stdout] 
[INFO] [stdout] running 246 tests
[INFO] [stdout] test composer::parser::tests::best_version_empty ... ok
[INFO] [stdout] test composer::parser::tests::best_version_skips_dev ... ok
[INFO] [stdout] test composer::parser::tests::caret_allows_same_major ... ok
[INFO] [stdout] test composer::parser::tests::caret_with_patch ... ok
[INFO] [stdout] test composer::parser::tests::detect_framework_empty_extra ... ok
[INFO] [stdout] test composer::parser::tests::best_version_no_match ... ok
[INFO] [stdout] test composer::parser::tests::best_version_in_constraint ... ok
[INFO] [stdout] test composer::parser::tests::caret_blocks_lower_minor ... ok
[INFO] [stdout] test composer::parser::tests::caret_blocks_next_major ... ok
[INFO] [stdout] test composer::parser::tests::detect_framework_symfony ... ok
[INFO] [stdout] test composer::parser::tests::detect_framework_from_testdata ... ok
[INFO] [stdout] test composer::parser::tests::explain_exact ... ok
[INFO] [stdout] test composer::parser::tests::explain_tilde ... ok
[INFO] [stdout] test composer::parser::tests::best_version_with_caret ... ok
[INFO] [stdout] test composer::parser::tests::detect_framework_none ... ok
[INFO] [stdout] test composer::parser::tests::explain_gte ... ok
[INFO] [stdout] test composer::parser::tests::detect_framework_symfony_partial ... ok
[INFO] [stdout] test composer::parser::tests::explain_caret ... ok
[INFO] [stdout] test composer::parser::tests::gte_constraint ... ok
[INFO] [stdout] test composer::parser::tests::explain_unparseable ... ok
[INFO] [stdout] test composer::parser::tests::explain_wildcard ... ok
[INFO] [stdout] test composer::parser::tests::is_symfony_package_test ... ok
[INFO] [stdout] test composer::parser::tests::merge_packages ... ok
[INFO] [stdout] test composer::parser::tests::merge_packages_only_dev ... ok
[INFO] [stdout] test composer::parser::tests::merge_packages_no_license ... ok
[INFO] [stdout] test composer::parser::tests::merge_packages_empty_lock ... ok
[INFO] [stdout] test composer::parser::tests::merge_packages_source_info ... ok
[INFO] [stdout] test composer::parser::tests::merge_packages_transitive_filtered ... ok
[INFO] [stdout] test composer::parser::tests::parse_json_not_found ... ok
[INFO] [stdout] test composer::parser::tests::parse_json ... ok
[INFO] [stdout] test composer::parser::tests::merge_packages_multiple_licenses ... ok
[INFO] [stdout] test composer::parser::tests::parse_lock_not_found ... ok
[INFO] [stdout] test composer::parser::tests::tilde_blocks_lower_patch ... ok
[INFO] [stdout] test composer::parser::tests::parse_version_test ... ok
[INFO] [stdout] test composer::parser::tests::tilde_allows_same_minor ... ok
[INFO] [stdout] test composer::parser::tests::parse_json_invalid ... ok
[INFO] [stdout] test composer::parser::tests::parse_lock ... ok
[INFO] [stdout] test composer::parser::tests::parse_lock_invalid ... ok
[INFO] [stdout] test composer::parser::tests::version_matches_affected_unparseable_version ... ok
[INFO] [stdout] test composer::parser::tests::version_matches_affected_with_le_gt ... ok
[INFO] [stdout] test composer::parser::tests::version_within_framework_delegates ... ok
[INFO] [stdout] test composer::parser::tests::wildcard_minor ... ok
[INFO] [stdout] test composer::parser::tests::version_matches_affected_empty ... ok
[INFO] [stdout] test composer::parser::tests::tilde_blocks_next_minor ... ok
[INFO] [stdout] test composer::parser::tests::version_matches_affected_or_groups ... ok
[INFO] [stdout] test composer::parser::tests::wildcard_patch ... ok
[INFO] [stdout] test composer::runner::tests::runner_is_available ... ok
[INFO] [stdout] test composer::parser::tests::version_matches_affected_simple_range ... ok
[INFO] [stdout] test composer::parser::tests::version_matches_affected_not_affected ... ok
[INFO] [stdout] test composer::parser::tests::unparseable_version_allows ... ok
[INFO] [stdout] test composer::runner::tests::runner_outdated_empty_result ... ok
[INFO] [stdout] test composer::runner::tests::runner_outdated ... ok
[INFO] [stdout] test composer::runner::tests::runner_is_available_not_found ... ok
[INFO] [stdout] test composer::runner::tests::runner_outdated_invalid_json ... ok
[INFO] [stdout] test composer::runner::tests::runner_remove_error ... ok
[INFO] [stdout] test composer::runner::tests::runner_require_error ... ok
[INFO] [stdout] test composer::runner::tests::runner_show ... ok
[INFO] [stdout] test composer::runner::tests::runner_show_all ... ok
[INFO] [stdout] test composer::runner::tests::runner_show_empty_output ... ok
[INFO] [stdout] test composer::runner::tests::runner_show_error ... ok
[INFO] [stdout] test composer::runner::tests::runner_show_invalid_json ... ok
[INFO] [stdout] test composer::runner::tests::runner_show_null_fields ... ok
[INFO] [stdout] test composer::runner::tests::runner_update ... ok
[INFO] [stdout] test composer::runner::tests::runner_update_all ... ok
[INFO] [stdout] test composer::runner::tests::runner_update_error ... ok
[INFO] [stdout] test composer::runner::tests::runner_why ... ok
[INFO] [stdout] test composer::runner::tests::runner_why_empty ... ok
[INFO] [stdout] test composer::runner::tests::runner_why_multiple ... ok
[INFO] [stdout] test composer::types::tests::advisory_nullable_fields ... ok
[INFO] [stdout] test composer::types::tests::advisory_with_cve ... ok
[INFO] [stdout] test composer::runner::tests::runner_audit ... ok
[INFO] [stdout] test composer::runner::tests::runner_audit_empty_result ... ok
[INFO] [stdout] test composer::types::tests::audit_result_advisories_as_object ... ok
[INFO] [stdout] test composer::types::tests::audit_result_unmarshal ... ok
[INFO] [stdout] test composer::types::tests::author_full ... ok
[INFO] [stdout] test composer::types::tests::composer_json_all_new_fields ... ok
[INFO] [stdout] test composer::types::tests::composer_json_license_as_array ... ok
[INFO] [stdout] test composer::types::tests::composer_json_license_as_string ... ok
[INFO] [stdout] test composer::types::tests::composer_json_minimal ... ok
[INFO] [stdout] test composer::types::tests::outdated_package_abandoned_false ... ok
[INFO] [stdout] test composer::types::tests::outdated_package_unmarshal ... ok
[INFO] [stdout] test composer::types::tests::package_status_constants ... ok
[INFO] [stdout] test composer::types::tests::show_license_default ... ok
[INFO] [stdout] test composer::types::tests::show_result_minimal ... ok
[INFO] [stdout] test composer::types::tests::show_result_multiple_licenses ... ok
[INFO] [stdout] test composer::types::tests::show_result_null_fields ... ok
[INFO] [stdout] test composer::types::tests::show_result_multiple_versions ... ok
[INFO] [stdout] test composer::runner::tests::runner_require ... ok
[INFO] [stdout] test composer::runner::tests::runner_remove ... ok
[INFO] [stdout] test composer::types::tests::author_partial ... ok
[INFO] [stdout] test composer::runner::tests::runner_outdated_error ... ok
[INFO] [stdout] test composer::types::tests::show_result_unmarshal ... ok
[INFO] [stdout] test composer::types::tests::show_result_with_all_deps ... ok
[INFO] [stdout] test composer::types::tests::string_or_bool_in_struct ... ok
[INFO] [stdout] test composer::types::tests::string_or_bool_unmarshal_bool_false ... ok
[INFO] [stdout] test composer::types::tests::string_or_bool_unmarshal_string ... ok
[INFO] [stdout] test composer::types::tests::string_or_vec_from_array ... ok
[INFO] [stdout] test composer::types::tests::string_or_vec_from_string ... ok
[INFO] [stdout] test composer::types::tests::string_or_vec_missing_field ... ok
[INFO] [stdout] test composer::types::tests::support_full ... ok
[INFO] [stdout] test config::tests::no_composer_error_message ... ok
[INFO] [stdout] test composer::types::tests::string_or_bool_unmarshal_bool_true ... ok
[INFO] [stdout] test composer::types::tests::string_or_bool_unmarshal_empty_string ... ok
[INFO] [stdout] test composer::types::tests::string_or_bool_unmarshal_null ... ok
[INFO] [stdout] test config::tests::resolve_empty_dir_uses_cwd ... FAILED
[INFO] [stdout] test config::tests::resolve_invalid_composer_bin ... ok
[INFO] [stdout] test composer::runner::tests::runner_audit_error ... ok
[INFO] [stdout] test composer::runner::tests::runner_audit_invalid_json ... ok
[INFO] [stdout] test config::tests::resolve_relative_path_becomes_absolute ... FAILED
[INFO] [stdout] test security::sanitize::tests::preserves_normal_output ... ok
[INFO] [stdout] test security::sanitize::tests::redacts_sensitive_patterns ... ok
[INFO] [stdout] test security::validate::tests::invalid_names ... ok
[INFO] [stdout] test security::sanitize::tests::short_output_unchanged ... ok
[INFO] [stdout] test security::sanitize::tests::truncates_long_output ... ok
[INFO] [stdout] test security::validate::tests::valid_names ... ok
[INFO] [stdout] test ui::components::choice::tests::show_hide ... ok
[INFO] [stdout] test ui::components::choice::tests::unknown_key_ignored ... ok
[INFO] [stdout] test ui::components::choice::tests::view_hidden_empty ... ok
[INFO] [stdout] test ui::components::confirm::tests::cancel_with_esc ... ok
[INFO] [stdout] test ui::components::confirm::tests::cancel_with_n ... ok
[INFO] [stdout] test ui::components::confirm::tests::confirm_with_enter ... ok
[INFO] [stdout] test ui::components::confirm::tests::confirm_with_y ... ok
[INFO] [stdout] test ui::components::confirm::tests::handle_key_when_hidden ... ok
[INFO] [stdout] test ui::components::confirm::tests::show_hide ... ok
[INFO] [stdout] test ui::components::confirm::tests::view_hidden_empty ... ok
[INFO] [stdout] test ui::components::confirm::tests::view_visible_not_empty ... ok
[INFO] [stdout] test ui::components::help::tests::close_with_esc ... ok
[INFO] [stdout] test ui::components::help::tests::close_with_q ... ok
[INFO] [stdout] test ui::components::help::tests::close_with_question_mark ... ok
[INFO] [stdout] test ui::components::help::tests::help_sections_has_four ... ok
[INFO] [stdout] test ui::components::help::tests::other_keys_ignored ... ok
[INFO] [stdout] test ui::components::help::tests::show_hide ... ok
[INFO] [stdout] test ui::components::choice::tests::select_choice ... ok
[INFO] [stdout] test ui::components::choice::tests::view_visible_contains_choices ... ok
[INFO] [stdout] test ui::components::help::tests::view_hidden_empty ... ok
[INFO] [stdout] test ui::components::choice::tests::cancel_with_esc ... ok
[INFO] [stdout] test ui::components::choice::tests::handle_key_when_hidden ... ok
[INFO] [stdout] test ui::components::help::tests::view_visible_has_sections ... ok
[INFO] [stdout] test ui::components::input::tests::view_hidden_empty ... ok
[INFO] [stdout] test ui::components::input::tests::cancel_returns_action ... ok
[INFO] [stdout] test ui::components::input::tests::handle_key_when_hidden ... ok
[INFO] [stdout] test ui::components::spinner::tests::start_stop ... ok
[INFO] [stdout] test ui::components::input::tests::show_hide ... ok
[INFO] [stdout] test ui::components::input::tests::submit_returns_action ... ok
[INFO] [stdout] test ui::components::spinner::tests::tick_when_inactive ... ok
[INFO] [stdout] test ui::components::statusbar::tests::default_hints_packages ... ok
[INFO] [stdout] test ui::components::statusbar::tests::default_hints_audit ... ok
[INFO] [stdout] test ui::components::tabbar::tests::tab_bar_view_audit ... ok
[INFO] [stdout] test ui::components::spinner::tests::view_when_inactive ... ok
[INFO] [stdout] test ui::components::tabbar::tests::tab_bar_view_packages ... ok
[INFO] [stdout] test ui::components::statusbar::tests::empty_hints ... ok
[INFO] [stdout] test ui::components::tabbar::tests::tab_bar_view_project ... ok
[INFO] [stdout] test ui::keys::tests::default_key_map_all_bindings_set ... ok
[INFO] [stdout] test ui::components::statusbar::tests::set_hints_view ... ok
[INFO] [stdout] test ui::keys::tests::default_key_map_quit_keys ... ok
[INFO] [stdout] test ui::layout::tests::adjust_ratio_clamps ... ok
[INFO] [stdout] test ui::layout::tests::adjust_ratio_decrease ... ok
[INFO] [stdout] test ui::layout::tests::custom_left_ratio ... ok
[INFO] [stdout] test ui::layout::tests::adjust_ratio_increase ... ok
[INFO] [stdout] test ui::layout::tests::content_height_calculation ... ok
[INFO] [stdout] test ui::layout::tests::narrow_terminal ... ok
[INFO] [stdout] test ui::layout::tests::normal_terminal ... ok
[INFO] [stdout] test ui::panels::audit::tests::navigate_up ... ok
[INFO] [stdout] test ui::panels::audit::tests::navigate_down ... ok
[INFO] [stdout] test ui::panels::audit::tests::navigate_down_at_bottom ... ok
[INFO] [stdout] test ui::panels::audit::tests::navigate_up_at_top ... ok
[INFO] [stdout] test ui::panels::audit::tests::navigate_with_jk ... ok
[INFO] [stdout] test ui::panels::audit::tests::set_audit_nil ... ok
[INFO] [stdout] test ui::panels::audit::tests::set_audit_resets_state ... ok
[INFO] [stdout] test ui::panels::audit::tests::set_audit_empty ... ok
[INFO] [stdout] test ui::panels::audit::tests::set_audit_mixed ... ok
[INFO] [stdout] test ui::panels::audit::tests::set_size_test ... ok
[INFO] [stdout] test ui::panels::audit::tests::set_why_result_updates_entries ... ok
[INFO] [stdout] test ui::panels::audit::tests::set_audit_with_advisories ... ok
[INFO] [stdout] test ui::panels::audit::tests::set_audit_with_abandoned ... ok
[INFO] [stdout] test ui::panels::audit::tests::transitive_advisory_packages_list ... ok
[INFO] [stdout] test ui::panels::audit::tests::update_versions_direct_dep ... ok
[INFO] [stdout] test ui::panels::audit::tests::update_versions_transitive_dep ... ok
[INFO] [stdout] test ui::panels::audit::tests::view_with_advisories ... ok
[INFO] [stdout] test ui::panels::audit::tests::view_no_issues ... ok
[INFO] [stdout] test ui::panels::audit::tests::view_with_abandoned ... ok
[INFO] [stdout] test ui::panels::audit::tests::view_with_transitive_shows_via ... ok
[INFO] [stdout] test ui::panels::detail::tests::detail_view_dev_package ... ok
[INFO] [stdout] test ui::panels::detail::tests::detail_view_nil_package ... ok
[INFO] [stdout] test ui::panels::detail::tests::detail_view_nil_package_focused ... ok
[INFO] [stdout] test ui::panels::detail::tests::test_status_label ... ok
[INFO] [stdout] test ui::panels::detail::tests::detail_view_with_package ... ok
[INFO] [stdout] test ui::panels::detail::tests::detail_view_no_framework_info ... ok
[INFO] [stdout] test ui::panels::outdated::tests::outdated_detail_abandoned ... ok
[INFO] [stdout] test ui::panels::outdated::tests::outdated_detail_abandoned_no_replacement ... ok
[INFO] [stdout] test ui::panels::outdated::tests::outdated_detail_semver_safe ... ok
[INFO] [stdout] test ui::panels::outdated::tests::outdated_detail_transitive ... ok
[INFO] [stdout] test ui::panels::outdated::tests::outdated_detail_with_package ... ok
[INFO] [stdout] test ui::panels::outdated::tests::selected_outdated_package_empty ... ok
[INFO] [stdout] test ui::panels::outdated::tests::outdated_detail_nil ... ok
[INFO] [stdout] test ui::panels::outdated::tests::selected_package ... ok
[INFO] [stdout] test ui::panels::outdated::tests::outdated_detail_with_warning ... ok
[INFO] [stdout] test ui::panels::outdated::tests::set_outdated ... ok
[INFO] [stdout] test ui::panels::outdated::tests::set_size ... ok
[INFO] [stdout] test ui::panels::outdated::tests::set_outdated_empty ... ok
[INFO] [stdout] test ui::panels::outdated::tests::view_empty ... ok
[INFO] [stdout] test ui::panels::outdated::tests::test_format_status ... ok
[INFO] [stdout] test ui::panels::output::tests::set_size_test ... ok
[INFO] [stdout] test ui::panels::outdated::tests::view_with_data ... ok
[INFO] [stdout] test ui::panels::output::tests::append_line ... ok
[INFO] [stdout] test ui::panels::output::tests::show_resets_content ... ok
[INFO] [stdout] test ui::panels::output::tests::show_hide ... ok
[INFO] [stdout] test ui::panels::output::tests::view_visible ... ok
[INFO] [stdout] test ui::panels::output::tests::view_hidden ... ok
[INFO] [stdout] test ui::panels::packages::tests::framework_view_symfony ... ok
[INFO] [stdout] test ui::panels::packages::tests::focus_toggle ... ok
[INFO] [stdout] test ui::panels::packages::tests::selected_package_empty_list ... ok
[INFO] [stdout] test ui::panels::packages::tests::selected_package_dev_focused ... ok
[INFO] [stdout] test ui::panels::packages::tests::framework_view_symfony_partial ... ok
[INFO] [stdout] test ui::panels::packages::tests::is_filtering ... ok
[INFO] [stdout] test ui::panels::packages::tests::selected_package_prod_focused ... ok
[INFO] [stdout] test ui::panels::packages::tests::set_packages_empty ... ok
[INFO] [stdout] test ui::panels::packages::tests::set_packages_no_dev ... ok
[INFO] [stdout] test ui::panels::packages::tests::set_packages_splits_prod_and_dev ... ok
[INFO] [stdout] test ui::panels::packages::tests::update_statuses_framework_allows_outdated_within_constraint ... ok
[INFO] [stdout] test ui::panels::packages::tests::update_statuses_abandoned_from_outdated ... ok
[INFO] [stdout] test ui::panels::packages::tests::update_statuses_outdated ... ok
[INFO] [stdout] test ui::panels::packages::tests::set_size ... ok
[INFO] [stdout] test ui::panels::packages::tests::update_statuses_abandoned ... ok
[INFO] [stdout] test ui::panels::packages::tests::update_statuses_priority ... ok
[INFO] [stdout] test ui::panels::packages::tests::update_statuses_vulnerable ... ok
[INFO] [stdout] test ui::panels::packages::tests::update_statuses_framework_blocks_outdated ... ok
[INFO] [stdout] test ui::panels::packages::tests::view_not_empty ... ok
[INFO] [stdout] test ui::panels::packages::tests::update_statuses_nil_audit_and_outdated ... ok
[INFO] [stdout] test ui::panels::packages::tests::view_unfocused ... ok
[INFO] [stdout] test ui::style::styles::tests::package_status_style_all_statuses ... ok
[INFO] [stdout] test ui::panels::project::tests::project_view_full ... ok
[INFO] [stdout] test ui::style::styles::tests::package_status_style_defaults_to_ok ... ok
[INFO] [stdout] test ui::style::theme::tests::status_color_empty ... ok
[INFO] [stdout] test ui::style::theme::tests::status_color_unknown ... ok
[INFO] [stdout] test ui::style::theme::tests::status_color_update_possible ... ok
[INFO] [stdout] test ui::panels::project::tests::project_view_minimal ... ok
[INFO] [stdout] test ui::style::theme::tests::status_color_semver_safe ... ok
[INFO] [stdout] test ui::panels::project::tests::project_view_with_support ... ok
[INFO] [stdout] test ui::text::tests::empty_value ... ok
[INFO] [stdout] test ui::text::tests::long_value_wraps ... ok
[INFO] [stdout] test ui::text::tests::short_value_no_wrap ... ok
[INFO] [stdout] test ui::text::tests::zero_width_no_panic ... ok
[INFO] [stdout] test config::tests::resolve_with_composer_json ... FAILED
[INFO] [stdout] test config::tests::resolve_missing_composer_json ... ok
[INFO] [stdout] test config::tests::resolve_canonicalizes_path ... FAILED
[INFO] [stdout] 
[INFO] [stdout] failures:
[INFO] [stdout] 
[INFO] [stdout] ---- config::tests::resolve_empty_dir_uses_cwd stdout ----
[INFO] [stdout] 
[INFO] [stdout] thread 'config::tests::resolve_empty_dir_uses_cwd' (2032) panicked at src/config/mod.rs:101:9:
[INFO] [stdout] assertion failed: result.is_ok()
[INFO] [stdout] stack backtrace:
[INFO] [stdout]    0:     0x559895a8ce01 - <<std[617be2ca0a6fd877]::sys::backtrace::BacktraceLock>::print::DisplayBacktrace as core[a373ad73a504971]::fmt::Display>::fmt
[INFO] [stdout]    1:     0x559895aa33ea - core[a373ad73a504971]::fmt::write
[INFO] [stdout]    2:     0x559895a9133c - <alloc[2e1b2a31b91974c5]::vec::Vec<u8> as core[a373ad73a504971]::io::write::Write>::write_fmt
[INFO] [stdout]    3:     0x559895a66fa6 - std[617be2ca0a6fd877]::panicking::default_hook::{closure#0}
[INFO] [stdout]    4:     0x559895a84229 - std[617be2ca0a6fd877]::panicking::default_hook
[INFO] [stdout]    5:     0x559895948130 - test[aada8e7e76ba119b]::test_main_inner::{closure#0}
[INFO] [stdout]    6:     0x559895a843e2 - std[617be2ca0a6fd877]::panicking::panic_with_hook
[INFO] [stdout]    7:     0x559895a67084 - std[617be2ca0a6fd877]::panicking::panic_handler::{closure#0}
[INFO] [stdout]    8:     0x559895a5f839 - std[617be2ca0a6fd877]::sys::backtrace::__rust_end_short_backtrace::<std[617be2ca0a6fd877]::panicking::panic_handler::{closure#0}, !>
[INFO] [stdout]    9:     0x559895a67f6d - __rustc[ea4f61d10b84890b]::rust_begin_unwind
[INFO] [stdout]   10:     0x559895aa3bcc - core[a373ad73a504971]::panicking::panic_fmt
[INFO] [stdout]   11:     0x559895aa3b92 - core[a373ad73a504971]::panicking::panic
[INFO] [stdout]   12:     0x55989590e794 - <lazycomposer[6bcb1e246f37ab27]::config::tests::resolve_empty_dir_uses_cwd::{closure#0} as core[a373ad73a504971]::ops::function::FnOnce<()>>::call_once
[INFO] [stdout]   13:     0x559895a41287 - serial_test[2f2f20819387e4c9]::serial_code_lock::local_serial_core
[INFO] [stdout]   14:     0x55989590dd3d - <lazycomposer[6bcb1e246f37ab27]::config::tests::resolve_empty_dir_uses_cwd::{closure#0} as core[a373ad73a504971]::ops::function::FnOnce<()>>::call_once
[INFO] [stdout]   15:     0x55989593b57b - test[aada8e7e76ba119b]::__rust_begin_short_backtrace::<core[a373ad73a504971]::result::Result<(), alloc[2e1b2a31b91974c5]::string::String>, fn() -> core[a373ad73a504971]::result::Result<(), alloc[2e1b2a31b91974c5]::string::String>>
[INFO] [stdout]   16:     0x559895948755 - test[aada8e7e76ba119b]::run_test::{closure#0}
[INFO] [stdout]   17:     0x559895942044 - std[617be2ca0a6fd877]::sys::backtrace::__rust_begin_short_backtrace::<test[aada8e7e76ba119b]::run_test::{closure#1}, ()>
[INFO] [stdout]   18:     0x55989594b7e2 - <std[617be2ca0a6fd877]::thread::lifecycle::spawn_unchecked<test[aada8e7e76ba119b]::run_test::{closure#1}, ()>::{closure#1} as core[a373ad73a504971]::ops::function::FnOnce<()>>::call_once::{shim:vtable#0}
[INFO] [stdout]   19:     0x559895a8c0ef - <std[617be2ca0a6fd877]::sys::thread::unix::Thread>::new::thread_start
[INFO] [stdout]   20:     0x75ce55d45dfa - <unknown>
[INFO] [stdout]   21:     0x75ce55dd93d4 - clone
[INFO] [stdout]   22:                0x0 - <unknown>
[INFO] [stdout] 
[INFO] [stdout] ---- config::tests::resolve_relative_path_becomes_absolute stdout ----
[INFO] [stdout] 
[INFO] [stdout] thread 'config::tests::resolve_relative_path_becomes_absolute' (2035) panicked at src/config/mod.rs:139:26:
[INFO] [stdout] called `Result::unwrap()` on an `Err` value: InvalidBin { bin: "composer" }
[INFO] [stdout] stack backtrace:
[INFO] [stdout]    0:     0x559895a8ce01 - <<std[617be2ca0a6fd877]::sys::backtrace::BacktraceLock>::print::DisplayBacktrace as core[a373ad73a504971]::fmt::Display>::fmt
[INFO] [stdout]    1:     0x559895aa33ea - core[a373ad73a504971]::fmt::write
[INFO] [stdout]    2:     0x559895a9133c - <alloc[2e1b2a31b91974c5]::vec::Vec<u8> as core[a373ad73a504971]::io::write::Write>::write_fmt
[INFO] [stdout]    3:     0x559895a66fa6 - std[617be2ca0a6fd877]::panicking::default_hook::{closure#0}
[INFO] [stdout]    4:     0x559895a84229 - std[617be2ca0a6fd877]::panicking::default_hook
[INFO] [stdout]    5:     0x559895948130 - test[aada8e7e76ba119b]::test_main_inner::{closure#0}
[INFO] [stdout]    6:     0x559895a843e2 - std[617be2ca0a6fd877]::panicking::panic_with_hook
[INFO] [stdout]    7:     0x559895a67052 - std[617be2ca0a6fd877]::panicking::panic_handler::{closure#0}
[INFO] [stdout]    8:     0x559895a5f839 - std[617be2ca0a6fd877]::sys::backtrace::__rust_end_short_backtrace::<std[617be2ca0a6fd877]::panicking::panic_handler::{closure#0}, !>
[INFO] [stdout]    9:     0x559895a67f6d - __rustc[ea4f61d10b84890b]::rust_begin_unwind
[INFO] [stdout]   10:     0x559895aa3bcc - core[a373ad73a504971]::panicking::panic_fmt
[INFO] [stdout]   11:     0x559895aa39a2 - core[a373ad73a504971]::result::unwrap_failed
[INFO] [stdout]   12:     0x55989590f5a0 - <lazycomposer[6bcb1e246f37ab27]::config::tests::resolve_relative_path_becomes_absolute::{closure#0} as core[a373ad73a504971]::ops::function::FnOnce<()>>::call_once
[INFO] [stdout]   13:     0x559895a41287 - serial_test[2f2f20819387e4c9]::serial_code_lock::local_serial_core
[INFO] [stdout]   14:     0x55989590df3d - <lazycomposer[6bcb1e246f37ab27]::config::tests::resolve_relative_path_becomes_absolute::{closure#0} as core[a373ad73a504971]::ops::function::FnOnce<()>>::call_once
[INFO] [stdout]   15:     0x55989593b57b - test[aada8e7e76ba119b]::__rust_begin_short_backtrace::<core[a373ad73a504971]::result::Result<(), alloc[2e1b2a31b91974c5]::string::String>, fn() -> core[a373ad73a504971]::result::Result<(), alloc[2e1b2a31b91974c5]::string::String>>
[INFO] [stdout]   16:     0x559895948755 - test[aada8e7e76ba119b]::run_test::{closure#0}
[INFO] [stdout]   17:     0x559895942044 - std[617be2ca0a6fd877]::sys::backtrace::__rust_begin_short_backtrace::<test[aada8e7e76ba119b]::run_test::{closure#1}, ()>
[INFO] [stdout]   18:     0x55989594b7e2 - <std[617be2ca0a6fd877]::thread::lifecycle::spawn_unchecked<test[aada8e7e76ba119b]::run_test::{closure#1}, ()>::{closure#1} as core[a373ad73a504971]::ops::function::FnOnce<()>>::call_once::{shim:vtable#0}
[INFO] [stdout]   19:     0x559895a8c0ef - <std[617be2ca0a6fd877]::sys::thread::unix::Thread>::new::thread_start
[INFO] [stdout]   20:     0x75ce55d45dfa - <unknown>
[INFO] [stdout]   21:     0x75ce55dd93d4 - clone
[INFO] [stdout]   22:                0x0 - <unknown>
[INFO] [stdout] 
[INFO] [stdout] ---- config::tests::resolve_with_composer_json stdout ----
[INFO] [stdout] 
[INFO] [stdout] thread 'config::tests::resolve_with_composer_json' (2036) panicked at src/config/mod.rs:71:57:
[INFO] [stdout] called `Result::unwrap()` on an `Err` value: InvalidBin { bin: "composer" }
[INFO] [stdout] stack backtrace:
[INFO] [stdout]    0:     0x559895a8ce01 - <<std[617be2ca0a6fd877]::sys::backtrace::BacktraceLock>::print::DisplayBacktrace as core[a373ad73a504971]::fmt::Display>::fmt
[INFO] [stdout]    1:     0x559895aa33ea - core[a373ad73a504971]::fmt::write
[INFO] [stdout]    2:     0x559895a9133c - <alloc[2e1b2a31b91974c5]::vec::Vec<u8> as core[a373ad73a504971]::io::write::Write>::write_fmt
[INFO] [stdout]    3:     0x559895a66fa6 - std[617be2ca0a6fd877]::panicking::default_hook::{closure#0}
[INFO] [stdout]    4:     0x559895a84229 - std[617be2ca0a6fd877]::panicking::default_hook
[INFO] [stdout]    5:     0x559895948130 - test[aada8e7e76ba119b]::test_main_inner::{closure#0}
[INFO] [stdout]    6:     0x559895a843e2 - std[617be2ca0a6fd877]::panicking::panic_with_hook
[INFO] [stdout]    7:     0x559895a67052 - std[617be2ca0a6fd877]::panicking::panic_handler::{closure#0}
[INFO] [stdout]    8:     0x559895a5f839 - std[617be2ca0a6fd877]::sys::backtrace::__rust_end_short_backtrace::<std[617be2ca0a6fd877]::panicking::panic_handler::{closure#0}, !>
[INFO] [stdout]    9:     0x559895a67f6d - __rustc[ea4f61d10b84890b]::rust_begin_unwind
[INFO] [stdout]   10:     0x559895aa3bcc - core[a373ad73a504971]::panicking::panic_fmt
[INFO] [stdout]   11:     0x559895aa39a2 - core[a373ad73a504971]::result::unwrap_failed
[INFO] [stdout]   12:     0x55989590eac9 - <lazycomposer[6bcb1e246f37ab27]::config::tests::resolve_with_composer_json::{closure#0} as core[a373ad73a504971]::ops::function::FnOnce<()>>::call_once
[INFO] [stdout]   13:     0x559895a41287 - serial_test[2f2f20819387e4c9]::serial_code_lock::local_serial_core
[INFO] [stdout]   14:     0x55989590ddbd - <lazycomposer[6bcb1e246f37ab27]::config::tests::resolve_with_composer_json::{closure#0} as core[a373ad73a504971]::ops::function::FnOnce<()>>::call_once
[INFO] [stdout]   15:     0x55989593b57b - test[aada8e7e76ba119b]::__rust_begin_short_backtrace::<core[a373ad73a504971]::result::Result<(), alloc[2e1b2a31b91974c5]::string::String>, fn() -> core[a373ad73a504971]::result::Result<(), alloc[2e1b2a31b91974c5]::string::String>>
[INFO] [stdout]   16:     0x559895948755 - test[aada8e7e76ba119b]::run_test::{closure#0}
[INFO] [stdout]   17:     0x559895942044 - std[617be2ca0a6fd877]::sys::backtrace::__rust_begin_short_backtrace::<test[aada8e7e76ba119b]::run_test::{closure#1}, ()>
[INFO] [stdout]   18:     0x55989594b7e2 - <std[617be2ca0a6fd877]::thread::lifecycle::spawn_unchecked<test[aada8e7e76ba119b]::run_test::{closure#1}, ()>::{closure#1} as core[a373ad73a504971]::ops::function::FnOnce<()>>::call_once::{shim:vtable#0}
[INFO] [stdout]   19:     0x559895a8c0ef - <std[617be2ca0a6fd877]::sys::thread::unix::Thread>::new::thread_start
[INFO] [stdout]   20:     0x75ce55d45dfa - <unknown>
[INFO] [stdout]   21:     0x75ce55dd93d4 - clone
[INFO] [stdout]   22:                0x0 - <unknown>
[INFO] [stdout] 
[INFO] [stdout] ---- config::tests::resolve_canonicalizes_path stdout ----
[INFO] [stdout] 
[INFO] [stdout] thread 'config::tests::resolve_canonicalizes_path' (2031) panicked at src/config/mod.rs:122:56:
[INFO] [stdout] called `Result::unwrap()` on an `Err` value: InvalidBin { bin: "composer" }
[INFO] [stdout] stack backtrace:
[INFO] [stdout]    0:     0x559895a8ce01 - <<std[617be2ca0a6fd877]::sys::backtrace::BacktraceLock>::print::DisplayBacktrace as core[a373ad73a504971]::fmt::Display>::fmt
[INFO] [stdout]    1:     0x559895aa33ea - core[a373ad73a504971]::fmt::write
[INFO] [stdout]    2:     0x559895a9133c - <alloc[2e1b2a31b91974c5]::vec::Vec<u8> as core[a373ad73a504971]::io::write::Write>::write_fmt
[INFO] [stdout]    3:     0x559895a66fa6 - std[617be2ca0a6fd877]::panicking::default_hook::{closure#0}
[INFO] [stdout]    4:     0x559895a84229 - std[617be2ca0a6fd877]::panicking::default_hook
[INFO] [stdout]    5:     0x559895948130 - test[aada8e7e76ba119b]::test_main_inner::{closure#0}
[INFO] [stdout]    6:     0x559895a843e2 - std[617be2ca0a6fd877]::panicking::panic_with_hook
[INFO] [stdout]    7:     0x559895a67052 - std[617be2ca0a6fd877]::panicking::panic_handler::{closure#0}
[INFO] [stdout]    8:     0x559895a5f839 - std[617be2ca0a6fd877]::sys::backtrace::__rust_end_short_backtrace::<std[617be2ca0a6fd877]::panicking::panic_handler::{closure#0}, !>
[INFO] [stdout]    9:     0x559895a67f6d - __rustc[ea4f61d10b84890b]::rust_begin_unwind
[INFO] [stdout]   10:     0x559895aa3bcc - core[a373ad73a504971]::panicking::panic_fmt
[INFO] [stdout]   11:     0x559895aa39a2 - core[a373ad73a504971]::result::unwrap_failed
[INFO] [stdout]   12:     0x55989590e31f - <lazycomposer[6bcb1e246f37ab27]::config::tests::resolve_canonicalizes_path::{closure#0} as core[a373ad73a504971]::ops::function::FnOnce<()>>::call_once
[INFO] [stdout]   13:     0x559895a41287 - serial_test[2f2f20819387e4c9]::serial_code_lock::local_serial_core
[INFO] [stdout]   14:     0x55989590dcbd - <lazycomposer[6bcb1e246f37ab27]::config::tests::resolve_canonicalizes_path::{closure#0} as core[a373ad73a504971]::ops::function::FnOnce<()>>::call_once
[INFO] [stdout]   15:     0x55989593b57b - test[aada8e7e76ba119b]::__rust_begin_short_backtrace::<core[a373ad73a504971]::result::Result<(), alloc[2e1b2a31b91974c5]::string::String>, fn() -> core[a373ad73a504971]::result::Result<(), alloc[2e1b2a31b91974c5]::string::String>>
[INFO] [stdout]   16:     0x559895948755 - test[aada8e7e76ba119b]::run_test::{closure#0}
[INFO] [stdout]   17:     0x559895942044 - std[617be2ca0a6fd877]::sys::backtrace::__rust_begin_short_backtrace::<test[aada8e7e76ba119b]::run_test::{closure#1}, ()>
[INFO] [stdout]   18:     0x55989594b7e2 - <std[617be2ca0a6fd877]::thread::lifecycle::spawn_unchecked<test[aada8e7e76ba119b]::run_test::{closure#1}, ()>::{closure#1} as core[a373ad73a504971]::ops::function::FnOnce<()>>::call_once::{shim:vtable#0}
[INFO] [stdout]   19:     0x559895a8c0ef - <std[617be2ca0a6fd877]::sys::thread::unix::Thread>::new::thread_start
[INFO] [stdout]   20:     0x75ce55d45dfa - <unknown>
[INFO] [stdout]   21:     0x75ce55dd93d4 - clone
[INFO] [stdout]   22:                0x0 - <unknown>
[INFO] [stdout] 
[INFO] [stdout] 
[INFO] [stdout] failures:
[INFO] [stdout]     config::tests::resolve_canonicalizes_path
[INFO] [stdout]     config::tests::resolve_empty_dir_uses_cwd
[INFO] [stdout]     config::tests::resolve_relative_path_becomes_absolute
[INFO] [stdout]     config::tests::resolve_with_composer_json
[INFO] [stdout] 
[INFO] [stdout] test result: FAILED. 242 passed; 4 failed; 0 ignored; 0 measured; 0 filtered out; finished in 1.04s
[INFO] [stdout] 
[INFO] [stderr] error: test failed, to rerun pass `--lib`
[INFO] running `Command { std: "docker" "inspect" "953105464c7265ad664b57f9cde8fb98d340710bbb97435b3fb543307b42ea4c", kill_on_drop: false }`
[INFO] running `Command { std: "docker" "rm" "-f" "953105464c7265ad664b57f9cde8fb98d340710bbb97435b3fb543307b42ea4c", kill_on_drop: false }`
[INFO] [stdout] 953105464c7265ad664b57f9cde8fb98d340710bbb97435b3fb543307b42ea4c
