[INFO] fetching crate lazy_thread_local 0.1.2...
[INFO] testing lazy_thread_local-0.1.2 against 1.99.0-beta.8+cargoflags=--release for beta-release-1.100-2
[INFO] extracting crate lazy_thread_local 0.1.2 into /workspace/builds/worker-6-tc1/source
[INFO] started tweaking crates.io crate lazy_thread_local 0.1.2
[INFO] finished tweaking crates.io crate lazy_thread_local 0.1.2
[INFO] tweaked toml for crates.io crate lazy_thread_local 0.1.2 written to /workspace/builds/worker-6-tc1/source/Cargo.toml
[INFO] validating manifest of crates.io crate lazy_thread_local 0.1.2 on toolchain 1.99.0-beta.8
[INFO] running `Command { std: CARGO_HOME="/workspace/cargo-home" RUSTUP_HOME="/workspace/rustup-home" "/workspace/cargo-home/bin/cargo" "+1.99.0-beta.8" "metadata" "--manifest-path" "Cargo.toml" "--no-deps", kill_on_drop: false }`
[INFO] running `Command { std: CARGO_HOME="/workspace/cargo-home" RUSTUP_HOME="/workspace/rustup-home" "/workspace/cargo-home/bin/cargo" "+1.99.0-beta.8" "generate-lockfile" "--manifest-path" "Cargo.toml", kill_on_drop: false }`
[INFO] [stderr]     Updating crates.io index
[INFO] [stderr]      Locking 4 packages to highest compatible versions
[INFO] running `Command { std: CARGO_HOME="/workspace/cargo-home" RUSTUP_HOME="/workspace/rustup-home" "/workspace/cargo-home/bin/cargo" "+1.99.0-beta.8" "fetch" "--manifest-path" "Cargo.toml", kill_on_drop: false }`
[INFO] running `Command { std: "docker" "create" "-v" "/var/lib/crater-agent-workspace/builds/worker-6-tc1/source:/opt/rustwide/workdir:ro,Z" "-v" "/var/lib/crater-agent-workspace/builds/worker-6-tc1/target:/opt/rustwide/target:rw,Z" "-v" "/var/lib/crater-agent-workspace/cargo-home:/opt/rustwide/cargo-home:ro,Z" "-v" "/var/lib/crater-agent-workspace/rustup-home:/opt/rustwide/rustup-home:ro,Z" "-m" "1610612736" "--network" "none" "ghcr.io/rust-lang/crates-build-env/linux@sha256:77db811e55d90add9212f6832c23229e3de5f1c1f9905e8cb07319ea15df73ac" "sleep" "infinity", kill_on_drop: false }`
[INFO] [stdout] d0df0070f29b895d0be879251611c56537dc379ff45c772c711bef90e984f8d1
[INFO] running `Command { std: "docker" "start" "d0df0070f29b895d0be879251611c56537dc379ff45c772c711bef90e984f8d1", kill_on_drop: false }`
[INFO] running `Command { std: "docker" "inspect" "d0df0070f29b895d0be879251611c56537dc379ff45c772c711bef90e984f8d1", kill_on_drop: false }`
[INFO] running `Command { std: "docker" "exec" "-e" "SOURCE_DIR=/opt/rustwide/workdir" "-e" "CARGO_HOME=/opt/rustwide/cargo-home" "-e" "RUSTUP_HOME=/opt/rustwide/rustup-home" "-e" "CARGO_TARGET_DIR=/opt/rustwide/target" "-w" "/opt/rustwide/workdir" "--user" "0:0" "d0df0070f29b895d0be879251611c56537dc379ff45c772c711bef90e984f8d1" "/opt/rustwide/cargo-home/bin/cargo" "+1.99.0-beta.8" "metadata" "--no-deps" "--format-version=1", kill_on_drop: false }`
[INFO] running `Command { std: "docker" "inspect" "d0df0070f29b895d0be879251611c56537dc379ff45c772c711bef90e984f8d1", kill_on_drop: false }`
[INFO] running `Command { std: "docker" "exec" "-e" "SOURCE_DIR=/opt/rustwide/workdir" "-e" "CARGO_HOME=/opt/rustwide/cargo-home" "-e" "RUSTUP_HOME=/opt/rustwide/rustup-home" "-e" "CARGO_TARGET_DIR=/opt/rustwide/target" "-e" "CARGO_INCREMENTAL=0" "-e" "RUST_BACKTRACE=full" "-e" "RUSTFLAGS=--cap-lints=warn" "-e" "RUSTDOCFLAGS=--cap-lints=warn" "-w" "/opt/rustwide/workdir" "--user" "0:0" "d0df0070f29b895d0be879251611c56537dc379ff45c772c711bef90e984f8d1" "/opt/rustwide/cargo-home/bin/cargo" "+1.99.0-beta.8" "build" "--frozen" "--message-format=json" "--release", kill_on_drop: false }`
[INFO] [stderr]    Compiling lazy_thread_local v0.1.2 (/opt/rustwide/workdir)
[INFO] [stderr]     Finished `release` profile [optimized] target(s) in 0.16s
[INFO] running `Command { std: "docker" "inspect" "d0df0070f29b895d0be879251611c56537dc379ff45c772c711bef90e984f8d1", kill_on_drop: false }`
[INFO] running `Command { std: "docker" "exec" "-e" "SOURCE_DIR=/opt/rustwide/workdir" "-e" "CARGO_HOME=/opt/rustwide/cargo-home" "-e" "RUSTUP_HOME=/opt/rustwide/rustup-home" "-e" "CARGO_TARGET_DIR=/opt/rustwide/target" "-e" "CARGO_INCREMENTAL=0" "-e" "RUST_BACKTRACE=full" "-e" "RUSTFLAGS=--cap-lints=warn" "-e" "RUSTDOCFLAGS=--cap-lints=warn" "-w" "/opt/rustwide/workdir" "--user" "0:0" "d0df0070f29b895d0be879251611c56537dc379ff45c772c711bef90e984f8d1" "/opt/rustwide/cargo-home/bin/cargo" "+1.99.0-beta.8" "test" "--frozen" "--no-run" "--message-format=json" "--release", kill_on_drop: false }`
[INFO] [stderr]    Compiling lazy_thread_local v0.1.2 (/opt/rustwide/workdir)
[INFO] [stderr]     Finished `release` profile [optimized] target(s) in 0.33s
[INFO] running `Command { std: "docker" "inspect" "d0df0070f29b895d0be879251611c56537dc379ff45c772c711bef90e984f8d1", kill_on_drop: false }`
[INFO] running `Command { std: "docker" "exec" "-e" "SOURCE_DIR=/opt/rustwide/workdir" "-e" "CARGO_HOME=/opt/rustwide/cargo-home" "-e" "RUSTUP_HOME=/opt/rustwide/rustup-home" "-e" "CARGO_TARGET_DIR=/opt/rustwide/target" "-e" "CARGO_INCREMENTAL=0" "-e" "RUST_BACKTRACE=full" "-e" "RUSTFLAGS=--cap-lints=warn" "-e" "RUSTDOCFLAGS=--cap-lints=warn" "-w" "/opt/rustwide/workdir" "--user" "0:0" "d0df0070f29b895d0be879251611c56537dc379ff45c772c711bef90e984f8d1" "/opt/rustwide/cargo-home/bin/cargo" "+1.99.0-beta.8" "test" "--frozen" "--release", kill_on_drop: false }`
[INFO] [stderr]     Finished `release` profile [optimized] target(s) in 0.02s
[INFO] [stderr]      Running unittests src/lib.rs (/opt/rustwide/target/release/deps/lazy_thread_local-54611ed3a905e2f0)
[INFO] [stdout] 
[INFO] [stdout] running 1 test
[INFO] [stderr]    Doc-tests lazy_thread_local
[INFO] [stdout] test t ... ok
[INFO] [stdout] 
[INFO] [stdout] test result: ok. 1 passed; 0 failed; 0 ignored; 0 measured; 0 filtered out; finished in 0.00s
[INFO] [stdout] 
[INFO] [stdout] 
[INFO] [stdout] running 2 tests
[INFO] [stdout] test src/lib.rs - (line 36) ... FAILED
[INFO] [stderr] error: doctest failed, to rerun pass `--doc`
[INFO] [stdout] test src/lib.rs - (line 26) ... ok
[INFO] [stdout] 
[INFO] [stdout] failures:
[INFO] [stdout] 
[INFO] [stdout] ---- src/lib.rs - (line 36) stdout ----
[INFO] [stdout] error[E0277]: can't compare `&u32` with `{integer}`
[INFO] [stdout]   --> src/lib.rs:42:1
[INFO] [stdout]    |
[INFO] [stdout] 42 | assert_eq!(TLS.get(), 5);
[INFO] [stdout]    | ^^^^^^^^^^^^^^^^^^^^^^^^ no implementation for `&u32 == {integer}`
[INFO] [stdout]    |
[INFO] [stdout] help: the trait `PartialEq<{integer}>` is not implemented for `&_`
[INFO] [stdout]       but trait `PartialEq<u32>` is implemented for `_`
[INFO] [stdout]   --> /rustc/dfb0accb7f508ae8be965d8629557221c889dd98/library/core/src/cmp.rs:2103:12
[INFO] [stdout]   ::: /rustc/dfb0accb7f508ae8be965d8629557221c889dd98/library/core/src/cmp.rs:2115:5
[INFO] [stdout]    |
[INFO] [stdout]    = note: in this macro invocation
[INFO] [stdout]    = help: for that trait implementation, expected `u32`, found `&u32`
[INFO] [stdout]    = note: this error originates in the macro `assert_eq` which comes from the expansion of the macro `impl_partial_eq_for_primitive` (in Nightly builds, run with -Z macro-backtrace for more info)
[INFO] [stdout] 
[INFO] [stdout] error: aborting due to 1 previous error
[INFO] [stdout] 
[INFO] [stdout] For more information about this error, try `rustc --explain E0277`.
[INFO] [stdout] Couldn't compile the test.
[INFO] [stdout] 
[INFO] [stdout] failures:
[INFO] [stdout]     src/lib.rs - (line 36)
[INFO] [stdout] 
[INFO] [stdout] test result: FAILED. 1 passed; 1 failed; 0 ignored; 0 measured; 0 filtered out; finished in 0.24s
[INFO] [stdout] 
[INFO] running `Command { std: "docker" "inspect" "d0df0070f29b895d0be879251611c56537dc379ff45c772c711bef90e984f8d1", kill_on_drop: false }`
[INFO] running `Command { std: "docker" "rm" "-f" "d0df0070f29b895d0be879251611c56537dc379ff45c772c711bef90e984f8d1", kill_on_drop: false }`
[INFO] [stdout] d0df0070f29b895d0be879251611c56537dc379ff45c772c711bef90e984f8d1
