[INFO] fetching crate lazy_static 1.5.1...
[INFO] testing lazy_static-1.5.1 against 1.100.0-beta.1+cargoflags=--release for beta-release-1.100-2
[INFO] extracting crate lazy_static 1.5.1 into /workspace/builds/worker-5-tc2/source
[INFO] started tweaking crates.io crate lazy_static 1.5.1
[INFO] removed 0 missing examples
[INFO] removed 0 missing tests
[INFO] finished tweaking crates.io crate lazy_static 1.5.1
[INFO] tweaked toml for crates.io crate lazy_static 1.5.1 written to /workspace/builds/worker-5-tc2/source/Cargo.toml
[INFO] validating manifest of crates.io crate lazy_static 1.5.1 on toolchain 1.100.0-beta.1
[INFO] running `Command { std: CARGO_HOME="/workspace/cargo-home" RUSTUP_HOME="/workspace/rustup-home" "/workspace/cargo-home/bin/cargo" "+1.100.0-beta.1" "metadata" "--manifest-path" "Cargo.toml" "--no-deps", kill_on_drop: false }`
[INFO] crate crates.io crate lazy_static 1.5.1 already has a lockfile, it will not be regenerated
[INFO] running `Command { std: CARGO_HOME="/workspace/cargo-home" RUSTUP_HOME="/workspace/rustup-home" "/workspace/cargo-home/bin/cargo" "+1.100.0-beta.1" "fetch" "--manifest-path" "Cargo.toml", kill_on_drop: false }`
[INFO] [stderr] warning: Cargo.toml: `package.edition` is unspecified, defaulting to `2015` while the latest is `2024`
[INFO] [stderr] warning: `lazy_static` (manifest) generated 1 warning
[INFO] running `Command { std: "docker" "create" "-v" "/var/lib/crater-agent-workspace/builds/worker-5-tc2/source:/opt/rustwide/workdir:ro,Z" "-v" "/var/lib/crater-agent-workspace/builds/worker-5-tc2/target:/opt/rustwide/target:rw,Z" "-v" "/var/lib/crater-agent-workspace/cargo-home:/opt/rustwide/cargo-home:ro,Z" "-v" "/var/lib/crater-agent-workspace/rustup-home:/opt/rustwide/rustup-home:ro,Z" "-m" "1610612736" "--network" "none" "ghcr.io/rust-lang/crates-build-env/linux@sha256:77db811e55d90add9212f6832c23229e3de5f1c1f9905e8cb07319ea15df73ac" "sleep" "infinity", kill_on_drop: false }`
[INFO] [stdout] 53bea8636dbeba9a30156278a41ac59ae3c63d7817d76ab2cca8e20caed5f12d
[INFO] running `Command { std: "docker" "start" "53bea8636dbeba9a30156278a41ac59ae3c63d7817d76ab2cca8e20caed5f12d", kill_on_drop: false }`
[INFO] running `Command { std: "docker" "inspect" "53bea8636dbeba9a30156278a41ac59ae3c63d7817d76ab2cca8e20caed5f12d", kill_on_drop: false }`
[INFO] running `Command { std: "docker" "exec" "-e" "SOURCE_DIR=/opt/rustwide/workdir" "-e" "CARGO_HOME=/opt/rustwide/cargo-home" "-e" "RUSTUP_HOME=/opt/rustwide/rustup-home" "-e" "CARGO_TARGET_DIR=/opt/rustwide/target" "-w" "/opt/rustwide/workdir" "--user" "0:0" "53bea8636dbeba9a30156278a41ac59ae3c63d7817d76ab2cca8e20caed5f12d" "/opt/rustwide/cargo-home/bin/cargo" "+1.100.0-beta.1" "metadata" "--no-deps" "--format-version=1", kill_on_drop: false }`
[INFO] running `Command { std: "docker" "inspect" "53bea8636dbeba9a30156278a41ac59ae3c63d7817d76ab2cca8e20caed5f12d", kill_on_drop: false }`
[INFO] running `Command { std: "docker" "exec" "-e" "SOURCE_DIR=/opt/rustwide/workdir" "-e" "CARGO_HOME=/opt/rustwide/cargo-home" "-e" "RUSTUP_HOME=/opt/rustwide/rustup-home" "-e" "CARGO_TARGET_DIR=/opt/rustwide/target" "-e" "CARGO_INCREMENTAL=0" "-e" "RUST_BACKTRACE=full" "-e" "RUSTFLAGS=--cap-lints=warn" "-e" "RUSTDOCFLAGS=--cap-lints=warn" "-w" "/opt/rustwide/workdir" "--user" "0:0" "53bea8636dbeba9a30156278a41ac59ae3c63d7817d76ab2cca8e20caed5f12d" "/opt/rustwide/cargo-home/bin/cargo" "+1.100.0-beta.1" "build" "--frozen" "--message-format=json" "--release", kill_on_drop: false }`
[INFO] [stderr] warning: Cargo.toml: `package.edition` is unspecified, defaulting to `2015` while the latest is `2024`
[INFO] [stderr] warning: `lazy_static` (manifest) generated 1 warning
[INFO] [stderr]    Compiling lazy_static v1.5.1 (/opt/rustwide/workdir)
[INFO] [stdout] warning: eliding a lifetime that's named elsewhere is confusing
[INFO] [stdout]   --> src/inline_lazy.rs:26:43
[INFO] [stdout]    |
[INFO] [stdout] 26 |     pub fn get<F>(&'static self, f: F) -> &T
[INFO] [stdout]    |                    -------                ^^ the same lifetime is elided here
[INFO] [stdout]    |                    |
[INFO] [stdout]    |                    the lifetime is named here
[INFO] [stdout]    |
[INFO] [stdout]    = help: the same lifetime is referred to in inconsistent ways, making the signature confusing
[INFO] [stdout]    = note: `#[warn(mismatched_lifetime_syntaxes)]` on by default
[INFO] [stdout] help: consistently use `'static`
[INFO] [stdout]    |
[INFO] [stdout] 26 |     pub fn get<F>(&'static self, f: F) -> &'static T
[INFO] [stdout]    |                                            +++++++
[INFO] [stdout] 
[INFO] [stdout] 
[INFO] [stderr]     Finished `release` profile [optimized] target(s) in 0.16s
[INFO] running `Command { std: "docker" "inspect" "53bea8636dbeba9a30156278a41ac59ae3c63d7817d76ab2cca8e20caed5f12d", kill_on_drop: false }`
[INFO] running `Command { std: "docker" "exec" "-e" "SOURCE_DIR=/opt/rustwide/workdir" "-e" "CARGO_HOME=/opt/rustwide/cargo-home" "-e" "RUSTUP_HOME=/opt/rustwide/rustup-home" "-e" "CARGO_TARGET_DIR=/opt/rustwide/target" "-e" "CARGO_INCREMENTAL=0" "-e" "RUST_BACKTRACE=full" "-e" "RUSTFLAGS=--cap-lints=warn" "-e" "RUSTDOCFLAGS=--cap-lints=warn" "-w" "/opt/rustwide/workdir" "--user" "0:0" "53bea8636dbeba9a30156278a41ac59ae3c63d7817d76ab2cca8e20caed5f12d" "/opt/rustwide/cargo-home/bin/cargo" "+1.100.0-beta.1" "test" "--frozen" "--no-run" "--message-format=json" "--release", kill_on_drop: false }`
[INFO] [stderr] warning: Cargo.toml: `package.edition` is unspecified, defaulting to `2015` while the latest is `2024`
[INFO] [stderr] warning: `lazy_static` (manifest) generated 1 warning
[INFO] [stderr]    Compiling proc-macro2 v1.0.107
[INFO] [stderr]    Compiling target-tuple v1.0.2
[INFO] [stderr]    Compiling serde_spanned v1.1.1
[INFO] [stderr]    Compiling toml_datetime v1.1.1+spec-1.1.0
[INFO] [stderr]    Compiling toml_writer v1.1.2+spec-1.1.0
[INFO] [stderr]    Compiling doc-comment v0.3.4
[INFO] [stderr]    Compiling toml_parser v1.1.3+spec-1.1.0
[INFO] [stderr]    Compiling serde v1.0.229
[INFO] [stderr]    Compiling serde_json v1.0.151
[INFO] [stdout] warning: eliding a lifetime that's named elsewhere is confusing
[INFO] [stdout]   --> src/inline_lazy.rs:26:43
[INFO] [stdout]    |
[INFO] [stdout] 26 |     pub fn get<F>(&'static self, f: F) -> &T
[INFO] [stdout]    |                    -------                ^^ the same lifetime is elided here
[INFO] [stdout]    |                    |
[INFO] [stdout]    |                    the lifetime is named here
[INFO] [stdout]    |
[INFO] [stdout]    = help: the same lifetime is referred to in inconsistent ways, making the signature confusing
[INFO] [stdout]    = note: `#[warn(mismatched_lifetime_syntaxes)]` on by default
[INFO] [stdout] help: consistently use `'static`
[INFO] [stdout]    |
[INFO] [stdout] 26 |     pub fn get<F>(&'static self, f: F) -> &'static T
[INFO] [stdout]    |                                            +++++++
[INFO] [stdout] 
[INFO] [stdout] 
[INFO] [stderr]    Compiling quote v1.0.47
[INFO] [stderr]    Compiling toml v1.1.6+spec-1.1.0
[INFO] [stderr]    Compiling syn v3.0.6
[INFO] [stderr]    Compiling serde_derive v1.0.229
[INFO] [stderr]    Compiling trybuild v1.0.121
[INFO] [stderr]    Compiling lazy_static v1.5.1 (/opt/rustwide/workdir)
[INFO] [stdout] warning: eliding a lifetime that's named elsewhere is confusing
[INFO] [stdout]   --> src/inline_lazy.rs:26:43
[INFO] [stdout]    |
[INFO] [stdout] 26 |     pub fn get<F>(&'static self, f: F) -> &T
[INFO] [stdout]    |                    -------                ^^ the same lifetime is elided here
[INFO] [stdout]    |                    |
[INFO] [stdout]    |                    the lifetime is named here
[INFO] [stdout]    |
[INFO] [stdout]    = help: the same lifetime is referred to in inconsistent ways, making the signature confusing
[INFO] [stdout]    = note: `#[warn(mismatched_lifetime_syntaxes)]` on by default
[INFO] [stdout] help: consistently use `'static`
[INFO] [stdout]    |
[INFO] [stdout] 26 |     pub fn get<F>(&'static self, f: F) -> &'static T
[INFO] [stdout]    |                                            +++++++
[INFO] [stdout] 
[INFO] [stdout] 
[INFO] [stdout] warning: use of deprecated constant `std::u32::MAX`: replaced by the `MAX` associated constant on this type
[INFO] [stdout]   --> tests/test.rs:61:35
[INFO] [stdout]    |
[INFO] [stdout] 61 |     assert_eq!(*UNSAFE, std::u32::MAX);
[INFO] [stdout]    |                                   ^^^
[INFO] [stdout]    |
[INFO] [stdout] note: the lint level is defined here
[INFO] [stdout]   --> tests/test.rs:1:9
[INFO] [stdout]    |
[INFO] [stdout]  1 | #![deny(warnings)]
[INFO] [stdout]    |         ^^^^^^^^
[INFO] [stdout]    = note: `#[warn(deprecated)]` implied by `#[warn(warnings)]`
[INFO] [stdout] 
[INFO] [stdout] 
[INFO] [stdout] warning: unnecessary transmute
[INFO] [stdout]   --> tests/test.rs:28:9
[INFO] [stdout]    |
[INFO] [stdout] 28 |         std::mem::transmute::<i32, u32>(-1)
[INFO] [stdout]    |         ^^^^^^^^^^^^^^^^^^^^^^^^^^^^^^^^^^^
[INFO] [stdout]    |
[INFO] [stdout]    = note: `#[warn(unnecessary_transmutes)]` implied by `#[warn(warnings)]`
[INFO] [stdout] help: replace this with
[INFO] [stdout]    |
[INFO] [stdout] 28 -         std::mem::transmute::<i32, u32>(-1)
[INFO] [stdout] 28 +         i32::cast_unsigned(-1)
[INFO] [stdout]    |
[INFO] [stdout] 
[INFO] [stdout] 
[INFO] [stderr]     Finished `release` profile [optimized] target(s) in 21.97s
[INFO] running `Command { std: "docker" "inspect" "53bea8636dbeba9a30156278a41ac59ae3c63d7817d76ab2cca8e20caed5f12d", kill_on_drop: false }`
[INFO] running `Command { std: "docker" "exec" "-e" "SOURCE_DIR=/opt/rustwide/workdir" "-e" "CARGO_HOME=/opt/rustwide/cargo-home" "-e" "RUSTUP_HOME=/opt/rustwide/rustup-home" "-e" "CARGO_TARGET_DIR=/opt/rustwide/target" "-e" "CARGO_INCREMENTAL=0" "-e" "RUST_BACKTRACE=full" "-e" "RUSTFLAGS=--cap-lints=warn" "-e" "RUSTDOCFLAGS=--cap-lints=warn" "-w" "/opt/rustwide/workdir" "--user" "0:0" "53bea8636dbeba9a30156278a41ac59ae3c63d7817d76ab2cca8e20caed5f12d" "/opt/rustwide/cargo-home/bin/cargo" "+1.100.0-beta.1" "test" "--frozen" "--release", kill_on_drop: false }`
[INFO] [stderr] warning: Cargo.toml: `package.edition` is unspecified, defaulting to `2015` while the latest is `2024`
[INFO] [stderr] warning: `lazy_static` (manifest) generated 1 warning
[INFO] [stderr] warning: eliding a lifetime that's named elsewhere is confusing
[INFO] [stderr]   --> src/inline_lazy.rs:26:43
[INFO] [stderr]    |
[INFO] [stderr] 26 |     pub fn get<F>(&'static self, f: F) -> &T
[INFO] [stderr]    |                    -------                ^^ the same lifetime is elided here
[INFO] [stderr]    |                    |
[INFO] [stderr]    |                    the lifetime is named here
[INFO] [stderr]    |
[INFO] [stderr]    = help: the same lifetime is referred to in inconsistent ways, making the signature confusing
[INFO] [stderr]    = note: `#[warn(mismatched_lifetime_syntaxes)]` on by default
[INFO] [stderr] help: consistently use `'static`
[INFO] [stderr]    |
[INFO] [stderr] 26 |     pub fn get<F>(&'static self, f: F) -> &'static T
[INFO] [stderr]    |                                            +++++++
[INFO] [stderr] 
[INFO] [stderr] warning: `lazy_static` (lib) generated 1 warning (run `cargo fix --lib -p lazy_static` to apply 1 suggestion)
[INFO] [stderr] warning: use of deprecated constant `std::u32::MAX`: replaced by the `MAX` associated constant on this type
[INFO] [stderr]   --> tests/test.rs:61:35
[INFO] [stderr]    |
[INFO] [stderr] 61 |     assert_eq!(*UNSAFE, std::u32::MAX);
[INFO] [stderr]    |                                   ^^^
[INFO] [stderr]    |
[INFO] [stderr] note: the lint level is defined here
[INFO] [stderr]   --> tests/test.rs:1:9
[INFO] [stderr]    |
[INFO] [stderr]  1 | #![deny(warnings)]
[INFO] [stderr]    |         ^^^^^^^^
[INFO] [stderr]    = note: `#[warn(deprecated)]` implied by `#[warn(warnings)]`
[INFO] [stderr] 
[INFO] [stderr] warning: unnecessary transmute
[INFO] [stderr]   --> tests/test.rs:28:9
[INFO] [stderr]    |
[INFO] [stderr] 28 |         std::mem::transmute::<i32, u32>(-1)
[INFO] [stderr]    |         ^^^^^^^^^^^^^^^^^^^^^^^^^^^^^^^^^^^
[INFO] [stderr]    |
[INFO] [stderr]    = note: `#[warn(unnecessary_transmutes)]` implied by `#[warn(warnings)]`
[INFO] [stderr] help: replace this with
[INFO] [stderr]    |
[INFO] [stderr] 28 -         std::mem::transmute::<i32, u32>(-1)
[INFO] [stderr] 28 +         i32::cast_unsigned(-1)
[INFO] [stderr]    |
[INFO] [stderr] 
[INFO] [stderr] warning: `lazy_static` (lib test) generated 1 warning (1 duplicate)
[INFO] [stderr] warning: `lazy_static` (test "test") generated 2 warnings (run `cargo fix --test "test" -p lazy_static` to apply 1 suggestion)
[INFO] [stderr]     Finished `release` profile [optimized] target(s) in 0.06s
[INFO] [stderr]      Running unittests src/lib.rs (/opt/rustwide/target/release/build/lazy_static/e555b1ff4eb998f0/out/lazy_static-e555b1ff4eb998f0)
[INFO] [stdout] 
[INFO] [stdout] running 0 tests
[INFO] [stdout] 
[INFO] [stdout] test result: ok. 0 passed; 0 failed; 0 ignored; 0 measured; 0 filtered out; finished in 0.00s
[INFO] [stdout] 
[INFO] [stderr]      Running tests/no_std.rs (/opt/rustwide/target/release/build/lazy_static/68ab414acaef9d64/out/no_std-68ab414acaef9d64)
[INFO] [stdout] 
[INFO] [stdout] running 0 tests
[INFO] [stdout] 
[INFO] [stdout] test result: ok. 0 passed; 0 failed; 0 ignored; 0 measured; 0 filtered out; finished in 0.00s
[INFO] [stdout] 
[INFO] [stderr]      Running tests/test.rs (/opt/rustwide/target/release/build/lazy_static/2b6b6dcceaa8571f/out/test-2b6b6dcceaa8571f)
[INFO] [stdout] 
[INFO] [stdout] running 9 tests
[INFO] [stdout] test lifetime_name ... ok
[INFO] [stdout] test test_meta ... ok
[INFO] [stdout] test pre_init ... ok
[INFO] [stdout] test test_visibility ... ok
[INFO] [stdout] test s3 ... ok
[INFO] [stdout] test test_repeat ... ok
[INFO] [stdout] test visibility::sub_test ... ok
[INFO] [stdout] test test_basic ... ok
[INFO] [stdout] test item_name_shadowing ... ok
[INFO] [stdout] 
[INFO] [stdout] test result: ok. 9 passed; 0 failed; 0 ignored; 0 measured; 0 filtered out; finished in 0.01s
[INFO] [stdout] 
[INFO] [stderr]      Running tests/ui.rs (/opt/rustwide/target/release/build/lazy_static/4250b8bb73e87a2f/out/ui-4250b8bb73e87a2f)
[INFO] [stdout] 
[INFO] [stdout] running 1 test
[INFO] [stderr] warning: /opt/rustwide/workdir/Cargo.toml: `package.edition` is unspecified, defaulting to `2015` while the latest is `2024`
[INFO] [stderr] warning: `lazy_static` (manifest) generated 1 warning
[INFO] [stderr]    Compiling doc-comment v0.3.4
[INFO] [stderr]     Checking lazy_static v1.5.1 (/opt/rustwide/workdir)
[INFO] [stderr] warning: eliding a lifetime that's named elsewhere is confusing
[INFO] [stderr]   --> /opt/rustwide/workdir/src/inline_lazy.rs:26:43
[INFO] [stderr]    |
[INFO] [stderr] 26 |     pub fn get<F>(&'static self, f: F) -> &T
[INFO] [stderr]    |                    -------                ^^ the same lifetime is elided here
[INFO] [stderr]    |                    |
[INFO] [stderr]    |                    the lifetime is named here
[INFO] [stderr]    |
[INFO] [stderr]    = help: the same lifetime is referred to in inconsistent ways, making the signature confusing
[INFO] [stderr]    = note: `#[warn(mismatched_lifetime_syntaxes)]` on by default
[INFO] [stderr] help: consistently use `'static`
[INFO] [stderr]    |
[INFO] [stderr] 26 |     pub fn get<F>(&'static self, f: F) -> &'static T
[INFO] [stderr]    |                                            +++++++
[INFO] [stderr] 
[INFO] [stderr] warning: `lazy_static` (lib) generated 1 warning (run `cargo fix --lib -p lazy_static` to apply 1 suggestion)
[INFO] [stderr]     Checking lazy_static-tests v0.0.0 (/opt/rustwide/target/tests/trybuild/lazy_static)
[INFO] [stderr]     Finished `dev` profile [unoptimized + debuginfo] target(s) in 0.44s
[INFO] [stderr] 
[INFO] [stderr] 
[INFO] [stderr] test tests/compile_fail/incorrect_visibility_restriction.rs ... mismatch
[INFO] [stderr] 
[INFO] [stderr] EXPECTED:
[INFO] [stderr] ┈┈┈┈┈┈┈┈┈┈┈┈┈┈┈┈┈┈┈┈┈┈┈┈┈┈┈┈┈┈┈┈┈┈┈┈┈┈┈┈┈┈┈┈┈┈┈┈┈┈┈┈┈┈┈┈┈┈┈┈
[INFO] [stderr] error[E0704]: incorrect visibility restriction
[INFO] [stderr]  --> tests/compile_fail/incorrect_visibility_restriction.rs:5:9
[INFO] [stderr]   |
[INFO] [stderr] 5 |     pub(nonsense) static ref WRONG: () = ();
[INFO] [stderr]   |         ^^^^^^^^ help: make this visible only to module `nonsense` with `in`: `in nonsense`
[INFO] [stderr]   |
[INFO] [stderr]   = help: some possible visibility restrictions are:
[INFO] [stderr]           `pub(crate)`: visible only on the current crate
[INFO] [stderr]           `pub(super)`: visible only in the current module's parent
[INFO] [stderr]           `pub(in path::to::module)`: visible only on the specified path
[INFO] [stderr] ┈┈┈┈┈┈┈┈┈┈┈┈┈┈┈┈┈┈┈┈┈┈┈┈┈┈┈┈┈┈┈┈┈┈┈┈┈┈┈┈┈┈┈┈┈┈┈┈┈┈┈┈┈┈┈┈┈┈┈┈
[INFO] [stderr] 
[INFO] [stderr] ACTUAL OUTPUT:
[INFO] [stderr] ┈┈┈┈┈┈┈┈┈┈┈┈┈┈┈┈┈┈┈┈┈┈┈┈┈┈┈┈┈┈┈┈┈┈┈┈┈┈┈┈┈┈┈┈┈┈┈┈┈┈┈┈┈┈┈┈┈┈┈┈
[INFO] [stderr] error[E0704]: incorrect visibility restriction
[INFO] [stderr]  --> tests/compile_fail/incorrect_visibility_restriction.rs:5:9
[INFO] [stderr]   |
[INFO] [stderr] 5 |     pub(nonsense) static ref WRONG: () = ();
[INFO] [stderr]   |         ^^^^^^^^
[INFO] [stderr]   |
[INFO] [stderr]   = help: some possible visibility restrictions are:
[INFO] [stderr]           `pub(crate)`: visible only on the current crate
[INFO] [stderr]           `pub(super)`: visible only in the current module's parent
[INFO] [stderr]           `pub(in path::to::module)`: visible only on the specified path
[INFO] [stderr] help: make this visible only to module `nonsense` with `in`
[INFO] [stderr]   |
[INFO] [stderr] 5 |     pub(in nonsense) static ref WRONG: () = ();
[INFO] [stderr]   |         ++
[INFO] [stderr] ┈┈┈┈┈┈┈┈┈┈┈┈┈┈┈┈┈┈┈┈┈┈┈┈┈┈┈┈┈┈┈┈┈┈┈┈┈┈┈┈┈┈┈┈┈┈┈┈┈┈┈┈┈┈┈┈┈┈┈┈
[INFO] [stderr] note: If the actual output is the correct output you can bless it by rerunning
[INFO] [stderr]       your test with the environment variable TRYBUILD=overwrite
[INFO] [stderr] 
[INFO] [stderr] test tests/compile_fail/static_is_private.rs ... mismatch
[INFO] [stderr] 
[INFO] [stderr] EXPECTED:
[INFO] [stderr] ┈┈┈┈┈┈┈┈┈┈┈┈┈┈┈┈┈┈┈┈┈┈┈┈┈┈┈┈┈┈┈┈┈┈┈┈┈┈┈┈┈┈┈┈┈┈┈┈┈┈┈┈┈┈┈┈┈┈┈┈
[INFO] [stderr] error[E0603]: static `FOO` is private
[INFO] [stderr]   --> tests/compile_fail/static_is_private.rs:13:31
[INFO] [stderr]    |
[INFO] [stderr] 13 |     assert_eq!(*outer::inner::FOO, ());
[INFO] [stderr]    |                               ^^^ private static
[INFO] [stderr]    |
[INFO] [stderr] note: the static `FOO` is defined here
[INFO] [stderr]   --> tests/compile_fail/static_is_private.rs:6:9
[INFO] [stderr]    |
[INFO] [stderr] 6  | /         lazy_static! {
[INFO] [stderr] 7  | |             pub(in outer) static ref FOO: () = ();
[INFO] [stderr] 8  | |         }
[INFO] [stderr]    | |_________^
[INFO] [stderr]    = note: this error originates in the macro `lazy_static` (in Nightly builds, run with -Z macro-backtrace for more info)
[INFO] [stderr] ┈┈┈┈┈┈┈┈┈┈┈┈┈┈┈┈┈┈┈┈┈┈┈┈┈┈┈┈┈┈┈┈┈┈┈┈┈┈┈┈┈┈┈┈┈┈┈┈┈┈┈┈┈┈┈┈┈┈┈┈
[INFO] [stderr] 
[INFO] [stderr] ACTUAL OUTPUT:
[INFO] [stderr] ┈┈┈┈┈┈┈┈┈┈┈┈┈┈┈┈┈┈┈┈┈┈┈┈┈┈┈┈┈┈┈┈┈┈┈┈┈┈┈┈┈┈┈┈┈┈┈┈┈┈┈┈┈┈┈┈┈┈┈┈
[INFO] [stderr] error[E0603]: static `FOO` is private
[INFO] [stderr]   --> tests/compile_fail/static_is_private.rs:13:31
[INFO] [stderr]    |
[INFO] [stderr] 13 |     assert_eq!(*outer::inner::FOO, ());
[INFO] [stderr]    |                               ^^^ private static
[INFO] [stderr]    |
[INFO] [stderr] note: the static `FOO` is defined here
[INFO] [stderr]   --> tests/compile_fail/static_is_private.rs:6:9
[INFO] [stderr]    |
[INFO] [stderr]  6 | /         lazy_static! {
[INFO] [stderr]  7 | |             pub(in outer) static ref FOO: () = ();
[INFO] [stderr]  8 | |         }
[INFO] [stderr]    | |_________^
[INFO] [stderr]    = note: this error originates in the macro `lazy_static` (in Nightly builds, run with -Z macro-backtrace for more info)
[INFO] [stderr] ┈┈┈┈┈┈┈┈┈┈┈┈┈┈┈┈┈┈┈┈┈┈┈┈┈┈┈┈┈┈┈┈┈┈┈┈┈┈┈┈┈┈┈┈┈┈┈┈┈┈┈┈┈┈┈┈┈┈┈┈
[INFO] [stderr] note: If the actual output is the correct output you can bless it by rerunning
[INFO] [stderr]       your test with the environment variable TRYBUILD=overwrite
[INFO] [stderr] 
[INFO] [stderr] test tests/compile_fail/static_is_sized.rs ... mismatch
[INFO] [stderr] 
[INFO] [stderr] EXPECTED:
[INFO] [stderr] ┈┈┈┈┈┈┈┈┈┈┈┈┈┈┈┈┈┈┈┈┈┈┈┈┈┈┈┈┈┈┈┈┈┈┈┈┈┈┈┈┈┈┈┈┈┈┈┈┈┈┈┈┈┈┈┈┈┈┈┈
[INFO] [stderr] error[E0277]: the size for values of type `str` cannot be known at compilation time
[INFO] [stderr]  --> tests/compile_fail/static_is_sized.rs:4:1
[INFO] [stderr]   |
[INFO] [stderr] 4 | / lazy_static! {
[INFO] [stderr] 5 | |     pub static ref FOO: str = panic!();
[INFO] [stderr] 6 | | }
[INFO] [stderr]   | |_^ doesn't have a size known at compile-time
[INFO] [stderr]   |
[INFO] [stderr]   = help: the trait `Sized` is not implemented for `str`
[INFO] [stderr] note: required by an implicit `Sized` bound in `Lazy`
[INFO] [stderr]  --> src/inline_lazy.rs
[INFO] [stderr]   |
[INFO] [stderr]   | pub struct Lazy<T: Sync>(Cell<MaybeUninit<T>>, Once);
[INFO] [stderr]   |                 ^ required by the implicit `Sized` requirement on this type parameter in `Lazy`
[INFO] [stderr]   = note: this error originates in the macro `__lazy_static_create` which comes from the expansion of the macro `lazy_static` (in Nightly builds, run with -Z macro-backtrace for more info)
[INFO] [stderr] 
[INFO] [stderr] error[E0277]: the size for values of type `str` cannot be known at compilation time
[INFO] [stderr]  --> tests/compile_fail/static_is_sized.rs:4:1
[INFO] [stderr]   |
[INFO] [stderr] 4 | / lazy_static! {
[INFO] [stderr] 5 | |     pub static ref FOO: str = panic!();
[INFO] [stderr] 6 | | }
[INFO] [stderr]   | |_^ doesn't have a size known at compile-time
[INFO] [stderr]   |
[INFO] [stderr]   = help: the trait `Sized` is not implemented for `str`
[INFO] [stderr] note: required by an implicit `Sized` bound in `Lazy`
[INFO] [stderr]  --> src/inline_lazy.rs
[INFO] [stderr]   |
[INFO] [stderr]   | pub struct Lazy<T: Sync>(Cell<MaybeUninit<T>>, Once);
[INFO] [stderr]   |                 ^ required by the implicit `Sized` requirement on this type parameter in `Lazy`
[INFO] [stderr]   = note: this error originates in the macro `__lazy_static_create` which comes from the expansion of the macro `lazy_static` (in Nightly builds, run with -Z macro-backtrace for more info)
[INFO] [stderr] 
[INFO] [stderr] error[E0277]: the size for values of type `str` cannot be known at compilation time
[INFO] [stderr]  --> tests/compile_fail/static_is_sized.rs:5:25
[INFO] [stderr]   |
[INFO] [stderr] 5 |     pub static ref FOO: str = panic!();
[INFO] [stderr]   |                         ^^^ doesn't have a size known at compile-time
[INFO] [stderr]   |
[INFO] [stderr]   = help: the trait `Sized` is not implemented for `str`
[INFO] [stderr]   = note: the return type of a function must have a statically known size
[INFO] [stderr] 
[INFO] [stderr] error[E0599]: the method `get` exists for struct `Lazy<str>`, but its trait bounds were not satisfied
[INFO] [stderr]  --> tests/compile_fail/static_is_sized.rs:4:1
[INFO] [stderr]   |
[INFO] [stderr] 4 | / lazy_static! {
[INFO] [stderr] 5 | |     pub static ref FOO: str = panic!();
[INFO] [stderr] 6 | | }
[INFO] [stderr]   | |_^ method cannot be called on `Lazy<str>` due to unsatisfied trait bounds
[INFO] [stderr]   |
[INFO] [stderr]   = note: the following trait bounds were not satisfied:
[INFO] [stderr]           `str: Sized`
[INFO] [stderr]   = note: this error originates in the macro `__lazy_static_internal` which comes from the expansion of the macro `lazy_static` (in Nightly builds, run with -Z macro-backtrace for more info)
[INFO] [stderr] 
[INFO] [stderr] error[E0277]: the size for values of type `str` cannot be known at compilation time
[INFO] [stderr]  --> tests/compile_fail/static_is_sized.rs:4:1
[INFO] [stderr]   |
[INFO] [stderr] 4 | / lazy_static! {
[INFO] [stderr] 5 | |     pub static ref FOO: str = panic!();
[INFO] [stderr] 6 | | }
[INFO] [stderr]   | |_^ doesn't have a size known at compile-time
[INFO] [stderr]   |
[INFO] [stderr]   = help: the trait `Sized` is not implemented for `str`
[INFO] [stderr]   = note: the return type of a function must have a statically known size
[INFO] [stderr]   = note: this error originates in the macro `__lazy_static_internal` which comes from the expansion of the macro `lazy_static` (in Nightly builds, run with -Z macro-backtrace for more info)
[INFO] [stderr] ┈┈┈┈┈┈┈┈┈┈┈┈┈┈┈┈┈┈┈┈┈┈┈┈┈┈┈┈┈┈┈┈┈┈┈┈┈┈┈┈┈┈┈┈┈┈┈┈┈┈┈┈┈┈┈┈┈┈┈┈
[INFO] [stderr] 
[INFO] [stderr] ACTUAL OUTPUT:
[INFO] [stderr] ┈┈┈┈┈┈┈┈┈┈┈┈┈┈┈┈┈┈┈┈┈┈┈┈┈┈┈┈┈┈┈┈┈┈┈┈┈┈┈┈┈┈┈┈┈┈┈┈┈┈┈┈┈┈┈┈┈┈┈┈
[INFO] [stderr] error[E0277]: the size for values of type `str` cannot be known at compilation time
[INFO] [stderr]  --> tests/compile_fail/static_is_sized.rs:5:25
[INFO] [stderr]   |
[INFO] [stderr] 5 |     pub static ref FOO: str = panic!();
[INFO] [stderr]   |                         ^^^ doesn't have a size known at compile-time
[INFO] [stderr]   |
[INFO] [stderr]   = help: the trait `Sized` is not implemented for `str`
[INFO] [stderr]   = note: the return type of a function must have a statically known size
[INFO] [stderr] 
[INFO] [stderr] error[E0277]: the size for values of type `str` cannot be known at compilation time
[INFO] [stderr]  --> tests/compile_fail/static_is_sized.rs:4:1
[INFO] [stderr]   |
[INFO] [stderr] 4 | / lazy_static! {
[INFO] [stderr] 5 | |     pub static ref FOO: str = panic!();
[INFO] [stderr] 6 | | }
[INFO] [stderr]   | |_^ doesn't have a size known at compile-time
[INFO] [stderr]   |
[INFO] [stderr]   = help: the trait `Sized` is not implemented for `str`
[INFO] [stderr] note: required by an implicit `Sized` bound in `lazy_static::lazy::Lazy`
[INFO] [stderr]  --> src/inline_lazy.rs
[INFO] [stderr]   |
[INFO] [stderr]   | pub struct Lazy<T: Sync>(Cell<MaybeUninit<T>>, Once);
[INFO] [stderr]   |                 ^ required by the implicit `Sized` requirement on this type parameter in `Lazy`
[INFO] [stderr]   = note: this error originates in the macro `__lazy_static_create` which comes from the expansion of the macro `lazy_static` (in Nightly builds, run with -Z macro-backtrace for more info)
[INFO] [stderr] 
[INFO] [stderr] error[E0277]: the size for values of type `str` cannot be known at compilation time
[INFO] [stderr]  --> tests/compile_fail/static_is_sized.rs:4:1
[INFO] [stderr]   |
[INFO] [stderr] 4 | / lazy_static! {
[INFO] [stderr] 5 | |     pub static ref FOO: str = panic!();
[INFO] [stderr] 6 | | }
[INFO] [stderr]   | |_^ doesn't have a size known at compile-time
[INFO] [stderr]   |
[INFO] [stderr]   = help: the trait `Sized` is not implemented for `str`
[INFO] [stderr]   = note: the return type of a function must have a statically known size
[INFO] [stderr]   = note: this error originates in the macro `__lazy_static_internal` which comes from the expansion of the macro `lazy_static` (in Nightly builds, run with -Z macro-backtrace for more info)
[INFO] [stderr] ┈┈┈┈┈┈┈┈┈┈┈┈┈┈┈┈┈┈┈┈┈┈┈┈┈┈┈┈┈┈┈┈┈┈┈┈┈┈┈┈┈┈┈┈┈┈┈┈┈┈┈┈┈┈┈┈┈┈┈┈
[INFO] [stderr] note: If the actual output is the correct output you can bless it by rerunning
[INFO] [stderr]       your test with the environment variable TRYBUILD=overwrite
[INFO] [stderr] 
[INFO] [stderr] 
[INFO] [stderr] 
[INFO] [stdout] test ui ... FAILED
[INFO] [stdout] 
[INFO] [stdout] failures:
[INFO] [stdout] 
[INFO] [stdout] ---- ui stdout ----
[INFO] [stdout] 
[INFO] [stdout] thread 'ui' (593) panicked at /opt/rustwide/cargo-home/registry/src/index.crates.io-1949cf8c6b5b557f/trybuild-1.0.121/src/run.rs:103:13:
[INFO] [stdout] 3 of 3 tests failed
[INFO] [stdout] stack backtrace:
[INFO] [stdout]    0:     0x5ed9e5c05c41 - <<std[617be2ca0a6fd877]::sys::backtrace::BacktraceLock>::print::DisplayBacktrace as core[a373ad73a504971]::fmt::Display>::fmt
[INFO] [stdout]    1:     0x5ed9e5c1bf2a - core[a373ad73a504971]::fmt::write
[INFO] [stdout]    2:     0x5ed9e5c0a48c - <alloc[2e1b2a31b91974c5]::vec::Vec<u8> as core[a373ad73a504971]::io::write::Write>::write_fmt
[INFO] [stdout]    3:     0x5ed9e5bdf0a6 - std[617be2ca0a6fd877]::panicking::default_hook::{closure#0}
[INFO] [stdout]    4:     0x5ed9e5bfd1e9 - std[617be2ca0a6fd877]::panicking::default_hook
[INFO] [stdout]    5:     0x5ed9e5b967f0 - test[aada8e7e76ba119b]::test_main_inner::{closure#0}
[INFO] [stdout]    6:     0x5ed9e5bfd3a2 - std[617be2ca0a6fd877]::panicking::panic_with_hook
[INFO] [stdout]    7:     0x5ed9e5bdf152 - std[617be2ca0a6fd877]::panicking::panic_handler::{closure#0}
[INFO] [stdout]    8:     0x5ed9e5bd79a9 - std[617be2ca0a6fd877]::sys::backtrace::__rust_end_short_backtrace::<std[617be2ca0a6fd877]::panicking::panic_handler::{closure#0}, !>
[INFO] [stdout]    9:     0x5ed9e5bdfd5d - __rustc[ea4f61d10b84890b]::rust_begin_unwind
[INFO] [stdout]   10:     0x5ed9e5c1c69c - core[a373ad73a504971]::panicking::panic_fmt
[INFO] [stdout]   11:     0x5ed9e5aea4c8 - <trybuild[aeaab9b1e29af71e]::Runner>::run
[INFO] [stdout]   12:     0x5ed9e5aed730 - <trybuild[aeaab9b1e29af71e]::TestCases as core[a373ad73a504971]::ops::drop::Drop>::drop
[INFO] [stdout]   13:     0x5ed9e5ae3d98 - ui[1a9f3e61ef6cd53d]::ui
[INFO] [stdout]   14:     0x5ed9e5ae3f99 - <ui[1a9f3e61ef6cd53d]::ui::{closure#0} as core[a373ad73a504971]::ops::function::FnOnce<()>>::call_once
[INFO] [stdout]   15:     0x5ed9e5b89c3b - test[aada8e7e76ba119b]::__rust_begin_short_backtrace::<core[a373ad73a504971]::result::Result<(), alloc[2e1b2a31b91974c5]::string::String>, fn() -> core[a373ad73a504971]::result::Result<(), alloc[2e1b2a31b91974c5]::string::String>>
[INFO] [stdout]   16:     0x5ed9e5b96e15 - test[aada8e7e76ba119b]::run_test::{closure#0}
[INFO] [stdout]   17:     0x5ed9e5b90704 - std[617be2ca0a6fd877]::sys::backtrace::__rust_begin_short_backtrace::<test[aada8e7e76ba119b]::run_test::{closure#1}, ()>
[INFO] [stdout]   18:     0x5ed9e5b99ea2 - <std[617be2ca0a6fd877]::thread::lifecycle::spawn_unchecked<test[aada8e7e76ba119b]::run_test::{closure#1}, ()>::{closure#1} as core[a373ad73a504971]::ops::function::FnOnce<()>>::call_once::{shim:vtable#0}
[INFO] [stdout]   19:     0x5ed9e5c04e9f - <std[617be2ca0a6fd877]::sys::thread::unix::Thread>::new::thread_start
[INFO] [stdout]   20:     0x7813bffbcdfa - <unknown>
[INFO] [stdout]   21:     0x7813c00503d4 - clone
[INFO] [stdout]   22:                0x0 - <unknown>
[INFO] [stdout] 
[INFO] [stdout] 
[INFO] [stdout] failures:
[INFO] [stdout]     ui
[INFO] [stdout] 
[INFO] [stdout] test result: FAILED. 0 passed; 1 failed; 0 ignored; 0 measured; 0 filtered out; finished in 0.85s
[INFO] [stdout] 
[INFO] [stderr] error: test failed, to rerun pass `--test ui`
[INFO] running `Command { std: "docker" "inspect" "53bea8636dbeba9a30156278a41ac59ae3c63d7817d76ab2cca8e20caed5f12d", kill_on_drop: false }`
[INFO] running `Command { std: "docker" "rm" "-f" "53bea8636dbeba9a30156278a41ac59ae3c63d7817d76ab2cca8e20caed5f12d", kill_on_drop: false }`
[INFO] [stdout] 53bea8636dbeba9a30156278a41ac59ae3c63d7817d76ab2cca8e20caed5f12d
