[INFO] fetching crate layer-mtproto 0.5.0...
[INFO] testing layer-mtproto-0.5.0 against 1.100.0-beta.1+cargoflags=--release for beta-release-1.100-2
[INFO] extracting crate layer-mtproto 0.5.0 into /workspace/builds/worker-5-tc2/source
[INFO] started tweaking crates.io crate layer-mtproto 0.5.0
[INFO] removed 0 missing tests
[INFO] finished tweaking crates.io crate layer-mtproto 0.5.0
[INFO] tweaked toml for crates.io crate layer-mtproto 0.5.0 written to /workspace/builds/worker-5-tc2/source/Cargo.toml
[INFO] validating manifest of crates.io crate layer-mtproto 0.5.0 on toolchain 1.100.0-beta.1
[INFO] running `Command { std: CARGO_HOME="/workspace/cargo-home" RUSTUP_HOME="/workspace/rustup-home" "/workspace/cargo-home/bin/cargo" "+1.100.0-beta.1" "metadata" "--manifest-path" "Cargo.toml" "--no-deps", kill_on_drop: false }`
[INFO] crate crates.io crate layer-mtproto 0.5.0 already has a lockfile, it will not be regenerated
[INFO] running `Command { std: CARGO_HOME="/workspace/cargo-home" RUSTUP_HOME="/workspace/rustup-home" "/workspace/cargo-home/bin/cargo" "+1.100.0-beta.1" "fetch" "--manifest-path" "Cargo.toml", kill_on_drop: false }`
[INFO] [stderr] warning: `package.homepage` is redundant with `package.repository`
[INFO] [stderr]   --> Cargo.toml:39:12
[INFO] [stderr]    |
[INFO] [stderr] 39 | homepage = "https://github.com/ankit-chaubey/layer"
[INFO] [stderr]    |            ^^^^^^^^^^^^^^^^^^^^^^^^^^^^^^^^^^^^^^^^
[INFO] [stderr] ...
[INFO] [stderr] 44 | repository = "https://github.com/ankit-chaubey/layer"
[INFO] [stderr]    |              ----------------------------------------
[INFO] [stderr]    |
[INFO] [stderr]    = note: `cargo::redundant_homepage` is set to `warn` by default
[INFO] [stderr] help: consider removing `package.homepage`
[INFO] [stderr] warning: `layer-mtproto` (manifest) generated 1 warning
[INFO] running `Command { std: "docker" "create" "-v" "/var/lib/crater-agent-workspace/builds/worker-5-tc2/source:/opt/rustwide/workdir:ro,Z" "-v" "/var/lib/crater-agent-workspace/builds/worker-5-tc2/target:/opt/rustwide/target:rw,Z" "-v" "/var/lib/crater-agent-workspace/cargo-home:/opt/rustwide/cargo-home:ro,Z" "-v" "/var/lib/crater-agent-workspace/rustup-home:/opt/rustwide/rustup-home:ro,Z" "-m" "1610612736" "--network" "none" "ghcr.io/rust-lang/crates-build-env/linux@sha256:77db811e55d90add9212f6832c23229e3de5f1c1f9905e8cb07319ea15df73ac" "sleep" "infinity", kill_on_drop: false }`
[INFO] [stdout] fe938161d80300e8f9ef8ae90d194b741631a36174709a3ab0716b64132f8c52
[INFO] running `Command { std: "docker" "start" "fe938161d80300e8f9ef8ae90d194b741631a36174709a3ab0716b64132f8c52", kill_on_drop: false }`
[INFO] running `Command { std: "docker" "inspect" "fe938161d80300e8f9ef8ae90d194b741631a36174709a3ab0716b64132f8c52", kill_on_drop: false }`
[INFO] running `Command { std: "docker" "exec" "-e" "SOURCE_DIR=/opt/rustwide/workdir" "-e" "CARGO_HOME=/opt/rustwide/cargo-home" "-e" "RUSTUP_HOME=/opt/rustwide/rustup-home" "-e" "CARGO_TARGET_DIR=/opt/rustwide/target" "-w" "/opt/rustwide/workdir" "--user" "0:0" "fe938161d80300e8f9ef8ae90d194b741631a36174709a3ab0716b64132f8c52" "/opt/rustwide/cargo-home/bin/cargo" "+1.100.0-beta.1" "metadata" "--no-deps" "--format-version=1", kill_on_drop: false }`
[INFO] running `Command { std: "docker" "inspect" "fe938161d80300e8f9ef8ae90d194b741631a36174709a3ab0716b64132f8c52", kill_on_drop: false }`
[INFO] running `Command { std: "docker" "exec" "-e" "SOURCE_DIR=/opt/rustwide/workdir" "-e" "CARGO_HOME=/opt/rustwide/cargo-home" "-e" "RUSTUP_HOME=/opt/rustwide/rustup-home" "-e" "CARGO_TARGET_DIR=/opt/rustwide/target" "-e" "CARGO_INCREMENTAL=0" "-e" "RUST_BACKTRACE=full" "-e" "RUSTFLAGS=--cap-lints=warn" "-e" "RUSTDOCFLAGS=--cap-lints=warn" "-w" "/opt/rustwide/workdir" "--user" "0:0" "fe938161d80300e8f9ef8ae90d194b741631a36174709a3ab0716b64132f8c52" "/opt/rustwide/cargo-home/bin/cargo" "+1.100.0-beta.1" "build" "--frozen" "--message-format=json" "--release", kill_on_drop: false }`
[INFO] [stderr] warning: `package.homepage` is redundant with `package.repository`
[INFO] [stderr]   --> Cargo.toml:39:12
[INFO] [stderr]    |
[INFO] [stderr] 39 | homepage = "https://github.com/ankit-chaubey/layer"
[INFO] [stderr]    |            ^^^^^^^^^^^^^^^^^^^^^^^^^^^^^^^^^^^^^^^^
[INFO] [stderr] ...
[INFO] [stderr] 44 | repository = "https://github.com/ankit-chaubey/layer"
[INFO] [stderr]    |              ----------------------------------------
[INFO] [stderr]    |
[INFO] [stderr]    = note: `cargo::redundant_homepage` is set to `warn` by default
[INFO] [stderr] help: consider removing `package.homepage`
[INFO] [stderr] warning: `layer-mtproto` (manifest) generated 1 warning
[INFO] [stderr]    Compiling inout v0.1.4
[INFO] [stderr]    Compiling layer-tl-parser v0.5.0
[INFO] [stderr]    Compiling libc v0.2.184
[INFO] [stderr]    Compiling cipher v0.4.4
[INFO] [stderr]    Compiling aes v0.8.4
[INFO] [stderr]    Compiling ctr v0.9.2
[INFO] [stderr]    Compiling layer-tl-gen v0.5.0
[INFO] [stderr]    Compiling layer-tl-types v0.5.0
[INFO] [stderr]    Compiling getrandom v0.2.17
[INFO] [stderr]    Compiling layer-crypto v0.5.0
[INFO] [stderr]    Compiling layer-mtproto v0.5.0 (/opt/rustwide/workdir)
[INFO] [stderr]     Finished `release` profile [optimized] target(s) in 42.74s
[INFO] running `Command { std: "docker" "inspect" "fe938161d80300e8f9ef8ae90d194b741631a36174709a3ab0716b64132f8c52", kill_on_drop: false }`
[INFO] running `Command { std: "docker" "exec" "-e" "SOURCE_DIR=/opt/rustwide/workdir" "-e" "CARGO_HOME=/opt/rustwide/cargo-home" "-e" "RUSTUP_HOME=/opt/rustwide/rustup-home" "-e" "CARGO_TARGET_DIR=/opt/rustwide/target" "-e" "CARGO_INCREMENTAL=0" "-e" "RUST_BACKTRACE=full" "-e" "RUSTFLAGS=--cap-lints=warn" "-e" "RUSTDOCFLAGS=--cap-lints=warn" "-w" "/opt/rustwide/workdir" "--user" "0:0" "fe938161d80300e8f9ef8ae90d194b741631a36174709a3ab0716b64132f8c52" "/opt/rustwide/cargo-home/bin/cargo" "+1.100.0-beta.1" "test" "--frozen" "--no-run" "--message-format=json" "--release", kill_on_drop: false }`
[INFO] [stderr] warning: `package.homepage` is redundant with `package.repository`
[INFO] [stderr]   --> Cargo.toml:39:12
[INFO] [stderr]    |
[INFO] [stderr] 39 | homepage = "https://github.com/ankit-chaubey/layer"
[INFO] [stderr]    |            ^^^^^^^^^^^^^^^^^^^^^^^^^^^^^^^^^^^^^^^^
[INFO] [stderr] ...
[INFO] [stderr] 44 | repository = "https://github.com/ankit-chaubey/layer"
[INFO] [stderr]    |              ----------------------------------------
[INFO] [stderr]    |
[INFO] [stderr]    = note: `cargo::redundant_homepage` is set to `warn` by default
[INFO] [stderr] help: consider removing `package.homepage`
[INFO] [stderr] warning: `layer-mtproto` (manifest) generated 1 warning
[INFO] [stderr]    Compiling layer-mtproto v0.5.0 (/opt/rustwide/workdir)
[INFO] [stderr]     Finished `release` profile [optimized] target(s) in 0.68s
[INFO] running `Command { std: "docker" "inspect" "fe938161d80300e8f9ef8ae90d194b741631a36174709a3ab0716b64132f8c52", kill_on_drop: false }`
[INFO] running `Command { std: "docker" "exec" "-e" "SOURCE_DIR=/opt/rustwide/workdir" "-e" "CARGO_HOME=/opt/rustwide/cargo-home" "-e" "RUSTUP_HOME=/opt/rustwide/rustup-home" "-e" "CARGO_TARGET_DIR=/opt/rustwide/target" "-e" "CARGO_INCREMENTAL=0" "-e" "RUST_BACKTRACE=full" "-e" "RUSTFLAGS=--cap-lints=warn" "-e" "RUSTDOCFLAGS=--cap-lints=warn" "-w" "/opt/rustwide/workdir" "--user" "0:0" "fe938161d80300e8f9ef8ae90d194b741631a36174709a3ab0716b64132f8c52" "/opt/rustwide/cargo-home/bin/cargo" "+1.100.0-beta.1" "test" "--frozen" "--release", kill_on_drop: false }`
[INFO] [stderr] warning: `package.homepage` is redundant with `package.repository`
[INFO] [stderr]   --> Cargo.toml:39:12
[INFO] [stderr]    |
[INFO] [stderr] 39 | homepage = "https://github.com/ankit-chaubey/layer"
[INFO] [stderr]    |            ^^^^^^^^^^^^^^^^^^^^^^^^^^^^^^^^^^^^^^^^
[INFO] [stderr] ...
[INFO] [stderr] 44 | repository = "https://github.com/ankit-chaubey/layer"
[INFO] [stderr]    |              ----------------------------------------
[INFO] [stderr]    |
[INFO] [stderr]    = note: `cargo::redundant_homepage` is set to `warn` by default
[INFO] [stderr] help: consider removing `package.homepage`
[INFO] [stderr] warning: `layer-mtproto` (manifest) generated 1 warning
[INFO] [stderr]     Finished `release` profile [optimized] target(s) in 0.05s
[INFO] [stderr]      Running unittests src/lib.rs (/opt/rustwide/target/release/build/layer-mtproto/c1d91a40227b7d5a/out/layer_mtproto-c1d91a40227b7d5a)
[INFO] [stderr]      Running tests/session.rs (/opt/rustwide/target/release/build/layer-mtproto/f2577c6454904081/out/session-f2577c6454904081)
[INFO] [stdout] 
[INFO] [stdout] running 0 tests
[INFO] [stdout] 
[INFO] [stdout] test result: ok. 0 passed; 0 failed; 0 ignored; 0 measured; 0 filtered out; finished in 0.00s
[INFO] [stdout] 
[INFO] [stdout] 
[INFO] [stdout] running 4 tests
[INFO] [stdout] test message_plaintext_bytes_layout ... ok
[INFO] [stderr]    Doc-tests layer_mtproto
[INFO] [stdout] test session_seq_no_increments ... ok
[INFO] [stdout] test session_unrelated_seq_no_is_even ... ok
[INFO] [stdout] test abridged_sends_init_byte_once ... ok
[INFO] [stdout] 
[INFO] [stdout] test result: ok. 4 passed; 0 failed; 0 ignored; 0 measured; 0 filtered out; finished in 0.00s
[INFO] [stdout] 
[INFO] [stdout] 
[INFO] [stdout] running 2 tests
[INFO] [stdout] test src/transport.rs - transport::ObfuscatedAbridged (line 128) - compile ... FAILED
[INFO] [stdout] test src/session.rs - session::Session (line 31) ... ok
[INFO] [stdout] 
[INFO] [stdout] failures:
[INFO] [stdout] 
[INFO] [stdout] ---- src/transport.rs - transport::ObfuscatedAbridged (line 128) stdout ----
[INFO] [stdout] error[E0433]: cannot find type `TcpStream` in this scope
[INFO] [stdout]    --> src/transport.rs:129:14
[INFO] [stdout]     |
[INFO] [stdout] 129 | let stream = TcpStream::connect("149.154.167.51:443")?;
[INFO] [stdout]     |              ^^^^^^^^^ use of undeclared type `TcpStream`
[INFO] [stdout]     |
[INFO] [stdout] help: consider importing this struct
[INFO] [stdout]     |
[INFO] [stdout] 128 + use std::net::TcpStream;
[INFO] [stdout]     |
[INFO] [stdout] 
[INFO] [stdout] error[E0433]: cannot find type `Duration` in this scope
[INFO] [stdout]    --> src/transport.rs:130:30
[INFO] [stdout]     |
[INFO] [stdout] 130 | stream.set_read_timeout(Some(Duration::from_secs(15)))?;
[INFO] [stdout]     |                              ^^^^^^^^ use of undeclared type `Duration`
[INFO] [stdout]     |
[INFO] [stdout] help: consider importing this struct
[INFO] [stdout]     |
[INFO] [stdout] 128 + use std::time::Duration;
[INFO] [stdout]     |
[INFO] [stdout] 
[INFO] [stdout] error[E0433]: cannot find type `Duration` in this scope
[INFO] [stdout]    --> src/transport.rs:131:31
[INFO] [stdout]     |
[INFO] [stdout] 131 | stream.set_write_timeout(Some(Duration::from_secs(15)))?;
[INFO] [stdout]     |                               ^^^^^^^^ use of undeclared type `Duration`
[INFO] [stdout]     |
[INFO] [stdout] help: consider importing this struct
[INFO] [stdout]     |
[INFO] [stdout] 128 + use std::time::Duration;
[INFO] [stdout]     |
[INFO] [stdout] 
[INFO] [stdout] error[E0425]: cannot find value `payload` in this scope
[INFO] [stdout]    --> src/transport.rs:133:25
[INFO] [stdout]     |
[INFO] [stdout] 133 | transport.send_message(&payload)?;
[INFO] [stdout]     |                         ^^^^^^^ not found in this scope
[INFO] [stdout] 
[INFO] [stdout] error[E0433]: cannot find type `ObfuscatedAbridged` in this scope
[INFO] [stdout]    --> src/transport.rs:132:21
[INFO] [stdout]     |
[INFO] [stdout] 132 | let mut transport = ObfuscatedAbridged::new(stream)?;
[INFO] [stdout]     |                     ^^^^^^^^^^^^^^^^^^ use of undeclared type `ObfuscatedAbridged`
[INFO] [stdout] 
[INFO] [stdout] error: aborting due to 5 previous errors
[INFO] [stdout] 
[INFO] [stdout] Some errors have detailed explanations: E0425, E0433.
[INFO] [stdout] For more information about an error, try `rustc --explain E0425`.
[INFO] [stdout] Couldn't compile the test.
[INFO] [stdout] 
[INFO] [stdout] failures:
[INFO] [stdout]     src/transport.rs - transport::ObfuscatedAbridged (line 128)
[INFO] [stdout] 
[INFO] [stdout] test result: FAILED. 1 passed; 1 failed; 0 ignored; 0 measured; 0 filtered out; finished in 0.22s
[INFO] [stdout] 
[INFO] [stdout] all doctests ran in 0.35s; merged doctests compilation took 0.13s
[INFO] [stderr] error: doctest failed, to rerun pass `--doc`
[INFO] running `Command { std: "docker" "inspect" "fe938161d80300e8f9ef8ae90d194b741631a36174709a3ab0716b64132f8c52", kill_on_drop: false }`
[INFO] running `Command { std: "docker" "rm" "-f" "fe938161d80300e8f9ef8ae90d194b741631a36174709a3ab0716b64132f8c52", kill_on_drop: false }`
[INFO] [stdout] fe938161d80300e8f9ef8ae90d194b741631a36174709a3ab0716b64132f8c52
