[INFO] fetching crate launchify 0.3.1...
[INFO] testing launchify-0.3.1 against 1.100.0-beta.1+cargoflags=--release for beta-release-1.100-2
[INFO] extracting crate launchify 0.3.1 into /workspace/builds/worker-6-tc2/source
[INFO] started tweaking crates.io crate launchify 0.3.1
[INFO] finished tweaking crates.io crate launchify 0.3.1
[INFO] tweaked toml for crates.io crate launchify 0.3.1 written to /workspace/builds/worker-6-tc2/source/Cargo.toml
[INFO] validating manifest of crates.io crate launchify 0.3.1 on toolchain 1.100.0-beta.1
[INFO] running `Command { std: CARGO_HOME="/workspace/cargo-home" RUSTUP_HOME="/workspace/rustup-home" "/workspace/cargo-home/bin/cargo" "+1.100.0-beta.1" "metadata" "--manifest-path" "Cargo.toml" "--no-deps", kill_on_drop: false }`
[INFO] crate crates.io crate launchify 0.3.1 already has a lockfile, it will not be regenerated
[INFO] running `Command { std: CARGO_HOME="/workspace/cargo-home" RUSTUP_HOME="/workspace/rustup-home" "/workspace/cargo-home/bin/cargo" "+1.100.0-beta.1" "fetch" "--manifest-path" "Cargo.toml", kill_on_drop: false }`
[INFO] running `Command { std: "docker" "create" "-v" "/var/lib/crater-agent-workspace/builds/worker-6-tc2/source:/opt/rustwide/workdir:ro,Z" "-v" "/var/lib/crater-agent-workspace/builds/worker-6-tc2/target:/opt/rustwide/target:rw,Z" "-v" "/var/lib/crater-agent-workspace/cargo-home:/opt/rustwide/cargo-home:ro,Z" "-v" "/var/lib/crater-agent-workspace/rustup-home:/opt/rustwide/rustup-home:ro,Z" "-m" "1610612736" "--network" "none" "ghcr.io/rust-lang/crates-build-env/linux@sha256:77db811e55d90add9212f6832c23229e3de5f1c1f9905e8cb07319ea15df73ac" "sleep" "infinity", kill_on_drop: false }`
[INFO] [stdout] d777e972ef818b35bcd968fcec8037f0dad7a3f2f5448ac14166ceecfbb043b1
[INFO] running `Command { std: "docker" "start" "d777e972ef818b35bcd968fcec8037f0dad7a3f2f5448ac14166ceecfbb043b1", kill_on_drop: false }`
[INFO] running `Command { std: "docker" "inspect" "d777e972ef818b35bcd968fcec8037f0dad7a3f2f5448ac14166ceecfbb043b1", kill_on_drop: false }`
[INFO] running `Command { std: "docker" "exec" "-e" "SOURCE_DIR=/opt/rustwide/workdir" "-e" "CARGO_HOME=/opt/rustwide/cargo-home" "-e" "RUSTUP_HOME=/opt/rustwide/rustup-home" "-e" "CARGO_TARGET_DIR=/opt/rustwide/target" "-w" "/opt/rustwide/workdir" "--user" "0:0" "d777e972ef818b35bcd968fcec8037f0dad7a3f2f5448ac14166ceecfbb043b1" "/opt/rustwide/cargo-home/bin/cargo" "+1.100.0-beta.1" "metadata" "--no-deps" "--format-version=1", kill_on_drop: false }`
[INFO] running `Command { std: "docker" "inspect" "d777e972ef818b35bcd968fcec8037f0dad7a3f2f5448ac14166ceecfbb043b1", kill_on_drop: false }`
[INFO] running `Command { std: "docker" "exec" "-e" "SOURCE_DIR=/opt/rustwide/workdir" "-e" "CARGO_HOME=/opt/rustwide/cargo-home" "-e" "RUSTUP_HOME=/opt/rustwide/rustup-home" "-e" "CARGO_TARGET_DIR=/opt/rustwide/target" "-e" "CARGO_INCREMENTAL=0" "-e" "RUST_BACKTRACE=full" "-e" "RUSTFLAGS=--cap-lints=warn" "-e" "RUSTDOCFLAGS=--cap-lints=warn" "-w" "/opt/rustwide/workdir" "--user" "0:0" "d777e972ef818b35bcd968fcec8037f0dad7a3f2f5448ac14166ceecfbb043b1" "/opt/rustwide/cargo-home/bin/cargo" "+1.100.0-beta.1" "build" "--frozen" "--message-format=json" "--release", kill_on_drop: false }`
[INFO] [stderr]    Compiling syn v1.0.60
[INFO] [stderr]    Compiling libc v0.2.86
[INFO] [stderr]    Compiling serde v1.0.123
[INFO] [stderr]    Compiling serde_json v1.0.62
[INFO] [stderr]    Compiling log v0.4.14
[INFO] [stderr]    Compiling unicode-segmentation v1.7.1
[INFO] [stderr]    Compiling proc-macro-error-attr v1.0.4
[INFO] [stderr]    Compiling proc-macro-error v1.0.4
[INFO] [stderr]    Compiling itoa v0.4.7
[INFO] [stderr]    Compiling quote v1.0.9
[INFO] [stderr]    Compiling once_cell v1.5.2
[INFO] [stderr]    Compiling aho-corasick v0.7.15
[INFO] [stderr]    Compiling regex-syntax v0.6.22
[INFO] [stderr]    Compiling quick-error v2.0.0
[INFO] [stderr]    Compiling thread_local v1.1.3
[INFO] [stderr]    Compiling heck v0.3.2
[INFO] [stderr]    Compiling atty v0.2.14
[INFO] [stderr]    Compiling dirs-sys v0.3.5
[INFO] [stderr]    Compiling clap v2.33.3
[INFO] [stderr]    Compiling dirs v3.0.1
[INFO] [stderr]    Compiling pest_generator v2.1.3
[INFO] [stderr]    Compiling regex v1.4.3
[INFO] [stderr]    Compiling thiserror-impl v1.0.23
[INFO] [stderr]    Compiling structopt-derive v0.4.14
[INFO] [stderr]    Compiling pest_derive v2.1.0
[INFO] [stderr]    Compiling thiserror v1.0.23
[INFO] [stderr]    Compiling which v4.0.2
[INFO] [stderr]    Compiling structopt v0.3.21
[INFO] [stderr]    Compiling handlebars v3.5.2
[INFO] [stderr]    Compiling launchify v0.3.1 (/opt/rustwide/workdir)
[INFO] [stderr]     Finished `release` profile [optimized] target(s) in 31.76s
[INFO] running `Command { std: "docker" "inspect" "d777e972ef818b35bcd968fcec8037f0dad7a3f2f5448ac14166ceecfbb043b1", kill_on_drop: false }`
[INFO] running `Command { std: "docker" "exec" "-e" "SOURCE_DIR=/opt/rustwide/workdir" "-e" "CARGO_HOME=/opt/rustwide/cargo-home" "-e" "RUSTUP_HOME=/opt/rustwide/rustup-home" "-e" "CARGO_TARGET_DIR=/opt/rustwide/target" "-e" "CARGO_INCREMENTAL=0" "-e" "RUST_BACKTRACE=full" "-e" "RUSTFLAGS=--cap-lints=warn" "-e" "RUSTDOCFLAGS=--cap-lints=warn" "-w" "/opt/rustwide/workdir" "--user" "0:0" "d777e972ef818b35bcd968fcec8037f0dad7a3f2f5448ac14166ceecfbb043b1" "/opt/rustwide/cargo-home/bin/cargo" "+1.100.0-beta.1" "test" "--frozen" "--no-run" "--message-format=json" "--release", kill_on_drop: false }`
[INFO] [stderr]    Compiling launchify v0.3.1 (/opt/rustwide/workdir)
[INFO] [stderr]     Finished `release` profile [optimized] target(s) in 1.92s
[INFO] running `Command { std: "docker" "inspect" "d777e972ef818b35bcd968fcec8037f0dad7a3f2f5448ac14166ceecfbb043b1", kill_on_drop: false }`
[INFO] running `Command { std: "docker" "exec" "-e" "SOURCE_DIR=/opt/rustwide/workdir" "-e" "CARGO_HOME=/opt/rustwide/cargo-home" "-e" "RUSTUP_HOME=/opt/rustwide/rustup-home" "-e" "CARGO_TARGET_DIR=/opt/rustwide/target" "-e" "CARGO_INCREMENTAL=0" "-e" "RUST_BACKTRACE=full" "-e" "RUSTFLAGS=--cap-lints=warn" "-e" "RUSTDOCFLAGS=--cap-lints=warn" "-w" "/opt/rustwide/workdir" "--user" "0:0" "d777e972ef818b35bcd968fcec8037f0dad7a3f2f5448ac14166ceecfbb043b1" "/opt/rustwide/cargo-home/bin/cargo" "+1.100.0-beta.1" "test" "--frozen" "--release", kill_on_drop: false }`
[INFO] [stderr]     Finished `release` profile [optimized] target(s) in 0.08s
[INFO] [stderr]      Running unittests src/main.rs (/opt/rustwide/target/release/build/launchify/621b6ceffba1d4dc/out/launchify-621b6ceffba1d4dc)
[INFO] [stdout] 
[INFO] [stdout] running 2 tests
[INFO] [stdout] test tests::test_parse_period ... ok
[INFO] [stderr] error: test failed, to rerun pass `--bin launchify`
[INFO] [stdout] test tests::test_dry_run ... FAILED
[INFO] [stdout] 
[INFO] [stdout] failures:
[INFO] [stdout] 
[INFO] [stdout] ---- tests::test_dry_run stdout ----
[INFO] [stdout] 
[INFO] [stdout] thread 'tests::test_dry_run' (891) panicked at src/main.rs:408:9:
[INFO] [stdout] assertion `left == right` failed
[INFO] [stdout]   left: "<?xml version=\"1.0\" encoding=\"UTF-8\"?>\n<!DOCTYPE plist PUBLIC \"-//Apple//DTD PLIST 1.0//EN\"\n  \"http://www.apple.com/DTDs/PropertyList-1.0.dtd\">\n<plist version=\"1.0\">\n<dict>\n    <key>Label</key>\n    <string>lister</string>\n    <key>ProgramArguments</key>\n    <array>\n        <string>/usr/bin/ls</string>\n        <string>-l</string>\n    </array>\n    <key>StartInterval</key>\n    <integer>1800</integer>\n    <key>StandardOutPath</key>\n    <string>/root/logs/lister/stdout</string>\n    <key>StandardErrorPath</key>\n    <string>/root/logs/lister/stderr</string>\n    <key>WorkingDirectory</key>\n    <string>/var/tmp</string>\n</dict>\n</plist>"
[INFO] [stdout]  right: "<?xml version=\"1.0\" encoding=\"UTF-8\"?>\n<!DOCTYPE plist PUBLIC \"-//Apple//DTD PLIST 1.0//EN\"\n  \"http://www.apple.com/DTDs/PropertyList-1.0.dtd\">\n<plist version=\"1.0\">\n<dict>\n    <key>Label</key>\n    <string>lister</string>\n    <key>ProgramArguments</key>\n    <array>\n        <string>/bin/ls</string>\n        <string>-l</string>\n    </array>\n    <key>StartInterval</key>\n    <integer>1800</integer>\n    <key>StandardOutPath</key>\n    <string>/Users/ryan/logs/lister/stdout</string>\n    <key>StandardErrorPath</key>\n    <string>/Users/ryan/logs/lister/stderr</string>\n    <key>WorkingDirectory</key>\n    <string>/var/tmp</string>\n</dict>\n</plist>"
[INFO] [stdout] stack backtrace:
[INFO] [stdout]    0:     0x623ccf1804b1 - <<std[617be2ca0a6fd877]::sys::backtrace::BacktraceLock>::print::DisplayBacktrace as core[a373ad73a504971]::fmt::Display>::fmt
[INFO] [stdout]    1:     0x623ccf195d7a - core[a373ad73a504971]::fmt::write
[INFO] [stdout]    2:     0x623ccf18483c - <alloc[2e1b2a31b91974c5]::vec::Vec<u8> as core[a373ad73a504971]::io::write::Write>::write_fmt
[INFO] [stdout]    3:     0x623ccf15c3b6 - std[617be2ca0a6fd877]::panicking::default_hook::{closure#0}
[INFO] [stdout]    4:     0x623ccf178899 - std[617be2ca0a6fd877]::panicking::default_hook
[INFO] [stdout]    5:     0x623ccf055f30 - test[aada8e7e76ba119b]::test_main_inner::{closure#0}
[INFO] [stdout]    6:     0x623ccf178a52 - std[617be2ca0a6fd877]::panicking::panic_with_hook
[INFO] [stdout]    7:     0x623ccf15c462 - std[617be2ca0a6fd877]::panicking::panic_handler::{closure#0}
[INFO] [stdout]    8:     0x623ccf155149 - std[617be2ca0a6fd877]::sys::backtrace::__rust_end_short_backtrace::<std[617be2ca0a6fd877]::panicking::panic_handler::{closure#0}, !>
[INFO] [stdout]    9:     0x623ccf15d06d - __rustc[ea4f61d10b84890b]::rust_begin_unwind
[INFO] [stdout]   10:     0x623ccf1964dc - core[a373ad73a504971]::panicking::panic_fmt
[INFO] [stdout]   11:     0x623ccf1963f3 - core[a373ad73a504971]::panicking::assert_failed_inner
[INFO] [stdout]   12:     0x623ccf043113 - core[a373ad73a504971]::panicking::assert_failed::<alloc[2e1b2a31b91974c5]::string::String, &str>
[INFO] [stdout]   13:     0x623ccf046205 - <launchify[b370dd3784e64910]::tests::test_dry_run::{closure#0} as core[a373ad73a504971]::ops::function::FnOnce<()>>::call_once
[INFO] [stdout]   14:     0x623ccf04937b - test[aada8e7e76ba119b]::__rust_begin_short_backtrace::<core[a373ad73a504971]::result::Result<(), alloc[2e1b2a31b91974c5]::string::String>, fn() -> core[a373ad73a504971]::result::Result<(), alloc[2e1b2a31b91974c5]::string::String>>
[INFO] [stdout]   15:     0x623ccf056555 - test[aada8e7e76ba119b]::run_test::{closure#0}
[INFO] [stdout]   16:     0x623ccf04fe44 - std[617be2ca0a6fd877]::sys::backtrace::__rust_begin_short_backtrace::<test[aada8e7e76ba119b]::run_test::{closure#1}, ()>
[INFO] [stdout]   17:     0x623ccf0595e2 - <std[617be2ca0a6fd877]::thread::lifecycle::spawn_unchecked<test[aada8e7e76ba119b]::run_test::{closure#1}, ()>::{closure#1} as core[a373ad73a504971]::ops::function::FnOnce<()>>::call_once::{shim:vtable#0}
[INFO] [stdout]   18:     0x623ccf17fcdf - <std[617be2ca0a6fd877]::sys::thread::unix::Thread>::new::thread_start
[INFO] [stdout]   19:     0x76d939404dfa - <unknown>
[INFO] [stdout]   20:     0x76d9394983d4 - clone
[INFO] [stdout]   21:                0x0 - <unknown>
[INFO] [stdout] 
[INFO] [stdout] 
[INFO] [stdout] failures:
[INFO] [stdout]     tests::test_dry_run
[INFO] [stdout] 
[INFO] [stdout] test result: FAILED. 1 passed; 1 failed; 0 ignored; 0 measured; 0 filtered out; finished in 0.01s
[INFO] [stdout] 
[INFO] running `Command { std: "docker" "inspect" "d777e972ef818b35bcd968fcec8037f0dad7a3f2f5448ac14166ceecfbb043b1", kill_on_drop: false }`
[INFO] running `Command { std: "docker" "rm" "-f" "d777e972ef818b35bcd968fcec8037f0dad7a3f2f5448ac14166ceecfbb043b1", kill_on_drop: false }`
[INFO] [stdout] d777e972ef818b35bcd968fcec8037f0dad7a3f2f5448ac14166ceecfbb043b1
