[INFO] fetching crate launchdarkly-server-sdk-redis 1.0.0-rc.1...
[INFO] testing launchdarkly-server-sdk-redis-1.0.0-rc.1 against 1.99.0-beta.8+cargoflags=--release for beta-release-1.100-2
[INFO] extracting crate launchdarkly-server-sdk-redis 1.0.0-rc.1 into /workspace/builds/worker-2-tc1/source
[INFO] started tweaking crates.io crate launchdarkly-server-sdk-redis 1.0.0-rc.1
[INFO] finished tweaking crates.io crate launchdarkly-server-sdk-redis 1.0.0-rc.1
[INFO] tweaked toml for crates.io crate launchdarkly-server-sdk-redis 1.0.0-rc.1 written to /workspace/builds/worker-2-tc1/source/Cargo.toml
[INFO] validating manifest of crates.io crate launchdarkly-server-sdk-redis 1.0.0-rc.1 on toolchain 1.99.0-beta.8
[INFO] running `Command { std: CARGO_HOME="/workspace/cargo-home" RUSTUP_HOME="/workspace/rustup-home" "/workspace/cargo-home/bin/cargo" "+1.99.0-beta.8" "metadata" "--manifest-path" "Cargo.toml" "--no-deps", kill_on_drop: false }`
[INFO] running `Command { std: CARGO_HOME="/workspace/cargo-home" RUSTUP_HOME="/workspace/rustup-home" "/workspace/cargo-home/bin/cargo" "+1.99.0-beta.8" "generate-lockfile" "--manifest-path" "Cargo.toml", kill_on_drop: false }`
[INFO] [stderr]     Updating crates.io index
[INFO] [stderr]      Locking 254 packages to highest compatible versions
[INFO] [stderr]       Adding generic-array v0.14.7 (available: v0.14.9)
[INFO] [stderr]       Adding launchdarkly-server-sdk v1.1.3 (available: v3.3.1)
[INFO] [stderr]       Adding redis v0.22.4 (available: v1.7.1)
[INFO] [stderr]       Adding test-case v2.2.2 (available: v3.4.0)
[INFO] running `Command { std: CARGO_HOME="/workspace/cargo-home" RUSTUP_HOME="/workspace/rustup-home" "/workspace/cargo-home/bin/cargo" "+1.99.0-beta.8" "fetch" "--manifest-path" "Cargo.toml", kill_on_drop: false }`
[INFO] [stderr]  Downloading crates ...
[INFO] [stderr]   Downloaded test-case-macros v2.2.2
[INFO] [stderr]   Downloaded test-case v2.2.2
[INFO] [stderr]   Downloaded uuid v1.28.0
[INFO] [stderr]   Downloaded combine v4.6.9
[INFO] [stderr]   Downloaded skeptic v0.13.7
[INFO] [stderr]   Downloaded base16ct v0.1.1
[INFO] [stderr]   Downloaded sha1 v0.10.7
[INFO] [stderr]   Downloaded powerfmt v0.2.1
[INFO] [stderr]   Downloaded cargo-platform v0.1.9
[INFO] [stderr]   Downloaded tokio-io-timeout v1.2.1
[INFO] [stderr]   Downloaded lru v0.8.1
[INFO] [stderr]   Downloaded hyper-timeout v0.4.1
[INFO] [stderr]   Downloaded hyper-rustls v0.23.2
[INFO] [stderr]   Downloaded cargo_metadata v0.14.2
[INFO] [stderr]   Downloaded quanta v0.11.1
[INFO] [stderr]   Downloaded mach2 v0.4.3
[INFO] [stderr]   Downloaded sct v0.6.1
[INFO] [stderr]   Downloaded tokio-rustls v0.23.4
[INFO] [stderr]   Downloaded ct-logs v0.8.0
[INFO] [stderr]   Downloaded hyper-rustls v0.22.1
[INFO] [stderr]   Downloaded tokio-rustls v0.22.0
[INFO] [stderr]   Downloaded data-encoding v2.11.1
[INFO] [stderr]   Downloaded unicase v2.10.0
[INFO] [stderr]   Downloaded serde_with_macros v2.3.3
[INFO] [stderr]   Downloaded rustls-native-certs v0.6.3
[INFO] [stderr]   Downloaded camino v1.2.6
[INFO] [stderr]   Downloaded deranged v0.5.9
[INFO] [stderr]   Downloaded rustls-native-certs v0.5.0
[INFO] [stderr]   Downloaded webpki v0.22.4
[INFO] [stderr]   Downloaded triomphe v0.1.17
[INFO] [stderr]   Downloaded webpki v0.21.4
[INFO] [stderr]   Downloaded launchdarkly-server-sdk-evaluation v1.2.0
[INFO] [stderr]   Downloaded launchdarkly-server-sdk v1.1.3
[INFO] [stderr]   Downloaded redis v0.22.4
[INFO] [stderr]   Downloaded pulldown-cmark v0.9.6
[INFO] [stderr]   Downloaded serde_with v2.3.3
[INFO] [stderr]   Downloaded zerocopy-derive v0.8.63
[INFO] [stderr]   Downloaded moka v0.9.9
[INFO] [stderr]   Downloaded rustls v0.19.1
[INFO] [stderr]   Downloaded rustls v0.20.9
[INFO] [stderr]   Downloaded eventsource-client v0.11.0
[INFO] [stderr]   Downloaded zerocopy v0.8.63
[INFO] running `Command { std: "docker" "create" "-v" "/var/lib/crater-agent-workspace/builds/worker-2-tc1/source:/opt/rustwide/workdir:ro,Z" "-v" "/var/lib/crater-agent-workspace/builds/worker-2-tc1/target:/opt/rustwide/target:rw,Z" "-v" "/var/lib/crater-agent-workspace/cargo-home:/opt/rustwide/cargo-home:ro,Z" "-v" "/var/lib/crater-agent-workspace/rustup-home:/opt/rustwide/rustup-home:ro,Z" "-m" "1610612736" "--network" "none" "ghcr.io/rust-lang/crates-build-env/linux@sha256:77db811e55d90add9212f6832c23229e3de5f1c1f9905e8cb07319ea15df73ac" "sleep" "infinity", kill_on_drop: false }`
[INFO] [stdout] 474d67c0a4856856a805b4b28accf0271f986414fc2de77d1fed2ba35784458a
[INFO] running `Command { std: "docker" "start" "474d67c0a4856856a805b4b28accf0271f986414fc2de77d1fed2ba35784458a", kill_on_drop: false }`
[INFO] running `Command { std: "docker" "inspect" "474d67c0a4856856a805b4b28accf0271f986414fc2de77d1fed2ba35784458a", kill_on_drop: false }`
[INFO] running `Command { std: "docker" "exec" "-e" "SOURCE_DIR=/opt/rustwide/workdir" "-e" "CARGO_HOME=/opt/rustwide/cargo-home" "-e" "RUSTUP_HOME=/opt/rustwide/rustup-home" "-e" "CARGO_TARGET_DIR=/opt/rustwide/target" "-w" "/opt/rustwide/workdir" "--user" "0:0" "474d67c0a4856856a805b4b28accf0271f986414fc2de77d1fed2ba35784458a" "/opt/rustwide/cargo-home/bin/cargo" "+1.99.0-beta.8" "metadata" "--no-deps" "--format-version=1", kill_on_drop: false }`
[INFO] running `Command { std: "docker" "inspect" "474d67c0a4856856a805b4b28accf0271f986414fc2de77d1fed2ba35784458a", kill_on_drop: false }`
[INFO] running `Command { std: "docker" "exec" "-e" "SOURCE_DIR=/opt/rustwide/workdir" "-e" "CARGO_HOME=/opt/rustwide/cargo-home" "-e" "RUSTUP_HOME=/opt/rustwide/rustup-home" "-e" "CARGO_TARGET_DIR=/opt/rustwide/target" "-e" "CARGO_INCREMENTAL=0" "-e" "RUST_BACKTRACE=full" "-e" "RUSTFLAGS=--cap-lints=warn" "-e" "RUSTDOCFLAGS=--cap-lints=warn" "-w" "/opt/rustwide/workdir" "--user" "0:0" "474d67c0a4856856a805b4b28accf0271f986414fc2de77d1fed2ba35784458a" "/opt/rustwide/cargo-home/bin/cargo" "+1.99.0-beta.8" "build" "--frozen" "--message-format=json" "--release", kill_on_drop: false }`
[INFO] [stderr]    Compiling unicode-ident v1.0.27
[INFO] [stderr]    Compiling libc v0.2.191
[INFO] [stderr]    Compiling find-msvc-tools v0.1.14
[INFO] [stderr]    Compiling spin v0.5.2
[INFO] [stderr]    Compiling untrusted v0.7.1
[INFO] [stderr]    Compiling log v0.4.34
[INFO] [stderr]    Compiling smallvec v1.16.3
[INFO] [stderr]    Compiling http v0.2.12
[INFO] [stderr]    Compiling proc-macro2 v1.0.107
[INFO] [stderr]    Compiling generic-array v0.14.7
[INFO] [stderr]    Compiling cc v1.8.0
[INFO] [stderr]    Compiling tracing-core v0.1.36
[INFO] [stderr]    Compiling hashbrown v0.17.1
[INFO] [stderr]    Compiling litemap v0.8.3
[INFO] [stderr]    Compiling vcpkg v0.2.15
[INFO] [stderr]    Compiling equivalent v1.0.3
[INFO] [stderr]    Compiling writeable v0.6.4
[INFO] [stderr]    Compiling quote v1.0.47
[INFO] [stderr]    Compiling tracing v0.1.44
[INFO] [stderr]    Compiling syn v3.0.9
[INFO] [stderr]    Compiling syn v2.0.119
[INFO] [stderr]    Compiling zerocopy v0.8.63
[INFO] [stderr]    Compiling indexmap v2.14.2
[INFO] [stderr]    Compiling typenum v1.20.1
[INFO] [stderr]    Compiling http-body v0.4.6
[INFO] [stderr]    Compiling want v0.3.2
[INFO] [stderr]    Compiling httpdate v1.0.3
[INFO] [stderr]    Compiling socket2 v0.6.5
[INFO] [stderr]    Compiling mio v1.2.4
[INFO] [stderr]    Compiling ring v0.16.20
[INFO] [stderr]    Compiling getrandom v0.2.17
[INFO] [stderr]    Compiling ring v0.17.14
[INFO] [stderr]    Compiling tokio v1.53.3
[INFO] [stderr]    Compiling openssl-sys v0.9.117
[INFO] [stderr]    Compiling socket2 v0.5.10
[INFO] [stderr]    Compiling openssl-probe v0.1.6
[INFO] [stderr]    Compiling num-traits v0.2.19
[INFO] [stderr]    Compiling rustls v0.20.9
[INFO] [stderr]    Compiling getrandom v0.4.3
[INFO] [stderr]    Compiling block-buffer v0.10.4
[INFO] [stderr]    Compiling crypto-common v0.1.7
[INFO] [stderr]    Compiling parking_lot_core v0.9.12
[INFO] [stderr]    Compiling rand_core v0.6.4
[INFO] [stderr]    Compiling aho-corasick v1.1.5
[INFO] [stderr]    Compiling foreign-types-shared v0.1.1
[INFO] [stderr]    Compiling crossbeam-epoch v0.9.21
[INFO] [stderr]    Compiling base64 v0.21.7
[INFO] [stderr]    Compiling synstructure v0.14.0
[INFO] [stderr]    Compiling darling_core v0.20.11
[INFO] [stderr]    Compiling zerofrom-derive v0.1.8
[INFO] [stderr]    Compiling yoke-derive v0.8.4
[INFO] [stderr]    Compiling zerofrom v0.1.8
[INFO] [stderr]    Compiling zerovec-derive v0.11.6
[INFO] [stderr]    Compiling yoke v0.8.3
[INFO] [stderr]    Compiling displaydoc v0.2.7
[INFO] [stderr]    Compiling futures-macro v0.3.34
[INFO] [stderr]    Compiling tokio-util v0.7.20
[INFO] [stderr]    Compiling zerotrie v0.2.5
[INFO] [stderr]    Compiling zerovec v0.11.8
[INFO] [stderr]    Compiling darling_macro v0.20.11
[INFO] [stderr]    Compiling futures-util v0.3.34
[INFO] [stderr]    Compiling darling v0.20.11
[INFO] [stderr]    Compiling ppv-lite86 v0.2.21
[INFO] [stderr]    Compiling serde_derive v1.0.229
[INFO] [stderr]    Compiling tinystr v0.8.4
[INFO] [stderr]    Compiling icu_locale_core v2.3.0
[INFO] [stderr]    Compiling potential_utf v0.1.6
[INFO] [stderr]    Compiling sct v0.6.1
[INFO] [stderr]    Compiling webpki v0.21.4
[INFO] [stderr]    Compiling icu_collections v2.3.0
[INFO] [stderr]    Compiling icu_provider v2.3.1
[INFO] [stderr]    Compiling rustls v0.19.1
[INFO] [stderr]    Compiling icu_normalizer v2.3.0
[INFO] [stderr]    Compiling icu_properties v2.3.0
[INFO] [stderr]    Compiling openssl v0.10.81
[INFO] [stderr]    Compiling h2 v0.3.27
[INFO] [stderr]    Compiling serde_json v1.0.154
[INFO] [stderr]    Compiling bitflags v1.3.2
[INFO] [stderr]    Compiling raw-cpuid v10.7.0
[INFO] [stderr]    Compiling futures-executor v0.3.34
[INFO] [stderr]    Compiling serde v1.0.229
[INFO] [stderr]    Compiling idna_adapter v1.2.2
[INFO] [stderr]    Compiling ct-logs v0.8.0
[INFO] [stderr]    Compiling rand_chacha v0.3.1
[INFO] [stderr]    Compiling serde_with_macros v2.3.3
[INFO] [stderr]    Compiling tokio-io-timeout v1.2.1
[INFO] [stderr]    Compiling tokio-rustls v0.22.0
[INFO] [stderr]    Compiling rustls-native-certs v0.5.0
[INFO] [stderr]    Compiling thiserror-impl v1.0.69
[INFO] [stderr]    Compiling pin-project-internal v1.1.13
[INFO] [stderr]    Compiling openssl-macros v0.1.1
[INFO] [stderr]    Compiling regex-automata v0.4.18
[INFO] [stderr]    Compiling rustls-pemfile v1.0.4
[INFO] [stderr]    Compiling foreign-types v0.3.2
[INFO] [stderr]    Compiling parking_lot v0.12.5
[INFO] [stderr]    Compiling webpki v0.22.4
[INFO] [stderr]    Compiling sct v0.7.1
[INFO] [stderr]    Compiling digest v0.10.7
[INFO] [stderr]    Compiling bitflags v2.13.2
[INFO] [stderr]    Compiling native-tls v0.2.18
[INFO] [stderr]    Compiling either v1.19.0
[INFO] [stderr]    Compiling moka v0.9.9
[INFO] [stderr]    Compiling cpufeatures v0.2.17
[INFO] [stderr]    Compiling form_urlencoded v1.2.2
[INFO] [stderr]    Compiling hyper v0.14.32
[INFO] [stderr]    Compiling chrono v0.4.45
[INFO] [stderr]    Compiling regex v1.13.1
[INFO] [stderr]    Compiling tokio-rustls v0.23.4
[INFO] [stderr]    Compiling hyper-rustls v0.22.1
[INFO] [stderr]    Compiling hyper-timeout v0.4.1
[INFO] [stderr]    Compiling sha1 v0.10.7
[INFO] [stderr]    Compiling itertools v0.10.5
[INFO] [stderr]    Compiling uuid v1.28.0
[INFO] [stderr]    Compiling thiserror v1.0.69
[INFO] [stderr]    Compiling pin-project v1.1.13
[INFO] [stderr]    Compiling scheduled-thread-pool v0.2.7
[INFO] [stderr]    Compiling rustls-native-certs v0.6.3
[INFO] [stderr]    Compiling serde_with v2.3.3
[INFO] [stderr]    Compiling quanta v0.11.1
[INFO] [stderr]    Compiling rand v0.8.8
[INFO] [stderr]    Compiling idna v1.1.0
[INFO] [stderr]    Compiling futures v0.3.34
[INFO] [stderr]    Compiling num_cpus v1.17.0
[INFO] [stderr]    Compiling triomphe v0.1.17
[INFO] [stderr]    Compiling maplit v1.0.2
[INFO] [stderr]    Compiling semver v1.0.28
[INFO] [stderr]    Compiling tagptr v0.2.0
[INFO] [stderr]    Compiling lazy_static v1.5.1
[INFO] [stderr]    Compiling base16ct v0.1.1
[INFO] [stderr]    Compiling eventsource-client v0.11.0
[INFO] [stderr]    Compiling launchdarkly-server-sdk-evaluation v1.2.0
[INFO] [stderr]    Compiling url v2.5.8
[INFO] [stderr]    Compiling hyper-rustls v0.23.2
[INFO] [stderr]    Compiling tokio-stream v0.1.19
[INFO] [stderr]    Compiling combine v4.6.9
[INFO] [stderr]    Compiling data-encoding v2.11.1
[INFO] [stderr]    Compiling lru v0.8.1
[INFO] [stderr]    Compiling sha1_smol v1.0.1
[INFO] [stderr]    Compiling launchdarkly-server-sdk v1.1.3
[INFO] [stderr]    Compiling redis v0.22.4
[INFO] [stderr]    Compiling launchdarkly-server-sdk-redis v1.0.0-rc.1 (/opt/rustwide/workdir)
[INFO] [stderr]     Finished `release` profile [optimized] target(s) in 4m 25s
[INFO] running `Command { std: "docker" "inspect" "474d67c0a4856856a805b4b28accf0271f986414fc2de77d1fed2ba35784458a", kill_on_drop: false }`
[INFO] running `Command { std: "docker" "exec" "-e" "SOURCE_DIR=/opt/rustwide/workdir" "-e" "CARGO_HOME=/opt/rustwide/cargo-home" "-e" "RUSTUP_HOME=/opt/rustwide/rustup-home" "-e" "CARGO_TARGET_DIR=/opt/rustwide/target" "-e" "CARGO_INCREMENTAL=0" "-e" "RUST_BACKTRACE=full" "-e" "RUSTFLAGS=--cap-lints=warn" "-e" "RUSTDOCFLAGS=--cap-lints=warn" "-w" "/opt/rustwide/workdir" "--user" "0:0" "474d67c0a4856856a805b4b28accf0271f986414fc2de77d1fed2ba35784458a" "/opt/rustwide/cargo-home/bin/cargo" "+1.99.0-beta.8" "test" "--frozen" "--no-run" "--message-format=json" "--release", kill_on_drop: false }`
[INFO] [stderr]    Compiling proc-macro-error-attr v1.0.4
[INFO] [stderr]    Compiling syn v1.0.109
[INFO] [stderr]    Compiling proc-macro-error v1.0.4
[INFO] [stderr]    Compiling cfg-if v1.0.5
[INFO] [stderr]    Compiling test-case-macros v2.2.2
[INFO] [stderr]    Compiling test-case v2.2.2
[INFO] [stderr]    Compiling launchdarkly-server-sdk-redis v1.0.0-rc.1 (/opt/rustwide/workdir)
[INFO] [stderr]     Finished `release` profile [optimized] target(s) in 12.03s
[INFO] running `Command { std: "docker" "inspect" "474d67c0a4856856a805b4b28accf0271f986414fc2de77d1fed2ba35784458a", kill_on_drop: false }`
[INFO] running `Command { std: "docker" "exec" "-e" "SOURCE_DIR=/opt/rustwide/workdir" "-e" "CARGO_HOME=/opt/rustwide/cargo-home" "-e" "RUSTUP_HOME=/opt/rustwide/rustup-home" "-e" "CARGO_TARGET_DIR=/opt/rustwide/target" "-e" "CARGO_INCREMENTAL=0" "-e" "RUST_BACKTRACE=full" "-e" "RUSTFLAGS=--cap-lints=warn" "-e" "RUSTDOCFLAGS=--cap-lints=warn" "-w" "/opt/rustwide/workdir" "--user" "0:0" "474d67c0a4856856a805b4b28accf0271f986414fc2de77d1fed2ba35784458a" "/opt/rustwide/cargo-home/bin/cargo" "+1.99.0-beta.8" "test" "--frozen" "--release", kill_on_drop: false }`
[INFO] [stderr]     Finished `release` profile [optimized] target(s) in 0.24s
[INFO] [stderr]      Running unittests src/lib.rs (/opt/rustwide/target/release/deps/launchdarkly_server_sdk_redis-73a7fce238aad9c0)
[INFO] [stdout] 
[INFO] [stdout] running 5 tests
[INFO] [stdout] test data_store_factory::tests::factory_returns_error_on_invalid_url ... ok
[INFO] [stdout] test data_store_factory::tests::factory_is_initialized_with_defaults ... ok
[INFO] [stdout] test data_store_factory::tests::factory_can_have_defaults_changed ... ok
[INFO] [stdout] test data_store::tests::setting_prefix_affects_keys_correctly ... ok
[INFO] [stdout] test data_store_factory::tests::factory_can_create_store_that_cannot_connect ... ok
[INFO] [stdout] 
[INFO] [stdout] test result: ok. 5 passed; 0 failed; 0 ignored; 0 measured; 0 filtered out; finished in 0.03s
[INFO] [stdout] 
[INFO] [stderr]      Running tests/common.rs (/opt/rustwide/target/release/deps/common-dceb645c49bf3491)
[INFO] [stdout] 
[INFO] [stderr]      Running tests/delete.rs (/opt/rustwide/target/release/deps/delete-bc793c2cb558732d)
[INFO] [stdout] running 0 tests
[INFO] [stdout] 
[INFO] [stdout] test result: ok. 0 passed; 0 failed; 0 ignored; 0 measured; 0 filtered out; finished in 0.00s
[INFO] [stdout] 
[INFO] [stdout] 
[INFO] [stdout] running 14 tests
[INFO] [stdout] test flag_upsert_a_deletion_handles_versions_appropriately::older_versions_do_not_replace_newer_versions ... FAILED
[INFO] [stdout] test delete_unknown_flag ... FAILED
[INFO] [stdout] test flag_upsert_after_deletion_handles_versions_appropriately::the_same_version_does_not_replace_existing_version ... FAILED
[INFO] [stdout] test flag_upsert_a_deletion_handles_versions_appropriately::newer_versions_replace_older ... FAILED
[INFO] [stdout] test flag_upsert_after_deletion_handles_versions_appropriately::newer_versions_replace_older ... FAILED
[INFO] [stdout] test segment_upsert_after_deletion_handles_versions_appropriately::newer_versions_replace_older ... FAILED
[INFO] [stdout] test flag_upsert_after_deletion_handles_versions_appropriately::older_versions_do_not_replace_newer_versions ... FAILED
[INFO] [stdout] test flag_upsert_a_deletion_handles_versions_appropriately::the_same_version_does_not_replace_existing_version ... FAILED
[INFO] [stdout] test segment_upsert_after_deletion_handles_versions_appropriately::the_same_version_does_not_replace_existing_version ... FAILED
[INFO] [stdout] test delete_unknown_segment ... FAILED
[INFO] [stdout] test segment_upsert_a_deletion_handles_versions_appropriately::the_same_version_does_not_replace_existing_version ... FAILED
[INFO] [stdout] test segment_upsert_a_deletion_handles_versions_appropriately::newer_versions_replace_older ... FAILED
[INFO] [stdout] test segment_upsert_a_deletion_handles_versions_appropriately::older_versions_do_not_replace_newer_versions ... FAILED
[INFO] [stdout] test segment_upsert_after_deletion_handles_versions_appropriately::older_versions_do_not_replace_newer_versions ... FAILED
[INFO] [stdout] 
[INFO] [stdout] failures:
[INFO] [stdout] 
[INFO] [stdout] ---- flag_upsert_a_deletion_handles_versions_appropriately::older_versions_do_not_replace_newer_versions stdout ----
[INFO] [stdout] 
[INFO] [stdout] thread 'flag_upsert_a_deletion_handles_versions_appropriately::older_versions_do_not_replace_newer_versions' (2992) panicked at tests/common.rs:20:50:
[INFO] [stdout] FAIL: Connection refused (os error 111)
[INFO] [stdout] stack backtrace:
[INFO] [stdout]    0:     0x5fc33a041011 - <<std[70759c8f55707aa4]::sys::backtrace::BacktraceLock>::print::DisplayBacktrace as core[df12db4294e9bfd3]::fmt::Display>::fmt
[INFO] [stdout]    1:     0x5fc33a05662a - core[df12db4294e9bfd3]::fmt::write
[INFO] [stdout]    2:     0x5fc33a045a4c - <alloc[2182bb758b4b3781]::vec::Vec<u8> as core[df12db4294e9bfd3]::io::write::Write>::write_fmt
[INFO] [stdout]    3:     0x5fc33a01c086 - std[70759c8f55707aa4]::panicking::default_hook::{closure#0}
[INFO] [stdout]    4:     0x5fc33a038ee9 - std[70759c8f55707aa4]::panicking::default_hook
[INFO] [stdout]    5:     0x5fc339f55520 - test[9d35eded1c95d3be]::test_main_inner::<test[9d35eded1c95d3be]::test_main_static::{closure#0}>::{closure#0}
[INFO] [stdout]    6:     0x5fc33a039212 - std[70759c8f55707aa4]::panicking::panic_with_hook
[INFO] [stdout]    7:     0x5fc33a01c132 - std[70759c8f55707aa4]::panicking::panic_handler::{closure#0}
[INFO] [stdout]    8:     0x5fc33a014dd9 - std[70759c8f55707aa4]::sys::backtrace::__rust_end_short_backtrace::<std[70759c8f55707aa4]::panicking::panic_handler::{closure#0}, !>
[INFO] [stdout]    9:     0x5fc33a01cf1d - __rustc[8fa7c3cbc660c2b3]::rust_begin_unwind
[INFO] [stdout]   10:     0x5fc33a056d5c - core[df12db4294e9bfd3]::panicking::panic_fmt
[INFO] [stdout]   11:     0x5fc33a056b32 - core[df12db4294e9bfd3]::result::unwrap_failed
[INFO] [stdout]   12:     0x5fc339f4594d - delete[d51b81172a760779]::common::reset_database
[INFO] [stdout]   13:     0x5fc339f427c3 - delete[d51b81172a760779]::common::run_test::<delete[d51b81172a760779]::flag_upsert_a_deletion_handles_versions_appropriately::{closure#0}>
[INFO] [stdout]   14:     0x5fc339f46a94 - delete[d51b81172a760779]::flag_upsert_a_deletion_handles_versions_appropriately
[INFO] [stdout]   15:     0x5fc339f48240 - <delete[d51b81172a760779]::flag_upsert_a_deletion_handles_versions_appropriately::older_versions_do_not_replace_newer_versions::{closure#0} as core[df12db4294e9bfd3]::ops::function::FnOnce<()>>::call_once
[INFO] [stdout]   16:     0x5fc339f4880b - test[9d35eded1c95d3be]::__rust_begin_short_backtrace::<core[df12db4294e9bfd3]::result::Result<(), alloc[2182bb758b4b3781]::string::String>, fn() -> core[df12db4294e9bfd3]::result::Result<(), alloc[2182bb758b4b3781]::string::String>>
[INFO] [stdout]   17:     0x5fc339f55e75 - test[9d35eded1c95d3be]::run_test::{closure#0}
[INFO] [stdout]   18:     0x5fc339f4f734 - std[70759c8f55707aa4]::sys::backtrace::__rust_begin_short_backtrace::<test[9d35eded1c95d3be]::run_test::{closure#1}, ()>
[INFO] [stdout]   19:     0x5fc339f58fd2 - <std[70759c8f55707aa4]::thread::lifecycle::spawn_unchecked<test[9d35eded1c95d3be]::run_test::{closure#1}, ()>::{closure#1} as core[df12db4294e9bfd3]::ops::function::FnOnce<()>>::call_once::{shim:vtable#0}
[INFO] [stdout]   20:     0x5fc33a0403b9 - <std[70759c8f55707aa4]::sys::thread::unix::Thread>::new::thread_start
[INFO] [stdout]   21:     0x78d8a47bbdfa - <unknown>
[INFO] [stdout]   22:     0x78d8a484f3d4 - clone
[INFO] [stdout]   23:                0x0 - <unknown>
[INFO] [stdout] 
[INFO] [stdout] ---- delete_unknown_flag stdout ----
[INFO] [stdout] 
[INFO] [stdout] thread 'delete_unknown_flag' (2989) panicked at tests/common.rs:20:50:
[INFO] [stdout] FAIL: Connection refused (os error 111)
[INFO] [stdout] stack backtrace:
[INFO] [stdout]    0:     0x5fc33a041011 - <<std[70759c8f55707aa4]::sys::backtrace::BacktraceLock>::print::DisplayBacktrace as core[df12db4294e9bfd3]::fmt::Display>::fmt
[INFO] [stdout]    1:     0x5fc33a05662a - core[df12db4294e9bfd3]::fmt::write
[INFO] [stdout]    2:     0x5fc33a045a4c - <alloc[2182bb758b4b3781]::vec::Vec<u8> as core[df12db4294e9bfd3]::io::write::Write>::write_fmt
[INFO] [stdout]    3:     0x5fc33a01c086 - std[70759c8f55707aa4]::panicking::default_hook::{closure#0}
[INFO] [stdout]    4:     0x5fc33a038ee9 - std[70759c8f55707aa4]::panicking::default_hook
[INFO] [stdout]    5:     0x5fc339f55520 - test[9d35eded1c95d3be]::test_main_inner::<test[9d35eded1c95d3be]::test_main_static::{closure#0}>::{closure#0}
[INFO] [stdout]    6:     0x5fc33a039212 - std[70759c8f55707aa4]::panicking::panic_with_hook
[INFO] [stdout]    7:     0x5fc33a01c132 - std[70759c8f55707aa4]::panicking::panic_handler::{closure#0}
[INFO] [stdout]    8:     0x5fc33a014dd9 - std[70759c8f55707aa4]::sys::backtrace::__rust_end_short_backtrace::<std[70759c8f55707aa4]::panicking::panic_handler::{closure#0}, !>
[INFO] [stdout]    9:     0x5fc33a01cf1d - __rustc[8fa7c3cbc660c2b3]::rust_begin_unwind
[INFO] [stdout]   10:     0x5fc33a056d5c - core[df12db4294e9bfd3]::panicking::panic_fmt
[INFO] [stdout]   11:     0x5fc33a056b32 - core[df12db4294e9bfd3]::result::unwrap_failed
[INFO] [stdout]   12:     0x5fc339f4594d - delete[d51b81172a760779]::common::reset_database
[INFO] [stdout]   13:     0x5fc339f4438c - delete[d51b81172a760779]::common::run_test::<delete[d51b81172a760779]::delete_unknown_flag::{closure#0}>
[INFO] [stdout]   14:     0x5fc339f47f9a - <delete[d51b81172a760779]::delete_unknown_flag::{closure#0} as core[df12db4294e9bfd3]::ops::function::FnOnce<()>>::call_once
[INFO] [stdout]   15:     0x5fc339f4880b - test[9d35eded1c95d3be]::__rust_begin_short_backtrace::<core[df12db4294e9bfd3]::result::Result<(), alloc[2182bb758b4b3781]::string::String>, fn() -> core[df12db4294e9bfd3]::result::Result<(), alloc[2182bb758b4b3781]::string::String>>
[INFO] [stdout]   16:     0x5fc339f55e75 - test[9d35eded1c95d3be]::run_test::{closure#0}
[INFO] [stdout]   17:     0x5fc339f4f734 - std[70759c8f55707aa4]::sys::backtrace::__rust_begin_short_backtrace::<test[9d35eded1c95d3be]::run_test::{closure#1}, ()>
[INFO] [stdout]   18:     0x5fc339f58fd2 - <std[70759c8f55707aa4]::thread::lifecycle::spawn_unchecked<test[9d35eded1c95d3be]::run_test::{closure#1}, ()>::{closure#1} as core[df12db4294e9bfd3]::ops::function::FnOnce<()>>::call_once::{shim:vtable#0}
[INFO] [stdout]   19:     0x5fc33a0403b9 - <std[70759c8f55707aa4]::sys::thread::unix::Thread>::new::thread_start
[INFO] [stdout]   20:     0x78d8a47bbdfa - <unknown>
[INFO] [stdout]   21:     0x78d8a484f3d4 - clone
[INFO] [stdout]   22:                0x0 - <unknown>
[INFO] [stdout] 
[INFO] [stdout] ---- flag_upsert_after_deletion_handles_versions_appropriately::the_same_version_does_not_replace_existing_version stdout ----
[INFO] [stdout] 
[INFO] [stdout] thread 'flag_upsert_after_deletion_handles_versions_appropriately::the_same_version_does_not_replace_existing_version' (2996) panicked at tests/common.rs:20:50:
[INFO] [stdout] FAIL: Connection refused (os error 111)
[INFO] [stdout] stack backtrace:
[INFO] [stdout]    0:     0x5fc33a041011 - <<std[70759c8f55707aa4]::sys::backtrace::BacktraceLock>::print::DisplayBacktrace as core[df12db4294e9bfd3]::fmt::Display>::fmt
[INFO] [stdout]    1:     0x5fc33a05662a - core[df12db4294e9bfd3]::fmt::write
[INFO] [stdout]    2:     0x5fc33a045a4c - <alloc[2182bb758b4b3781]::vec::Vec<u8> as core[df12db4294e9bfd3]::io::write::Write>::write_fmt
[INFO] [stdout]    3:     0x5fc33a01c086 - std[70759c8f55707aa4]::panicking::default_hook::{closure#0}
[INFO] [stdout]    4:     0x5fc33a038ee9 - std[70759c8f55707aa4]::panicking::default_hook
[INFO] [stdout]    5:     0x5fc339f55520 - test[9d35eded1c95d3be]::test_main_inner::<test[9d35eded1c95d3be]::test_main_static::{closure#0}>::{closure#0}
[INFO] [stdout]    6:     0x5fc33a039212 - std[70759c8f55707aa4]::panicking::panic_with_hook
[INFO] [stdout]    7:     0x5fc33a01c132 - std[70759c8f55707aa4]::panicking::panic_handler::{closure#0}
[INFO] [stdout]    8:     0x5fc33a014dd9 - std[70759c8f55707aa4]::sys::backtrace::__rust_end_short_backtrace::<std[70759c8f55707aa4]::panicking::panic_handler::{closure#0}, !>
[INFO] [stdout]    9:     0x5fc33a01cf1d - __rustc[8fa7c3cbc660c2b3]::rust_begin_unwind
[INFO] [stdout]   10:     0x5fc33a056d5c - core[df12db4294e9bfd3]::panicking::panic_fmt
[INFO] [stdout]   11:     0x5fc33a056b32 - core[df12db4294e9bfd3]::result::unwrap_failed
[INFO] [stdout]   12:     0x5fc339f4594d - delete[d51b81172a760779]::common::reset_database
[INFO] [stdout]   13:     0x5fc339f43559 - delete[d51b81172a760779]::common::run_test::<delete[d51b81172a760779]::flag_upsert_after_deletion_handles_versions_appropriately::{closure#0}>
[INFO] [stdout]   14:     0x5fc339f46d94 - delete[d51b81172a760779]::flag_upsert_after_deletion_handles_versions_appropriately
[INFO] [stdout]   15:     0x5fc339f48615 - <delete[d51b81172a760779]::flag_upsert_after_deletion_handles_versions_appropriately::the_same_version_does_not_replace_existing_version::{closure#0} as core[df12db4294e9bfd3]::ops::function::FnOnce<()>>::call_once
[INFO] [stdout]   16:     0x5fc339f4880b - test[9d35eded1c95d3be]::__rust_begin_short_backtrace::<core[df12db4294e9bfd3]::result::Result<(), alloc[2182bb758b4b3781]::string::String>, fn() -> core[df12db4294e9bfd3]::result::Result<(), alloc[2182bb758b4b3781]::string::String>>
[INFO] [stdout]   17:     0x5fc339f55e75 - test[9d35eded1c95d3be]::run_test::{closure#0}
[INFO] [stdout]   18:     0x5fc339f4f734 - std[70759c8f55707aa4]::sys::backtrace::__rust_begin_short_backtrace::<test[9d35eded1c95d3be]::run_test::{closure#1}, ()>
[INFO] [stdout]   19:     0x5fc339f58fd2 - <std[70759c8f55707aa4]::thread::lifecycle::spawn_unchecked<test[9d35eded1c95d3be]::run_test::{closure#1}, ()>::{closure#1} as core[df12db4294e9bfd3]::ops::function::FnOnce<()>>::call_once::{shim:vtable#0}
[INFO] [stdout]   20:     0x5fc33a0403b9 - <std[70759c8f55707aa4]::sys::thread::unix::Thread>::new::thread_start
[INFO] [stdout]   21:     0x78d8a47bbdfa - <unknown>
[INFO] [stdout]   22:     0x78d8a484f3d4 - clone
[INFO] [stdout]   23:                0x0 - <unknown>
[INFO] [stdout] 
[INFO] [stdout] ---- flag_upsert_a_deletion_handles_versions_appropriately::newer_versions_replace_older stdout ----
[INFO] [stdout] 
[INFO] [stdout] thread 'flag_upsert_a_deletion_handles_versions_appropriately::newer_versions_replace_older' (2991) panicked at tests/common.rs:20:50:
[INFO] [stdout] FAIL: Connection refused (os error 111)
[INFO] [stdout] stack backtrace:
[INFO] [stdout]    0:     0x5fc33a041011 - <<std[70759c8f55707aa4]::sys::backtrace::BacktraceLock>::print::DisplayBacktrace as core[df12db4294e9bfd3]::fmt::Display>::fmt
[INFO] [stdout]    1:     0x5fc33a05662a - core[df12db4294e9bfd3]::fmt::write
[INFO] [stdout]    2:     0x5fc33a045a4c - <alloc[2182bb758b4b3781]::vec::Vec<u8> as core[df12db4294e9bfd3]::io::write::Write>::write_fmt
[INFO] [stdout]    3:     0x5fc33a01c086 - std[70759c8f55707aa4]::panicking::default_hook::{closure#0}
[INFO] [stdout]    4:     0x5fc33a038ee9 - std[70759c8f55707aa4]::panicking::default_hook
[INFO] [stdout]    5:     0x5fc339f55520 - test[9d35eded1c95d3be]::test_main_inner::<test[9d35eded1c95d3be]::test_main_static::{closure#0}>::{closure#0}
[INFO] [stdout]    6:     0x5fc33a039212 - std[70759c8f55707aa4]::panicking::panic_with_hook
[INFO] [stdout]    7:     0x5fc33a01c132 - std[70759c8f55707aa4]::panicking::panic_handler::{closure#0}
[INFO] [stdout]    8:     0x5fc33a014dd9 - std[70759c8f55707aa4]::sys::backtrace::__rust_end_short_backtrace::<std[70759c8f55707aa4]::panicking::panic_handler::{closure#0}, !>
[INFO] [stdout]    9:     0x5fc33a01cf1d - __rustc[8fa7c3cbc660c2b3]::rust_begin_unwind
[INFO] [stdout]   10:     0x5fc33a056d5c - core[df12db4294e9bfd3]::panicking::panic_fmt
[INFO] [stdout]   11:     0x5fc33a056b32 - core[df12db4294e9bfd3]::result::unwrap_failed
[INFO] [stdout]   12:     0x5fc339f4594d - delete[d51b81172a760779]::common::reset_database
[INFO] [stdout]   13:     0x5fc339f427c3 - delete[d51b81172a760779]::common::run_test::<delete[d51b81172a760779]::flag_upsert_a_deletion_handles_versions_appropriately::{closure#0}>
[INFO] [stdout]   14:     0x5fc339f46a94 - delete[d51b81172a760779]::flag_upsert_a_deletion_handles_versions_appropriately
[INFO] [stdout]   15:     0x5fc339f481a5 - <delete[d51b81172a760779]::flag_upsert_a_deletion_handles_versions_appropriately::newer_versions_replace_older::{closure#0} as core[df12db4294e9bfd3]::ops::function::FnOnce<()>>::call_once
[INFO] [stdout]   16:     0x5fc339f4880b - test[9d35eded1c95d3be]::__rust_begin_short_backtrace::<core[df12db4294e9bfd3]::result::Result<(), alloc[2182bb758b4b3781]::string::String>, fn() -> core[df12db4294e9bfd3]::result::Result<(), alloc[2182bb758b4b3781]::string::String>>
[INFO] [stdout]   17:     0x5fc339f55e75 - test[9d35eded1c95d3be]::run_test::{closure#0}
[INFO] [stdout]   18:     0x5fc339f4f734 - std[70759c8f55707aa4]::sys::backtrace::__rust_begin_short_backtrace::<test[9d35eded1c95d3be]::run_test::{closure#1}, ()>
[INFO] [stdout]   19:     0x5fc339f58fd2 - <std[70759c8f55707aa4]::thread::lifecycle::spawn_unchecked<test[9d35eded1c95d3be]::run_test::{closure#1}, ()>::{closure#1} as core[df12db4294e9bfd3]::ops::function::FnOnce<()>>::call_once::{shim:vtable#0}
[INFO] [stdout]   20:     0x5fc33a0403b9 - <std[70759c8f55707aa4]::sys::thread::unix::Thread>::new::thread_start
[INFO] [stdout]   21:     0x78d8a47bbdfa - <unknown>
[INFO] [stdout]   22:     0x78d8a484f3d4 - clone
[INFO] [stdout]   23:                0x0 - <unknown>
[INFO] [stdout] 
[INFO] [stdout] ---- flag_upsert_after_deletion_handles_versions_appropriately::newer_versions_replace_older stdout ----
[INFO] [stdout] 
[INFO] [stdout] thread 'flag_upsert_after_deletion_handles_versions_appropriately::newer_versions_replace_older' (2994) panicked at tests/common.rs:20:50:
[INFO] [stdout] FAIL: Connection refused (os error 111)
[INFO] [stdout] stack backtrace:
[INFO] [stdout]    0:     0x5fc33a041011 - <<std[70759c8f55707aa4]::sys::backtrace::BacktraceLock>::print::DisplayBacktrace as core[df12db4294e9bfd3]::fmt::Display>::fmt
[INFO] [stdout]    1:     0x5fc33a05662a - core[df12db4294e9bfd3]::fmt::write
[INFO] [stdout]    2:     0x5fc33a045a4c - <alloc[2182bb758b4b3781]::vec::Vec<u8> as core[df12db4294e9bfd3]::io::write::Write>::write_fmt
[INFO] [stdout]    3:     0x5fc33a01c086 - std[70759c8f55707aa4]::panicking::default_hook::{closure#0}
[INFO] [stdout]    4:     0x5fc33a038ee9 - std[70759c8f55707aa4]::panicking::default_hook
[INFO] [stdout]    5:     0x5fc339f55520 - test[9d35eded1c95d3be]::test_main_inner::<test[9d35eded1c95d3be]::test_main_static::{closure#0}>::{closure#0}
[INFO] [stdout]    6:     0x5fc33a039212 - std[70759c8f55707aa4]::panicking::panic_with_hook
[INFO] [stdout]    7:     0x5fc33a01c132 - std[70759c8f55707aa4]::panicking::panic_handler::{closure#0}
[INFO] [stdout]    8:     0x5fc33a014dd9 - std[70759c8f55707aa4]::sys::backtrace::__rust_end_short_backtrace::<std[70759c8f55707aa4]::panicking::panic_handler::{closure#0}, !>
[INFO] [stdout]    9:     0x5fc33a01cf1d - __rustc[8fa7c3cbc660c2b3]::rust_begin_unwind
[INFO] [stdout]   10:     0x5fc33a056d5c - core[df12db4294e9bfd3]::panicking::panic_fmt
[INFO] [stdout]   11:     0x5fc33a056b32 - core[df12db4294e9bfd3]::result::unwrap_failed
[INFO] [stdout]   12:     0x5fc339f4594d - delete[d51b81172a760779]::common::reset_database
[INFO] [stdout]   13:     0x5fc339f43559 - delete[d51b81172a760779]::common::run_test::<delete[d51b81172a760779]::flag_upsert_after_deletion_handles_versions_appropriately::{closure#0}>
[INFO] [stdout]   14:     0x5fc339f46d94 - delete[d51b81172a760779]::flag_upsert_after_deletion_handles_versions_appropriately
[INFO] [stdout]   15:     0x5fc339f48530 - <delete[d51b81172a760779]::flag_upsert_after_deletion_handles_versions_appropriately::newer_versions_replace_older::{closure#0} as core[df12db4294e9bfd3]::ops::function::FnOnce<()>>::call_once
[INFO] [stdout]   16:     0x5fc339f4880b - test[9d35eded1c95d3be]::__rust_begin_short_backtrace::<core[df12db4294e9bfd3]::result::Result<(), alloc[2182bb758b4b3781]::string::String>, fn() -> core[df12db4294e9bfd3]::result::Result<(), alloc[2182bb758b4b3781]::string::String>>
[INFO] [stdout]   17:     0x5fc339f55e75 - test[9d35eded1c95d3be]::run_test::{closure#0}
[INFO] [stdout]   18:     0x5fc339f4f734 - std[70759c8f55707aa4]::sys::backtrace::__rust_begin_short_backtrace::<test[9d35eded1c95d3be]::run_test::{closure#1}, ()>
[INFO] [stdout]   19:     0x5fc339f58fd2 - <std[70759c8f55707aa4]::thread::lifecycle::spawn_unchecked<test[9d35eded1c95d3be]::run_test::{closure#1}, ()>::{closure#1} as core[df12db4294e9bfd3]::ops::function::FnOnce<()>>::call_once::{shim:vtable#0}
[INFO] [stdout]   20:     0x5fc33a0403b9 - <std[70759c8f55707aa4]::sys::thread::unix::Thread>::new::thread_start
[INFO] [stdout]   21:     0x78d8a47bbdfa - <unknown>
[INFO] [stdout]   22:     0x78d8a484f3d4 - clone
[INFO] [stdout]   23:                0x0 - <unknown>
[INFO] [stdout] 
[INFO] [stdout] ---- segment_upsert_after_deletion_handles_versions_appropriately::newer_versions_replace_older stdout ----
[INFO] [stdout] 
[INFO] [stdout] thread 'segment_upsert_after_deletion_handles_versions_appropriately::newer_versions_replace_older' (3000) panicked at tests/common.rs:20:50:
[INFO] [stdout] FAIL: Connection refused (os error 111)
[INFO] [stdout] stack backtrace:
[INFO] [stdout]    0:     0x5fc33a041011 - <<std[70759c8f55707aa4]::sys::backtrace::BacktraceLock>::print::DisplayBacktrace as core[df12db4294e9bfd3]::fmt::Display>::fmt
[INFO] [stdout]    1:     0x5fc33a05662a - core[df12db4294e9bfd3]::fmt::write
[INFO] [stdout]    2:     0x5fc33a045a4c - <alloc[2182bb758b4b3781]::vec::Vec<u8> as core[df12db4294e9bfd3]::io::write::Write>::write_fmt
[INFO] [stdout]    3:     0x5fc33a01c086 - std[70759c8f55707aa4]::panicking::default_hook::{closure#0}
[INFO] [stdout]    4:     0x5fc33a038ee9 - std[70759c8f55707aa4]::panicking::default_hook
[INFO] [stdout]    5:     0x5fc339f55520 - test[9d35eded1c95d3be]::test_main_inner::<test[9d35eded1c95d3be]::test_main_static::{closure#0}>::{closure#0}
[INFO] [stdout]    6:     0x5fc33a039212 - std[70759c8f55707aa4]::panicking::panic_with_hook
[INFO] [stdout]    7:     0x5fc33a01c132 - std[70759c8f55707aa4]::panicking::panic_handler::{closure#0}
[INFO] [stdout]    8:     0x5fc33a014dd9 - std[70759c8f55707aa4]::sys::backtrace::__rust_end_short_backtrace::<std[70759c8f55707aa4]::panicking::panic_handler::{closure#0}, !>
[INFO] [stdout]    9:     0x5fc33a01cf1d - __rustc[8fa7c3cbc660c2b3]::rust_begin_unwind
[INFO] [stdout]   10:     0x5fc33a056d5c - core[df12db4294e9bfd3]::panicking::panic_fmt
[INFO] [stdout]   11:     0x5fc33a056b32 - core[df12db4294e9bfd3]::result::unwrap_failed
[INFO] [stdout]   12:     0x5fc339f4594d - delete[d51b81172a760779]::common::reset_database
[INFO] [stdout]   13:     0x5fc339f43c79 - delete[d51b81172a760779]::common::run_test::<delete[d51b81172a760779]::segment_upsert_after_deletion_handles_versions_appropriately::{closure#0}>
[INFO] [stdout]   14:     0x5fc339f46f14 - delete[d51b81172a760779]::segment_upsert_after_deletion_handles_versions_appropriately
[INFO] [stdout]   15:     0x5fc339f486b0 - <delete[d51b81172a760779]::segment_upsert_after_deletion_handles_versions_appropriately::newer_versions_replace_older::{closure#0} as core[df12db4294e9bfd3]::ops::function::FnOnce<()>>::call_once
[INFO] [stdout]   16:     0x5fc339f4880b - test[9d35eded1c95d3be]::__rust_begin_short_backtrace::<core[df12db4294e9bfd3]::result::Result<(), alloc[2182bb758b4b3781]::string::String>, fn() -> core[df12db4294e9bfd3]::result::Result<(), alloc[2182bb758b4b3781]::string::String>>
[INFO] [stdout]   17:     0x5fc339f55e75 - test[9d35eded1c95d3be]::run_test::{closure#0}
[INFO] [stdout]   18:     0x5fc339f4f734 - std[70759c8f55707aa4]::sys::backtrace::__rust_begin_short_backtrace::<test[9d35eded1c95d3be]::run_test::{closure#1}, ()>
[INFO] [stdout]   19:     0x5fc339f58fd2 - <std[70759c8f55707aa4]::thread::lifecycle::spawn_unchecked<test[9d35eded1c95d3be]::run_test::{closure#1}, ()>::{closure#1} as core[df12db4294e9bfd3]::ops::function::FnOnce<()>>::call_once::{shim:vtable#0}
[INFO] [stdout]   20:     0x5fc33a0403b9 - <std[70759c8f55707aa4]::sys::thread::unix::Thread>::new::thread_start
[INFO] [stdout]   21:     0x78d8a47bbdfa - <unknown>
[INFO] [stdout]   22:     0x78d8a484f3d4 - clone
[INFO] [stdout]   23:                0x0 - <unknown>
[INFO] [stdout] 
[INFO] [stdout] ---- flag_upsert_after_deletion_handles_versions_appropriately::older_versions_do_not_replace_newer_versions stdout ----
[INFO] [stdout] 
[INFO] [stdout] thread 'flag_upsert_after_deletion_handles_versions_appropriately::older_versions_do_not_replace_newer_versions' (2995) panicked at tests/common.rs:20:50:
[INFO] [stdout] FAIL: Connection refused (os error 111)
[INFO] [stdout] stack backtrace:
[INFO] [stdout]    0:     0x5fc33a041011 - <<std[70759c8f55707aa4]::sys::backtrace::BacktraceLock>::print::DisplayBacktrace as core[df12db4294e9bfd3]::fmt::Display>::fmt
[INFO] [stdout]    1:     0x5fc33a05662a - core[df12db4294e9bfd3]::fmt::write
[INFO] [stdout]    2:     0x5fc33a045a4c - <alloc[2182bb758b4b3781]::vec::Vec<u8> as core[df12db4294e9bfd3]::io::write::Write>::write_fmt
[INFO] [stdout]    3:     0x5fc33a01c086 - std[70759c8f55707aa4]::panicking::default_hook::{closure#0}
[INFO] [stdout]    4:     0x5fc33a038ee9 - std[70759c8f55707aa4]::panicking::default_hook
[INFO] [stdout]    5:     0x5fc339f55520 - test[9d35eded1c95d3be]::test_main_inner::<test[9d35eded1c95d3be]::test_main_static::{closure#0}>::{closure#0}
[INFO] [stdout]    6:     0x5fc33a039212 - std[70759c8f55707aa4]::panicking::panic_with_hook
[INFO] [stdout]    7:     0x5fc33a01c132 - std[70759c8f55707aa4]::panicking::panic_handler::{closure#0}
[INFO] [stdout]    8:     0x5fc33a014dd9 - std[70759c8f55707aa4]::sys::backtrace::__rust_end_short_backtrace::<std[70759c8f55707aa4]::panicking::panic_handler::{closure#0}, !>
[INFO] [stdout]    9:     0x5fc33a01cf1d - __rustc[8fa7c3cbc660c2b3]::rust_begin_unwind
[INFO] [stdout]   10:     0x5fc33a056d5c - core[df12db4294e9bfd3]::panicking::panic_fmt
[INFO] [stdout]   11:     0x5fc33a056b32 - core[df12db4294e9bfd3]::result::unwrap_failed
[INFO] [stdout]   12:     0x5fc339f4594d - delete[d51b81172a760779]::common::reset_database
[INFO] [stdout]   13:     0x5fc339f43559 - delete[d51b81172a760779]::common::run_test::<delete[d51b81172a760779]::flag_upsert_after_deletion_handles_versions_appropriately::{closure#0}>
[INFO] [stdout]   14:     0x5fc339f46d94 - delete[d51b81172a760779]::flag_upsert_after_deletion_handles_versions_appropriately
[INFO] [stdout]   15:     0x5fc339f485a5 - <delete[d51b81172a760779]::flag_upsert_after_deletion_handles_versions_appropriately::older_versions_do_not_replace_newer_versions::{closure#0} as core[df12db4294e9bfd3]::ops::function::FnOnce<()>>::call_once
[INFO] [stdout]   16:     0x5fc339f4880b - test[9d35eded1c95d3be]::__rust_begin_short_backtrace::<core[df12db4294e9bfd3]::result::Result<(), alloc[2182bb758b4b3781]::string::String>, fn() -> core[df12db4294e9bfd3]::result::Result<(), alloc[2182bb758b4b3781]::string::String>>
[INFO] [stdout]   17:     0x5fc339f55e75 - test[9d35eded1c95d3be]::run_test::{closure#0}
[INFO] [stdout]   18:     0x5fc339f4f734 - std[70759c8f55707aa4]::sys::backtrace::__rust_begin_short_backtrace::<test[9d35eded1c95d3be]::run_test::{closure#1}, ()>
[INFO] [stdout]   19:     0x5fc339f58fd2 - <std[70759c8f55707aa4]::thread::lifecycle::spawn_unchecked<test[9d35eded1c95d3be]::run_test::{closure#1}, ()>::{closure#1} as core[df12db4294e9bfd3]::ops::function::FnOnce<()>>::call_once::{shim:vtable#0}
[INFO] [stdout]   20:     0x5fc33a0403b9 - <std[70759c8f55707aa4]::sys::thread::unix::Thread>::new::thread_start
[INFO] [stdout]   21:     0x78d8a47bbdfa - <unknown>
[INFO] [stdout]   22:     0x78d8a484f3d4 - clone
[INFO] [stdout]   23:                0x0 - <unknown>
[INFO] [stdout] 
[INFO] [stdout] ---- flag_upsert_a_deletion_handles_versions_appropriately::the_same_version_does_not_replace_existing_version stdout ----
[INFO] [stdout] 
[INFO] [stdout] thread 'flag_upsert_a_deletion_handles_versions_appropriately::the_same_version_does_not_replace_existing_version' (2993) panicked at tests/common.rs:20:50:
[INFO] [stdout] FAIL: Connection refused (os error 111)
[INFO] [stdout] stack backtrace:
[INFO] [stdout]    0:     0x5fc33a041011 - <<std[70759c8f55707aa4]::sys::backtrace::BacktraceLock>::print::DisplayBacktrace as core[df12db4294e9bfd3]::fmt::Display>::fmt
[INFO] [stdout]    1:     0x5fc33a05662a - core[df12db4294e9bfd3]::fmt::write
[INFO] [stdout]    2:     0x5fc33a045a4c - <alloc[2182bb758b4b3781]::vec::Vec<u8> as core[df12db4294e9bfd3]::io::write::Write>::write_fmt
[INFO] [stdout]    3:     0x5fc33a01c086 - std[70759c8f55707aa4]::panicking::default_hook::{closure#0}
[INFO] [stdout]    4:     0x5fc33a038ee9 - std[70759c8f55707aa4]::panicking::default_hook
[INFO] [stdout]    5:     0x5fc339f55520 - test[9d35eded1c95d3be]::test_main_inner::<test[9d35eded1c95d3be]::test_main_static::{closure#0}>::{closure#0}
[INFO] [stdout]    6:     0x5fc33a039212 - std[70759c8f55707aa4]::panicking::panic_with_hook
[INFO] [stdout]    7:     0x5fc33a01c132 - std[70759c8f55707aa4]::panicking::panic_handler::{closure#0}
[INFO] [stdout]    8:     0x5fc33a014dd9 - std[70759c8f55707aa4]::sys::backtrace::__rust_end_short_backtrace::<std[70759c8f55707aa4]::panicking::panic_handler::{closure#0}, !>
[INFO] [stdout]    9:     0x5fc33a01cf1d - __rustc[8fa7c3cbc660c2b3]::rust_begin_unwind
[INFO] [stdout]   10:     0x5fc33a056d5c - core[df12db4294e9bfd3]::panicking::panic_fmt
[INFO] [stdout]   11:     0x5fc33a056b32 - core[df12db4294e9bfd3]::result::unwrap_failed
[INFO] [stdout]   12:     0x5fc339f4594d - delete[d51b81172a760779]::common::reset_database
[INFO] [stdout]   13:     0x5fc339f427c3 - delete[d51b81172a760779]::common::run_test::<delete[d51b81172a760779]::flag_upsert_a_deletion_handles_versions_appropriately::{closure#0}>
[INFO] [stdout]   14:     0x5fc339f46a94 - delete[d51b81172a760779]::flag_upsert_a_deletion_handles_versions_appropriately
[INFO] [stdout]   15:     0x5fc339f482e0 - <delete[d51b81172a760779]::flag_upsert_a_deletion_handles_versions_appropriately::the_same_version_does_not_replace_existing_version::{closure#0} as core[df12db4294e9bfd3]::ops::function::FnOnce<()>>::call_once
[INFO] [stdout]   16:     0x5fc339f4880b - test[9d35eded1c95d3be]::__rust_begin_short_backtrace::<core[df12db4294e9bfd3]::result::Result<(), alloc[2182bb758b4b3781]::string::String>, fn() -> core[df12db4294e9bfd3]::result::Result<(), alloc[2182bb758b4b3781]::string::String>>
[INFO] [stdout]   17:     0x5fc339f55e75 - test[9d35eded1c95d3be]::run_test::{closure#0}
[INFO] [stdout]   18:     0x5fc339f4f734 - std[70759c8f55707aa4]::sys::backtrace::__rust_begin_short_backtrace::<test[9d35eded1c95d3be]::run_test::{closure#1}, ()>
[INFO] [stdout]   19:     0x5fc339f58fd2 - <std[70759c8f55707aa4]::thread::lifecycle::spawn_unchecked<test[9d35eded1c95d3be]::run_test::{closure#1}, ()>::{closure#1} as core[df12db4294e9bfd3]::ops::function::FnOnce<()>>::call_once::{shim:vtable#0}
[INFO] [stdout]   20:     0x5fc33a0403b9 - <std[70759c8f55707aa4]::sys::thread::unix::Thread>::new::thread_start
[INFO] [stdout]   21:     0x78d8a47bbdfa - <unknown>
[INFO] [stdout]   22:     0x78d8a484f3d4 - clone
[INFO] [stdout]   23:                0x0 - <unknown>
[INFO] [stdout] 
[INFO] [stdout] ---- segment_upsert_after_deletion_handles_versions_appropriately::the_same_version_does_not_replace_existing_version stdout ----
[INFO] [stdout] 
[INFO] [stdout] thread 'segment_upsert_after_deletion_handles_versions_appropriately::the_same_version_does_not_replace_existing_version' (3002) panicked at tests/common.rs:20:50:
[INFO] [stdout] FAIL: Connection refused (os error 111)
[INFO] [stdout] stack backtrace:
[INFO] [stdout]    0:     0x5fc33a041011 - <<std[70759c8f55707aa4]::sys::backtrace::BacktraceLock>::print::DisplayBacktrace as core[df12db4294e9bfd3]::fmt::Display>::fmt
[INFO] [stdout]    1:     0x5fc33a05662a - core[df12db4294e9bfd3]::fmt::write
[INFO] [stdout]    2:     0x5fc33a045a4c - <alloc[2182bb758b4b3781]::vec::Vec<u8> as core[df12db4294e9bfd3]::io::write::Write>::write_fmt
[INFO] [stdout]    3:     0x5fc33a01c086 - std[70759c8f55707aa4]::panicking::default_hook::{closure#0}
[INFO] [stdout]    4:     0x5fc33a038ee9 - std[70759c8f55707aa4]::panicking::default_hook
[INFO] [stdout]    5:     0x5fc339f55520 - test[9d35eded1c95d3be]::test_main_inner::<test[9d35eded1c95d3be]::test_main_static::{closure#0}>::{closure#0}
[INFO] [stdout]    6:     0x5fc33a039212 - std[70759c8f55707aa4]::panicking::panic_with_hook
[INFO] [stdout]    7:     0x5fc33a01c132 - std[70759c8f55707aa4]::panicking::panic_handler::{closure#0}
[INFO] [stdout]    8:     0x5fc33a014dd9 - std[70759c8f55707aa4]::sys::backtrace::__rust_end_short_backtrace::<std[70759c8f55707aa4]::panicking::panic_handler::{closure#0}, !>
[INFO] [stdout]    9:     0x5fc33a01cf1d - __rustc[8fa7c3cbc660c2b3]::rust_begin_unwind
[INFO] [stdout]   10:     0x5fc33a056d5c - core[df12db4294e9bfd3]::panicking::panic_fmt
[INFO] [stdout]   11:     0x5fc33a056b32 - core[df12db4294e9bfd3]::result::unwrap_failed
[INFO] [stdout]   12:     0x5fc339f4594d - delete[d51b81172a760779]::common::reset_database
[INFO] [stdout]   13:     0x5fc339f43c79 - delete[d51b81172a760779]::common::run_test::<delete[d51b81172a760779]::segment_upsert_after_deletion_handles_versions_appropriately::{closure#0}>
[INFO] [stdout]   14:     0x5fc339f46f14 - delete[d51b81172a760779]::segment_upsert_after_deletion_handles_versions_appropriately
[INFO] [stdout]   15:     0x5fc339f48795 - <delete[d51b81172a760779]::segment_upsert_after_deletion_handles_versions_appropriately::the_same_version_does_not_replace_existing_version::{closure#0} as core[df12db4294e9bfd3]::ops::function::FnOnce<()>>::call_once
[INFO] [stdout]   16:     0x5fc339f4880b - test[9d35eded1c95d3be]::__rust_begin_short_backtrace::<core[df12db4294e9bfd3]::result::Result<(), alloc[2182bb758b4b3781]::string::String>, fn() -> core[df12db4294e9bfd3]::result::Result<(), alloc[2182bb758b4b3781]::string::String>>
[INFO] [stdout]   17:     0x5fc339f55e75 - test[9d35eded1c95d3be]::run_test::{closure#0}
[INFO] [stdout]   18:     0x5fc339f4f734 - std[70759c8f55707aa4]::sys::backtrace::__rust_begin_short_backtrace::<test[9d35eded1c95d3be]::run_test::{closure#1}, ()>
[INFO] [stdout]   19:     0x5fc339f58fd2 - <std[70759c8f55707aa4]::thread::lifecycle::spawn_unchecked<test[9d35eded1c95d3be]::run_test::{closure#1}, ()>::{closure#1} as core[df12db4294e9bfd3]::ops::function::FnOnce<()>>::call_once::{shim:vtable#0}
[INFO] [stdout]   20:     0x5fc33a0403b9 - <std[70759c8f55707aa4]::sys::thread::unix::Thread>::new::thread_start
[INFO] [stdout]   21:     0x78d8a47bbdfa - <unknown>
[INFO] [stdout]   22:     0x78d8a484f3d4 - clone
[INFO] [stdout]   23:                0x0 - <unknown>
[INFO] [stdout] 
[INFO] [stdout] ---- delete_unknown_segment stdout ----
[INFO] [stdout] 
[INFO] [stdout] thread 'delete_unknown_segment' (2990) panicked at tests/common.rs:20:50:
[INFO] [stdout] FAIL: Connection refused (os error 111)
[INFO] [stdout] stack backtrace:
[INFO] [stdout]    0:     0x5fc33a041011 - <<std[70759c8f55707aa4]::sys::backtrace::BacktraceLock>::print::DisplayBacktrace as core[df12db4294e9bfd3]::fmt::Display>::fmt
[INFO] [stdout]    1:     0x5fc33a05662a - core[df12db4294e9bfd3]::fmt::write
[INFO] [stdout]    2:     0x5fc33a045a4c - <alloc[2182bb758b4b3781]::vec::Vec<u8> as core[df12db4294e9bfd3]::io::write::Write>::write_fmt
[INFO] [stdout]    3:     0x5fc33a01c086 - std[70759c8f55707aa4]::panicking::default_hook::{closure#0}
[INFO] [stdout]    4:     0x5fc33a038ee9 - std[70759c8f55707aa4]::panicking::default_hook
[INFO] [stdout]    5:     0x5fc339f55520 - test[9d35eded1c95d3be]::test_main_inner::<test[9d35eded1c95d3be]::test_main_static::{closure#0}>::{closure#0}
[INFO] [stdout]    6:     0x5fc33a039212 - std[70759c8f55707aa4]::panicking::panic_with_hook
[INFO] [stdout]    7:     0x5fc33a01c132 - std[70759c8f55707aa4]::panicking::panic_handler::{closure#0}
[INFO] [stdout]    8:     0x5fc33a014dd9 - std[70759c8f55707aa4]::sys::backtrace::__rust_end_short_backtrace::<std[70759c8f55707aa4]::panicking::panic_handler::{closure#0}, !>
[INFO] [stdout]    9:     0x5fc33a01cf1d - __rustc[8fa7c3cbc660c2b3]::rust_begin_unwind
[INFO] [stdout]   10:     0x5fc33a056d5c - core[df12db4294e9bfd3]::panicking::panic_fmt
[INFO] [stdout]   11:     0x5fc33a056b32 - core[df12db4294e9bfd3]::result::unwrap_failed
[INFO] [stdout]   12:     0x5fc339f4594d - delete[d51b81172a760779]::common::reset_database
[INFO] [stdout]   13:     0x5fc339f449ec - delete[d51b81172a760779]::common::run_test::<delete[d51b81172a760779]::delete_unknown_segment::{closure#0}>
[INFO] [stdout]   14:     0x5fc339f480ba - <delete[d51b81172a760779]::delete_unknown_segment::{closure#0} as core[df12db4294e9bfd3]::ops::function::FnOnce<()>>::call_once
[INFO] [stdout]   15:     0x5fc339f4880b - test[9d35eded1c95d3be]::__rust_begin_short_backtrace::<core[df12db4294e9bfd3]::result::Result<(), alloc[2182bb758b4b3781]::string::String>, fn() -> core[df12db4294e9bfd3]::result::Result<(), alloc[2182bb758b4b3781]::string::String>>
[INFO] [stdout]   16:     0x5fc339f55e75 - test[9d35eded1c95d3be]::run_test::{closure#0}
[INFO] [stdout]   17:     0x5fc339f4f734 - std[70759c8f55707aa4]::sys::backtrace::__rust_begin_short_backtrace::<test[9d35eded1c95d3be]::run_test::{closure#1}, ()>
[INFO] [stdout]   18:     0x5fc339f58fd2 - <std[70759c8f55707aa4]::thread::lifecycle::spawn_unchecked<test[9d35eded1c95d3be]::run_test::{closure#1}, ()>::{closure#1} as core[df12db4294e9bfd3]::ops::function::FnOnce<()>>::call_once::{shim:vtable#0}
[INFO] [stdout]   19:     0x5fc33a0403b9 - <std[70759c8f55707aa4]::sys::thread::unix::Thread>::new::thread_start
[INFO] [stdout]   20:     0x78d8a47bbdfa - <unknown>
[INFO] [stdout]   21:     0x78d8a484f3d4 - clone
[INFO] [stdout]   22:                0x0 - <unknown>
[INFO] [stdout] 
[INFO] [stdout] ---- segment_upsert_a_deletion_handles_versions_appropriately::the_same_version_does_not_replace_existing_version stdout ----
[INFO] [stdout] 
[INFO] [stdout] thread 'segment_upsert_a_deletion_handles_versions_appropriately::the_same_version_does_not_replace_existing_version' (2999) panicked at tests/common.rs:20:50:
[INFO] [stdout] FAIL: Connection refused (os error 111)
[INFO] [stdout] stack backtrace:
[INFO] [stdout]    0:     0x5fc33a041011 - <<std[70759c8f55707aa4]::sys::backtrace::BacktraceLock>::print::DisplayBacktrace as core[df12db4294e9bfd3]::fmt::Display>::fmt
[INFO] [stdout]    1:     0x5fc33a05662a - core[df12db4294e9bfd3]::fmt::write
[INFO] [stdout]    2:     0x5fc33a045a4c - <alloc[2182bb758b4b3781]::vec::Vec<u8> as core[df12db4294e9bfd3]::io::write::Write>::write_fmt
[INFO] [stdout]    3:     0x5fc33a01c086 - std[70759c8f55707aa4]::panicking::default_hook::{closure#0}
[INFO] [stdout]    4:     0x5fc33a038ee9 - std[70759c8f55707aa4]::panicking::default_hook
[INFO] [stdout]    5:     0x5fc339f55520 - test[9d35eded1c95d3be]::test_main_inner::<test[9d35eded1c95d3be]::test_main_static::{closure#0}>::{closure#0}
[INFO] [stdout]    6:     0x5fc33a039212 - std[70759c8f55707aa4]::panicking::panic_with_hook
[INFO] [stdout]    7:     0x5fc33a01c132 - std[70759c8f55707aa4]::panicking::panic_handler::{closure#0}
[INFO] [stdout]    8:     0x5fc33a014dd9 - std[70759c8f55707aa4]::sys::backtrace::__rust_end_short_backtrace::<std[70759c8f55707aa4]::panicking::panic_handler::{closure#0}, !>
[INFO] [stdout]    9:     0x5fc33a01cf1d - __rustc[8fa7c3cbc660c2b3]::rust_begin_unwind
[INFO] [stdout]   10:     0x5fc33a056d5c - core[df12db4294e9bfd3]::panicking::panic_fmt
[INFO] [stdout]   11:     0x5fc33a056b32 - core[df12db4294e9bfd3]::result::unwrap_failed
[INFO] [stdout]   12:     0x5fc339f4594d - delete[d51b81172a760779]::common::reset_database
[INFO] [stdout]   13:     0x5fc339f42e83 - delete[d51b81172a760779]::common::run_test::<delete[d51b81172a760779]::segment_upsert_a_deletion_handles_versions_appropriately::{closure#0}>
[INFO] [stdout]   14:     0x5fc339f46c14 - delete[d51b81172a760779]::segment_upsert_a_deletion_handles_versions_appropriately
[INFO] [stdout]   15:     0x5fc339f48490 - <delete[d51b81172a760779]::segment_upsert_a_deletion_handles_versions_appropriately::the_same_version_does_not_replace_existing_version::{closure#0} as core[df12db4294e9bfd3]::ops::function::FnOnce<()>>::call_once
[INFO] [stdout]   16:     0x5fc339f4880b - test[9d35eded1c95d3be]::__rust_begin_short_backtrace::<core[df12db4294e9bfd3]::result::Result<(), alloc[2182bb758b4b3781]::string::String>, fn() -> core[df12db4294e9bfd3]::result::Result<(), alloc[2182bb758b4b3781]::string::String>>
[INFO] [stdout]   17:     0x5fc339f55e75 - test[9d35eded1c95d3be]::run_test::{closure#0}
[INFO] [stdout]   18:     0x5fc339f4f734 - std[70759c8f55707aa4]::sys::backtrace::__rust_begin_short_backtrace::<test[9d35eded1c95d3be]::run_test::{closure#1}, ()>
[INFO] [stdout]   19:     0x5fc339f58fd2 - <std[70759c8f55707aa4]::thread::lifecycle::spawn_unchecked<test[9d35eded1c95d3be]::run_test::{closure#1}, ()>::{closure#1} as core[df12db4294e9bfd3]::ops::function::FnOnce<()>>::call_once::{shim:vtable#0}
[INFO] [stdout]   20:     0x5fc33a0403b9 - <std[70759c8f55707aa4]::sys::thread::unix::Thread>::new::thread_start
[INFO] [stdout]   21:     0x78d8a47bbdfa - <unknown>
[INFO] [stdout]   22:     0x78d8a484f3d4 - clone
[INFO] [stdout]   23:                0x0 - <unknown>
[INFO] [stdout] 
[INFO] [stdout] ---- segment_upsert_a_deletion_handles_versions_appropriately::newer_versions_replace_older stdout ----
[INFO] [stdout] 
[INFO] [stdout] thread 'segment_upsert_a_deletion_handles_versions_appropriately::newer_versions_replace_older' (2997) panicked at tests/common.rs:20:50:
[INFO] [stdout] FAIL: Connection refused (os error 111)
[INFO] [stdout] stack backtrace:
[INFO] [stdout]    0:     0x5fc33a041011 - <<std[70759c8f55707aa4]::sys::backtrace::BacktraceLock>::print::DisplayBacktrace as core[df12db4294e9bfd3]::fmt::Display>::fmt
[INFO] [stdout]    1:     0x5fc33a05662a - core[df12db4294e9bfd3]::fmt::write
[INFO] [stdout]    2:     0x5fc33a045a4c - <alloc[2182bb758b4b3781]::vec::Vec<u8> as core[df12db4294e9bfd3]::io::write::Write>::write_fmt
[INFO] [stdout]    3:     0x5fc33a01c086 - std[70759c8f55707aa4]::panicking::default_hook::{closure#0}
[INFO] [stdout]    4:     0x5fc33a038ee9 - std[70759c8f55707aa4]::panicking::default_hook
[INFO] [stdout]    5:     0x5fc339f55520 - test[9d35eded1c95d3be]::test_main_inner::<test[9d35eded1c95d3be]::test_main_static::{closure#0}>::{closure#0}
[INFO] [stdout]    6:     0x5fc33a039212 - std[70759c8f55707aa4]::panicking::panic_with_hook
[INFO] [stdout]    7:     0x5fc33a01c132 - std[70759c8f55707aa4]::panicking::panic_handler::{closure#0}
[INFO] [stdout]    8:     0x5fc33a014dd9 - std[70759c8f55707aa4]::sys::backtrace::__rust_end_short_backtrace::<std[70759c8f55707aa4]::panicking::panic_handler::{closure#0}, !>
[INFO] [stdout]    9:     0x5fc33a01cf1d - __rustc[8fa7c3cbc660c2b3]::rust_begin_unwind
[INFO] [stdout]   10:     0x5fc33a056d5c - core[df12db4294e9bfd3]::panicking::panic_fmt
[INFO] [stdout]   11:     0x5fc33a056b32 - core[df12db4294e9bfd3]::result::unwrap_failed
[INFO] [stdout]   12:     0x5fc339f4594d - delete[d51b81172a760779]::common::reset_database
[INFO] [stdout]   13:     0x5fc339f42e83 - delete[d51b81172a760779]::common::run_test::<delete[d51b81172a760779]::segment_upsert_a_deletion_handles_versions_appropriately::{closure#0}>
[INFO] [stdout]   14:     0x5fc339f46c14 - delete[d51b81172a760779]::segment_upsert_a_deletion_handles_versions_appropriately
[INFO] [stdout]   15:     0x5fc339f48355 - <delete[d51b81172a760779]::segment_upsert_a_deletion_handles_versions_appropriately::newer_versions_replace_older::{closure#0} as core[df12db4294e9bfd3]::ops::function::FnOnce<()>>::call_once
[INFO] [stdout]   16:     0x5fc339f4880b - test[9d35eded1c95d3be]::__rust_begin_short_backtrace::<core[df12db4294e9bfd3]::result::Result<(), alloc[2182bb758b4b3781]::string::String>, fn() -> core[df12db4294e9bfd3]::result::Result<(), alloc[2182bb758b4b3781]::string::String>>
[INFO] [stdout]   17:     0x5fc339f55e75 - test[9d35eded1c95d3be]::run_test::{closure#0}
[INFO] [stdout]   18:     0x5fc339f4f734 - std[70759c8f55707aa4]::sys::backtrace::__rust_begin_short_backtrace::<test[9d35eded1c95d3be]::run_test::{closure#1}, ()>
[INFO] [stdout]   19:     0x5fc339f58fd2 - <std[70759c8f55707aa4]::thread::lifecycle::spawn_unchecked<test[9d35eded1c95d3be]::run_test::{closure#1}, ()>::{closure#1} as core[df12db4294e9bfd3]::ops::function::FnOnce<()>>::call_once::{shim:vtable#0}
[INFO] [stdout]   20:     0x5fc33a0403b9 - <std[70759c8f55707aa4]::sys::thread::unix::Thread>::new::thread_start
[INFO] [stdout]   21:     0x78d8a47bbdfa - <unknown>
[INFO] [stdout]   22:     0x78d8a484f3d4 - clone
[INFO] [stdout]   23:                0x0 - <unknown>
[INFO] [stdout] 
[INFO] [stdout] ---- segment_upsert_a_deletion_handles_versions_appropriately::older_versions_do_not_replace_newer_versions stdout ----
[INFO] [stdout] 
[INFO] [stdout] thread 'segment_upsert_a_deletion_handles_versions_appropriately::older_versions_do_not_replace_newer_versions' (2998) panicked at tests/common.rs:20:50:
[INFO] [stdout] FAIL: Connection refused (os error 111)
[INFO] [stdout] stack backtrace:
[INFO] [stdout]    0:     0x5fc33a041011 - <<std[70759c8f55707aa4]::sys::backtrace::BacktraceLock>::print::DisplayBacktrace as core[df12db4294e9bfd3]::fmt::Display>::fmt
[INFO] [stdout]    1:     0x5fc33a05662a - core[df12db4294e9bfd3]::fmt::write
[INFO] [stdout]    2:     0x5fc33a045a4c - <alloc[2182bb758b4b3781]::vec::Vec<u8> as core[df12db4294e9bfd3]::io::write::Write>::write_fmt
[INFO] [stdout]    3:     0x5fc33a01c086 - std[70759c8f55707aa4]::panicking::default_hook::{closure#0}
[INFO] [stdout]    4:     0x5fc33a038ee9 - std[70759c8f55707aa4]::panicking::default_hook
[INFO] [stdout]    5:     0x5fc339f55520 - test[9d35eded1c95d3be]::test_main_inner::<test[9d35eded1c95d3be]::test_main_static::{closure#0}>::{closure#0}
[INFO] [stdout]    6:     0x5fc33a039212 - std[70759c8f55707aa4]::panicking::panic_with_hook
[INFO] [stdout]    7:     0x5fc33a01c132 - std[70759c8f55707aa4]::panicking::panic_handler::{closure#0}
[INFO] [stdout]    8:     0x5fc33a014dd9 - std[70759c8f55707aa4]::sys::backtrace::__rust_end_short_backtrace::<std[70759c8f55707aa4]::panicking::panic_handler::{closure#0}, !>
[INFO] [stdout]    9:     0x5fc33a01cf1d - __rustc[8fa7c3cbc660c2b3]::rust_begin_unwind
[INFO] [stdout]   10:     0x5fc33a056d5c - core[df12db4294e9bfd3]::panicking::panic_fmt
[INFO] [stdout]   11:     0x5fc33a056b32 - core[df12db4294e9bfd3]::result::unwrap_failed
[INFO] [stdout]   12:     0x5fc339f4594d - delete[d51b81172a760779]::common::reset_database
[INFO] [stdout]   13:     0x5fc339f42e83 - delete[d51b81172a760779]::common::run_test::<delete[d51b81172a760779]::segment_upsert_a_deletion_handles_versions_appropriately::{closure#0}>
[INFO] [stdout]   14:     0x5fc339f46c14 - delete[d51b81172a760779]::segment_upsert_a_deletion_handles_versions_appropriately
[INFO] [stdout]   15:     0x5fc339f483f0 - <delete[d51b81172a760779]::segment_upsert_a_deletion_handles_versions_appropriately::older_versions_do_not_replace_newer_versions::{closure#0} as core[df12db4294e9bfd3]::ops::function::FnOnce<()>>::call_once
[INFO] [stdout]   16:     0x5fc339f4880b - test[9d35eded1c95d3be]::__rust_begin_short_backtrace::<core[df12db4294e9bfd3]::result::Result<(), alloc[2182bb758b4b3781]::string::String>, fn() -> core[df12db4294e9bfd3]::result::Result<(), alloc[2182bb758b4b3781]::string::String>>
[INFO] [stdout]   17:     0x5fc339f55e75 - test[9d35eded1c95d3be]::run_test::{closure#0}
[INFO] [stdout]   18:     0x5fc339f4f734 - std[70759c8f55707aa4]::sys::backtrace::__rust_begin_short_backtrace::<test[9d35eded1c95d3be]::run_test::{closure#1}, ()>
[INFO] [stdout]   19:     0x5fc339f58fd2 - <std[70759c8f55707aa4]::thread::lifecycle::spawn_unchecked<test[9d35eded1c95d3be]::run_test::{closure#1}, ()>::{closure#1} as core[df12db4294e9bfd3]::ops::function::FnOnce<()>>::call_once::{shim:vtable#0}
[INFO] [stdout]   20:     0x5fc33a0403b9 - <std[70759c8f55707aa4]::sys::thread::unix::Thread>::new::thread_start
[INFO] [stdout]   21:     0x78d8a47bbdfa - <unknown>
[INFO] [stdout]   22:     0x78d8a484f3d4 - clone
[INFO] [stdout]   23:                0x0 - <unknown>
[INFO] [stdout] 
[INFO] [stdout] ---- segment_upsert_after_deletion_handles_versions_appropriately::older_versions_do_not_replace_newer_versions stdout ----
[INFO] [stdout] 
[INFO] [stdout] thread 'segment_upsert_after_deletion_handles_versions_appropriately::older_versions_do_not_replace_newer_versions' (3001) panicked at tests/common.rs:20:50:
[INFO] [stdout] FAIL: Connection refused (os error 111)
[INFO] [stdout] stack backtrace:
[INFO] [stdout]    0:     0x5fc33a041011 - <<std[70759c8f55707aa4]::sys::backtrace::BacktraceLock>::print::DisplayBacktrace as core[df12db4294e9bfd3]::fmt::Display>::fmt
[INFO] [stdout]    1:     0x5fc33a05662a - core[df12db4294e9bfd3]::fmt::write
[INFO] [stdout]    2:     0x5fc33a045a4c - <alloc[2182bb758b4b3781]::vec::Vec<u8> as core[df12db4294e9bfd3]::io::write::Write>::write_fmt
[INFO] [stdout]    3:     0x5fc33a01c086 - std[70759c8f55707aa4]::panicking::default_hook::{closure#0}
[INFO] [stdout]    4:     0x5fc33a038ee9 - std[70759c8f55707aa4]::panicking::default_hook
[INFO] [stdout]    5:     0x5fc339f55520 - test[9d35eded1c95d3be]::test_main_inner::<test[9d35eded1c95d3be]::test_main_static::{closure#0}>::{closure#0}
[INFO] [stdout]    6:     0x5fc33a039212 - std[70759c8f55707aa4]::panicking::panic_with_hook
[INFO] [stdout]    7:     0x5fc33a01c132 - std[70759c8f55707aa4]::panicking::panic_handler::{closure#0}
[INFO] [stdout]    8:     0x5fc33a014dd9 - std[70759c8f55707aa4]::sys::backtrace::__rust_end_short_backtrace::<std[70759c8f55707aa4]::panicking::panic_handler::{closure#0}, !>
[INFO] [stdout]    9:     0x5fc33a01cf1d - __rustc[8fa7c3cbc660c2b3]::rust_begin_unwind
[INFO] [stdout]   10:     0x5fc33a056d5c - core[df12db4294e9bfd3]::panicking::panic_fmt
[INFO] [stdout]   11:     0x5fc33a056b32 - core[df12db4294e9bfd3]::result::unwrap_failed
[INFO] [stdout]   12:     0x5fc339f4594d - delete[d51b81172a760779]::common::reset_database
[INFO] [stdout]   13:     0x5fc339f43c79 - delete[d51b81172a760779]::common::run_test::<delete[d51b81172a760779]::segment_upsert_after_deletion_handles_versions_appropriately::{closure#0}>
[INFO] [stdout]   14:     0x5fc339f46f14 - delete[d51b81172a760779]::segment_upsert_after_deletion_handles_versions_appropriately
[INFO] [stdout]   15:     0x5fc339f48725 - <delete[d51b81172a760779]::segment_upsert_after_deletion_handles_versions_appropriately::older_versions_do_not_replace_newer_versions::{closure#0} as core[df12db4294e9bfd3]::ops::function::FnOnce<()>>::call_once
[INFO] [stdout]   16:     0x5fc339f4880b - test[9d35eded1c95d3be]::__rust_begin_short_backtrace::<core[df12db4294e9bfd3]::result::Result<(), alloc[2182bb758b4b3781]::string::String>, fn() -> core[df12db4294e9bfd3]::result::Result<(), alloc[2182bb758b4b3781]::string::String>>
[INFO] [stdout]   17:     0x5fc339f55e75 - test[9d35eded1c95d3be]::run_test::{closure#0}
[INFO] [stdout]   18:     0x5fc339f4f734 - std[70759c8f55707aa4]::sys::backtrace::__rust_begin_short_backtrace::<test[9d35eded1c95d3be]::run_test::{closure#1}, ()>
[INFO] [stdout]   19:     0x5fc339f58fd2 - <std[70759c8f55707aa4]::thread::lifecycle::spawn_unchecked<test[9d35eded1c95d3be]::run_test::{closure#1}, ()>::{closure#1} as core[df12db4294e9bfd3]::ops::function::FnOnce<()>>::call_once::{shim:vtable#0}
[INFO] [stdout]   20:     0x5fc33a0403b9 - <std[70759c8f55707aa4]::sys::thread::unix::Thread>::new::thread_start
[INFO] [stdout]   21:     0x78d8a47bbdfa - <unknown>
[INFO] [stdout]   22:     0x78d8a484f3d4 - clone
[INFO] [stdout]   23:                0x0 - <unknown>
[INFO] [stdout] 
[INFO] [stdout] 
[INFO] [stdout] failures:
[INFO] [stdout]     delete_unknown_flag
[INFO] [stdout]     delete_unknown_segment
[INFO] [stdout]     flag_upsert_a_deletion_handles_versions_appropriately::newer_versions_replace_older
[INFO] [stdout]     flag_upsert_a_deletion_handles_versions_appropriately::older_versions_do_not_replace_newer_versions
[INFO] [stdout]     flag_upsert_a_deletion_handles_versions_appropriately::the_same_version_does_not_replace_existing_version
[INFO] [stdout]     flag_upsert_after_deletion_handles_versions_appropriately::newer_versions_replace_older
[INFO] [stdout]     flag_upsert_after_deletion_handles_versions_appropriately::older_versions_do_not_replace_newer_versions
[INFO] [stdout]     flag_upsert_after_deletion_handles_versions_appropriately::the_same_version_does_not_replace_existing_version
[INFO] [stdout]     segment_upsert_a_deletion_handles_versions_appropriately::newer_versions_replace_older
[INFO] [stdout]     segment_upsert_a_deletion_handles_versions_appropriately::older_versions_do_not_replace_newer_versions
[INFO] [stdout]     segment_upsert_a_deletion_handles_versions_appropriately::the_same_version_does_not_replace_existing_version
[INFO] [stdout]     segment_upsert_after_deletion_handles_versions_appropriately::newer_versions_replace_older
[INFO] [stdout]     segment_upsert_after_deletion_handles_versions_appropriately::older_versions_do_not_replace_newer_versions
[INFO] [stdout]     segment_upsert_after_deletion_handles_versions_appropriately::the_same_version_does_not_replace_existing_version
[INFO] [stdout] 
[INFO] [stdout] test result: FAILED. 0 passed; 14 failed; 0 ignored; 0 measured; 0 filtered out; finished in 0.02s
[INFO] [stdout] 
[INFO] [stderr] error: test failed, to rerun pass `--test delete`
[INFO] running `Command { std: "docker" "inspect" "474d67c0a4856856a805b4b28accf0271f986414fc2de77d1fed2ba35784458a", kill_on_drop: false }`
[INFO] running `Command { std: "docker" "rm" "-f" "474d67c0a4856856a805b4b28accf0271f986414fc2de77d1fed2ba35784458a", kill_on_drop: false }`
[INFO] [stdout] 474d67c0a4856856a805b4b28accf0271f986414fc2de77d1fed2ba35784458a
