[INFO] fetching crate lastcall 0.1.0...
[INFO] testing lastcall-0.1.0 against 1.100.0-beta.1+cargoflags=--release for beta-release-1.100-2
[INFO] extracting crate lastcall 0.1.0 into /workspace/builds/worker-0-tc2/source
[INFO] started tweaking crates.io crate lastcall 0.1.0
[INFO] removed 0 missing tests
[INFO] finished tweaking crates.io crate lastcall 0.1.0
[INFO] tweaked toml for crates.io crate lastcall 0.1.0 written to /workspace/builds/worker-0-tc2/source/Cargo.toml
[INFO] validating manifest of crates.io crate lastcall 0.1.0 on toolchain 1.100.0-beta.1
[INFO] running `Command { std: CARGO_HOME="/workspace/cargo-home" RUSTUP_HOME="/workspace/rustup-home" "/workspace/cargo-home/bin/cargo" "+1.100.0-beta.1" "metadata" "--manifest-path" "Cargo.toml" "--no-deps", kill_on_drop: false }`
[INFO] crate crates.io crate lastcall 0.1.0 already has a lockfile, it will not be regenerated
[INFO] running `Command { std: CARGO_HOME="/workspace/cargo-home" RUSTUP_HOME="/workspace/rustup-home" "/workspace/cargo-home/bin/cargo" "+1.100.0-beta.1" "fetch" "--manifest-path" "Cargo.toml", kill_on_drop: false }`
[INFO] running `Command { std: "docker" "create" "-v" "/var/lib/crater-agent-workspace/builds/worker-0-tc2/source:/opt/rustwide/workdir:ro,Z" "-v" "/var/lib/crater-agent-workspace/builds/worker-0-tc2/target:/opt/rustwide/target:rw,Z" "-v" "/var/lib/crater-agent-workspace/cargo-home:/opt/rustwide/cargo-home:ro,Z" "-v" "/var/lib/crater-agent-workspace/rustup-home:/opt/rustwide/rustup-home:ro,Z" "-m" "1610612736" "--network" "none" "ghcr.io/rust-lang/crates-build-env/linux@sha256:77db811e55d90add9212f6832c23229e3de5f1c1f9905e8cb07319ea15df73ac" "sleep" "infinity", kill_on_drop: false }`
[INFO] [stdout] 1dcca1d8cae142237a03278cd4a57e603a170d51bc2652db1e5e23027ac6fb29
[INFO] running `Command { std: "docker" "start" "1dcca1d8cae142237a03278cd4a57e603a170d51bc2652db1e5e23027ac6fb29", kill_on_drop: false }`
[INFO] running `Command { std: "docker" "inspect" "1dcca1d8cae142237a03278cd4a57e603a170d51bc2652db1e5e23027ac6fb29", kill_on_drop: false }`
[INFO] running `Command { std: "docker" "exec" "-e" "SOURCE_DIR=/opt/rustwide/workdir" "-e" "CARGO_HOME=/opt/rustwide/cargo-home" "-e" "RUSTUP_HOME=/opt/rustwide/rustup-home" "-e" "CARGO_TARGET_DIR=/opt/rustwide/target" "-w" "/opt/rustwide/workdir" "--user" "0:0" "1dcca1d8cae142237a03278cd4a57e603a170d51bc2652db1e5e23027ac6fb29" "/opt/rustwide/cargo-home/bin/cargo" "+1.100.0-beta.1" "metadata" "--no-deps" "--format-version=1", kill_on_drop: false }`
[INFO] running `Command { std: "docker" "inspect" "1dcca1d8cae142237a03278cd4a57e603a170d51bc2652db1e5e23027ac6fb29", kill_on_drop: false }`
[INFO] running `Command { std: "docker" "exec" "-e" "SOURCE_DIR=/opt/rustwide/workdir" "-e" "CARGO_HOME=/opt/rustwide/cargo-home" "-e" "RUSTUP_HOME=/opt/rustwide/rustup-home" "-e" "CARGO_TARGET_DIR=/opt/rustwide/target" "-e" "CARGO_INCREMENTAL=0" "-e" "RUST_BACKTRACE=full" "-e" "RUSTFLAGS=--cap-lints=warn" "-e" "RUSTDOCFLAGS=--cap-lints=warn" "-w" "/opt/rustwide/workdir" "--user" "0:0" "1dcca1d8cae142237a03278cd4a57e603a170d51bc2652db1e5e23027ac6fb29" "/opt/rustwide/cargo-home/bin/cargo" "+1.100.0-beta.1" "build" "--frozen" "--message-format=json" "--release", kill_on_drop: false }`
[INFO] [stderr]    Compiling syn v3.0.4
[INFO] [stderr]    Compiling syn v2.0.119
[INFO] [stderr]    Compiling libc v0.2.189
[INFO] [stderr]    Compiling bytes v1.12.1
[INFO] [stderr]    Compiling shlex v2.0.1
[INFO] [stderr]    Compiling futures-core v0.3.34
[INFO] [stderr]    Compiling find-msvc-tools v0.1.11
[INFO] [stderr]    Compiling litemap v0.8.3
[INFO] [stderr]    Compiling smallvec v1.15.2
[INFO] [stderr]    Compiling writeable v0.6.4
[INFO] [stderr]    Compiling serde_core v1.0.229
[INFO] [stderr]    Compiling serde v1.0.229
[INFO] [stderr]    Compiling icu_normalizer_data v2.3.0
[INFO] [stderr]    Compiling icu_properties_data v2.3.0
[INFO] [stderr]    Compiling zeroize v1.9.0
[INFO] [stderr]    Compiling futures-task v0.3.34
[INFO] [stderr]    Compiling slab v0.4.12
[INFO] [stderr]    Compiling rustls v0.23.43
[INFO] [stderr]    Compiling futures-channel v0.3.34
[INFO] [stderr]    Compiling atomic-waker v1.1.2
[INFO] [stderr]    Compiling num-traits v0.2.19
[INFO] [stderr]    Compiling zmij v1.0.23
[INFO] [stderr]    Compiling tracing v0.1.44
[INFO] [stderr]    Compiling sync_wrapper v1.0.2
[INFO] [stderr]    Compiling rustls-pki-types v1.15.1
[INFO] [stderr]    Compiling cc v1.4.4
[INFO] [stderr]    Compiling ipnet v2.12.1
[INFO] [stderr]    Compiling hashbrown v0.17.1
[INFO] [stderr]    Compiling base64 v0.22.1
[INFO] [stderr]    Compiling futures-util v0.3.34
[INFO] [stderr]    Compiling serde_json v1.0.151
[INFO] [stderr]    Compiling anyhow v1.0.104
[INFO] [stderr]    Compiling memchr v2.8.3
[INFO] [stderr]    Compiling bitflags v2.13.1
[INFO] [stderr]    Compiling clap_builder v4.6.6
[INFO] [stderr]    Compiling webpki-roots v1.0.9
[INFO] [stderr]    Compiling log v0.4.34
[INFO] [stderr]    Compiling indexmap v2.14.0
[INFO] [stderr]    Compiling http v1.5.0
[INFO] [stderr]    Compiling mio v1.2.2
[INFO] [stderr]    Compiling socket2 v0.6.5
[INFO] [stderr]    Compiling getrandom v0.2.17
[INFO] [stderr]    Compiling dirs-sys v0.5.0
[INFO] [stderr]    Compiling dirs v6.0.0
[INFO] [stderr]    Compiling ring v0.17.14
[INFO] [stderr]    Compiling synstructure v0.13.2
[INFO] [stderr]    Compiling http-body v1.1.0
[INFO] [stderr]    Compiling http-body-util v0.1.5
[INFO] [stderr]    Compiling zerofrom-derive v0.1.7
[INFO] [stderr]    Compiling yoke-derive v0.8.2
[INFO] [stderr]    Compiling zerofrom v0.1.8
[INFO] [stderr]    Compiling yoke v0.8.3
[INFO] [stderr]    Compiling zerovec-derive v0.11.6
[INFO] [stderr]    Compiling displaydoc v0.2.7
[INFO] [stderr]    Compiling serde_derive v1.0.229
[INFO] [stderr]    Compiling tokio-macros v2.7.2
[INFO] [stderr]    Compiling clap_derive v4.6.4
[INFO] [stderr]    Compiling async-trait v0.1.92
[INFO] [stderr]    Compiling zerotrie v0.2.5
[INFO] [stderr]    Compiling tokio v1.53.1
[INFO] [stderr]    Compiling zerovec v0.11.8
[INFO] [stderr]    Compiling tinystr v0.8.4
[INFO] [stderr]    Compiling potential_utf v0.1.6
[INFO] [stderr]    Compiling icu_collections v2.3.0
[INFO] [stderr]    Compiling clap v4.6.6
[INFO] [stderr]    Compiling icu_locale_core v2.3.0
[INFO] [stderr]    Compiling serde_spanned v0.6.9
[INFO] [stderr]    Compiling toml_datetime v0.6.11
[INFO] [stderr]    Compiling serde_urlencoded v0.7.1
[INFO] [stderr]    Compiling chrono v0.4.45
[INFO] [stderr]    Compiling toml_edit v0.22.27
[INFO] [stderr]    Compiling icu_provider v2.3.1
[INFO] [stderr]    Compiling icu_properties v2.3.0
[INFO] [stderr]    Compiling icu_normalizer v2.3.0
[INFO] [stderr]    Compiling idna_adapter v1.2.2
[INFO] [stderr]    Compiling idna v1.1.0
[INFO] [stderr]    Compiling url v2.5.8
[INFO] [stderr]    Compiling toml v0.8.23
[INFO] [stderr]    Compiling hyper v1.11.0
[INFO] [stderr]    Compiling tower v0.5.3
[INFO] [stderr]    Compiling tower-http v0.6.11
[INFO] [stderr]    Compiling rustls-webpki v0.103.15
[INFO] [stderr]    Compiling hyper-util v0.1.20
[INFO] [stderr]    Compiling tokio-rustls v0.26.4
[INFO] [stderr]    Compiling hyper-rustls v0.27.9
[INFO] [stderr]    Compiling reqwest v0.12.28
[INFO] [stderr]    Compiling lastcall v0.1.0 (/opt/rustwide/workdir)
[INFO] [stderr]     Finished `release` profile [optimized] target(s) in 1m 28s
[INFO] running `Command { std: "docker" "inspect" "1dcca1d8cae142237a03278cd4a57e603a170d51bc2652db1e5e23027ac6fb29", kill_on_drop: false }`
[INFO] running `Command { std: "docker" "exec" "-e" "SOURCE_DIR=/opt/rustwide/workdir" "-e" "CARGO_HOME=/opt/rustwide/cargo-home" "-e" "RUSTUP_HOME=/opt/rustwide/rustup-home" "-e" "CARGO_TARGET_DIR=/opt/rustwide/target" "-e" "CARGO_INCREMENTAL=0" "-e" "RUST_BACKTRACE=full" "-e" "RUSTFLAGS=--cap-lints=warn" "-e" "RUSTDOCFLAGS=--cap-lints=warn" "-w" "/opt/rustwide/workdir" "--user" "0:0" "1dcca1d8cae142237a03278cd4a57e603a170d51bc2652db1e5e23027ac6fb29" "/opt/rustwide/cargo-home/bin/cargo" "+1.100.0-beta.1" "test" "--frozen" "--no-run" "--message-format=json" "--release", kill_on_drop: false }`
[INFO] [stderr]    Compiling stable_deref_trait v1.2.1
[INFO] [stderr]    Compiling bytes v1.12.1
[INFO] [stderr]    Compiling pin-project-lite v0.2.17
[INFO] [stderr]    Compiling futures-core v0.3.34
[INFO] [stderr]    Compiling libc v0.2.189
[INFO] [stderr]    Compiling itoa v1.0.18
[INFO] [stderr]    Compiling serde_core v1.0.229
[INFO] [stderr]    Compiling litemap v0.8.3
[INFO] [stderr]    Compiling writeable v0.6.4
[INFO] [stderr]    Compiling zerofrom v0.1.8
[INFO] [stderr]    Compiling smallvec v1.15.2
[INFO] [stderr]    Compiling utf8_iter v1.0.4
[INFO] [stderr]    Compiling cfg-if v1.0.4
[INFO] [stderr]    Compiling once_cell v1.21.4
[INFO] [stderr]    Compiling zeroize v1.9.0
[INFO] [stderr]    Compiling percent-encoding v2.3.2
[INFO] [stderr]    Compiling icu_normalizer_data v2.3.0
[INFO] [stderr]    Compiling icu_properties_data v2.3.0
[INFO] [stderr]    Compiling untrusted v0.9.0
[INFO] [stderr]    Compiling futures-task v0.3.34
[INFO] [stderr]    Compiling slab v0.4.12
[INFO] [stderr]    Compiling try-lock v0.2.5
[INFO] [stderr]    Compiling tower-service v0.3.3
[INFO] [stderr]    Compiling want v0.3.1
[INFO] [stderr]    Compiling futures-channel v0.3.34
[INFO] [stderr]    Compiling rustls-pki-types v1.15.1
[INFO] [stderr]    Compiling httparse v1.10.1
[INFO] [stderr]    Compiling subtle v2.6.1
[INFO] [stderr]    Compiling utf8parse v0.2.2
[INFO] [stderr]    Compiling tracing-core v0.1.36
[INFO] [stderr]    Compiling form_urlencoded v1.2.2
[INFO] [stderr]    Compiling yoke v0.8.3
[INFO] [stderr]    Compiling atomic-waker v1.1.2
[INFO] [stderr]    Compiling futures-util v0.3.34
[INFO] [stderr]    Compiling anstyle-parse v1.0.0
[INFO] [stderr]    Compiling sync_wrapper v1.0.2
[INFO] [stderr]    Compiling ipnet v2.12.1
[INFO] [stderr]    Compiling anstyle-query v1.1.5
[INFO] [stderr]    Compiling anstyle v1.0.14
[INFO] [stderr]    Compiling equivalent v1.0.2
[INFO] [stderr]    Compiling is_terminal_polyfill v1.70.2
[INFO] [stderr]    Compiling hashbrown v0.17.1
[INFO] [stderr]    Compiling colorchoice v1.0.5
[INFO] [stderr]    Compiling base64 v0.22.1
[INFO] [stderr]    Compiling tower-layer v0.3.3
[INFO] [stderr]    Compiling zerovec v0.11.8
[INFO] [stderr]    Compiling zerotrie v0.2.5
[INFO] [stderr]    Compiling zmij v1.0.23
[INFO] [stderr]    Compiling winnow v0.7.15
[INFO] [stderr]    Compiling anstream v1.0.0
[INFO] [stderr]    Compiling ryu v1.0.23
[INFO] [stderr]    Compiling option-ext v0.2.0
[INFO] [stderr]    Compiling clap_lex v1.1.0
[INFO] [stderr]    Compiling memchr v2.8.3
[INFO] [stderr]    Compiling tracing v0.1.44
[INFO] [stderr]    Compiling webpki-roots v1.0.9
[INFO] [stderr]    Compiling toml_write v0.1.2
[INFO] [stderr]    Compiling strsim v0.11.1
[INFO] [stderr]    Compiling bitflags v2.13.1
[INFO] [stderr]    Compiling num-traits v0.2.19
[INFO] [stderr]    Compiling iana-time-zone v0.1.65
[INFO] [stderr]    Compiling log v0.4.34
[INFO] [stderr]    Compiling indexmap v2.14.0
[INFO] [stderr]    Compiling http v1.5.0
[INFO] [stderr]    Compiling mio v1.2.2
[INFO] [stderr]    Compiling socket2 v0.6.5
[INFO] [stderr]    Compiling getrandom v0.2.17
[INFO] [stderr]    Compiling dirs-sys v0.5.0
[INFO] [stderr]    Compiling clap_builder v4.6.6
[INFO] [stderr]    Compiling anyhow v1.0.104
[INFO] [stderr]    Compiling ring v0.17.14
[INFO] [stderr]    Compiling dirs v6.0.0
[INFO] [stderr]    Compiling tinystr v0.8.4
[INFO] [stderr]    Compiling potential_utf v0.1.6
[INFO] [stderr]    Compiling icu_collections v2.3.0
[INFO] [stderr]    Compiling icu_locale_core v2.3.0
[INFO] [stderr]    Compiling tokio v1.53.1
[INFO] [stderr]    Compiling http-body v1.1.0
[INFO] [stderr]    Compiling http-body-util v0.1.5
[INFO] [stderr]    Compiling icu_provider v2.3.1
[INFO] [stderr]    Compiling icu_normalizer v2.3.0
[INFO] [stderr]    Compiling icu_properties v2.3.0
[INFO] [stderr]    Compiling rustls-webpki v0.103.15
[INFO] [stderr]    Compiling idna_adapter v1.2.2
[INFO] [stderr]    Compiling idna v1.1.0
[INFO] [stderr]    Compiling url v2.5.8
[INFO] [stderr]    Compiling serde v1.0.229
[INFO] [stderr]    Compiling serde_json v1.0.151
[INFO] [stderr]    Compiling rustls v0.23.43
[INFO] [stderr]    Compiling toml_datetime v0.6.11
[INFO] [stderr]    Compiling serde_spanned v0.6.9
[INFO] [stderr]    Compiling serde_urlencoded v0.7.1
[INFO] [stderr]    Compiling chrono v0.4.45
[INFO] [stderr]    Compiling toml_edit v0.22.27
[INFO] [stderr]    Compiling clap v4.6.6
[INFO] [stderr]    Compiling toml v0.8.23
[INFO] [stderr]    Compiling hyper v1.11.0
[INFO] [stderr]    Compiling tower v0.5.3
[INFO] [stderr]    Compiling tower-http v0.6.11
[INFO] [stderr]    Compiling hyper-util v0.1.20
[INFO] [stderr]    Compiling tokio-rustls v0.26.4
[INFO] [stderr]    Compiling hyper-rustls v0.27.9
[INFO] [stderr]    Compiling reqwest v0.12.28
[INFO] [stderr]    Compiling lastcall v0.1.0 (/opt/rustwide/workdir)
[INFO] [stderr]     Finished `release` profile [optimized] target(s) in 1m 22s
[INFO] running `Command { std: "docker" "inspect" "1dcca1d8cae142237a03278cd4a57e603a170d51bc2652db1e5e23027ac6fb29", kill_on_drop: false }`
[INFO] running `Command { std: "docker" "exec" "-e" "SOURCE_DIR=/opt/rustwide/workdir" "-e" "CARGO_HOME=/opt/rustwide/cargo-home" "-e" "RUSTUP_HOME=/opt/rustwide/rustup-home" "-e" "CARGO_TARGET_DIR=/opt/rustwide/target" "-e" "CARGO_INCREMENTAL=0" "-e" "RUST_BACKTRACE=full" "-e" "RUSTFLAGS=--cap-lints=warn" "-e" "RUSTDOCFLAGS=--cap-lints=warn" "-w" "/opt/rustwide/workdir" "--user" "0:0" "1dcca1d8cae142237a03278cd4a57e603a170d51bc2652db1e5e23027ac6fb29" "/opt/rustwide/cargo-home/bin/cargo" "+1.100.0-beta.1" "test" "--frozen" "--release", kill_on_drop: false }`
[INFO] [stderr]     Finished `release` profile [optimized] target(s) in 0.28s
[INFO] [stderr]      Running unittests src/main.rs (/opt/rustwide/target/release/build/lastcall/74bf063483866b84/out/lastcall-74bf063483866b84)
[INFO] [stdout] 
[INFO] [stdout] running 77 tests
[INFO] [stdout] test cli::tests::bare_invocation_has_no_subcommand_and_no_notify ... ok
[INFO] [stdout] test cli::tests::a_provider_flag_narrows_the_write ... ok
[INFO] [stdout] test cli::tests::cli_definition_is_valid ... ok
[INFO] [stdout] test cli::tests::config_parses_a_write ... ok
[INFO] [stdout] test config::tests::missing_sections_keep_defaults ... ok
[INFO] [stdout] test cli::tests::enablement_flags_parse_and_conflict ... ok
[INFO] [stdout] test config::tests::set_leaves_untouched_fields_alone ... ok
[INFO] [stdout] test config::tests::set_applies_to_the_named_providers_only ... ok
[INFO] [stdout] test config::tests::per_provider_overrides_are_independent ... ok
[INFO] [stdout] test cli::tests::config_without_arguments_only_shows ... ok
[INFO] [stdout] test cli::tests::invalid_thresholds_are_rejected ... ok
[INFO] [stdout] test cli::tests::fractional_thresholds_are_rejected ... ok
[INFO] [stdout] test cli::tests::subcommands_parse ... ok
[INFO] [stdout] test config::tests::set_can_disable_a_provider ... ok
[INFO] [stdout] test cli::tests::thresholds_are_not_accepted_on_the_bare_command ... ok
[INFO] [stdout] test config::tests::rejects_fractional_thresholds ... ok
[INFO] [stdout] test config::tests::rejects_nonsense_durations ... ok
[INFO] [stdout] test config::tests::rejects_out_of_range_and_unknown_keys ... ok
[INFO] [stdout] test config::tests::parses_single_and_compound_units ... ok
[INFO] [stdout] test config::tests::written_config_round_trips ... ok
[INFO] [stdout] test config::tests::rejects_durations_that_would_overflow ... ok
[INFO] [stdout] test providers::claude::tests::errors_when_no_window_is_present ... ok
[INFO] [stdout] test notify::tests::body_matches_the_documented_notification ... ok
[INFO] [stdout] test providers::claude::tests::accepts_a_usage_wrapper_and_a_numeric_reset ... ok
[INFO] [stdout] test providers::codex::tests::window_names_follow_the_window_length ... ok
[INFO] [stdout] test providers::claude::tests::windows_are_ordered_by_reset_time ... ok
[INFO] [stdout] test providers::tests::clamps_out_of_range_percentages ... ok
[INFO] [stdout] test render::tests::plain_output_contains_no_ansi_sequences ... ok
[INFO] [stdout] test providers::codex::tests::normalizes_the_live_rate_limit_payload ... ok
[INFO] [stdout] test providers::codex::tests::accepts_a_flat_payload_with_an_absolute_reset ... ok
[INFO] [stdout] test providers::codex::tests::picks_up_the_extra_limit_buckets ... ok
[INFO] [stdout] test providers::codex::tests::errors_on_an_empty_or_unusable_payload ... ok
[INFO] [stdout] test render::tests::multi_window_providers_render_as_a_block ... ok
[INFO] [stdout] test providers::claude::tests::normalizes_every_reported_window ... ok
[INFO] [stdout] test rules::tests::does_not_trigger_on_an_already_elapsed_window ... ok
[INFO] [stdout] test rules::tests::a_daily_window_is_long_enough ... ok
[INFO] [stdout] test providers::codex::tests::normalizes_both_windows_when_present ... ok
[INFO] [stdout] test rules::tests::the_tier_scales_with_a_custom_window ... ok
[INFO] [stdout] test render::tests::the_badge_is_styled_when_color_is_on ... ok
[INFO] [stdout] test render::tests::every_window_is_named_even_when_a_provider_reports_one ... ok
[INFO] [stdout] test rules::tests::windows_of_unknown_length_are_still_evaluated ... ok
[INFO] [stdout] test render::tests::one_provider_failing_does_not_hide_the_other ... ok
[INFO] [stdout] test state::tests::each_warning_is_sent_once ... ok
[INFO] [stdout] test rules::tests::triggers_when_both_conditions_hold ... ok
[INFO] [stdout] test render::tests::all_providers_failing_is_reported_as_failure ... ok
[INFO] [stdout] test rules::tests::boundaries_are_inclusive ... ok
[INFO] [stdout] test rules::tests::does_not_trigger_below_remaining_threshold ... ok
[INFO] [stdout] test rules::tests::does_not_trigger_when_reset_is_far_away ... ok
[INFO] [stdout] test state::tests::the_key_absorbs_sub_second_jitter ... ok
[INFO] [stdout] test systemd::tests::a_tight_window_polls_more_often ... ok
[INFO] [stdout] test state::tests::missing_and_corrupt_files_load_as_empty ... ok
[INFO] [stdout] test systemd::tests::disabling_the_tight_provider_makes_it_serviceable_again ... ok
[INFO] [stdout] test systemd::tests::a_disabled_provider_does_not_affect_the_interval ... ok
[INFO] [stdout] test systemd::tests::an_unserviceable_window_is_rejected ... ok
[INFO] [stdout] test state::tests::round_trips_through_a_file ... ok
[INFO] [stdout] test systemd::tests::the_interval_is_clamped_at_both_ends ... ok
[INFO] [stdout] test systemd::tests::units_are_marked_and_wired_correctly ... ok
[INFO] [stdout] test systemd::tests::next_run_follows_the_last_one ... ok
[INFO] [stdout] test state::tests::the_two_tiers_deduplicate_independently ... ok
[INFO] [stdout] test systemd::tests::no_enabled_providers_is_refused ... ok
[INFO] [stdout] test state::tests::prune_drops_elapsed_and_unparsable_entries ... ok
[INFO] [stdout] test providers::claude::tests::skips_entries_that_are_not_usage_windows ... ok
[INFO] [stdout] test rules::tests::the_warning_tier_follows_the_half_of_the_window ... ok
[INFO] [stdout] test state::tests::auth_warnings_are_deduplicated_per_day ... ok
[INFO] [stdout] test usage::tests::format_span_reads_like_config_input ... ok
[INFO] [stdout] test systemd::tests::write_unit_refuses_to_clobber_a_foreign_file ... ok
[INFO] [stdout] test providers::tests::parses_rfc3339_and_unix_timestamps ... ok
[INFO] [stdout] test systemd::tests::parses_the_unix_timestamp_property ... ok
[INFO] [stdout] test systemd::tests::the_default_config_polls_every_twelve_hours ... ok
[INFO] [stdout] test usage::tests::humanize_ago_reads_as_a_suffix ... ok
[INFO] [stdout] test rules::tests::short_windows_are_not_evaluated ... ok
[INFO] [stdout] test usage::tests::humanize_clamps_negative_durations ... ok
[INFO] [stdout] test usage::tests::rounding_absorbs_sub_second_jitter ... ok
[INFO] [stdout] test usage::tests::humanize_long_reads_as_prose ... ok
[INFO] [stdout] test usage::tests::humanize_covers_each_granularity ... ok
[INFO] [stdout] test state::tests::a_new_reset_instant_is_a_new_cycle ... ok
[INFO] [stdout] test state::tests::an_auth_warning_expires_when_the_day_does ... ok
[INFO] [stdout] 
[INFO] [stdout] test result: ok. 77 passed; 0 failed; 0 ignored; 0 measured; 0 filtered out; finished in 0.05s
[INFO] [stdout] 
[INFO] [stdout] 
[INFO] [stdout] running 13 tests
[INFO] [stderr]      Running tests/cli.rs (/opt/rustwide/target/release/build/lastcall/76d14b67c4afc09b/out/cli-76d14b67c4afc09b)
[INFO] [stdout] test windows_are_always_named ... ok
[INFO] [stdout] test successive_writes_accumulate ... ok
[INFO] [stdout] test config_shows_the_effective_thresholds_and_path ... ok
[INFO] [stdout] test thresholds_are_not_accepted_on_the_bare_command ... ok
[INFO] [stdout] test an_invalid_threshold_is_rejected_with_a_usage_error ... ok
[INFO] [stdout] test an_unserviceable_window_is_refused_by_enable ... FAILED
[INFO] [stdout] test bare_invocation_reports_every_window ... ok
[INFO] [stdout] test the_last_call_rule_fires_on_the_codex_window ... ok
[INFO] [stdout] test a_provider_flag_scopes_the_write ... ok
[INFO] [stdout] test a_config_write_persists_and_takes_effect ... ok
[INFO] [stdout] test a_disabled_provider_disappears_from_the_output ... ok
[INFO] [stdout] test short_windows_are_shown_but_never_flagged ... ok
[INFO] [stdout] test piped_output_is_plain_text ... ok
[INFO] [stdout] 
[INFO] [stdout] failures:
[INFO] [stdout] 
[INFO] [stdout] ---- an_unserviceable_window_is_refused_by_enable stdout ----
[INFO] [stdout] 
[INFO] [stdout] thread 'an_unserviceable_window_is_refused_by_enable' (2175) panicked at tests/cli.rs:143:5:
[INFO] [stdout] lastcall: no XDG_RUNTIME_DIR: this does not look like a systemd user session
[INFO] [stdout] 
[INFO] [stdout] stack backtrace:
[INFO] [stdout]    0:     0x6520c5552977 - <unknown>
[INFO] [stdout]    1:     0x6520c553ad8a - <unknown>
[INFO] [stdout]    2:     0x6520c5551f2b - <unknown>
[INFO] [stdout]    3:     0x6520c5551a0f - <unknown>
[INFO] [stdout]    4:     0x6520c555163a - <unknown>
[INFO] [stdout]    5:     0x6520c5551175 - <unknown>
[INFO] [stdout]    6:     0x6520c5577f21 - <unknown>
[INFO] [stdout]    7:     0x6520c5577ed9 - <unknown>
[INFO] [stdout]    8:     0x6520c55783dc - <unknown>
[INFO] [stdout]    9:     0x6520c553ac1b - <unknown>
[INFO] [stdout]   10:     0x6520c5538c7a - <unknown>
[INFO] [stdout]   11:     0x6520c559133b - <unknown>
[INFO] [stdout]   12:     0x6520c558d301 - <unknown>
[INFO] [stdout]   13:     0x6520c558caec - <unknown>
[INFO] [stdout]   14:     0x6520c55ac78c - <unknown>
[INFO] [stdout]   15:     0x6520c5579c54 - <unknown>
[INFO] [stdout]   16:     0x77c1ad7eadfa - <unknown>
[INFO] [stdout]   17:     0x77c1ad87e3d4 - clone
[INFO] [stdout]   18:                0x0 - <unknown>
[INFO] [stdout] 
[INFO] [stdout] 
[INFO] [stdout] failures:
[INFO] [stdout]     an_unserviceable_window_is_refused_by_enable
[INFO] [stdout] 
[INFO] [stdout] test result: FAILED. 12 passed; 1 failed; 0 ignored; 0 measured; 0 filtered out; finished in 0.12s
[INFO] [stdout] 
[INFO] [stderr] error: test failed, to rerun pass `--test cli`
[INFO] running `Command { std: "docker" "inspect" "1dcca1d8cae142237a03278cd4a57e603a170d51bc2652db1e5e23027ac6fb29", kill_on_drop: false }`
[INFO] running `Command { std: "docker" "rm" "-f" "1dcca1d8cae142237a03278cd4a57e603a170d51bc2652db1e5e23027ac6fb29", kill_on_drop: false }`
[INFO] [stdout] 1dcca1d8cae142237a03278cd4a57e603a170d51bc2652db1e5e23027ac6fb29
