[INFO] fetching crate last_order 0.1.6...
[INFO] testing last_order-0.1.6 against 1.100.0-beta.1+cargoflags=--release for beta-release-1.100-2
[INFO] extracting crate last_order 0.1.6 into /workspace/builds/worker-1-tc2/source
[INFO] started tweaking crates.io crate last_order 0.1.6
[INFO] finished tweaking crates.io crate last_order 0.1.6
[INFO] tweaked toml for crates.io crate last_order 0.1.6 written to /workspace/builds/worker-1-tc2/source/Cargo.toml
[INFO] validating manifest of crates.io crate last_order 0.1.6 on toolchain 1.100.0-beta.1
[INFO] running `Command { std: CARGO_HOME="/workspace/cargo-home" RUSTUP_HOME="/workspace/rustup-home" "/workspace/cargo-home/bin/cargo" "+1.100.0-beta.1" "metadata" "--manifest-path" "Cargo.toml" "--no-deps", kill_on_drop: false }`
[INFO] crate crates.io crate last_order 0.1.6 already has a lockfile, it will not be regenerated
[INFO] running `Command { std: CARGO_HOME="/workspace/cargo-home" RUSTUP_HOME="/workspace/rustup-home" "/workspace/cargo-home/bin/cargo" "+1.100.0-beta.1" "fetch" "--manifest-path" "Cargo.toml", kill_on_drop: false }`
[INFO] running `Command { std: "docker" "create" "-v" "/var/lib/crater-agent-workspace/builds/worker-1-tc2/source:/opt/rustwide/workdir:ro,Z" "-v" "/var/lib/crater-agent-workspace/builds/worker-1-tc2/target:/opt/rustwide/target:rw,Z" "-v" "/var/lib/crater-agent-workspace/cargo-home:/opt/rustwide/cargo-home:ro,Z" "-v" "/var/lib/crater-agent-workspace/rustup-home:/opt/rustwide/rustup-home:ro,Z" "-m" "1610612736" "--network" "none" "ghcr.io/rust-lang/crates-build-env/linux@sha256:77db811e55d90add9212f6832c23229e3de5f1c1f9905e8cb07319ea15df73ac" "sleep" "infinity", kill_on_drop: false }`
[INFO] [stdout] 0fed98c2c01defcde77683a07fe5326310592fad9234563bb89a974478bd8581
[INFO] running `Command { std: "docker" "start" "0fed98c2c01defcde77683a07fe5326310592fad9234563bb89a974478bd8581", kill_on_drop: false }`
[INFO] running `Command { std: "docker" "inspect" "0fed98c2c01defcde77683a07fe5326310592fad9234563bb89a974478bd8581", kill_on_drop: false }`
[INFO] running `Command { std: "docker" "exec" "-e" "SOURCE_DIR=/opt/rustwide/workdir" "-e" "CARGO_HOME=/opt/rustwide/cargo-home" "-e" "RUSTUP_HOME=/opt/rustwide/rustup-home" "-e" "CARGO_TARGET_DIR=/opt/rustwide/target" "-w" "/opt/rustwide/workdir" "--user" "0:0" "0fed98c2c01defcde77683a07fe5326310592fad9234563bb89a974478bd8581" "/opt/rustwide/cargo-home/bin/cargo" "+1.100.0-beta.1" "metadata" "--no-deps" "--format-version=1", kill_on_drop: false }`
[INFO] running `Command { std: "docker" "inspect" "0fed98c2c01defcde77683a07fe5326310592fad9234563bb89a974478bd8581", kill_on_drop: false }`
[INFO] running `Command { std: "docker" "exec" "-e" "SOURCE_DIR=/opt/rustwide/workdir" "-e" "CARGO_HOME=/opt/rustwide/cargo-home" "-e" "RUSTUP_HOME=/opt/rustwide/rustup-home" "-e" "CARGO_TARGET_DIR=/opt/rustwide/target" "-e" "CARGO_INCREMENTAL=0" "-e" "RUST_BACKTRACE=full" "-e" "RUSTFLAGS=--cap-lints=warn" "-e" "RUSTDOCFLAGS=--cap-lints=warn" "-w" "/opt/rustwide/workdir" "--user" "0:0" "0fed98c2c01defcde77683a07fe5326310592fad9234563bb89a974478bd8581" "/opt/rustwide/cargo-home/bin/cargo" "+1.100.0-beta.1" "build" "--frozen" "--message-format=json" "--release", kill_on_drop: false }`
[INFO] [stderr]    Compiling cc v1.2.23
[INFO] [stderr]    Compiling libc v0.2.172
[INFO] [stderr]    Compiling proc-macro2 v1.0.95
[INFO] [stderr]    Compiling unicode-ident v1.0.18
[INFO] [stderr]    Compiling autocfg v1.4.0
[INFO] [stderr]    Compiling rustversion v1.0.20
[INFO] [stderr]    Compiling parking_lot_core v0.9.10
[INFO] [stderr]    Compiling memchr v2.7.4
[INFO] [stderr]    Compiling smallvec v1.15.0
[INFO] [stderr]    Compiling cfg-if v1.0.0
[INFO] [stderr]    Compiling thiserror v2.0.12
[INFO] [stderr]    Compiling regex-syntax v0.8.5
[INFO] [stderr]    Compiling heck v0.5.0
[INFO] [stderr]    Compiling bitflags v2.9.1
[INFO] [stderr]    Compiling log v0.4.27
[INFO] [stderr]    Compiling lock_api v0.4.12
[INFO] [stderr]    Compiling quote v1.0.40
[INFO] [stderr]    Compiling aho-corasick v1.1.3
[INFO] [stderr]    Compiling syn v2.0.101
[INFO] [stderr]    Compiling parking_lot v0.12.3
[INFO] [stderr]    Compiling libz-sys v1.1.22
[INFO] [stderr]    Compiling openssl-sys v0.9.108
[INFO] [stderr]    Compiling libssh2-sys v0.3.1
[INFO] [stderr]    Compiling regex-automata v0.4.9
[INFO] [stderr]    Compiling thiserror-impl v2.0.12
[INFO] [stderr]    Compiling strum_macros v0.27.1
[INFO] [stderr]    Compiling strum v0.27.1
[INFO] [stderr]    Compiling regex v1.11.1
[INFO] [stderr]    Compiling ssh2 v0.9.5
[INFO] [stderr]    Compiling last_order v0.1.6 (/opt/rustwide/workdir)
[INFO] [stderr]     Finished `release` profile [optimized] target(s) in 38.38s
[INFO] running `Command { std: "docker" "inspect" "0fed98c2c01defcde77683a07fe5326310592fad9234563bb89a974478bd8581", kill_on_drop: false }`
[INFO] running `Command { std: "docker" "exec" "-e" "SOURCE_DIR=/opt/rustwide/workdir" "-e" "CARGO_HOME=/opt/rustwide/cargo-home" "-e" "RUSTUP_HOME=/opt/rustwide/rustup-home" "-e" "CARGO_TARGET_DIR=/opt/rustwide/target" "-e" "CARGO_INCREMENTAL=0" "-e" "RUST_BACKTRACE=full" "-e" "RUSTFLAGS=--cap-lints=warn" "-e" "RUSTDOCFLAGS=--cap-lints=warn" "-w" "/opt/rustwide/workdir" "--user" "0:0" "0fed98c2c01defcde77683a07fe5326310592fad9234563bb89a974478bd8581" "/opt/rustwide/cargo-home/bin/cargo" "+1.100.0-beta.1" "test" "--frozen" "--no-run" "--message-format=json" "--release", kill_on_drop: false }`
[INFO] [stderr]    Compiling utf8parse v0.2.2
[INFO] [stderr]    Compiling log v0.4.27
[INFO] [stderr]    Compiling anyhow v1.0.98
[INFO] [stderr]    Compiling colorchoice v1.0.3
[INFO] [stderr]    Compiling anstyle-query v1.1.2
[INFO] [stderr]    Compiling is_terminal_polyfill v1.70.1
[INFO] [stderr]    Compiling anstyle v1.0.10
[INFO] [stderr]    Compiling jiff v0.2.13
[INFO] [stderr]    Compiling anstyle-parse v0.2.6
[INFO] [stderr]    Compiling env_filter v0.1.3
[INFO] [stderr]    Compiling last_order v0.1.6 (/opt/rustwide/workdir)
[INFO] [stderr]    Compiling anstream v0.6.18
[INFO] [stderr]    Compiling env_logger v0.11.8
[INFO] [stderr]     Finished `release` profile [optimized] target(s) in 13.43s
[INFO] running `Command { std: "docker" "inspect" "0fed98c2c01defcde77683a07fe5326310592fad9234563bb89a974478bd8581", kill_on_drop: false }`
[INFO] running `Command { std: "docker" "exec" "-e" "SOURCE_DIR=/opt/rustwide/workdir" "-e" "CARGO_HOME=/opt/rustwide/cargo-home" "-e" "RUSTUP_HOME=/opt/rustwide/rustup-home" "-e" "CARGO_TARGET_DIR=/opt/rustwide/target" "-e" "CARGO_INCREMENTAL=0" "-e" "RUST_BACKTRACE=full" "-e" "RUSTFLAGS=--cap-lints=warn" "-e" "RUSTDOCFLAGS=--cap-lints=warn" "-w" "/opt/rustwide/workdir" "--user" "0:0" "0fed98c2c01defcde77683a07fe5326310592fad9234563bb89a974478bd8581" "/opt/rustwide/cargo-home/bin/cargo" "+1.100.0-beta.1" "test" "--frozen" "--release", kill_on_drop: false }`
[INFO] [stderr]     Finished `release` profile [optimized] target(s) in 0.09s
[INFO] [stderr]      Running unittests src/lib.rs (/opt/rustwide/target/release/build/last_order/5eac4958df12bcde/out/last_order-5eac4958df12bcde)
[INFO] [stdout] 
[INFO] [stdout] running 6 tests
[INFO] [stdout] test vendor::cisco::tests::test_cisco ... ignored, no test device
[INFO] [stdout] test vendor::ruijie::tests::test_ruijie ... ignored, no test device
[INFO] [stdout] test vendor::h3c::tests::test_h3c ... FAILED
[INFO] [stdout] test vendor::huawei::tests::test_huawei ... FAILED
[INFO] [stdout] test tests::dev ... FAILED
[INFO] [stderr] error: test failed, to rerun pass `--lib`
[INFO] [stdout] test vendor::aruba::tests::test_aruba ... FAILED
[INFO] [stdout] 
[INFO] [stdout] failures:
[INFO] [stdout] 
[INFO] [stdout] ---- vendor::h3c::tests::test_h3c stdout ----
[INFO] [stdout] 
[INFO] [stdout] thread 'vendor::h3c::tests::test_h3c' (1228) panicked at src/vendor/h3c/mod.rs:115:54:
[INFO] [stdout] LO_TESTPASS not set: NotPresent
[INFO] [stdout] stack backtrace:
[INFO] [stdout]    0:     0x5f68b6158241 - <<std[617be2ca0a6fd877]::sys::backtrace::BacktraceLock>::print::DisplayBacktrace as core[a373ad73a504971]::fmt::Display>::fmt
[INFO] [stdout]    1:     0x5f68b617031a - core[a373ad73a504971]::fmt::write
[INFO] [stdout]    2:     0x5f68b615e3cc - <alloc[2e1b2a31b91974c5]::vec::Vec<u8> as core[a373ad73a504971]::io::write::Write>::write_fmt
[INFO] [stdout]    3:     0x5f68b6133996 - std[617be2ca0a6fd877]::panicking::default_hook::{closure#0}
[INFO] [stdout]    4:     0x5f68b6150319 - std[617be2ca0a6fd877]::panicking::default_hook
[INFO] [stdout]    5:     0x5f68b60094d0 - test[aada8e7e76ba119b]::test_main_inner::{closure#0}
[INFO] [stdout]    6:     0x5f68b61504d2 - std[617be2ca0a6fd877]::panicking::panic_with_hook
[INFO] [stdout]    7:     0x5f68b6133a42 - std[617be2ca0a6fd877]::panicking::panic_handler::{closure#0}
[INFO] [stdout]    8:     0x5f68b612c119 - std[617be2ca0a6fd877]::sys::backtrace::__rust_end_short_backtrace::<std[617be2ca0a6fd877]::panicking::panic_handler::{closure#0}, !>
[INFO] [stdout]    9:     0x5f68b613494d - __rustc[ea4f61d10b84890b]::rust_begin_unwind
[INFO] [stdout]   10:     0x5f68b6170afc - core[a373ad73a504971]::panicking::panic_fmt
[INFO] [stdout]   11:     0x5f68b61708d2 - core[a373ad73a504971]::result::unwrap_failed
[INFO] [stdout]   12:     0x5f68b5fe04a4 - <last_order[dc7a937509facf9a]::vendor::h3c::tests::test_h3c::{closure#0} as core[a373ad73a504971]::ops::function::FnOnce<()>>::call_once
[INFO] [stdout]   13:     0x5f68b5ffc91b - test[aada8e7e76ba119b]::__rust_begin_short_backtrace::<core[a373ad73a504971]::result::Result<(), alloc[2e1b2a31b91974c5]::string::String>, fn() -> core[a373ad73a504971]::result::Result<(), alloc[2e1b2a31b91974c5]::string::String>>
[INFO] [stdout]   14:     0x5f68b6009af5 - test[aada8e7e76ba119b]::run_test::{closure#0}
[INFO] [stdout]   15:     0x5f68b60033e4 - std[617be2ca0a6fd877]::sys::backtrace::__rust_begin_short_backtrace::<test[aada8e7e76ba119b]::run_test::{closure#1}, ()>
[INFO] [stdout]   16:     0x5f68b600cb82 - <std[617be2ca0a6fd877]::thread::lifecycle::spawn_unchecked<test[aada8e7e76ba119b]::run_test::{closure#1}, ()>::{closure#1} as core[a373ad73a504971]::ops::function::FnOnce<()>>::call_once::{shim:vtable#0}
[INFO] [stdout]   17:     0x5f68b615757f - <std[617be2ca0a6fd877]::sys::thread::unix::Thread>::new::thread_start
[INFO] [stdout]   18:     0x7037bb564dfa - <unknown>
[INFO] [stdout]   19:     0x7037bb5f83d4 - clone
[INFO] [stdout]   20:                0x0 - <unknown>
[INFO] [stdout] 
[INFO] [stdout] ---- vendor::huawei::tests::test_huawei stdout ----
[INFO] [stdout] 
[INFO] [stdout] thread 'vendor::huawei::tests::test_huawei' (1229) panicked at src/vendor/huawei/mod.rs:110:54:
[INFO] [stdout] LO_TESTPASS not set: NotPresent
[INFO] [stdout] stack backtrace:
[INFO] [stdout]    0:     0x5f68b6158241 - <<std[617be2ca0a6fd877]::sys::backtrace::BacktraceLock>::print::DisplayBacktrace as core[a373ad73a504971]::fmt::Display>::fmt
[INFO] [stdout]    1:     0x5f68b617031a - core[a373ad73a504971]::fmt::write
[INFO] [stdout]    2:     0x5f68b615e3cc - <alloc[2e1b2a31b91974c5]::vec::Vec<u8> as core[a373ad73a504971]::io::write::Write>::write_fmt
[INFO] [stdout]    3:     0x5f68b6133996 - std[617be2ca0a6fd877]::panicking::default_hook::{closure#0}
[INFO] [stdout]    4:     0x5f68b6150319 - std[617be2ca0a6fd877]::panicking::default_hook
[INFO] [stdout]    5:     0x5f68b60094d0 - test[aada8e7e76ba119b]::test_main_inner::{closure#0}
[INFO] [stdout]    6:     0x5f68b61504d2 - std[617be2ca0a6fd877]::panicking::panic_with_hook
[INFO] [stdout]    7:     0x5f68b6133a42 - std[617be2ca0a6fd877]::panicking::panic_handler::{closure#0}
[INFO] [stdout]    8:     0x5f68b612c119 - std[617be2ca0a6fd877]::sys::backtrace::__rust_end_short_backtrace::<std[617be2ca0a6fd877]::panicking::panic_handler::{closure#0}, !>
[INFO] [stdout]    9:     0x5f68b613494d - __rustc[ea4f61d10b84890b]::rust_begin_unwind
[INFO] [stdout]   10:     0x5f68b6170afc - core[a373ad73a504971]::panicking::panic_fmt
[INFO] [stdout]   11:     0x5f68b61708d2 - core[a373ad73a504971]::result::unwrap_failed
[INFO] [stdout]   12:     0x5f68b5fdedc4 - <last_order[dc7a937509facf9a]::vendor::huawei::tests::test_huawei::{closure#0} as core[a373ad73a504971]::ops::function::FnOnce<()>>::call_once
[INFO] [stdout]   13:     0x5f68b5ffc91b - test[aada8e7e76ba119b]::__rust_begin_short_backtrace::<core[a373ad73a504971]::result::Result<(), alloc[2e1b2a31b91974c5]::string::String>, fn() -> core[a373ad73a504971]::result::Result<(), alloc[2e1b2a31b91974c5]::string::String>>
[INFO] [stdout]   14:     0x5f68b6009af5 - test[aada8e7e76ba119b]::run_test::{closure#0}
[INFO] [stdout]   15:     0x5f68b60033e4 - std[617be2ca0a6fd877]::sys::backtrace::__rust_begin_short_backtrace::<test[aada8e7e76ba119b]::run_test::{closure#1}, ()>
[INFO] [stdout]   16:     0x5f68b600cb82 - <std[617be2ca0a6fd877]::thread::lifecycle::spawn_unchecked<test[aada8e7e76ba119b]::run_test::{closure#1}, ()>::{closure#1} as core[a373ad73a504971]::ops::function::FnOnce<()>>::call_once::{shim:vtable#0}
[INFO] [stdout]   17:     0x5f68b615757f - <std[617be2ca0a6fd877]::sys::thread::unix::Thread>::new::thread_start
[INFO] [stdout]   18:     0x7037bb564dfa - <unknown>
[INFO] [stdout]   19:     0x7037bb5f83d4 - clone
[INFO] [stdout]   20:                0x0 - <unknown>
[INFO] [stdout] 
[INFO] [stdout] ---- tests::dev stdout ----
[INFO] [stdout] 
[INFO] [stdout] thread 'tests::dev' (1226) panicked at src/lib.rs:61:54:
[INFO] [stdout] LO_TESTPASS not set: NotPresent
[INFO] [stdout] stack backtrace:
[INFO] [stdout]    0:     0x5f68b6158241 - <<std[617be2ca0a6fd877]::sys::backtrace::BacktraceLock>::print::DisplayBacktrace as core[a373ad73a504971]::fmt::Display>::fmt
[INFO] [stdout]    1:     0x5f68b617031a - core[a373ad73a504971]::fmt::write
[INFO] [stdout]    2:     0x5f68b615e3cc - <alloc[2e1b2a31b91974c5]::vec::Vec<u8> as core[a373ad73a504971]::io::write::Write>::write_fmt
[INFO] [stdout]    3:     0x5f68b6133996 - std[617be2ca0a6fd877]::panicking::default_hook::{closure#0}
[INFO] [stdout]    4:     0x5f68b6150319 - std[617be2ca0a6fd877]::panicking::default_hook
[INFO] [stdout]    5:     0x5f68b60094d0 - test[aada8e7e76ba119b]::test_main_inner::{closure#0}
[INFO] [stdout]    6:     0x5f68b61504d2 - std[617be2ca0a6fd877]::panicking::panic_with_hook
[INFO] [stdout]    7:     0x5f68b6133a42 - std[617be2ca0a6fd877]::panicking::panic_handler::{closure#0}
[INFO] [stdout]    8:     0x5f68b612c119 - std[617be2ca0a6fd877]::sys::backtrace::__rust_end_short_backtrace::<std[617be2ca0a6fd877]::panicking::panic_handler::{closure#0}, !>
[INFO] [stdout]    9:     0x5f68b613494d - __rustc[ea4f61d10b84890b]::rust_begin_unwind
[INFO] [stdout]   10:     0x5f68b6170afc - core[a373ad73a504971]::panicking::panic_fmt
[INFO] [stdout]   11:     0x5f68b61708d2 - core[a373ad73a504971]::result::unwrap_failed
[INFO] [stdout]   12:     0x5f68b5feadcc - <last_order[dc7a937509facf9a]::tests::dev::{closure#0} as core[a373ad73a504971]::ops::function::FnOnce<()>>::call_once
[INFO] [stdout]   13:     0x5f68b5ffc91b - test[aada8e7e76ba119b]::__rust_begin_short_backtrace::<core[a373ad73a504971]::result::Result<(), alloc[2e1b2a31b91974c5]::string::String>, fn() -> core[a373ad73a504971]::result::Result<(), alloc[2e1b2a31b91974c5]::string::String>>
[INFO] [stdout]   14:     0x5f68b6009af5 - test[aada8e7e76ba119b]::run_test::{closure#0}
[INFO] [stdout]   15:     0x5f68b60033e4 - std[617be2ca0a6fd877]::sys::backtrace::__rust_begin_short_backtrace::<test[aada8e7e76ba119b]::run_test::{closure#1}, ()>
[INFO] [stdout]   16:     0x5f68b600cb82 - <std[617be2ca0a6fd877]::thread::lifecycle::spawn_unchecked<test[aada8e7e76ba119b]::run_test::{closure#1}, ()>::{closure#1} as core[a373ad73a504971]::ops::function::FnOnce<()>>::call_once::{shim:vtable#0}
[INFO] [stdout]   17:     0x5f68b615757f - <std[617be2ca0a6fd877]::sys::thread::unix::Thread>::new::thread_start
[INFO] [stdout]   18:     0x7037bb564dfa - <unknown>
[INFO] [stdout]   19:     0x7037bb5f83d4 - clone
[INFO] [stdout]   20:                0x0 - <unknown>
[INFO] [stdout] 
[INFO] [stdout] ---- vendor::aruba::tests::test_aruba stdout ----
[INFO] [stdout] 
[INFO] [stdout] thread 'vendor::aruba::tests::test_aruba' (1227) panicked at src/vendor/aruba/mod.rs:105:54:
[INFO] [stdout] LO_TESTPASS not set: NotPresent
[INFO] [stdout] stack backtrace:
[INFO] [stdout]    0:     0x5f68b6158241 - <<std[617be2ca0a6fd877]::sys::backtrace::BacktraceLock>::print::DisplayBacktrace as core[a373ad73a504971]::fmt::Display>::fmt
[INFO] [stdout]    1:     0x5f68b617031a - core[a373ad73a504971]::fmt::write
[INFO] [stdout]    2:     0x5f68b615e3cc - <alloc[2e1b2a31b91974c5]::vec::Vec<u8> as core[a373ad73a504971]::io::write::Write>::write_fmt
[INFO] [stdout]    3:     0x5f68b6133996 - std[617be2ca0a6fd877]::panicking::default_hook::{closure#0}
[INFO] [stdout]    4:     0x5f68b6150319 - std[617be2ca0a6fd877]::panicking::default_hook
[INFO] [stdout]    5:     0x5f68b60094d0 - test[aada8e7e76ba119b]::test_main_inner::{closure#0}
[INFO] [stdout]    6:     0x5f68b61504d2 - std[617be2ca0a6fd877]::panicking::panic_with_hook
[INFO] [stdout]    7:     0x5f68b6133a42 - std[617be2ca0a6fd877]::panicking::panic_handler::{closure#0}
[INFO] [stdout]    8:     0x5f68b612c119 - std[617be2ca0a6fd877]::sys::backtrace::__rust_end_short_backtrace::<std[617be2ca0a6fd877]::panicking::panic_handler::{closure#0}, !>
[INFO] [stdout]    9:     0x5f68b613494d - __rustc[ea4f61d10b84890b]::rust_begin_unwind
[INFO] [stdout]   10:     0x5f68b6170afc - core[a373ad73a504971]::panicking::panic_fmt
[INFO] [stdout]   11:     0x5f68b61708d2 - core[a373ad73a504971]::result::unwrap_failed
[INFO] [stdout]   12:     0x5f68b5fe1a8a - <last_order[dc7a937509facf9a]::vendor::aruba::tests::test_aruba::{closure#0} as core[a373ad73a504971]::ops::function::FnOnce<()>>::call_once
[INFO] [stdout]   13:     0x5f68b5ffc91b - test[aada8e7e76ba119b]::__rust_begin_short_backtrace::<core[a373ad73a504971]::result::Result<(), alloc[2e1b2a31b91974c5]::string::String>, fn() -> core[a373ad73a504971]::result::Result<(), alloc[2e1b2a31b91974c5]::string::String>>
[INFO] [stdout]   14:     0x5f68b6009af5 - test[aada8e7e76ba119b]::run_test::{closure#0}
[INFO] [stdout]   15:     0x5f68b60033e4 - std[617be2ca0a6fd877]::sys::backtrace::__rust_begin_short_backtrace::<test[aada8e7e76ba119b]::run_test::{closure#1}, ()>
[INFO] [stdout]   16:     0x5f68b600cb82 - <std[617be2ca0a6fd877]::thread::lifecycle::spawn_unchecked<test[aada8e7e76ba119b]::run_test::{closure#1}, ()>::{closure#1} as core[a373ad73a504971]::ops::function::FnOnce<()>>::call_once::{shim:vtable#0}
[INFO] [stdout]   17:     0x5f68b615757f - <std[617be2ca0a6fd877]::sys::thread::unix::Thread>::new::thread_start
[INFO] [stdout]   18:     0x7037bb564dfa - <unknown>
[INFO] [stdout]   19:     0x7037bb5f83d4 - clone
[INFO] [stdout]   20:                0x0 - <unknown>
[INFO] [stdout] 
[INFO] [stdout] 
[INFO] [stdout] failures:
[INFO] [stdout]     tests::dev
[INFO] [stdout]     vendor::aruba::tests::test_aruba
[INFO] [stdout]     vendor::h3c::tests::test_h3c
[INFO] [stdout]     vendor::huawei::tests::test_huawei
[INFO] [stdout] 
[INFO] [stdout] test result: FAILED. 0 passed; 4 failed; 2 ignored; 0 measured; 0 filtered out; finished in 0.01s
[INFO] [stdout] 
[INFO] running `Command { std: "docker" "inspect" "0fed98c2c01defcde77683a07fe5326310592fad9234563bb89a974478bd8581", kill_on_drop: false }`
[INFO] running `Command { std: "docker" "rm" "-f" "0fed98c2c01defcde77683a07fe5326310592fad9234563bb89a974478bd8581", kill_on_drop: false }`
[INFO] [stdout] 0fed98c2c01defcde77683a07fe5326310592fad9234563bb89a974478bd8581
