[INFO] fetching crate larnt 0.1.0...
[INFO] testing larnt-0.1.0 against 1.100.0-beta.1+cargoflags=--release for beta-release-1.100-2
[INFO] extracting crate larnt 0.1.0 into /workspace/builds/worker-7-tc2/source
[INFO] started tweaking crates.io crate larnt 0.1.0
[INFO] removed 0 missing examples
[INFO] finished tweaking crates.io crate larnt 0.1.0
[INFO] tweaked toml for crates.io crate larnt 0.1.0 written to /workspace/builds/worker-7-tc2/source/Cargo.toml
[INFO] validating manifest of crates.io crate larnt 0.1.0 on toolchain 1.100.0-beta.1
[INFO] running `Command { std: CARGO_HOME="/workspace/cargo-home" RUSTUP_HOME="/workspace/rustup-home" "/workspace/cargo-home/bin/cargo" "+1.100.0-beta.1" "metadata" "--manifest-path" "Cargo.toml" "--no-deps", kill_on_drop: false }`
[INFO] crate crates.io crate larnt 0.1.0 already has a lockfile, it will not be regenerated
[INFO] running `Command { std: CARGO_HOME="/workspace/cargo-home" RUSTUP_HOME="/workspace/rustup-home" "/workspace/cargo-home/bin/cargo" "+1.100.0-beta.1" "fetch" "--manifest-path" "Cargo.toml", kill_on_drop: false }`
[INFO] running `Command { std: "docker" "create" "-v" "/var/lib/crater-agent-workspace/builds/worker-7-tc2/source:/opt/rustwide/workdir:ro,Z" "-v" "/var/lib/crater-agent-workspace/builds/worker-7-tc2/target:/opt/rustwide/target:rw,Z" "-v" "/var/lib/crater-agent-workspace/cargo-home:/opt/rustwide/cargo-home:ro,Z" "-v" "/var/lib/crater-agent-workspace/rustup-home:/opt/rustwide/rustup-home:ro,Z" "-m" "1610612736" "--network" "none" "ghcr.io/rust-lang/crates-build-env/linux@sha256:77db811e55d90add9212f6832c23229e3de5f1c1f9905e8cb07319ea15df73ac" "sleep" "infinity", kill_on_drop: false }`
[INFO] [stdout] 9bb89c4cc2d8f5ce17b81e5203861b5ba0006f5ed6d31c6be4f002510ef10e6c
[INFO] running `Command { std: "docker" "start" "9bb89c4cc2d8f5ce17b81e5203861b5ba0006f5ed6d31c6be4f002510ef10e6c", kill_on_drop: false }`
[INFO] running `Command { std: "docker" "inspect" "9bb89c4cc2d8f5ce17b81e5203861b5ba0006f5ed6d31c6be4f002510ef10e6c", kill_on_drop: false }`
[INFO] running `Command { std: "docker" "exec" "-e" "SOURCE_DIR=/opt/rustwide/workdir" "-e" "CARGO_HOME=/opt/rustwide/cargo-home" "-e" "RUSTUP_HOME=/opt/rustwide/rustup-home" "-e" "CARGO_TARGET_DIR=/opt/rustwide/target" "-w" "/opt/rustwide/workdir" "--user" "0:0" "9bb89c4cc2d8f5ce17b81e5203861b5ba0006f5ed6d31c6be4f002510ef10e6c" "/opt/rustwide/cargo-home/bin/cargo" "+1.100.0-beta.1" "metadata" "--no-deps" "--format-version=1", kill_on_drop: false }`
[INFO] running `Command { std: "docker" "inspect" "9bb89c4cc2d8f5ce17b81e5203861b5ba0006f5ed6d31c6be4f002510ef10e6c", kill_on_drop: false }`
[INFO] running `Command { std: "docker" "exec" "-e" "SOURCE_DIR=/opt/rustwide/workdir" "-e" "CARGO_HOME=/opt/rustwide/cargo-home" "-e" "RUSTUP_HOME=/opt/rustwide/rustup-home" "-e" "CARGO_TARGET_DIR=/opt/rustwide/target" "-e" "CARGO_INCREMENTAL=0" "-e" "RUST_BACKTRACE=full" "-e" "RUSTFLAGS=--cap-lints=warn" "-e" "RUSTDOCFLAGS=--cap-lints=warn" "-w" "/opt/rustwide/workdir" "--user" "0:0" "9bb89c4cc2d8f5ce17b81e5203861b5ba0006f5ed6d31c6be4f002510ef10e6c" "/opt/rustwide/cargo-home/bin/cargo" "+1.100.0-beta.1" "build" "--frozen" "--message-format=json" "--release", kill_on_drop: false }`
[INFO] [stderr]    Compiling num-traits v0.2.19
[INFO] [stderr]    Compiling bytemuck v1.24.0
[INFO] [stderr]    Compiling rand v0.8.5
[INFO] [stderr]    Compiling pxfm v0.1.27
[INFO] [stderr]    Compiling moxcms v0.7.11
[INFO] [stderr]    Compiling image v0.25.9
[INFO] [stderr]    Compiling larnt v0.1.0 (/opt/rustwide/workdir)
[INFO] [stderr]     Finished `release` profile [optimized] target(s) in 1m 26s
[INFO] running `Command { std: "docker" "inspect" "9bb89c4cc2d8f5ce17b81e5203861b5ba0006f5ed6d31c6be4f002510ef10e6c", kill_on_drop: false }`
[INFO] running `Command { std: "docker" "exec" "-e" "SOURCE_DIR=/opt/rustwide/workdir" "-e" "CARGO_HOME=/opt/rustwide/cargo-home" "-e" "RUSTUP_HOME=/opt/rustwide/rustup-home" "-e" "CARGO_TARGET_DIR=/opt/rustwide/target" "-e" "CARGO_INCREMENTAL=0" "-e" "RUST_BACKTRACE=full" "-e" "RUSTFLAGS=--cap-lints=warn" "-e" "RUSTDOCFLAGS=--cap-lints=warn" "-w" "/opt/rustwide/workdir" "--user" "0:0" "9bb89c4cc2d8f5ce17b81e5203861b5ba0006f5ed6d31c6be4f002510ef10e6c" "/opt/rustwide/cargo-home/bin/cargo" "+1.100.0-beta.1" "test" "--frozen" "--no-run" "--message-format=json" "--release", kill_on_drop: false }`
[INFO] [stderr]    Compiling quote v1.0.44
[INFO] [stderr]    Compiling unicode-ident v1.0.22
[INFO] [stderr]    Compiling simd-adler32 v0.3.8
[INFO] [stderr]    Compiling num-traits v0.2.19
[INFO] [stderr]    Compiling memchr v2.7.6
[INFO] [stderr]    Compiling anyhow v1.0.100
[INFO] [stderr]    Compiling either v1.15.0
[INFO] [stderr]    Compiling crossbeam-epoch v0.9.18
[INFO] [stderr]    Compiling proc-macro2 v1.0.106
[INFO] [stderr]    Compiling arrayvec v0.7.6
[INFO] [stderr]    Compiling zerocopy v0.8.37
[INFO] [stderr]    Compiling miniz_oxide v0.8.9
[INFO] [stderr]    Compiling crossbeam-deque v0.8.6
[INFO] [stderr]    Compiling as-slice v0.2.1
[INFO] [stderr]    Compiling built v0.8.0
[INFO] [stderr]    Compiling libc v0.2.180
[INFO] [stderr]    Compiling rayon-core v1.13.0
[INFO] [stderr]    Compiling av-scenechange v0.14.1
[INFO] [stderr]    Compiling syn v2.0.114
[INFO] [stderr]    Compiling rav1e v0.8.1
[INFO] [stderr]    Compiling nom v8.0.0
[INFO] [stderr]    Compiling core2 v0.4.0
[INFO] [stderr]    Compiling aligned v0.4.3
[INFO] [stderr]    Compiling rayon v1.11.0
[INFO] [stderr]    Compiling y4m v0.8.0
[INFO] [stderr]    Compiling num-integer v0.1.46
[INFO] [stderr]    Compiling quick-error v2.0.1
[INFO] [stderr]    Compiling pastey v0.1.1
[INFO] [stderr]    Compiling num-bigint v0.4.6
[INFO] [stderr]    Compiling flate2 v1.1.8
[INFO] [stderr]    Compiling bitstream-io v4.9.0
[INFO] [stderr]    Compiling simd_helpers v0.1.0
[INFO] [stderr]    Compiling itertools v0.14.0
[INFO] [stderr]    Compiling zune-core v0.4.12
[INFO] [stderr]    Compiling weezl v0.1.12
[INFO] [stderr]    Compiling noop_proc_macro v0.3.0
[INFO] [stderr]    Compiling new_debug_unreachable v1.0.6
[INFO] [stderr]    Compiling imgref v1.12.0
[INFO] [stderr]    Compiling zune-jpeg v0.4.21
[INFO] [stderr]    Compiling loop9 v0.1.5
[INFO] [stderr]    Compiling pxfm v0.1.27
[INFO] [stderr]    Compiling num-rational v0.4.2
[INFO] [stderr]    Compiling maybe-rayon v0.1.1
[INFO] [stderr]    Compiling avif-serialize v0.8.6
[INFO] [stderr]    Compiling zune-inflate v0.2.54
[INFO] [stderr]    Compiling fdeflate v0.3.7
[INFO] [stderr]    Compiling lebe v0.5.3
[INFO] [stderr]    Compiling color_quant v1.1.0
[INFO] [stderr]    Compiling bitflags v2.10.0
[INFO] [stderr]    Compiling rgb v0.8.52
[INFO] [stderr]    Compiling bit_field v0.10.3
[INFO] [stderr]    Compiling image-webp v0.2.4
[INFO] [stderr]    Compiling png v0.18.0
[INFO] [stderr]    Compiling qoi v0.4.1
[INFO] [stderr]    Compiling gif v0.14.1
[INFO] [stderr]    Compiling zune-jpeg v0.5.12
[INFO] [stderr]    Compiling equator-macro v0.4.2
[INFO] [stderr]    Compiling thiserror-impl v2.0.18
[INFO] [stderr]    Compiling zerocopy-derive v0.8.37
[INFO] [stderr]    Compiling equator v0.4.2
[INFO] [stderr]    Compiling arg_enum_proc_macro v0.3.4
[INFO] [stderr]    Compiling aligned-vec v0.6.4
[INFO] [stderr]    Compiling profiling-procmacros v1.0.17
[INFO] [stderr]    Compiling v_frame v0.3.9
[INFO] [stderr]    Compiling profiling v1.0.17
[INFO] [stderr]    Compiling fax_derive v0.2.0
[INFO] [stderr]    Compiling av1-grain v0.2.5
[INFO] [stderr]    Compiling num-derive v0.4.2
[INFO] [stderr]    Compiling thiserror v2.0.18
[INFO] [stderr]    Compiling fax v0.2.6
[INFO] [stderr]    Compiling moxcms v0.7.11
[INFO] [stderr]    Compiling half v2.7.1
[INFO] [stderr]    Compiling exr v1.74.0
[INFO] [stderr]    Compiling tiff v0.10.3
[INFO] [stderr]    Compiling ravif v0.12.0
[INFO] [stderr]    Compiling image v0.25.9
[INFO] [stderr]    Compiling larnt v0.1.0 (/opt/rustwide/workdir)
[INFO] [stderr]     Finished `release` profile [optimized] target(s) in 4m 34s
[INFO] running `Command { std: "docker" "inspect" "9bb89c4cc2d8f5ce17b81e5203861b5ba0006f5ed6d31c6be4f002510ef10e6c", kill_on_drop: false }`
[INFO] running `Command { std: "docker" "exec" "-e" "SOURCE_DIR=/opt/rustwide/workdir" "-e" "CARGO_HOME=/opt/rustwide/cargo-home" "-e" "RUSTUP_HOME=/opt/rustwide/rustup-home" "-e" "CARGO_TARGET_DIR=/opt/rustwide/target" "-e" "CARGO_INCREMENTAL=0" "-e" "RUST_BACKTRACE=full" "-e" "RUSTFLAGS=--cap-lints=warn" "-e" "RUSTDOCFLAGS=--cap-lints=warn" "-w" "/opt/rustwide/workdir" "--user" "0:0" "9bb89c4cc2d8f5ce17b81e5203861b5ba0006f5ed6d31c6be4f002510ef10e6c" "/opt/rustwide/cargo-home/bin/cargo" "+1.100.0-beta.1" "test" "--frozen" "--release", kill_on_drop: false }`
[INFO] [stderr]     Finished `release` profile [optimized] target(s) in 0.15s
[INFO] [stderr]      Running unittests src/lib.rs (/opt/rustwide/target/release/build/larnt/d9167db73de5fe77/out/larnt-d9167db73de5fe77)
[INFO] [stderr]    Doc-tests larnt
[INFO] [stdout] 
[INFO] [stdout] running 0 tests
[INFO] [stdout] 
[INFO] [stdout] test result: ok. 0 passed; 0 failed; 0 ignored; 0 measured; 0 filtered out; finished in 0.00s
[INFO] [stdout] 
[INFO] [stdout] 
[INFO] [stdout] running 39 tests
[INFO] [stdout] test src/csg.rs - csg (line 10) - compile ... ok
[INFO] [stdout] test src/lib.rs - (line 119) ... ok
[INFO] [stdout] test src/cube.rs - cube::Cube (line 44) ... ok
[INFO] [stdout] test src/cylinder.rs - cylinder::Cylinder (line 36) ... ok
[INFO] [stdout] test src/cylinder.rs - cylinder (line 9) ... ok
[INFO] [stdout] test src/cube.rs - cube (line 8) ... ok
[INFO] [stdout] test src/lib.rs - (line 165) ... FAILED
[INFO] [stdout] test src/matrix.rs - matrix (line 8) ... ok
[INFO] [stdout] test src/lib.rs - (line 41) ... FAILED
[INFO] [stdout] test src/obj.rs - obj::load_obj (line 47) - compile ... ok
[INFO] [stdout] test src/obj.rs - obj (line 7) - compile ... ok
[INFO] [stdout] test src/csg.rs - csg::new_difference (line 112) ... ok
[INFO] [stdout] test src/matrix.rs - matrix::Matrix (line 41) ... ok
[INFO] [stdout] test src/csg.rs - csg::new_intersection (line 90) ... ok
[INFO] [stdout] test src/path.rs - path (line 13) - compile ... ok
[INFO] [stdout] test src/matrix.rs - matrix::Matrix::translate (line 97) ... ok
[INFO] [stdout] test src/matrix.rs - matrix::Matrix::rotate (line 153) ... ok
[INFO] [stdout] test src/path.rs - path::Paths::write_to_svg (line 168) - compile ... ok
[INFO] [stdout] test src/path.rs - path::Paths::write_to_png (line 194) - compile ... ok
[INFO] [stdout] test src/shape.rs - shape (line 11) ... ignored
[INFO] [stdout] test src/scene.rs - scene (line 8) - compile ... ok
[INFO] [stdout] test src/scene.rs - scene::Scene (line 43) - compile ... ok
[INFO] [stdout] test src/lib.rs - (line 77) ... FAILED
[INFO] [stdout] test src/scene.rs - scene::Scene::render (line 187) - compile ... ok
[INFO] [stdout] test src/path.rs - path::Paths (line 48) ... ok
[INFO] [stdout] test src/stl.rs - stl (line 8) - compile ... ok
[INFO] [stdout] test src/stl.rs - stl::load_binary_stl (line 35) - compile ... ok
[INFO] [stdout] test src/scene.rs - scene::Scene::add (line 101) ... ok
[INFO] [stdout] test src/stl.rs - stl::save_binary_stl (line 87) - compile ... ok
[INFO] [stdout] test src/sphere.rs - sphere::Sphere (line 56) ... ok
[INFO] [stdout] test src/scene.rs - scene::Scene::add_arc (line 119) ... ok
[INFO] [stdout] test src/sphere.rs - sphere::OutlineSphere (line 301) ... ok
[INFO] [stdout] test src/stl.rs - stl::load_stl (line 142) - compile ... ok
[INFO] [stdout] test src/shape.rs - shape::TransformedShape (line 136) ... ok
[INFO] [stdout] test src/sphere.rs - sphere (line 9) ... ok
[INFO] [stdout] test src/vector.rs - vector::Vector (line 39) ... ok
[INFO] [stdout] test src/util.rs - util::radians (line 10) ... ok
[INFO] [stdout] test src/util.rs - util::degrees (line 24) ... ok
[INFO] [stdout] test src/vector.rs - vector (line 8) ... ok
[INFO] [stdout] 
[INFO] [stdout] failures:
[INFO] [stdout] 
[INFO] [stdout] ---- src/lib.rs - (line 165) stdout ----
[INFO] [stdout] error[E0433]: cannot find type `Cube` in this scope
[INFO] [stdout]    --> src/lib.rs:173:18
[INFO] [stdout]     |
[INFO] [stdout] 173 |         Arc::new(Cube::new(Vector::new(-0.8, -0.8, -0.8), Vector::new(0.8, 0.8, 0.8))),
[INFO] [stdout]     |                  ^^^^ use of undeclared type `Cube`
[INFO] [stdout] 
[INFO] [stdout] error: aborting due to 1 previous error
[INFO] [stdout] 
[INFO] [stdout] For more information about this error, try `rustc --explain E0433`.
[INFO] [stdout] Couldn't compile the test.
[INFO] [stdout] ---- src/lib.rs - (line 41) stdout ----
[INFO] [stdout] error[E0425]: cannot find type `Vector` in this scope
[INFO] [stdout]   --> src/lib.rs:45:27
[INFO] [stdout]    |
[INFO] [stdout] 45 |     fn contains(&self, v: Vector, f: f64) -> bool;
[INFO] [stdout]    |                           ^^^^^^ not found in this scope
[INFO] [stdout] 
[INFO] [stdout] error[E0425]: cannot find type `Ray` in this scope
[INFO] [stdout]   --> src/lib.rs:46:28
[INFO] [stdout]    |
[INFO] [stdout] 46 |     fn intersect(&self, r: Ray) -> Hit;
[INFO] [stdout]    |                            ^^^ not found in this scope
[INFO] [stdout] 
[INFO] [stdout] error[E0425]: cannot find type `Hit` in this scope
[INFO] [stdout]   --> src/lib.rs:46:36
[INFO] [stdout]    |
[INFO] [stdout] 46 |     fn intersect(&self, r: Ray) -> Hit;
[INFO] [stdout]    |                                    ^^^ not found in this scope
[INFO] [stdout] 
[INFO] [stdout] error[E0425]: cannot find type `Paths` in this scope
[INFO] [stdout]   --> src/lib.rs:47:24
[INFO] [stdout]    |
[INFO] [stdout] 47 |     fn paths(&self) -> Paths;
[INFO] [stdout]    |                        ^^^^^ not found in this scope
[INFO] [stdout] 
[INFO] [stdout] error[E0107]: missing generics for struct `Box`
[INFO] [stdout]   --> src/lib.rs:44:31
[INFO] [stdout]    |
[INFO] [stdout] 44 |     fn bounding_box(&self) -> Box;
[INFO] [stdout]    |                               ^^^ expected at least 1 generic argument
[INFO] [stdout]    |
[INFO] [stdout] help: add missing generic argument
[INFO] [stdout]    |
[INFO] [stdout] 44 |     fn bounding_box(&self) -> Box<T>;
[INFO] [stdout]    |                                  +++
[INFO] [stdout] 
[INFO] [stdout] error: aborting due to 5 previous errors
[INFO] [stdout] 
[INFO] [stdout] Some errors have detailed explanations: E0107, E0425.
[INFO] [stdout] For more information about an error, try `rustc --explain E0107`.
[INFO] [stdout] Couldn't compile the test.
[INFO] [stdout] ---- src/lib.rs - (line 77) stdout ----
[INFO] [stdout] Test executable failed (exit status: 101).
[INFO] [stdout] 
[INFO] [stdout] stderr:
[INFO] [stdout] 
[INFO] [stdout] thread 'main' (2230) panicked at src/path.rs:232:24:
[INFO] [stdout] Failed to save PNG: IoError(Os { code: 30, kind: ReadOnlyFilesystem, message: "Read-only file system" })
[INFO] [stdout] stack backtrace:
[INFO] [stdout]    0:     0x56675216b6c1 - std[617be2ca0a6fd877]::backtrace_rs::backtrace::libunwind::trace
[INFO] [stdout]                                at /rustc/e3feeb59cd1bdd011a2bfcc0747b55125d9b8527/library/std/src/../../backtrace/src/backtrace/libunwind.rs:117:9
[INFO] [stdout]    1:     0x56675216b6c1 - std[617be2ca0a6fd877]::backtrace_rs::backtrace::trace_unsynchronized::<std[617be2ca0a6fd877]::sys::backtrace::_print_fmt::{closure#1}>
[INFO] [stdout]                                at /rustc/e3feeb59cd1bdd011a2bfcc0747b55125d9b8527/library/std/src/../../backtrace/src/backtrace/mod.rs:66:14
[INFO] [stdout]    2:     0x56675216b6c1 - std[617be2ca0a6fd877]::sys::backtrace::_print_fmt
[INFO] [stdout]                                at /rustc/e3feeb59cd1bdd011a2bfcc0747b55125d9b8527/library/std/src/sys/backtrace.rs:74:9
[INFO] [stdout]    3:     0x56675216b6c1 - <<std[617be2ca0a6fd877]::sys::backtrace::BacktraceLock>::print::DisplayBacktrace as core[a373ad73a504971]::fmt::Display>::fmt
[INFO] [stdout]                                at /rustc/e3feeb59cd1bdd011a2bfcc0747b55125d9b8527/library/std/src/sys/backtrace.rs:44:26
[INFO] [stdout]    4:     0x56675217ed2a - <core[a373ad73a504971]::fmt::rt::Argument>::fmt
[INFO] [stdout]                                at /rustc/e3feeb59cd1bdd011a2bfcc0747b55125d9b8527/library/core/src/fmt/rt.rs:152:76
[INFO] [stdout]    5:     0x56675217ed2a - core[a373ad73a504971]::fmt::write
[INFO] [stdout]    6:     0x56675216f5cc - core[a373ad73a504971]::io::write::default_write_fmt::<std[617be2ca0a6fd877]::sys::stdio::unix::Stderr>
[INFO] [stdout]                                at /rustc/e3feeb59cd1bdd011a2bfcc0747b55125d9b8527/library/core/src/io/write.rs:402:11
[INFO] [stdout]    7:     0x56675216f5cc - <std[617be2ca0a6fd877]::sys::stdio::unix::Stderr as core[a373ad73a504971]::io::write::Write>::write_fmt
[INFO] [stdout]                                at /rustc/e3feeb59cd1bdd011a2bfcc0747b55125d9b8527/library/core/src/io/write.rs:335:13
[INFO] [stdout]    8:     0x56675214fea6 - <std[617be2ca0a6fd877]::sys::backtrace::BacktraceLock>::print
[INFO] [stdout]                                at /rustc/e3feeb59cd1bdd011a2bfcc0747b55125d9b8527/library/std/src/sys/backtrace.rs:47:9
[INFO] [stdout]    9:     0x56675214fea6 - std[617be2ca0a6fd877]::panicking::default_hook::{closure#0}
[INFO] [stdout]                                at /rustc/e3feeb59cd1bdd011a2bfcc0747b55125d9b8527/library/std/src/panicking.rs:289:27
[INFO] [stdout]   10:     0x566752164531 - std[617be2ca0a6fd877]::panicking::default_hook
[INFO] [stdout]                                at /rustc/e3feeb59cd1bdd011a2bfcc0747b55125d9b8527/library/std/src/panicking.rs:316:9
[INFO] [stdout]   11:     0x56675216485b - std[617be2ca0a6fd877]::panicking::panic_with_hook
[INFO] [stdout]                                at /rustc/e3feeb59cd1bdd011a2bfcc0747b55125d9b8527/library/std/src/panicking.rs:811:13
[INFO] [stdout]   12:     0x56675214ff52 - std[617be2ca0a6fd877]::panicking::panic_handler::{closure#0}
[INFO] [stdout]                                at /rustc/e3feeb59cd1bdd011a2bfcc0747b55125d9b8527/library/std/src/panicking.rs:685:13
[INFO] [stdout]   13:     0x566752148ea9 - std[617be2ca0a6fd877]::sys::backtrace::__rust_end_short_backtrace::<std[617be2ca0a6fd877]::panicking::panic_handler::{closure#0}, !>
[INFO] [stdout]                                at /rustc/e3feeb59cd1bdd011a2bfcc0747b55125d9b8527/library/std/src/sys/backtrace.rs:182:18
[INFO] [stdout]   14:     0x566752150acd - __rustc[ea4f61d10b84890b]::rust_begin_unwind
[INFO] [stdout]                                at /rustc/e3feeb59cd1bdd011a2bfcc0747b55125d9b8527/library/std/src/panicking.rs:676:5
[INFO] [stdout]   15:     0x56675217f45c - core[a373ad73a504971]::panicking::panic_fmt
[INFO] [stdout]                                at /rustc/e3feeb59cd1bdd011a2bfcc0747b55125d9b8527/library/core/src/panicking.rs:80:14
[INFO] [stdout]   16:     0x56675217f232 - core[a373ad73a504971]::result::unwrap_failed
[INFO] [stdout]                                at /rustc/e3feeb59cd1bdd011a2bfcc0747b55125d9b8527/library/core/src/result.rs:1870:5
[INFO] [stdout]   17:     0x566751f4dc8c - <larnt[fbbc087846ea297f]::path::Paths>::write_to_png
[INFO] [stdout]   18:     0x566751de8202 - rust_out[72a830746f8703f]::main
[INFO] [stdout]   19:     0x566751de90bb - <fn() as core[a373ad73a504971]::ops::function::FnOnce<()>>::call_once
[INFO] [stdout]   20:     0x566751de7eb6 - std[617be2ca0a6fd877]::sys::backtrace::__rust_begin_short_backtrace::<fn(), ()>
[INFO] [stdout]   21:     0x566751de7fd9 - std[617be2ca0a6fd877]::rt::lang_start::<()>::{closure#0}
[INFO] [stdout]   22:     0x566752163cc8 - <&dyn core[a373ad73a504971]::ops::function::Fn<(), Output = i32> + core[a373ad73a504971]::marker::Sync + core[a373ad73a504971]::panic::unwind_safe::RefUnwindSafe as core[a373ad73a504971]::ops::function::FnOnce<()>>::call_once
[INFO] [stdout]                                at /rustc/e3feeb59cd1bdd011a2bfcc0747b55125d9b8527/library/core/src/ops/function.rs:287:21
[INFO] [stdout]   23:     0x566752163cc8 - std[617be2ca0a6fd877]::panicking::catch_unwind::do_call::<&dyn core[a373ad73a504971]::ops::function::Fn<(), Output = i32> + core[a373ad73a504971]::marker::Sync + core[a373ad73a504971]::panic::unwind_safe::RefUnwindSafe, i32>
[INFO] [stdout]                                at /rustc/e3feeb59cd1bdd011a2bfcc0747b55125d9b8527/library/std/src/panicking.rs:573:43
[INFO] [stdout]   24:     0x566752163cc8 - std[617be2ca0a6fd877]::panicking::catch_unwind::<i32, &dyn core[a373ad73a504971]::ops::function::Fn<(), Output = i32> + core[a373ad73a504971]::marker::Sync + core[a373ad73a504971]::panic::unwind_safe::RefUnwindSafe>
[INFO] [stdout]                                at /rustc/e3feeb59cd1bdd011a2bfcc0747b55125d9b8527/library/std/src/panicking.rs:541:19
[INFO] [stdout]   25:     0x566752163cc8 - std[617be2ca0a6fd877]::panic::catch_unwind::<&dyn core[a373ad73a504971]::ops::function::Fn<(), Output = i32> + core[a373ad73a504971]::marker::Sync + core[a373ad73a504971]::panic::unwind_safe::RefUnwindSafe, i32>
[INFO] [stdout]                                at /rustc/e3feeb59cd1bdd011a2bfcc0747b55125d9b8527/library/std/src/panic.rs:359:14
[INFO] [stdout]   26:     0x566752163cc8 - std[617be2ca0a6fd877]::rt::lang_start_internal::{closure#0}
[INFO] [stdout]                                at /rustc/e3feeb59cd1bdd011a2bfcc0747b55125d9b8527/library/std/src/rt.rs:175:24
[INFO] [stdout]   27:     0x566752163cc8 - std[617be2ca0a6fd877]::panicking::catch_unwind::do_call::<std[617be2ca0a6fd877]::rt::lang_start_internal::{closure#0}, isize>
[INFO] [stdout]                                at /rustc/e3feeb59cd1bdd011a2bfcc0747b55125d9b8527/library/std/src/panicking.rs:573:43
[INFO] [stdout]   28:     0x566752163cc8 - std[617be2ca0a6fd877]::panicking::catch_unwind::<isize, std[617be2ca0a6fd877]::rt::lang_start_internal::{closure#0}>
[INFO] [stdout]                                at /rustc/e3feeb59cd1bdd011a2bfcc0747b55125d9b8527/library/std/src/panicking.rs:541:19
[INFO] [stdout]   29:     0x566752163cc8 - std[617be2ca0a6fd877]::panic::catch_unwind::<std[617be2ca0a6fd877]::rt::lang_start_internal::{closure#0}, isize>
[INFO] [stdout]                                at /rustc/e3feeb59cd1bdd011a2bfcc0747b55125d9b8527/library/std/src/panic.rs:359:14
[INFO] [stdout]   30:     0x566752163cc8 - std[617be2ca0a6fd877]::rt::lang_start_internal
[INFO] [stdout]                                at /rustc/e3feeb59cd1bdd011a2bfcc0747b55125d9b8527/library/std/src/rt.rs:171:5
[INFO] [stdout]   31:     0x566751de7a71 - std[617be2ca0a6fd877]::rt::lang_start::<()>
[INFO] [stdout]   32:     0x566751de9105 - main
[INFO] [stdout]   33:     0x7ab874457601 - <unknown>
[INFO] [stdout]   34:     0x7ab874457718 - __libc_start_main
[INFO] [stdout]   35:     0x566751de78a5 - _start
[INFO] [stdout]   36:                0x0 - <unknown>
[INFO] [stdout] 
[INFO] [stdout] 
[INFO] [stdout] 
[INFO] [stdout] failures:
[INFO] [stdout]     src/lib.rs - (line 165)
[INFO] [stdout]     src/lib.rs - (line 41)
[INFO] [stdout]     src/lib.rs - (line 77)
[INFO] [stdout] 
[INFO] [stdout] test result: FAILED. 35 passed; 3 failed; 1 ignored; 0 measured; 0 filtered out; finished in 3.69s
[INFO] [stdout] 
[INFO] [stderr] error: doctest failed, to rerun pass `--doc`
[INFO] running `Command { std: "docker" "inspect" "9bb89c4cc2d8f5ce17b81e5203861b5ba0006f5ed6d31c6be4f002510ef10e6c", kill_on_drop: false }`
[INFO] running `Command { std: "docker" "rm" "-f" "9bb89c4cc2d8f5ce17b81e5203861b5ba0006f5ed6d31c6be4f002510ef10e6c", kill_on_drop: false }`
[INFO] [stdout] 9bb89c4cc2d8f5ce17b81e5203861b5ba0006f5ed6d31c6be4f002510ef10e6c
