[INFO] fetching crate lark_bot_sdk_macros 0.1.0...
[INFO] testing lark_bot_sdk_macros-0.1.0 against 1.99.0-beta.8+cargoflags=--release for beta-release-1.100-2
[INFO] extracting crate lark_bot_sdk_macros 0.1.0 into /workspace/builds/worker-2-tc1/source
[INFO] started tweaking crates.io crate lark_bot_sdk_macros 0.1.0
[INFO] finished tweaking crates.io crate lark_bot_sdk_macros 0.1.0
[INFO] tweaked toml for crates.io crate lark_bot_sdk_macros 0.1.0 written to /workspace/builds/worker-2-tc1/source/Cargo.toml
[INFO] validating manifest of crates.io crate lark_bot_sdk_macros 0.1.0 on toolchain 1.99.0-beta.8
[INFO] running `Command { std: CARGO_HOME="/workspace/cargo-home" RUSTUP_HOME="/workspace/rustup-home" "/workspace/cargo-home/bin/cargo" "+1.99.0-beta.8" "metadata" "--manifest-path" "Cargo.toml" "--no-deps", kill_on_drop: false }`
[INFO] running `Command { std: CARGO_HOME="/workspace/cargo-home" RUSTUP_HOME="/workspace/rustup-home" "/workspace/cargo-home/bin/cargo" "+1.99.0-beta.8" "generate-lockfile" "--manifest-path" "Cargo.toml", kill_on_drop: false }`
[INFO] [stderr]     Updating crates.io index
[INFO] [stderr]      Locking 8 packages to highest compatible versions
[INFO] [stderr]       Adding syn v2.0.119 (available: v3.0.9)
[INFO] running `Command { std: CARGO_HOME="/workspace/cargo-home" RUSTUP_HOME="/workspace/rustup-home" "/workspace/cargo-home/bin/cargo" "+1.99.0-beta.8" "fetch" "--manifest-path" "Cargo.toml", kill_on_drop: false }`
[INFO] running `Command { std: "docker" "create" "-v" "/var/lib/crater-agent-workspace/builds/worker-2-tc1/source:/opt/rustwide/workdir:ro,Z" "-v" "/var/lib/crater-agent-workspace/builds/worker-2-tc1/target:/opt/rustwide/target:rw,Z" "-v" "/var/lib/crater-agent-workspace/cargo-home:/opt/rustwide/cargo-home:ro,Z" "-v" "/var/lib/crater-agent-workspace/rustup-home:/opt/rustwide/rustup-home:ro,Z" "-m" "1610612736" "--network" "none" "ghcr.io/rust-lang/crates-build-env/linux@sha256:77db811e55d90add9212f6832c23229e3de5f1c1f9905e8cb07319ea15df73ac" "sleep" "infinity", kill_on_drop: false }`
[INFO] [stdout] 6542fc9cf5c2d0777b59e4c8b8d0648b0fc087a870a9d3f12a20375b36a2f568
[INFO] running `Command { std: "docker" "start" "6542fc9cf5c2d0777b59e4c8b8d0648b0fc087a870a9d3f12a20375b36a2f568", kill_on_drop: false }`
[INFO] running `Command { std: "docker" "inspect" "6542fc9cf5c2d0777b59e4c8b8d0648b0fc087a870a9d3f12a20375b36a2f568", kill_on_drop: false }`
[INFO] running `Command { std: "docker" "exec" "-e" "SOURCE_DIR=/opt/rustwide/workdir" "-e" "CARGO_HOME=/opt/rustwide/cargo-home" "-e" "RUSTUP_HOME=/opt/rustwide/rustup-home" "-e" "CARGO_TARGET_DIR=/opt/rustwide/target" "-w" "/opt/rustwide/workdir" "--user" "0:0" "6542fc9cf5c2d0777b59e4c8b8d0648b0fc087a870a9d3f12a20375b36a2f568" "/opt/rustwide/cargo-home/bin/cargo" "+1.99.0-beta.8" "metadata" "--no-deps" "--format-version=1", kill_on_drop: false }`
[INFO] running `Command { std: "docker" "inspect" "6542fc9cf5c2d0777b59e4c8b8d0648b0fc087a870a9d3f12a20375b36a2f568", kill_on_drop: false }`
[INFO] running `Command { std: "docker" "exec" "-e" "SOURCE_DIR=/opt/rustwide/workdir" "-e" "CARGO_HOME=/opt/rustwide/cargo-home" "-e" "RUSTUP_HOME=/opt/rustwide/rustup-home" "-e" "CARGO_TARGET_DIR=/opt/rustwide/target" "-e" "CARGO_INCREMENTAL=0" "-e" "RUST_BACKTRACE=full" "-e" "RUSTFLAGS=--cap-lints=warn" "-e" "RUSTDOCFLAGS=--cap-lints=warn" "-w" "/opt/rustwide/workdir" "--user" "0:0" "6542fc9cf5c2d0777b59e4c8b8d0648b0fc087a870a9d3f12a20375b36a2f568" "/opt/rustwide/cargo-home/bin/cargo" "+1.99.0-beta.8" "build" "--frozen" "--message-format=json" "--release", kill_on_drop: false }`
[INFO] [stderr]    Compiling proc-macro2 v1.0.107
[INFO] [stderr]    Compiling quote v1.0.47
[INFO] [stderr]    Compiling syn v2.0.119
[INFO] [stderr]    Compiling lark_bot_sdk_macros v0.1.0 (/opt/rustwide/workdir)
[INFO] [stderr]     Finished `release` profile [optimized] target(s) in 11.53s
[INFO] running `Command { std: "docker" "inspect" "6542fc9cf5c2d0777b59e4c8b8d0648b0fc087a870a9d3f12a20375b36a2f568", kill_on_drop: false }`
[INFO] running `Command { std: "docker" "exec" "-e" "SOURCE_DIR=/opt/rustwide/workdir" "-e" "CARGO_HOME=/opt/rustwide/cargo-home" "-e" "RUSTUP_HOME=/opt/rustwide/rustup-home" "-e" "CARGO_TARGET_DIR=/opt/rustwide/target" "-e" "CARGO_INCREMENTAL=0" "-e" "RUST_BACKTRACE=full" "-e" "RUSTFLAGS=--cap-lints=warn" "-e" "RUSTDOCFLAGS=--cap-lints=warn" "-w" "/opt/rustwide/workdir" "--user" "0:0" "6542fc9cf5c2d0777b59e4c8b8d0648b0fc087a870a9d3f12a20375b36a2f568" "/opt/rustwide/cargo-home/bin/cargo" "+1.99.0-beta.8" "test" "--frozen" "--no-run" "--message-format=json" "--release", kill_on_drop: false }`
[INFO] [stderr]    Compiling syn v3.0.9
[INFO] [stderr]    Compiling lark_bot_sdk_macros v0.1.0 (/opt/rustwide/workdir)
[INFO] [stderr]    Compiling serde_derive v1.0.229
[INFO] [stderr]    Compiling serde v1.0.229
[INFO] [stderr]     Finished `release` profile [optimized] target(s) in 7.54s
[INFO] running `Command { std: "docker" "inspect" "6542fc9cf5c2d0777b59e4c8b8d0648b0fc087a870a9d3f12a20375b36a2f568", kill_on_drop: false }`
[INFO] running `Command { std: "docker" "exec" "-e" "SOURCE_DIR=/opt/rustwide/workdir" "-e" "CARGO_HOME=/opt/rustwide/cargo-home" "-e" "RUSTUP_HOME=/opt/rustwide/rustup-home" "-e" "CARGO_TARGET_DIR=/opt/rustwide/target" "-e" "CARGO_INCREMENTAL=0" "-e" "RUST_BACKTRACE=full" "-e" "RUSTFLAGS=--cap-lints=warn" "-e" "RUSTDOCFLAGS=--cap-lints=warn" "-w" "/opt/rustwide/workdir" "--user" "0:0" "6542fc9cf5c2d0777b59e4c8b8d0648b0fc087a870a9d3f12a20375b36a2f568" "/opt/rustwide/cargo-home/bin/cargo" "+1.99.0-beta.8" "test" "--frozen" "--release", kill_on_drop: false }`
[INFO] [stderr]     Finished `release` profile [optimized] target(s) in 0.04s
[INFO] [stderr]      Running unittests src/lib.rs (/opt/rustwide/target/release/deps/lark_bot_sdk_macros-139afc2af3058e65)
[INFO] [stdout] 
[INFO] [stdout] running 0 tests
[INFO] [stdout] 
[INFO] [stdout] test result: ok. 0 passed; 0 failed; 0 ignored; 0 measured; 0 filtered out; finished in 0.00s
[INFO] [stdout] 
[INFO] [stderr]    Doc-tests lark_bot_sdk_macros
[INFO] [stdout] 
[INFO] [stdout] running 2 tests
[INFO] [stdout] test src/lib.rs - api_base_resp (line 367) ... FAILED
[INFO] [stderr] error: doctest failed, to rerun pass `--doc`
[INFO] [stdout] test src/lib.rs - api_req_params (line 60) ... FAILED
[INFO] [stdout] 
[INFO] [stdout] failures:
[INFO] [stdout] 
[INFO] [stdout] ---- src/lib.rs - api_base_resp (line 367) stdout ----
[INFO] [stdout] error[E0433]: cannot find module or crate `lark_bot_sdk` in this scope
[INFO] [stdout]    --> src/lib.rs:368:5
[INFO] [stdout]     |
[INFO] [stdout] 368 | use lark_bot_sdk::api::{BaseResp, HasBaseResp};
[INFO] [stdout]     |     ^^^^^^^^^^^^ use of unresolved module or unlinked crate `lark_bot_sdk`
[INFO] [stdout]     |
[INFO] [stdout]     = help: if you wanted to use a crate named `lark_bot_sdk`, use `cargo add lark_bot_sdk` to add it to your `Cargo.toml`
[INFO] [stdout] 
[INFO] [stdout] error[E0433]: cannot find module or crate `lark_bot_sdk` in this scope
[INFO] [stdout]    --> src/lib.rs:371:48
[INFO] [stdout]     |
[INFO] [stdout] 371 | #[derive(Debug, Serialize, Deserialize, Clone, lark_bot_sdk::macros::ApiBaseResp)]
[INFO] [stdout]     |                                                ^^^^^^^^^^^^ use of unresolved module or unlinked crate `lark_bot_sdk`
[INFO] [stdout] 
[INFO] [stdout] error: aborting due to 2 previous errors
[INFO] [stdout] 
[INFO] [stdout] For more information about this error, try `rustc --explain E0433`.
[INFO] [stdout] Couldn't compile the test.
[INFO] [stdout] ---- src/lib.rs - api_req_params (line 60) stdout ----
[INFO] [stdout] error[E0433]: cannot find `core` in the crate root
[INFO] [stdout]   --> src/lib.rs:61:12
[INFO] [stdout]    |
[INFO] [stdout] 61 | use crate::core::model::{ReqParam, StreamReqParam};
[INFO] [stdout]    |            ^^^^ you might be missing crate `core`
[INFO] [stdout]    |
[INFO] [stdout] help: try using `std` instead of `core`
[INFO] [stdout]    |
[INFO] [stdout] 61 - use crate::core::model::{ReqParam, StreamReqParam};
[INFO] [stdout] 61 + use crate::std::model::{ReqParam, StreamReqParam};
[INFO] [stdout]    |
[INFO] [stdout] 
[INFO] [stdout] error[E0433]: cannot find module or crate `lark_bot_sdk` in this scope
[INFO] [stdout]   --> src/lib.rs:62:41
[INFO] [stdout]    |
[INFO] [stdout] 62 | #[derive(Debug, serde::Serialize, Clone,lark_bot_sdk::macros::ApiReqParams)]
[INFO] [stdout]    |                                         ^^^^^^^^^^^^ use of unresolved module or unlinked crate `lark_bot_sdk`
[INFO] [stdout] 
[INFO] [stdout] error: cannot find attribute `api` in this scope
[INFO] [stdout]   --> src/lib.rs:64:7
[INFO] [stdout]    |
[INFO] [stdout] 64 |     #[api(kind = "query", name = "id", v_type = "var", option = "false")]
[INFO] [stdout]    |       ^^^
[INFO] [stdout]    |
[INFO] [stdout]    = note: `api` is an attribute that can be used by the derive macro `ApiReqParams`, you might be missing a `derive` attribute
[INFO] [stdout] 
[INFO] [stdout] error: cannot find attribute `api` in this scope
[INFO] [stdout]   --> src/lib.rs:66:7
[INFO] [stdout]    |
[INFO] [stdout] 66 |     #[api(kind = "query", name = "opt_id", v_type = "var", option = "true")]
[INFO] [stdout]    |       ^^^
[INFO] [stdout]    |
[INFO] [stdout]    = note: `api` is an attribute that can be used by the derive macro `ApiReqParams`, you might be missing a `derive` attribute
[INFO] [stdout] 
[INFO] [stdout] error: cannot find attribute `api` in this scope
[INFO] [stdout]   --> src/lib.rs:68:7
[INFO] [stdout]    |
[INFO] [stdout] 68 |     #[api(kind = "query", name = "list_ids", v_type = "list", option = "false")]
[INFO] [stdout]    |       ^^^
[INFO] [stdout]    |
[INFO] [stdout]    = note: `api` is an attribute that can be used by the derive macro `ApiReqParams`, you might be missing a `derive` attribute
[INFO] [stdout] 
[INFO] [stdout] error: cannot find attribute `api` in this scope
[INFO] [stdout]   --> src/lib.rs:70:7
[INFO] [stdout]    |
[INFO] [stdout] 70 |     #[api(
[INFO] [stdout]    |       ^^^
[INFO] [stdout]    |
[INFO] [stdout]    = note: `api` is an attribute that can be used by the derive macro `ApiReqParams`, you might be missing a `derive` attribute
[INFO] [stdout] 
[INFO] [stdout] error: cannot find attribute `api` in this scope
[INFO] [stdout]   --> src/lib.rs:78:7
[INFO] [stdout]    |
[INFO] [stdout] 78 |     #[api(kind = "path", name = "name")]
[INFO] [stdout]    |       ^^^
[INFO] [stdout]    |
[INFO] [stdout]    = note: `api` is an attribute that can be used by the derive macro `ApiReqParams`, you might be missing a `derive` attribute
[INFO] [stdout] 
[INFO] [stdout] error: cannot find attribute `api` in this scope
[INFO] [stdout]   --> src/lib.rs:81:7
[INFO] [stdout]    |
[INFO] [stdout] 81 |     #[api(kind = "body", name = "name")]
[INFO] [stdout]    |       ^^^
[INFO] [stdout]    |
[INFO] [stdout]    = note: `api` is an attribute that can be used by the derive macro `ApiReqParams`, you might be missing a `derive` attribute
[INFO] [stdout] 
[INFO] [stdout] error: aborting due to 8 previous errors
[INFO] [stdout] 
[INFO] [stdout] For more information about this error, try `rustc --explain E0433`.
[INFO] [stdout] Couldn't compile the test.
[INFO] [stdout] 
[INFO] [stdout] failures:
[INFO] [stdout]     src/lib.rs - api_base_resp (line 367)
[INFO] [stdout]     src/lib.rs - api_req_params (line 60)
[INFO] [stdout] 
[INFO] [stdout] test result: FAILED. 0 passed; 2 failed; 0 ignored; 0 measured; 0 filtered out; finished in 0.19s
[INFO] [stdout] 
[INFO] running `Command { std: "docker" "inspect" "6542fc9cf5c2d0777b59e4c8b8d0648b0fc087a870a9d3f12a20375b36a2f568", kill_on_drop: false }`
[INFO] running `Command { std: "docker" "rm" "-f" "6542fc9cf5c2d0777b59e4c8b8d0648b0fc087a870a9d3f12a20375b36a2f568", kill_on_drop: false }`
[INFO] [stdout] 6542fc9cf5c2d0777b59e4c8b8d0648b0fc087a870a9d3f12a20375b36a2f568
