[INFO] fetching crate laravel-facade-macros 0.1.3...
[INFO] testing laravel-facade-macros-0.1.3 against 1.100.0-beta.1+cargoflags=--release for beta-release-1.100-2
[INFO] extracting crate laravel-facade-macros 0.1.3 into /workspace/builds/worker-3-tc2/source
[INFO] started tweaking crates.io crate laravel-facade-macros 0.1.3
[INFO] finished tweaking crates.io crate laravel-facade-macros 0.1.3
[INFO] tweaked toml for crates.io crate laravel-facade-macros 0.1.3 written to /workspace/builds/worker-3-tc2/source/Cargo.toml
[INFO] validating manifest of crates.io crate laravel-facade-macros 0.1.3 on toolchain 1.100.0-beta.1
[INFO] running `Command { std: CARGO_HOME="/workspace/cargo-home" RUSTUP_HOME="/workspace/rustup-home" "/workspace/cargo-home/bin/cargo" "+1.100.0-beta.1" "metadata" "--manifest-path" "Cargo.toml" "--no-deps", kill_on_drop: false }`
[INFO] crate crates.io crate laravel-facade-macros 0.1.3 already has a lockfile, it will not be regenerated
[INFO] running `Command { std: CARGO_HOME="/workspace/cargo-home" RUSTUP_HOME="/workspace/rustup-home" "/workspace/cargo-home/bin/cargo" "+1.100.0-beta.1" "fetch" "--manifest-path" "Cargo.toml", kill_on_drop: false }`
[INFO] running `Command { std: "docker" "create" "-v" "/var/lib/crater-agent-workspace/builds/worker-3-tc2/source:/opt/rustwide/workdir:ro,Z" "-v" "/var/lib/crater-agent-workspace/builds/worker-3-tc2/target:/opt/rustwide/target:rw,Z" "-v" "/var/lib/crater-agent-workspace/cargo-home:/opt/rustwide/cargo-home:ro,Z" "-v" "/var/lib/crater-agent-workspace/rustup-home:/opt/rustwide/rustup-home:ro,Z" "-m" "1610612736" "--network" "none" "ghcr.io/rust-lang/crates-build-env/linux@sha256:77db811e55d90add9212f6832c23229e3de5f1c1f9905e8cb07319ea15df73ac" "sleep" "infinity", kill_on_drop: false }`
[INFO] [stdout] 0b647a5eeff620f93636e91fad1ec6ae560f70da0821832cacb2b973369579fa
[INFO] running `Command { std: "docker" "start" "0b647a5eeff620f93636e91fad1ec6ae560f70da0821832cacb2b973369579fa", kill_on_drop: false }`
[INFO] running `Command { std: "docker" "inspect" "0b647a5eeff620f93636e91fad1ec6ae560f70da0821832cacb2b973369579fa", kill_on_drop: false }`
[INFO] running `Command { std: "docker" "exec" "-e" "SOURCE_DIR=/opt/rustwide/workdir" "-e" "CARGO_HOME=/opt/rustwide/cargo-home" "-e" "RUSTUP_HOME=/opt/rustwide/rustup-home" "-e" "CARGO_TARGET_DIR=/opt/rustwide/target" "-w" "/opt/rustwide/workdir" "--user" "0:0" "0b647a5eeff620f93636e91fad1ec6ae560f70da0821832cacb2b973369579fa" "/opt/rustwide/cargo-home/bin/cargo" "+1.100.0-beta.1" "metadata" "--no-deps" "--format-version=1", kill_on_drop: false }`
[INFO] running `Command { std: "docker" "inspect" "0b647a5eeff620f93636e91fad1ec6ae560f70da0821832cacb2b973369579fa", kill_on_drop: false }`
[INFO] running `Command { std: "docker" "exec" "-e" "SOURCE_DIR=/opt/rustwide/workdir" "-e" "CARGO_HOME=/opt/rustwide/cargo-home" "-e" "RUSTUP_HOME=/opt/rustwide/rustup-home" "-e" "CARGO_TARGET_DIR=/opt/rustwide/target" "-e" "CARGO_INCREMENTAL=0" "-e" "RUST_BACKTRACE=full" "-e" "RUSTFLAGS=--cap-lints=warn" "-e" "RUSTDOCFLAGS=--cap-lints=warn" "-w" "/opt/rustwide/workdir" "--user" "0:0" "0b647a5eeff620f93636e91fad1ec6ae560f70da0821832cacb2b973369579fa" "/opt/rustwide/cargo-home/bin/cargo" "+1.100.0-beta.1" "build" "--frozen" "--message-format=json" "--release", kill_on_drop: false }`
[INFO] [stderr]    Compiling syn v2.0.119
[INFO] [stderr]    Compiling laravel-facade-macros v0.1.3 (/opt/rustwide/workdir)
[INFO] [stderr]     Finished `release` profile [optimized] target(s) in 8.32s
[INFO] running `Command { std: "docker" "inspect" "0b647a5eeff620f93636e91fad1ec6ae560f70da0821832cacb2b973369579fa", kill_on_drop: false }`
[INFO] running `Command { std: "docker" "exec" "-e" "SOURCE_DIR=/opt/rustwide/workdir" "-e" "CARGO_HOME=/opt/rustwide/cargo-home" "-e" "RUSTUP_HOME=/opt/rustwide/rustup-home" "-e" "CARGO_TARGET_DIR=/opt/rustwide/target" "-e" "CARGO_INCREMENTAL=0" "-e" "RUST_BACKTRACE=full" "-e" "RUSTFLAGS=--cap-lints=warn" "-e" "RUSTDOCFLAGS=--cap-lints=warn" "-w" "/opt/rustwide/workdir" "--user" "0:0" "0b647a5eeff620f93636e91fad1ec6ae560f70da0821832cacb2b973369579fa" "/opt/rustwide/cargo-home/bin/cargo" "+1.100.0-beta.1" "test" "--frozen" "--no-run" "--message-format=json" "--release", kill_on_drop: false }`
[INFO] [stderr]    Compiling syn v3.0.6
[INFO] [stderr]    Compiling anymap2 v0.13.0
[INFO] [stderr]    Compiling pollster v1.0.1
[INFO] [stderr]    Compiling laravel-facade-macros v0.1.3 (/opt/rustwide/workdir)
[INFO] [stderr]    Compiling shaku_derive v0.6.3
[INFO] [stderr]    Compiling async-trait v0.1.92
[INFO] [stderr]    Compiling shaku v0.6.3
[INFO] [stderr]     Finished `release` profile [optimized] target(s) in 11.49s
[INFO] running `Command { std: "docker" "inspect" "0b647a5eeff620f93636e91fad1ec6ae560f70da0821832cacb2b973369579fa", kill_on_drop: false }`
[INFO] running `Command { std: "docker" "exec" "-e" "SOURCE_DIR=/opt/rustwide/workdir" "-e" "CARGO_HOME=/opt/rustwide/cargo-home" "-e" "RUSTUP_HOME=/opt/rustwide/rustup-home" "-e" "CARGO_TARGET_DIR=/opt/rustwide/target" "-e" "CARGO_INCREMENTAL=0" "-e" "RUST_BACKTRACE=full" "-e" "RUSTFLAGS=--cap-lints=warn" "-e" "RUSTDOCFLAGS=--cap-lints=warn" "-w" "/opt/rustwide/workdir" "--user" "0:0" "0b647a5eeff620f93636e91fad1ec6ae560f70da0821832cacb2b973369579fa" "/opt/rustwide/cargo-home/bin/cargo" "+1.100.0-beta.1" "test" "--frozen" "--release", kill_on_drop: false }`
[INFO] [stderr]     Finished `release` profile [optimized] target(s) in 0.02s
[INFO] [stderr]      Running unittests src/lib.rs (/opt/rustwide/target/release/build/laravel-facade-macros/104953458b1b382f/out/laravel_facade_macros-104953458b1b382f)
[INFO] [stdout] 
[INFO] [stdout] running 18 tests
[INFO] [stdout] test tests::rejects_async_trait_output ... ok
[INFO] [stdout] test tests::rejects_unsupported_receivers ... ok
[INFO] [stdout] test tests::parses_options ... ok
[INFO] [stdout] test tests::forwards_async_and_unsafe_methods ... ok
[INFO] [stdout] test tests::forwards_supported_receivers ... ok
[INFO] [stdout] test tests::rejects_reserved_names ... ok
[INFO] [stdout] test tests::rejects_bad_options ... ok
[INFO] [stdout] test tests::copies_documentation_attributes_only ... ok
[INFO] [stdout] test tests::combines_errors_from_several_methods ... ok
[INFO] [stdout] test tests::rejects_non_traits ... ok
[INFO] [stdout] test tests::generates_the_facade ... ok
[INFO] [stdout] test tests::forwards_methods_with_other_where_clauses ... ok
[INFO] [stdout] test tests::renames_argument_patterns ... ok
[INFO] [stdout] test tests::skips_methods_not_callable_on_dyn ... ok
[INFO] [stdout] test tests::rejects_generic_traits ... ok
[INFO] [stdout] test tests::allows_returns_with_their_own_lifetimes ... ok
[INFO] [stdout] test tests::keeps_the_visibility_of_the_trait ... ok
[INFO] [stdout] test tests::rejects_borrows_of_self_in_the_return_type ... ok
[INFO] [stdout] 
[INFO] [stdout] test result: ok. 18 passed; 0 failed; 0 ignored; 0 measured; 0 filtered out; finished in 0.02s
[INFO] [stdout] 
[INFO] [stderr]    Doc-tests laravel_facade_macros
[INFO] [stdout] 
[INFO] [stdout] running 5 tests
[INFO] [stdout] test src/lib.rs - extends_facade (line 116) - compile fail ... ok
[INFO] [stdout] test src/lib.rs - extends_facade (line 159) - compile fail ... ok
[INFO] [stdout] test src/lib.rs - extends_facade (line 87) ... FAILED
[INFO] [stdout] test src/lib.rs - extends_facade (line 49) ... FAILED
[INFO] [stdout] test src/lib.rs - extends_facade (line 128) ... FAILED
[INFO] [stdout] 
[INFO] [stdout] failures:
[INFO] [stdout] 
[INFO] [stdout] ---- src/lib.rs - extends_facade (line 87) stdout ----
[INFO] [stdout] error[E0432]: unresolved import `laravel_facade`
[INFO] [stdout]   --> src/lib.rs:91:5
[INFO] [stdout]    |
[INFO] [stdout] 91 | use laravel_facade::extends_facade;
[INFO] [stdout]    |     ^^^^^^^^^^^^^^ use of unresolved module or unlinked crate `laravel_facade`
[INFO] [stdout]    |
[INFO] [stdout]    = help: if you wanted to use a crate named `laravel_facade`, use `cargo add laravel_facade` to add it to your `Cargo.toml`
[INFO] [stdout] 
[INFO] [stdout] error[E0433]: cannot find type `Http` in this scope
[INFO] [stdout]    --> src/lib.rs:109:1
[INFO] [stdout]     |
[INFO] [stdout] 109 | Http::swap(Arc::new(EchoClient));
[INFO] [stdout]     | ^^^^ use of undeclared type `Http`
[INFO] [stdout] 
[INFO] [stdout] error[E0433]: cannot find type `Http` in this scope
[INFO] [stdout]    --> src/lib.rs:110:31
[INFO] [stdout]     |
[INFO] [stdout] 110 | assert_eq!(pollster::block_on(Http::get("/users")), "GET /users");
[INFO] [stdout]     |                               ^^^^ use of undeclared type `Http`
[INFO] [stdout] 
[INFO] [stdout] error: aborting due to 3 previous errors
[INFO] [stdout] 
[INFO] [stdout] Some errors have detailed explanations: E0432, E0433.
[INFO] [stdout] For more information about an error, try `rustc --explain E0432`.
[INFO] [stdout] Couldn't compile the test.
[INFO] [stdout] ---- src/lib.rs - extends_facade (line 49) stdout ----
[INFO] [stdout] error[E0432]: unresolved import `laravel_facade`
[INFO] [stdout]   --> src/lib.rs:50:5
[INFO] [stdout]    |
[INFO] [stdout] 50 | use laravel_facade::{Application, extends_facade};
[INFO] [stdout]    |     ^^^^^^^^^^^^^^ use of unresolved module or unlinked crate `laravel_facade`
[INFO] [stdout]    |
[INFO] [stdout]    = help: if you wanted to use a crate named `laravel_facade`, use `cargo add laravel_facade` to add it to your `Cargo.toml`
[INFO] [stdout] 
[INFO] [stdout] error[E0433]: cannot find module or crate `laravel_facade` in this scope
[INFO] [stdout]   --> src/lib.rs:79:1
[INFO] [stdout]    |
[INFO] [stdout] 79 | laravel_facade::Facade::set_facade_application(app);
[INFO] [stdout]    | ^^^^^^^^^^^^^^ use of unresolved module or unlinked crate `laravel_facade`
[INFO] [stdout]    |
[INFO] [stdout]    = help: if you wanted to use a crate named `laravel_facade`, use `cargo add laravel_facade` to add it to your `Cargo.toml`
[INFO] [stdout] 
[INFO] [stdout] error[E0433]: cannot find type `Log` in this scope
[INFO] [stdout]   --> src/lib.rs:81:12
[INFO] [stdout]    |
[INFO] [stdout] 81 | assert_eq!(Log::format("info", "booted"), "[info] booted");
[INFO] [stdout]    |            ^^^ use of undeclared type `Log`
[INFO] [stdout] 
[INFO] [stdout] error: aborting due to 3 previous errors
[INFO] [stdout] 
[INFO] [stdout] Some errors have detailed explanations: E0432, E0433.
[INFO] [stdout] For more information about an error, try `rustc --explain E0432`.
[INFO] [stdout] Couldn't compile the test.
[INFO] [stdout] ---- src/lib.rs - extends_facade (line 128) stdout ----
[INFO] [stdout] error[E0432]: unresolved import `laravel_facade`
[INFO] [stdout]    --> src/lib.rs:131:5
[INFO] [stdout]     |
[INFO] [stdout] 131 | use laravel_facade::extends_facade;
[INFO] [stdout]     |     ^^^^^^^^^^^^^^ use of unresolved module or unlinked crate `laravel_facade`
[INFO] [stdout]     |
[INFO] [stdout]     = help: if you wanted to use a crate named `laravel_facade`, use `cargo add laravel_facade` to add it to your `Cargo.toml`
[INFO] [stdout] 
[INFO] [stdout] error[E0433]: cannot find type `Config` in this scope
[INFO] [stdout]    --> src/lib.rs:152:1
[INFO] [stdout]     |
[INFO] [stdout] 152 | Config::swap(Arc::new(StaticConfig));
[INFO] [stdout]     | ^^^^^^ use of undeclared type `Config`
[INFO] [stdout] 
[INFO] [stdout] error[E0433]: cannot find type `Config` in this scope
[INFO] [stdout]    --> src/lib.rs:153:12
[INFO] [stdout]     |
[INFO] [stdout] 153 | assert_eq!(Config::name(), "laravel-facade");
[INFO] [stdout]     |            ^^^^^^ use of undeclared type `Config`
[INFO] [stdout] 
[INFO] [stdout] error[E0433]: cannot find type `Config` in this scope
[INFO] [stdout]    --> src/lib.rs:154:12
[INFO] [stdout]     |
[INFO] [stdout] 154 | assert_eq!(Config::first(&["app.name".into()]), "app.name");
[INFO] [stdout]     |            ^^^^^^ use of undeclared type `Config`
[INFO] [stdout] 
[INFO] [stdout] error: aborting due to 4 previous errors
[INFO] [stdout] 
[INFO] [stdout] Some errors have detailed explanations: E0432, E0433.
[INFO] [stdout] For more information about an error, try `rustc --explain E0432`.
[INFO] [stdout] Couldn't compile the test.
[INFO] [stdout] 
[INFO] [stdout] failures:
[INFO] [stdout]     src/lib.rs - extends_facade (line 128)
[INFO] [stdout]     src/lib.rs - extends_facade (line 49)
[INFO] [stdout]     src/lib.rs - extends_facade (line 87)
[INFO] [stdout] 
[INFO] [stdout] test result: FAILED. 2 passed; 3 failed; 0 ignored; 0 measured; 0 filtered out; finished in 0.18s
[INFO] [stdout] 
[INFO] [stdout] all doctests ran in 0.38s; merged doctests compilation took 0.19s
[INFO] [stderr] error: doctest failed, to rerun pass `--doc`
[INFO] running `Command { std: "docker" "inspect" "0b647a5eeff620f93636e91fad1ec6ae560f70da0821832cacb2b973369579fa", kill_on_drop: false }`
[INFO] running `Command { std: "docker" "rm" "-f" "0b647a5eeff620f93636e91fad1ec6ae560f70da0821832cacb2b973369579fa", kill_on_drop: false }`
[INFO] [stdout] 0b647a5eeff620f93636e91fad1ec6ae560f70da0821832cacb2b973369579fa
