[INFO] fetching crate lantern-client 0.3.0...
[INFO] testing lantern-client-0.3.0 against 1.100.0-beta.1+cargoflags=--release for beta-release-1.100-2
[INFO] extracting crate lantern-client 0.3.0 into /workspace/builds/worker-7-tc2/source
[INFO] started tweaking crates.io crate lantern-client 0.3.0
[INFO] removed 0 missing examples
[INFO] finished tweaking crates.io crate lantern-client 0.3.0
[INFO] tweaked toml for crates.io crate lantern-client 0.3.0 written to /workspace/builds/worker-7-tc2/source/Cargo.toml
[INFO] validating manifest of crates.io crate lantern-client 0.3.0 on toolchain 1.100.0-beta.1
[INFO] running `Command { std: CARGO_HOME="/workspace/cargo-home" RUSTUP_HOME="/workspace/rustup-home" "/workspace/cargo-home/bin/cargo" "+1.100.0-beta.1" "metadata" "--manifest-path" "Cargo.toml" "--no-deps", kill_on_drop: false }`
[INFO] crate crates.io crate lantern-client 0.3.0 already has a lockfile, it will not be regenerated
[INFO] running `Command { std: CARGO_HOME="/workspace/cargo-home" RUSTUP_HOME="/workspace/rustup-home" "/workspace/cargo-home/bin/cargo" "+1.100.0-beta.1" "fetch" "--manifest-path" "Cargo.toml", kill_on_drop: false }`
[INFO] [stderr] warning: `package.homepage` is redundant with `package.repository`
[INFO] [stderr]    --> Cargo.toml:97:12
[INFO] [stderr]     |
[INFO] [stderr]  97 | homepage = "https://github.com/anaregdesign/lantern"
[INFO] [stderr]     |            ^^^^^^^^^^^^^^^^^^^^^^^^^^^^^^^^^^^^^^^^^
[INFO] [stderr] ...
[INFO] [stderr] 103 | repository = "https://github.com/anaregdesign/lantern"
[INFO] [stderr]     |              -----------------------------------------
[INFO] [stderr]     |
[INFO] [stderr]     = note: `cargo::redundant_homepage` is set to `warn` by default
[INFO] [stderr] help: consider removing `package.homepage`
[INFO] [stderr] warning: `lantern-client` (manifest) generated 1 warning
[INFO] running `Command { std: "docker" "create" "-v" "/var/lib/crater-agent-workspace/builds/worker-7-tc2/source:/opt/rustwide/workdir:ro,Z" "-v" "/var/lib/crater-agent-workspace/builds/worker-7-tc2/target:/opt/rustwide/target:rw,Z" "-v" "/var/lib/crater-agent-workspace/cargo-home:/opt/rustwide/cargo-home:ro,Z" "-v" "/var/lib/crater-agent-workspace/rustup-home:/opt/rustwide/rustup-home:ro,Z" "-m" "1610612736" "--network" "none" "ghcr.io/rust-lang/crates-build-env/linux@sha256:77db811e55d90add9212f6832c23229e3de5f1c1f9905e8cb07319ea15df73ac" "sleep" "infinity", kill_on_drop: false }`
[INFO] [stdout] 7630bbca47226ff4355e328fa3dcb8af1f338ecab4fdd2b4b2d4bf0c513c5d46
[INFO] running `Command { std: "docker" "start" "7630bbca47226ff4355e328fa3dcb8af1f338ecab4fdd2b4b2d4bf0c513c5d46", kill_on_drop: false }`
[INFO] running `Command { std: "docker" "inspect" "7630bbca47226ff4355e328fa3dcb8af1f338ecab4fdd2b4b2d4bf0c513c5d46", kill_on_drop: false }`
[INFO] running `Command { std: "docker" "exec" "-e" "SOURCE_DIR=/opt/rustwide/workdir" "-e" "CARGO_HOME=/opt/rustwide/cargo-home" "-e" "RUSTUP_HOME=/opt/rustwide/rustup-home" "-e" "CARGO_TARGET_DIR=/opt/rustwide/target" "-w" "/opt/rustwide/workdir" "--user" "0:0" "7630bbca47226ff4355e328fa3dcb8af1f338ecab4fdd2b4b2d4bf0c513c5d46" "/opt/rustwide/cargo-home/bin/cargo" "+1.100.0-beta.1" "metadata" "--no-deps" "--format-version=1", kill_on_drop: false }`
[INFO] running `Command { std: "docker" "inspect" "7630bbca47226ff4355e328fa3dcb8af1f338ecab4fdd2b4b2d4bf0c513c5d46", kill_on_drop: false }`
[INFO] running `Command { std: "docker" "exec" "-e" "SOURCE_DIR=/opt/rustwide/workdir" "-e" "CARGO_HOME=/opt/rustwide/cargo-home" "-e" "RUSTUP_HOME=/opt/rustwide/rustup-home" "-e" "CARGO_TARGET_DIR=/opt/rustwide/target" "-e" "CARGO_INCREMENTAL=0" "-e" "RUST_BACKTRACE=full" "-e" "RUSTFLAGS=--cap-lints=warn" "-e" "RUSTDOCFLAGS=--cap-lints=warn" "-w" "/opt/rustwide/workdir" "--user" "0:0" "7630bbca47226ff4355e328fa3dcb8af1f338ecab4fdd2b4b2d4bf0c513c5d46" "/opt/rustwide/cargo-home/bin/cargo" "+1.100.0-beta.1" "build" "--frozen" "--message-format=json" "--release", kill_on_drop: false }`
[INFO] [stderr] warning: `package.homepage` is redundant with `package.repository`
[INFO] [stderr]    --> Cargo.toml:97:12
[INFO] [stderr]     |
[INFO] [stderr]  97 | homepage = "https://github.com/anaregdesign/lantern"
[INFO] [stderr]     |            ^^^^^^^^^^^^^^^^^^^^^^^^^^^^^^^^^^^^^^^^^
[INFO] [stderr] ...
[INFO] [stderr] 103 | repository = "https://github.com/anaregdesign/lantern"
[INFO] [stderr]     |              -----------------------------------------
[INFO] [stderr]     |
[INFO] [stderr]     = note: `cargo::redundant_homepage` is set to `warn` by default
[INFO] [stderr] help: consider removing `package.homepage`
[INFO] [stderr] warning: `lantern-client` (manifest) generated 1 warning
[INFO] [stderr]    Compiling unicode-ident v1.0.26
[INFO] [stderr]    Compiling cc v1.5.1
[INFO] [stderr]    Compiling indexmap v2.14.2
[INFO] [stderr]    Compiling smallvec v1.16.2
[INFO] [stderr]    Compiling rustls v0.23.45
[INFO] [stderr]    Compiling getrandom v0.2.17
[INFO] [stderr]    Compiling getrandom v0.4.3
[INFO] [stderr]    Compiling serde_json v1.0.145
[INFO] [stderr]    Compiling sha2 v0.10.9
[INFO] [stderr]    Compiling proc-macro2 v1.0.107
[INFO] [stderr]    Compiling quote v1.0.47
[INFO] [stderr]    Compiling syn v3.0.6
[INFO] [stderr]    Compiling syn v2.0.119
[INFO] [stderr]    Compiling ring v0.17.14
[INFO] [stderr]    Compiling tokio-macros v2.7.2
[INFO] [stderr]    Compiling futures-macro v0.3.34
[INFO] [stderr]    Compiling async-trait v0.1.92
[INFO] [stderr]    Compiling serde_derive v1.0.229
[INFO] [stderr]    Compiling tokio v1.53.1
[INFO] [stderr]    Compiling futures-util v0.3.34
[INFO] [stderr]    Compiling tracing-attributes v0.1.31
[INFO] [stderr]    Compiling pin-project-internal v1.1.13
[INFO] [stderr]    Compiling prost-derive v0.14.4
[INFO] [stderr]    Compiling pin-project v1.1.13
[INFO] [stderr]    Compiling tracing v0.1.44
[INFO] [stderr]    Compiling prost v0.14.4
[INFO] [stderr]    Compiling prost-types v0.14.4
[INFO] [stderr]    Compiling serde v1.0.229
[INFO] [stderr]    Compiling tokio-util v0.7.19
[INFO] [stderr]    Compiling h2 v0.4.19
[INFO] [stderr]    Compiling tokio-stream v0.1.19
[INFO] [stderr]    Compiling tower v0.5.3
[INFO] [stderr]    Compiling hyper v1.11.1
[INFO] [stderr]    Compiling rustls-webpki v0.103.15
[INFO] [stderr]    Compiling hyper-util v0.1.21
[INFO] [stderr]    Compiling hyper-timeout v0.5.2
[INFO] [stderr]    Compiling tokio-rustls v0.26.5
[INFO] [stderr]    Compiling tonic v0.14.6
[INFO] [stderr]    Compiling tonic-prost v0.14.6
[INFO] [stderr]    Compiling tonic-types v0.14.6
[INFO] [stderr]    Compiling tonic-health v0.14.6
[INFO] [stderr]    Compiling lantern-client v0.3.0 (/opt/rustwide/workdir)
[INFO] [stdout] warning: use of deprecated method `std::sync::atomic::Atomic::<u64>::fetch_update`: renamed to `try_update` for consistency
[INFO] [stdout]    --> src/contrib.rs:121:14
[INFO] [stdout]     |
[INFO] [stdout] 121 |             .fetch_update(Ordering::Relaxed, Ordering::Relaxed, |seq| {
[INFO] [stdout]     |              ^^^^^^^^^^^^
[INFO] [stdout]     |
[INFO] [stdout]     = note: `#[warn(deprecated)]` on by default
[INFO] [stdout] help: replace the use of the deprecated method
[INFO] [stdout]     |
[INFO] [stdout] 121 -             .fetch_update(Ordering::Relaxed, Ordering::Relaxed, |seq| {
[INFO] [stdout] 121 +             .try_update(Ordering::Relaxed, Ordering::Relaxed, |seq| {
[INFO] [stdout]     |
[INFO] [stdout] 
[INFO] [stdout] 
[INFO] [stderr]     Finished `release` profile [optimized] target(s) in 1m 35s
[INFO] running `Command { std: "docker" "inspect" "7630bbca47226ff4355e328fa3dcb8af1f338ecab4fdd2b4b2d4bf0c513c5d46", kill_on_drop: false }`
[INFO] running `Command { std: "docker" "exec" "-e" "SOURCE_DIR=/opt/rustwide/workdir" "-e" "CARGO_HOME=/opt/rustwide/cargo-home" "-e" "RUSTUP_HOME=/opt/rustwide/rustup-home" "-e" "CARGO_TARGET_DIR=/opt/rustwide/target" "-e" "CARGO_INCREMENTAL=0" "-e" "RUST_BACKTRACE=full" "-e" "RUSTFLAGS=--cap-lints=warn" "-e" "RUSTDOCFLAGS=--cap-lints=warn" "-w" "/opt/rustwide/workdir" "--user" "0:0" "7630bbca47226ff4355e328fa3dcb8af1f338ecab4fdd2b4b2d4bf0c513c5d46" "/opt/rustwide/cargo-home/bin/cargo" "+1.100.0-beta.1" "test" "--frozen" "--no-run" "--message-format=json" "--release", kill_on_drop: false }`
[INFO] [stderr] warning: `package.homepage` is redundant with `package.repository`
[INFO] [stderr]    --> Cargo.toml:97:12
[INFO] [stderr]     |
[INFO] [stderr]  97 | homepage = "https://github.com/anaregdesign/lantern"
[INFO] [stderr]     |            ^^^^^^^^^^^^^^^^^^^^^^^^^^^^^^^^^^^^^^^^^
[INFO] [stderr] ...
[INFO] [stderr] 103 | repository = "https://github.com/anaregdesign/lantern"
[INFO] [stderr]     |              -----------------------------------------
[INFO] [stderr]     |
[INFO] [stderr]     = note: `cargo::redundant_homepage` is set to `warn` by default
[INFO] [stderr] help: consider removing `package.homepage`
[INFO] [stderr] warning: `lantern-client` (manifest) generated 1 warning
[INFO] [stderr]    Compiling rustix v1.1.5
[INFO] [stderr]    Compiling tokio v1.53.1
[INFO] [stderr]    Compiling time v0.3.55
[INFO] [stderr]    Compiling yasna v0.5.2
[INFO] [stderr]    Compiling rcgen v0.13.2
[INFO] [stderr]    Compiling tempfile v3.27.0
[INFO] [stderr]    Compiling tokio-util v0.7.19
[INFO] [stderr]    Compiling tokio-rustls v0.26.5
[INFO] [stderr]    Compiling h2 v0.4.19
[INFO] [stderr]    Compiling tower v0.5.3
[INFO] [stderr]    Compiling tokio-stream v0.1.19
[INFO] [stderr]    Compiling hyper v1.11.1
[INFO] [stderr]    Compiling hyper-util v0.1.21
[INFO] [stderr]    Compiling hyper-timeout v0.5.2
[INFO] [stderr]    Compiling tonic v0.14.6
[INFO] [stderr]    Compiling tonic-prost v0.14.6
[INFO] [stderr]    Compiling tonic-types v0.14.6
[INFO] [stderr]    Compiling tonic-health v0.14.6
[INFO] [stderr]    Compiling lantern-client v0.3.0 (/opt/rustwide/workdir)
[INFO] [stdout] warning: use of deprecated method `std::sync::atomic::Atomic::<u64>::fetch_update`: renamed to `try_update` for consistency
[INFO] [stdout]    --> src/contrib.rs:121:14
[INFO] [stdout]     |
[INFO] [stdout] 121 |             .fetch_update(Ordering::Relaxed, Ordering::Relaxed, |seq| {
[INFO] [stdout]     |              ^^^^^^^^^^^^
[INFO] [stdout]     |
[INFO] [stdout]     = note: `#[warn(deprecated)]` on by default
[INFO] [stdout] help: replace the use of the deprecated method
[INFO] [stdout]     |
[INFO] [stdout] 121 -             .fetch_update(Ordering::Relaxed, Ordering::Relaxed, |seq| {
[INFO] [stdout] 121 +             .try_update(Ordering::Relaxed, Ordering::Relaxed, |seq| {
[INFO] [stdout]     |
[INFO] [stdout] 
[INFO] [stdout] 
[INFO] [stdout] warning: use of deprecated method `std::sync::atomic::Atomic::<u64>::fetch_update`: renamed to `try_update` for consistency
[INFO] [stdout]    --> src/contrib.rs:121:14
[INFO] [stdout]     |
[INFO] [stdout] 121 |             .fetch_update(Ordering::Relaxed, Ordering::Relaxed, |seq| {
[INFO] [stdout]     |              ^^^^^^^^^^^^
[INFO] [stdout]     |
[INFO] [stdout]     = note: `#[warn(deprecated)]` on by default
[INFO] [stdout] help: replace the use of the deprecated method
[INFO] [stdout]     |
[INFO] [stdout] 121 -             .fetch_update(Ordering::Relaxed, Ordering::Relaxed, |seq| {
[INFO] [stdout] 121 +             .try_update(Ordering::Relaxed, Ordering::Relaxed, |seq| {
[INFO] [stdout]     |
[INFO] [stdout] 
[INFO] [stdout] 
[INFO] [stderr]     Finished `release` profile [optimized] target(s) in 2m 40s
[INFO] running `Command { std: "docker" "inspect" "7630bbca47226ff4355e328fa3dcb8af1f338ecab4fdd2b4b2d4bf0c513c5d46", kill_on_drop: false }`
[INFO] running `Command { std: "docker" "exec" "-e" "SOURCE_DIR=/opt/rustwide/workdir" "-e" "CARGO_HOME=/opt/rustwide/cargo-home" "-e" "RUSTUP_HOME=/opt/rustwide/rustup-home" "-e" "CARGO_TARGET_DIR=/opt/rustwide/target" "-e" "CARGO_INCREMENTAL=0" "-e" "RUST_BACKTRACE=full" "-e" "RUSTFLAGS=--cap-lints=warn" "-e" "RUSTDOCFLAGS=--cap-lints=warn" "-w" "/opt/rustwide/workdir" "--user" "0:0" "7630bbca47226ff4355e328fa3dcb8af1f338ecab4fdd2b4b2d4bf0c513c5d46" "/opt/rustwide/cargo-home/bin/cargo" "+1.100.0-beta.1" "test" "--frozen" "--release", kill_on_drop: false }`
[INFO] [stderr] warning: `package.homepage` is redundant with `package.repository`
[INFO] [stderr]    --> Cargo.toml:97:12
[INFO] [stderr]     |
[INFO] [stderr]  97 | homepage = "https://github.com/anaregdesign/lantern"
[INFO] [stderr]     |            ^^^^^^^^^^^^^^^^^^^^^^^^^^^^^^^^^^^^^^^^^
[INFO] [stderr] ...
[INFO] [stderr] 103 | repository = "https://github.com/anaregdesign/lantern"
[INFO] [stderr]     |              -----------------------------------------
[INFO] [stderr]     |
[INFO] [stderr]     = note: `cargo::redundant_homepage` is set to `warn` by default
[INFO] [stderr] help: consider removing `package.homepage`
[INFO] [stderr] warning: `lantern-client` (manifest) generated 1 warning
[INFO] [stderr] warning: use of deprecated method `std::sync::atomic::Atomic::<u64>::fetch_update`: renamed to `try_update` for consistency
[INFO] [stderr]    --> src/contrib.rs:121:14
[INFO] [stderr]     |
[INFO] [stderr] 121 |             .fetch_update(Ordering::Relaxed, Ordering::Relaxed, |seq| {
[INFO] [stderr]     |              ^^^^^^^^^^^^
[INFO] [stderr]     |
[INFO] [stderr]     = note: `#[warn(deprecated)]` on by default
[INFO] [stderr] help: replace the use of the deprecated method
[INFO] [stderr]     |
[INFO] [stderr] 121 -             .fetch_update(Ordering::Relaxed, Ordering::Relaxed, |seq| {
[INFO] [stderr] 121 +             .try_update(Ordering::Relaxed, Ordering::Relaxed, |seq| {
[INFO] [stderr]     |
[INFO] [stderr] 
[INFO] [stderr] warning: `lantern-client` (lib) generated 1 warning (run `cargo fix --lib -p lantern-client` to apply 1 suggestion)
[INFO] [stderr] warning: `lantern-client` (lib test) generated 1 warning (1 duplicate)
[INFO] [stderr]     Finished `release` profile [optimized] target(s) in 0.19s
[INFO] [stderr]      Running unittests src/lib.rs (/opt/rustwide/target/release/build/lantern-client/42bd601d9014e6a6/out/lantern_client-42bd601d9014e6a6)
[INFO] [stdout] 
[INFO] [stdout] running 92 tests
[INFO] [stdout] test backup::tests::real_wire_backup_prefix_restore_corruption_and_partial_progress ... ignored, requires a built production Go server via LANTERN_RUST_TEST_SERVER
[INFO] [stdout] test backup::tests::nonfinite_folded_edge_and_elapsed_deadline_are_unsupported_before_put ... ok
[INFO] [stdout] test backup::tests::both_archive_formats_roundtrip_all_exact_values_and_manifest ... ok
[INFO] [stdout] test backup::tests::rust_ndjson_retains_negative_zero_edge_bit_pattern ... ok
[INFO] [stdout] test backup::tests::corrupt_truncated_unknown_and_oversize_archives_fail_explicitly ... ok
[INFO] [stdout] test batch::tests::planning_respects_count_and_exact_encoded_bytes ... ok
[INFO] [stdout] test cdc::tests::origin_and_portable_cursor_are_canonical_and_next_expected ... ok
[INFO] [stdout] test cdc::tests::real_wire_dropped_subscription_releases_server_subscriber ... ignored, requires a built production Go server via LANTERN_RUST_TEST_SERVER
[INFO] [stdout] test cdc::tests::real_wire_identity_full_bootstrap_resume_and_bounded_gap ... ignored, requires a built production Go server via LANTERN_RUST_TEST_SERVER
[INFO] [stdout] test cdc::identity::tests::bootstrap_is_checkpoint_first_and_initializes_per_origin_cut ... ok
[INFO] [stdout] test cdc::tests::unknown_or_malformed_frames_fail_closed_before_cursor_advances ... ok
[INFO] [stdout] test contrib::tests::exact_go_node_golden_vectors_and_clone_shared_sequence ... ok
[INFO] [stdout] test cdc::full::tests::all_twenty_one_arms_preserve_distinctions_and_advance_once ... ok
[INFO] [stdout] test cdc::identity::tests::final_only_cursor_including_empty_receipt_and_category_seven ... ok
[INFO] [stdout] test backup::tests::restore_options_have_explicit_limits ... ok
[INFO] [stdout] test cdc::tests::clean_eof_without_a_cdc_terminal_boundary_is_a_gap ... ok
[INFO] [stdout] test crud::tests::real_wire_all_exact_values_and_expiration_boundaries ... ignored, set LANTERN_RUST_TEST_SERVER to the production Go server binary
[INFO] [stdout] test crud::tests::real_wire_delete_selected_contributions_preserves_put_base ... ignored, set LANTERN_RUST_TEST_SERVER to the production Go server binary
[INFO] [stdout] test crud::tests::real_wire_one_deadline_covers_all_authenticated_chunks ... ignored, set LANTERN_RUST_TEST_SERVER to the production Go server binary
[INFO] [stdout] test crud::tests::found_missing_are_unordered_identity_multisets ... ok
[INFO] [stdout] test crud::tests::real_wire_plural_batches_duplicates_and_partial_failure ... ignored, set LANTERN_RUST_TEST_SERVER to the production Go server binary
[INFO] [stdout] test crud::tests::real_wire_prepared_add_replays_only_inside_live_dedup_horizon ... ignored, set LANTERN_RUST_TEST_SERVER to the production Go server binary
[INFO] [stdout] test discovery::tests::real_wire_degree_directions_and_explicit_status_snapshots ... ignored, set LANTERN_RUST_TEST_SERVER to the production Go server binary
[INFO] [stdout] test contrib::tests::reject_bad_ids_and_exhaustion_without_wrap_or_reuse ... ok
[INFO] [stdout] test cdc::identity::tests::mismatched_chunks_and_unknown_categories_fail_without_advancing_cursor ... ok
[INFO] [stdout] test backup::tests::manifest_rejects_unknown_format_version_and_noncanonical_digest ... ok
[INFO] [stdout] test cdc::tests::explicit_gap_keeps_original_failed_precondition_status ... ok
[INFO] [stdout] test error::tests::known_and_unknown_search_details_preserve_original_status ... ok
[INFO] [stdout] test paging::tests::lazy_pages_do_not_prefetch_and_yield_terminal_error_after_hits ... ok
[INFO] [stdout] test error::tests::required_grpc_failure_categories_remain_typed ... ok
[INFO] [stdout] test error::tests::malformed_and_mismatched_details_fail_closed ... ok
[INFO] [stdout] test paging::tests::malformed_empty_or_repeating_page_cannot_spin ... ok
[INFO] [stdout] test prefix::tests::controlled_prefix_guards_and_bounded_response_counts ... ok
[INFO] [stdout] test prefix::tests::real_wire_edge_delete_requires_scope_and_does_not_drain ... ignored, set LANTERN_RUST_TEST_SERVER to the production Go server binary
[INFO] [stdout] test prefix::tests::real_wire_prefix_count_dry_run_and_bounded_vertex_delete ... ignored, set LANTERN_RUST_TEST_SERVER to the production Go server binary
[INFO] [stdout] test discovery::tests::degree_requires_prefix_and_rejects_malformed_ranking ... ok
[INFO] [stdout] test scans::tests::real_wire_scans_page_stream_and_cursor_mismatch ... ignored, set LANTERN_RUST_TEST_SERVER to the production Go server binary
[INFO] [stdout] test cdc::full::tests::full_gap_invalid_receipt_and_unknown_op_never_advance_cursor ... ok
[INFO] [stdout] test crud::tests::outcome_vectors_and_counts_fail_closed_without_erasing_server_results ... ok
[INFO] [stdout] test scans::tests::real_wire_stream_is_lazy_page_bounded_and_cancels_on_drop ... ignored, set LANTERN_RUST_TEST_SERVER to the production Go server binary
[INFO] [stdout] test crud::tests::logical_bound_rejects_late_items_without_unbounded_collection ... ok
[INFO] [stdout] test scans::tests::controlled_edge_pages_validate_pair_order_scope_and_expiration ... ok
[INFO] [stdout] test scans::tests::controlled_vertex_and_key_pages_validate_order_scope_and_continuation ... ok
[INFO] [stdout] test search::tests::real_wire_bounded_tail_emits_terminal_error_after_retained_hits ... ignored, set LANTERN_RUST_TEST_SERVER to the production Go server binary
[INFO] [stdout] test search::tests::real_wire_disabled_positions_and_work_budget_reasons ... ignored, set LANTERN_RUST_TEST_SERVER to the production Go server binary
[INFO] [stdout] test search::tests::real_wire_full_vertex_snapshot_clamp_and_cursor_bindings ... ignored, set LANTERN_RUST_TEST_SERVER to the production Go server binary
[INFO] [stdout] test search::tests::real_wire_invalid_and_expired_cursors_stay_typed ... ignored, set LANTERN_RUST_TEST_SERVER to the production Go server binary
[INFO] [stdout] test search::tests::real_wire_unretained_tail_errors_even_without_a_cursor ... ignored, set LANTERN_RUST_TEST_SERVER to the production Go server binary
[INFO] [stdout] test smoke::real_wire_health_and_unary ... ignored, set LANTERN_RUST_TEST_SERVER to the production Go server binary
[INFO] [stdout] test search::tests::bounded_tail_yields_retained_hits_then_typed_error_even_without_cursor ... ok
[INFO] [stdout] test paging::tests::dropping_stream_cancels_active_fetch ... ok
[INFO] [stdout] test search::tests::malformed_projection_fixtures_fail_closed_without_fabricated_values ... ok
[INFO] [stdout] test search::tests::projection_fixtures_preserve_exact_snapshot_or_explicit_absence ... ok
[INFO] [stdout] test search::tests::cursor_bytes_are_opaque_and_round_trip_without_loss ... ok
[INFO] [stdout] test transport::tests::jitter_is_bounded_without_a_fixed_delay ... ok
[INFO] [stdout] test search::tests::options_are_validated_locally_and_defaults_keep_search_lightweight ... ok
[INFO] [stdout] test search::tests::page_limits_and_flags_are_preserved_and_inconsistent_envelopes_rejected ... ok
[INFO] [stdout] test search::tests::typed_rich_errors_preserve_reason_work_kind_and_original_status ... ok
[INFO] [stdout] test transport::tests::client_can_be_shared_across_tasks ... ok
[INFO] [stdout] test transport::tests::missing_listener_is_a_transport_failure ... ok
[INFO] [stdout] test smoke::domain_types_round_trip_without_public_rpc_envelopes ... ok
[INFO] [stdout] test transport::tests::real_wire_authenticated_development_and_search_details ... ignored, set LANTERN_RUST_TEST_SERVER to the production Go server binary
[INFO] [stdout] test transport::tests::real_wire_authenticated_ha_resumes_on_another_responder_and_backs_up ... ignored, set LANTERN_RUST_TEST_SERVER to the production Go server binary
[INFO] [stdout] test transport::tests::real_wire_authenticated_streams_have_independent_budgets_and_no_retry ... ignored, set LANTERN_RUST_TEST_SERVER to the production Go server binary
[INFO] [stdout] test transport::tests::real_wire_cloned_concurrency_and_disconnect ... ignored, set LANTERN_RUST_TEST_SERVER to the production Go server binary
[INFO] [stdout] test transport::tests::real_wire_full_stream_decodes_all_receipt_families_and_selective_deletes ... ignored, set LANTERN_RUST_TEST_SERVER to the production Go server binary
[INFO] [stdout] test transport::tests::real_wire_h2c_limits_search_and_stream ... ignored, set LANTERN_RUST_TEST_SERVER to the production Go server binary
[INFO] [stdout] test transport::tests::real_wire_https_roots_and_invalid_certificates ... ignored, set LANTERN_RUST_TEST_SERVER to the production Go server binary
[INFO] [stdout] test transport::tests::real_wire_mtls_and_bearer_rotation ... ignored, set LANTERN_RUST_TEST_SERVER to the production Go server binary
[INFO] [stdout] test traversal::tests::invalid_push_knobs_fail_without_erasing_server_defaults ... ok
[INFO] [stdout] test transport::tests::dropping_retry_wait_and_mutation_future_stops_work ... ok
[INFO] [stdout] test traversal::tests::real_edges_retain_expiration_but_ppr_links_are_never_stored_edges ... ok
[INFO] [stdout] test traversal::tests::real_wire_bfs_community_and_synthetic_ppr ... ignored, set LANTERN_RUST_TEST_SERVER to the production Go server binary
[INFO] [stdout] test value::tests::exact_oneof_kinds_and_accessors_are_not_coerced ... ok
[INFO] [stdout] test transport::tests::health_status_requires_serving_even_for_unknown_values ... ok
[INFO] [stdout] test value::tests::signed_duration_and_positive_ttl_have_independent_validations ... ok
[INFO] [stdout] test value::tests::timestamps_validate_full_proto_range_and_distinguish_zero_time ... ok
[INFO] [stdout] test transport::tests::pem_configuration_rejects_missing_and_malformed_material ... FAILED
[INFO] [stdout] test value::tests::malformed_values_and_nonfinite_edge_sources_fail_closed ... ok
[INFO] [stdout] test transport::tests::endpoint_and_plaintext_credential_policy_fail_closed ... FAILED
[INFO] [stdout] test transport::tests::invalid_configuration_is_rejected_before_connection ... ok
[INFO] [stdout] test transport::tests::unrecognized_unavailable_details_never_enable_retry ... ok
[INFO] [stdout] test transport::tests::provider_failure_does_not_become_an_empty_token_or_retry ... ok
[INFO] [stdout] test crud::tests::contribution_delete_validates_ids_keys_and_indexed_results ... ok
[INFO] [stdout] test traversal::tests::family_is_required_and_zero_sentinels_are_preserved ... ok
[INFO] [stdout] test traversal::tests::malformed_traversal_graph_fails_closed ... ok
[INFO] [stdout] test transport::tests::stream_budgets_cover_pending_auth_before_the_first_frame ... ok
[INFO] [stdout] test smoke::native_tls_roots_are_available_by_default ... ok
[INFO] [stdout] test scans::tests::sdk_cursor_round_trip_and_local_binding_guards ... ok
[INFO] [stdout] test transport::tests::retry_fetches_a_fresh_token_each_attempt ... ok
[INFO] [stdout] test transport::tests::one_deadline_covers_provider_attempts_and_backoff ... ok
[INFO] [stdout] test transport::tests::retry_only_unavailable_on_classified_methods_with_identical_payloads ... ok
[INFO] [stdout] 
[INFO] [stdout] failures:
[INFO] [stdout] 
[INFO] [stdout] ---- transport::tests::pem_configuration_rejects_missing_and_malformed_material stdout ----
[INFO] [stdout] 
[INFO] [stdout] thread 'transport::tests::pem_configuration_rejects_missing_and_malformed_material' (1742) panicked at src/transport/tests.rs:901:46:
[INFO] [stdout] test certificates: Os { code: 30, kind: ReadOnlyFilesystem, message: "Read-only file system" }
[INFO] [stdout] stack backtrace:
[INFO] [stdout]    0:     0x5b29f8753271 - <<std[617be2ca0a6fd877]::sys::backtrace::BacktraceLock>::print::DisplayBacktrace as core[a373ad73a504971]::fmt::Display>::fmt
[INFO] [stdout]    1:     0x5b29f876b74a - core[a373ad73a504971]::fmt::write
[INFO] [stdout]    2:     0x5b29f87585dc - <alloc[2e1b2a31b91974c5]::vec::Vec<u8> as core[a373ad73a504971]::io::write::Write>::write_fmt
[INFO] [stdout]    3:     0x5b29f872b326 - std[617be2ca0a6fd877]::panicking::default_hook::{closure#0}
[INFO] [stdout]    4:     0x5b29f8749be9 - std[617be2ca0a6fd877]::panicking::default_hook
[INFO] [stdout]    5:     0x5b29f84f5390 - test[aada8e7e76ba119b]::test_main_inner::{closure#0}
[INFO] [stdout]    6:     0x5b29f8749f12 - std[617be2ca0a6fd877]::panicking::panic_with_hook
[INFO] [stdout]    7:     0x5b29f872b3d2 - std[617be2ca0a6fd877]::panicking::panic_handler::{closure#0}
[INFO] [stdout]    8:     0x5b29f8723e49 - std[617be2ca0a6fd877]::sys::backtrace::__rust_end_short_backtrace::<std[617be2ca0a6fd877]::panicking::panic_handler::{closure#0}, !>
[INFO] [stdout]    9:     0x5b29f872c1cd - __rustc[ea4f61d10b84890b]::rust_begin_unwind
[INFO] [stdout]   10:     0x5b29f876beac - core[a373ad73a504971]::panicking::panic_fmt
[INFO] [stdout]   11:     0x5b29f876bc82 - core[a373ad73a504971]::result::unwrap_failed
[INFO] [stdout]   12:     0x5b29f8192225 - <lantern_client[91c7a53c013137e2]::transport::tests::pem_configuration_rejects_missing_and_malformed_material::{closure#0} as core[a373ad73a504971]::ops::function::FnOnce<()>>::call_once
[INFO] [stdout]   13:     0x5b29f84e87db - test[aada8e7e76ba119b]::__rust_begin_short_backtrace::<core[a373ad73a504971]::result::Result<(), alloc[2e1b2a31b91974c5]::string::String>, fn() -> core[a373ad73a504971]::result::Result<(), alloc[2e1b2a31b91974c5]::string::String>>
[INFO] [stdout]   14:     0x5b29f84f59b5 - test[aada8e7e76ba119b]::run_test::{closure#0}
[INFO] [stdout]   15:     0x5b29f84ef2a4 - std[617be2ca0a6fd877]::sys::backtrace::__rust_begin_short_backtrace::<test[aada8e7e76ba119b]::run_test::{closure#1}, ()>
[INFO] [stdout]   16:     0x5b29f84f8a42 - <std[617be2ca0a6fd877]::thread::lifecycle::spawn_unchecked<test[aada8e7e76ba119b]::run_test::{closure#1}, ()>::{closure#1} as core[a373ad73a504971]::ops::function::FnOnce<()>>::call_once::{shim:vtable#0}
[INFO] [stdout]   17:     0x5b29f875213f - <std[617be2ca0a6fd877]::sys::thread::unix::Thread>::new::thread_start
[INFO] [stdout]   18:     0x76ccb66dcdfa - <unknown>
[INFO] [stdout]   19:     0x76ccb67703d4 - clone
[INFO] [stdout]   20:                0x0 - <unknown>
[INFO] [stdout] 
[INFO] [stdout] ---- transport::tests::endpoint_and_plaintext_credential_policy_fail_closed stdout ----
[INFO] [stdout] 
[INFO] [stdout] thread 'transport::tests::endpoint_and_plaintext_credential_policy_fail_closed' (1736) panicked at src/transport/tests.rs:983:62:
[INFO] [stdout] certificates: Os { code: 30, kind: ReadOnlyFilesystem, message: "Read-only file system" }
[INFO] [stdout] stack backtrace:
[INFO] [stderr] error: test failed, to rerun pass `--lib`
[INFO] [stdout]    0:     0x5b29f8753271 - <<std[617be2ca0a6fd877]::sys::backtrace::BacktraceLock>::print::DisplayBacktrace as core[a373ad73a504971]::fmt::Display>::fmt
[INFO] [stdout]    1:     0x5b29f876b74a - core[a373ad73a504971]::fmt::write
[INFO] [stdout]    2:     0x5b29f87585dc - <alloc[2e1b2a31b91974c5]::vec::Vec<u8> as core[a373ad73a504971]::io::write::Write>::write_fmt
[INFO] [stdout]    3:     0x5b29f872b326 - std[617be2ca0a6fd877]::panicking::default_hook::{closure#0}
[INFO] [stdout]    4:     0x5b29f8749be9 - std[617be2ca0a6fd877]::panicking::default_hook
[INFO] [stdout]    5:     0x5b29f84f5390 - test[aada8e7e76ba119b]::test_main_inner::{closure#0}
[INFO] [stdout]    6:     0x5b29f8749f12 - std[617be2ca0a6fd877]::panicking::panic_with_hook
[INFO] [stdout]    7:     0x5b29f872b3d2 - std[617be2ca0a6fd877]::panicking::panic_handler::{closure#0}
[INFO] [stdout]    8:     0x5b29f8723e49 - std[617be2ca0a6fd877]::sys::backtrace::__rust_end_short_backtrace::<std[617be2ca0a6fd877]::panicking::panic_handler::{closure#0}, !>
[INFO] [stdout]    9:     0x5b29f872c1cd - __rustc[ea4f61d10b84890b]::rust_begin_unwind
[INFO] [stdout]   10:     0x5b29f876beac - core[a373ad73a504971]::panicking::panic_fmt
[INFO] [stdout]   11:     0x5b29f876bc82 - core[a373ad73a504971]::result::unwrap_failed
[INFO] [stdout]   12:     0x5b29f81595aa - lantern_client[91c7a53c013137e2]::transport::tests::endpoint_and_plaintext_credential_policy_fail_closed::{closure#0}
[INFO] [stdout]   13:     0x5b29f82e4573 - <tokio[549d07bec8241f2a]::runtime::scheduler::current_thread::Context>::enter::<core[a373ad73a504971]::task::poll::Poll<()>, <tokio[549d07bec8241f2a]::runtime::scheduler::current_thread::CoreGuard>::block_on<core[a373ad73a504971]::pin::Pin<&mut core[a373ad73a504971]::pin::Pin<&mut dyn core[a373ad73a504971]::future::future::Future<Output = ()>>>>::{closure#0}::{closure#0}>
[INFO] [stdout]   14:     0x5b29f830e16c - <tokio[549d07bec8241f2a]::runtime::context::scoped::Scoped<tokio[549d07bec8241f2a]::runtime::scheduler::Context>>::set::<<tokio[549d07bec8241f2a]::runtime::scheduler::current_thread::CoreGuard>::enter<<tokio[549d07bec8241f2a]::runtime::scheduler::current_thread::CoreGuard>::block_on<core[a373ad73a504971]::pin::Pin<&mut core[a373ad73a504971]::pin::Pin<&mut dyn core[a373ad73a504971]::future::future::Future<Output = ()>>>>::{closure#0}, core[a373ad73a504971]::option::Option<()>>::{closure#0}, (alloc[2e1b2a31b91974c5]::boxed::Box<tokio[549d07bec8241f2a]::runtime::scheduler::current_thread::Core>, core[a373ad73a504971]::option::Option<()>)>
[INFO] [stdout]   15:     0x5b29f82e3a77 - <tokio[549d07bec8241f2a]::runtime::runtime::Runtime>::block_on::<core[a373ad73a504971]::pin::Pin<&mut dyn core[a373ad73a504971]::future::future::Future<Output = ()>>>
[INFO] [stdout]   16:     0x5b29f819180e - <lantern_client[91c7a53c013137e2]::transport::tests::endpoint_and_plaintext_credential_policy_fail_closed::{closure#0} as core[a373ad73a504971]::ops::function::FnOnce<()>>::call_once
[INFO] [stdout]   17:     0x5b29f84e87db - test[aada8e7e76ba119b]::__rust_begin_short_backtrace::<core[a373ad73a504971]::result::Result<(), alloc[2e1b2a31b91974c5]::string::String>, fn() -> core[a373ad73a504971]::result::Result<(), alloc[2e1b2a31b91974c5]::string::String>>
[INFO] [stdout]   18:     0x5b29f84f59b5 - test[aada8e7e76ba119b]::run_test::{closure#0}
[INFO] [stdout]   19:     0x5b29f84ef2a4 - std[617be2ca0a6fd877]::sys::backtrace::__rust_begin_short_backtrace::<test[aada8e7e76ba119b]::run_test::{closure#1}, ()>
[INFO] [stdout]   20:     0x5b29f84f8a42 - <std[617be2ca0a6fd877]::thread::lifecycle::spawn_unchecked<test[aada8e7e76ba119b]::run_test::{closure#1}, ()>::{closure#1} as core[a373ad73a504971]::ops::function::FnOnce<()>>::call_once::{shim:vtable#0}
[INFO] [stdout]   21:     0x5b29f875213f - <std[617be2ca0a6fd877]::sys::thread::unix::Thread>::new::thread_start
[INFO] [stdout]   22:     0x76ccb66dcdfa - <unknown>
[INFO] [stdout]   23:     0x76ccb67703d4 - clone
[INFO] [stdout]   24:                0x0 - <unknown>
[INFO] [stdout] 
[INFO] [stdout] 
[INFO] [stdout] failures:
[INFO] [stdout]     transport::tests::endpoint_and_plaintext_credential_policy_fail_closed
[INFO] [stdout]     transport::tests::pem_configuration_rejects_missing_and_malformed_material
[INFO] [stdout] 
[INFO] [stdout] test result: FAILED. 62 passed; 2 failed; 28 ignored; 0 measured; 0 filtered out; finished in 0.28s
[INFO] [stdout] 
[INFO] running `Command { std: "docker" "inspect" "7630bbca47226ff4355e328fa3dcb8af1f338ecab4fdd2b4b2d4bf0c513c5d46", kill_on_drop: false }`
[INFO] running `Command { std: "docker" "rm" "-f" "7630bbca47226ff4355e328fa3dcb8af1f338ecab4fdd2b4b2d4bf0c513c5d46", kill_on_drop: false }`
[INFO] [stdout] 7630bbca47226ff4355e328fa3dcb8af1f338ecab4fdd2b4b2d4bf0c513c5d46
