[INFO] fetching crate languagetool-rust 3.0.1...
[INFO] testing languagetool-rust-3.0.1 against 1.100.0-beta.1+cargoflags=--release for beta-release-1.100-2
[INFO] extracting crate languagetool-rust 3.0.1 into /workspace/builds/worker-0-tc2/source
[INFO] started tweaking crates.io crate languagetool-rust 3.0.1
[INFO] finished tweaking crates.io crate languagetool-rust 3.0.1
[INFO] tweaked toml for crates.io crate languagetool-rust 3.0.1 written to /workspace/builds/worker-0-tc2/source/Cargo.toml
[INFO] validating manifest of crates.io crate languagetool-rust 3.0.1 on toolchain 1.100.0-beta.1
[INFO] running `Command { std: CARGO_HOME="/workspace/cargo-home" RUSTUP_HOME="/workspace/rustup-home" "/workspace/cargo-home/bin/cargo" "+1.100.0-beta.1" "metadata" "--manifest-path" "Cargo.toml" "--no-deps", kill_on_drop: false }`
[INFO] crate crates.io crate languagetool-rust 3.0.1 already has a lockfile, it will not be regenerated
[INFO] running `Command { std: CARGO_HOME="/workspace/cargo-home" RUSTUP_HOME="/workspace/rustup-home" "/workspace/cargo-home/bin/cargo" "+1.100.0-beta.1" "fetch" "--manifest-path" "Cargo.toml", kill_on_drop: false }`
[INFO] running `Command { std: "docker" "create" "-v" "/var/lib/crater-agent-workspace/builds/worker-0-tc2/source:/opt/rustwide/workdir:ro,Z" "-v" "/var/lib/crater-agent-workspace/builds/worker-0-tc2/target:/opt/rustwide/target:rw,Z" "-v" "/var/lib/crater-agent-workspace/cargo-home:/opt/rustwide/cargo-home:ro,Z" "-v" "/var/lib/crater-agent-workspace/rustup-home:/opt/rustwide/rustup-home:ro,Z" "-m" "1610612736" "--network" "none" "ghcr.io/rust-lang/crates-build-env/linux@sha256:77db811e55d90add9212f6832c23229e3de5f1c1f9905e8cb07319ea15df73ac" "sleep" "infinity", kill_on_drop: false }`
[INFO] [stdout] 30a054d181b11384363b81568c0ad92f96a8ec5f790b7e38d96eda8a66125070
[INFO] running `Command { std: "docker" "start" "30a054d181b11384363b81568c0ad92f96a8ec5f790b7e38d96eda8a66125070", kill_on_drop: false }`
[INFO] running `Command { std: "docker" "inspect" "30a054d181b11384363b81568c0ad92f96a8ec5f790b7e38d96eda8a66125070", kill_on_drop: false }`
[INFO] running `Command { std: "docker" "exec" "-e" "SOURCE_DIR=/opt/rustwide/workdir" "-e" "CARGO_HOME=/opt/rustwide/cargo-home" "-e" "RUSTUP_HOME=/opt/rustwide/rustup-home" "-e" "CARGO_TARGET_DIR=/opt/rustwide/target" "-w" "/opt/rustwide/workdir" "--user" "0:0" "30a054d181b11384363b81568c0ad92f96a8ec5f790b7e38d96eda8a66125070" "/opt/rustwide/cargo-home/bin/cargo" "+1.100.0-beta.1" "metadata" "--no-deps" "--format-version=1", kill_on_drop: false }`
[INFO] running `Command { std: "docker" "inspect" "30a054d181b11384363b81568c0ad92f96a8ec5f790b7e38d96eda8a66125070", kill_on_drop: false }`
[INFO] running `Command { std: "docker" "exec" "-e" "SOURCE_DIR=/opt/rustwide/workdir" "-e" "CARGO_HOME=/opt/rustwide/cargo-home" "-e" "RUSTUP_HOME=/opt/rustwide/rustup-home" "-e" "CARGO_TARGET_DIR=/opt/rustwide/target" "-e" "CARGO_INCREMENTAL=0" "-e" "RUST_BACKTRACE=full" "-e" "RUSTFLAGS=--cap-lints=warn" "-e" "RUSTDOCFLAGS=--cap-lints=warn" "-w" "/opt/rustwide/workdir" "--user" "0:0" "30a054d181b11384363b81568c0ad92f96a8ec5f790b7e38d96eda8a66125070" "/opt/rustwide/cargo-home/bin/cargo" "+1.100.0-beta.1" "build" "--frozen" "--message-format=json" "--release", kill_on_drop: false }`
[INFO] [stderr]    Compiling libc v0.2.177
[INFO] [stderr]    Compiling stable_deref_trait v1.2.1
[INFO] [stderr]    Compiling siphasher v1.0.1
[INFO] [stderr]    Compiling rand_core v0.6.4
[INFO] [stderr]    Compiling bitflags v2.10.0
[INFO] [stderr]    Compiling find-msvc-tools v0.1.4
[INFO] [stderr]    Compiling quote v1.0.41
[INFO] [stderr]    Compiling new_debug_unreachable v1.0.6
[INFO] [stderr]    Compiling http v1.3.1
[INFO] [stderr]    Compiling icu_properties_data v2.1.1
[INFO] [stderr]    Compiling futures-task v0.3.31
[INFO] [stderr]    Compiling rustix v1.1.2
[INFO] [stderr]    Compiling precomputed-hash v0.1.1
[INFO] [stderr]    Compiling openssl v0.10.74
[INFO] [stderr]    Compiling native-tls v0.2.14
[INFO] [stderr]    Compiling mac v0.1.1
[INFO] [stderr]    Compiling syn v1.0.109
[INFO] [stderr]    Compiling futures-util v0.3.31
[INFO] [stderr]    Compiling serde_json v1.0.145
[INFO] [stderr]    Compiling linux-raw-sys v0.11.0
[INFO] [stderr]    Compiling rand v0.8.5
[INFO] [stderr]    Compiling cc v1.2.44
[INFO] [stderr]    Compiling phf_shared v0.11.3
[INFO] [stderr]    Compiling futf v0.1.5
[INFO] [stderr]    Compiling tracing-core v0.1.34
[INFO] [stderr]    Compiling futures-channel v0.3.31
[INFO] [stderr]    Compiling utf-8 v0.7.6
[INFO] [stderr]    Compiling syn v2.0.108
[INFO] [stderr]    Compiling dtoa v1.0.10
[INFO] [stderr]    Compiling hashbrown v0.16.0
[INFO] [stderr]    Compiling portable-atomic v1.11.1
[INFO] [stderr]    Compiling openssl-probe v0.1.6
[INFO] [stderr]    Compiling regex-syntax v0.8.8
[INFO] [stderr]    Compiling anstream v0.6.21
[INFO] [stderr]    Compiling tendril v0.4.3
[INFO] [stderr]    Compiling dtoa-short v0.3.5
[INFO] [stderr]    Compiling sync_wrapper v1.0.2
[INFO] [stderr]    Compiling ipnet v2.11.0
[INFO] [stderr]    Compiling winnow v0.7.13
[INFO] [stderr]    Compiling clap_lex v0.7.6
[INFO] [stderr]    Compiling phf_generator v0.11.3
[INFO] [stderr]    Compiling phf_codegen v0.11.3
[INFO] [stderr]    Compiling string_cache_codegen v0.5.4
[INFO] [stderr]    Compiling selectors v0.31.0
[INFO] [stderr]    Compiling getopts v0.2.24
[INFO] [stderr]    Compiling tracing v0.1.41
[INFO] [stderr]    Compiling http-body v1.0.1
[INFO] [stderr]    Compiling web_atoms v0.1.3
[INFO] [stderr]    Compiling http-body-util v0.1.3
[INFO] [stderr]    Compiling indexmap v2.12.0
[INFO] [stderr]    Compiling openssl-sys v0.9.110
[INFO] [stderr]    Compiling servo_arc v0.4.1
[INFO] [stderr]    Compiling iri-string v0.7.8
[INFO] [stderr]    Compiling thin-vec v0.2.14
[INFO] [stderr]    Compiling parking_lot_core v0.9.12
[INFO] [stderr]    Compiling mio v1.1.0
[INFO] [stderr]    Compiling socket2 v0.6.1
[INFO] [stderr]    Compiling terminal_size v0.4.3
[INFO] [stderr]    Compiling clap_builder v4.5.53
[INFO] [stderr]    Compiling parking_lot v0.12.5
[INFO] [stderr]    Compiling lifetime_proc_macros_impl v0.1.0
[INFO] [stderr]    Compiling is-terminal v0.4.17
[INFO] [stderr]    Compiling unicode-math-class v0.1.0
[INFO] [stderr]    Compiling pulldown-cmark v0.13.0
[INFO] [stderr]    Compiling thiserror v2.0.17
[INFO] [stderr]    Compiling rustls-pki-types v1.13.0
[INFO] [stderr]    Compiling yansi-term v0.1.2
[INFO] [stderr]    Compiling typst-utils v0.14.0
[INFO] [stderr]    Compiling ego-tree v0.10.0
[INFO] [stderr]    Compiling pulldown-cmark-escape v0.11.0
[INFO] [stderr]    Compiling unicase v2.8.1
[INFO] [stderr]    Compiling unicode-script v0.5.7
[INFO] [stderr]    Compiling unicode-segmentation v1.12.0
[INFO] [stderr]    Compiling regex-automata v0.4.13
[INFO] [stderr]    Compiling unicode-ident v1.0.22
[INFO] [stderr]    Compiling unscanny v0.1.0
[INFO] [stderr]    Compiling annotate-snippets v0.9.2
[INFO] [stderr]    Compiling lifetime_proc_macros v0.1.0
[INFO] [stderr]    Compiling lifetime v0.1.0
[INFO] [stderr]    Compiling synstructure v0.13.2
[INFO] [stderr]    Compiling serde_derive v1.0.228
[INFO] [stderr]    Compiling zerofrom-derive v0.1.6
[INFO] [stderr]    Compiling yoke-derive v0.8.1
[INFO] [stderr]    Compiling zerovec-derive v0.11.2
[INFO] [stderr]    Compiling displaydoc v0.2.5
[INFO] [stderr]    Compiling tokio-macros v2.6.0
[INFO] [stderr]    Compiling phf_macros v0.11.3
[INFO] [stderr]    Compiling openssl-macros v0.1.1
[INFO] [stderr]    Compiling cssparser-macros v0.6.1
[INFO] [stderr]    Compiling derive_more-impl v2.0.1
[INFO] [stderr]    Compiling clap_derive v4.5.49
[INFO] [stderr]    Compiling match_token v0.35.0
[INFO] [stderr]    Compiling thiserror-impl v2.0.17
[INFO] [stderr]    Compiling regex v1.12.2
[INFO] [stderr]    Compiling enum_dispatch v0.3.13
[INFO] [stderr]    Compiling tokio v1.48.0
[INFO] [stderr]    Compiling phf v0.11.3
[INFO] [stderr]    Compiling cssparser v0.35.0
[INFO] [stderr]    Compiling derive_more v2.0.1
[INFO] [stderr]    Compiling env_logger v0.10.2
[INFO] [stderr]    Compiling pretty_env_logger v0.5.0
[INFO] [stderr]    Compiling zerofrom v0.1.6
[INFO] [stderr]    Compiling yoke v0.8.1
[INFO] [stderr]    Compiling zerovec v0.11.5
[INFO] [stderr]    Compiling zerotrie v0.2.3
[INFO] [stderr]    Compiling clap v4.5.53
[INFO] [stderr]    Compiling clap-verbosity-flag v3.0.4
[INFO] [stderr]    Compiling tinystr v0.8.2
[INFO] [stderr]    Compiling potential_utf v0.1.4
[INFO] [stderr]    Compiling icu_locale_core v2.1.1
[INFO] [stderr]    Compiling icu_collections v2.1.1
[INFO] [stderr]    Compiling serde v1.0.228
[INFO] [stderr]    Compiling icu_provider v2.1.1
[INFO] [stderr]    Compiling icu_properties v2.1.1
[INFO] [stderr]    Compiling icu_normalizer v2.1.1
[INFO] [stderr]    Compiling string_cache v0.8.9
[INFO] [stderr]    Compiling toml_datetime v0.6.11
[INFO] [stderr]    Compiling serde_spanned v0.6.9
[INFO] [stderr]    Compiling typst-timing v0.14.0
[INFO] [stderr]    Compiling serde_urlencoded v0.7.1
[INFO] [stderr]    Compiling ecow v0.2.6
[INFO] [stderr]    Compiling toml_edit v0.22.27
[INFO] [stderr]    Compiling markup5ever v0.35.0
[INFO] [stderr]    Compiling idna_adapter v1.2.1
[INFO] [stderr]    Compiling idna v1.1.0
[INFO] [stderr]    Compiling html5ever v0.35.0
[INFO] [stderr]    Compiling url v2.5.7
[INFO] [stderr]    Compiling hyper v1.7.0
[INFO] [stderr]    Compiling tower v0.5.2
[INFO] [stderr]    Compiling tokio-native-tls v0.3.1
[INFO] [stderr]    Compiling scraper v0.24.0
[INFO] [stderr]    Compiling toml v0.8.23
[INFO] [stderr]    Compiling tower-http v0.6.6
[INFO] [stderr]    Compiling hyper-util v0.1.17
[INFO] [stderr]    Compiling typst-syntax v0.14.0
[INFO] [stderr]    Compiling hyper-tls v0.6.0
[INFO] [stderr]    Compiling reqwest v0.12.24
[INFO] [stderr]    Compiling languagetool-rust v3.0.1 (/opt/rustwide/workdir)
[INFO] [stderr]     Finished `release` profile [optimized] target(s) in 2m 03s
[INFO] running `Command { std: "docker" "inspect" "30a054d181b11384363b81568c0ad92f96a8ec5f790b7e38d96eda8a66125070", kill_on_drop: false }`
[INFO] running `Command { std: "docker" "exec" "-e" "SOURCE_DIR=/opt/rustwide/workdir" "-e" "CARGO_HOME=/opt/rustwide/cargo-home" "-e" "RUSTUP_HOME=/opt/rustwide/rustup-home" "-e" "CARGO_TARGET_DIR=/opt/rustwide/target" "-e" "CARGO_INCREMENTAL=0" "-e" "RUST_BACKTRACE=full" "-e" "RUSTFLAGS=--cap-lints=warn" "-e" "RUSTDOCFLAGS=--cap-lints=warn" "-w" "/opt/rustwide/workdir" "--user" "0:0" "30a054d181b11384363b81568c0ad92f96a8ec5f790b7e38d96eda8a66125070" "/opt/rustwide/cargo-home/bin/cargo" "+1.100.0-beta.1" "test" "--frozen" "--no-run" "--message-format=json" "--release", kill_on_drop: false }`
[INFO] [stderr]    Compiling libc v0.2.177
[INFO] [stderr]    Compiling regex-automata v0.4.13
[INFO] [stderr]    Compiling rustix v1.1.2
[INFO] [stderr]    Compiling serde v1.0.228
[INFO] [stderr]    Compiling futures-channel v0.3.31
[INFO] [stderr]    Compiling serde_json v1.0.145
[INFO] [stderr]    Compiling futures-macro v0.3.31
[INFO] [stderr]    Compiling zerocopy v0.8.27
[INFO] [stderr]    Compiling zerocopy-derive v0.8.27
[INFO] [stderr]    Compiling nix v0.30.1
[INFO] [stderr]    Compiling anyhow v1.0.100
[INFO] [stderr]    Compiling approx v0.5.1
[INFO] [stderr]    Compiling codspeed v4.1.0
[INFO] [stderr]    Compiling colored v2.2.0
[INFO] [stderr]    Compiling alloca v0.4.0
[INFO] [stderr]    Compiling predicates-core v1.0.9
[INFO] [stderr]    Compiling statrs v0.18.0
[INFO] [stderr]    Compiling typst-utils v0.14.0
[INFO] [stderr]    Compiling float-cmp v0.10.0
[INFO] [stderr]    Compiling difflib v0.4.0
[INFO] [stderr]    Compiling codspeed-criterion-compat v4.1.0
[INFO] [stderr]    Compiling assert_cmd v2.1.1
[INFO] [stderr]    Compiling termtree v0.5.1
[INFO] [stderr]    Compiling criterion-plot v0.8.1
[INFO] [stderr]    Compiling predicates-tree v1.0.12
[INFO] [stderr]    Compiling assert_matches v1.5.0
[INFO] [stderr]    Compiling futures-util v0.3.31
[INFO] [stderr]    Compiling toml_datetime v0.6.11
[INFO] [stderr]    Compiling serde_spanned v0.6.9
[INFO] [stderr]    Compiling serde_urlencoded v0.7.1
[INFO] [stderr]    Compiling ecow v0.2.6
[INFO] [stderr]    Compiling url v2.5.7
[INFO] [stderr]    Compiling toml_edit v0.22.27
[INFO] [stderr]    Compiling tinytemplate v1.2.1
[INFO] [stderr]    Compiling parking_lot_core v0.9.12
[INFO] [stderr]    Compiling mio v1.1.0
[INFO] [stderr]    Compiling socket2 v0.6.1
[INFO] [stderr]    Compiling openssl-sys v0.9.110
[INFO] [stderr]    Compiling is-terminal v0.4.17
[INFO] [stderr]    Compiling getrandom v0.2.16
[INFO] [stderr]    Compiling console v0.15.11
[INFO] [stderr]    Compiling wait-timeout v0.2.1
[INFO] [stderr]    Compiling getrandom v0.3.4
[INFO] [stderr]    Compiling page_size v0.6.0
[INFO] [stderr]    Compiling parking_lot v0.12.5
[INFO] [stderr]    Compiling tokio v1.48.0
[INFO] [stderr]    Compiling string_cache v0.8.9
[INFO] [stderr]    Compiling terminal_size v0.4.3
[INFO] [stderr]    Compiling clap_builder v4.5.53
[INFO] [stderr]    Compiling web_atoms v0.1.3
[INFO] [stderr]    Compiling typst-timing v0.14.0
[INFO] [stderr]    Compiling tempfile v3.23.0
[INFO] [stderr]    Compiling half v2.7.1
[INFO] [stderr]    Compiling openssl v0.10.74
[INFO] [stderr]    Compiling markup5ever v0.35.0
[INFO] [stderr]    Compiling ciborium-ll v0.2.2
[INFO] [stderr]    Compiling html5ever v0.35.0
[INFO] [stderr]    Compiling ciborium v0.2.2
[INFO] [stderr]    Compiling toml v0.8.23
[INFO] [stderr]    Compiling regex v1.12.2
[INFO] [stderr]    Compiling futures-executor v0.3.31
[INFO] [stderr]    Compiling typst-syntax v0.14.0
[INFO] [stderr]    Compiling bstr v1.12.1
[INFO] [stderr]    Compiling futures v0.3.31
[INFO] [stderr]    Compiling env_logger v0.10.2
[INFO] [stderr]    Compiling predicates v3.1.3
[INFO] [stderr]    Compiling scraper v0.24.0
[INFO] [stderr]    Compiling insta v1.44.3
[INFO] [stderr]    Compiling pretty_env_logger v0.5.0
[INFO] [stderr]    Compiling clap v4.5.53
[INFO] [stderr]    Compiling clap-verbosity-flag v3.0.4
[INFO] [stderr]    Compiling codspeed-criterion-compat-walltime v4.1.0
[INFO] [stderr]    Compiling criterion v0.8.1
[INFO] [stderr]    Compiling hyper v1.7.0
[INFO] [stderr]    Compiling native-tls v0.2.14
[INFO] [stderr]    Compiling tower v0.5.2
[INFO] [stderr]    Compiling tokio-native-tls v0.3.1
[INFO] [stderr]    Compiling tower-http v0.6.6
[INFO] [stderr]    Compiling hyper-util v0.1.17
[INFO] [stderr]    Compiling hyper-tls v0.6.0
[INFO] [stderr]    Compiling reqwest v0.12.24
[INFO] [stderr]    Compiling languagetool-rust v3.0.1 (/opt/rustwide/workdir)
[INFO] [stderr]     Finished `release` profile [optimized] target(s) in 2m 01s
[INFO] [stderr] warning: the following packages contain code that will be rejected by a future version of Rust: nix v0.30.1
[INFO] [stderr] note: to see what the problems were, use the option `--future-incompat-report`, or run `cargo report future-incompatibilities --id 6`
[INFO] running `Command { std: "docker" "inspect" "30a054d181b11384363b81568c0ad92f96a8ec5f790b7e38d96eda8a66125070", kill_on_drop: false }`
[INFO] running `Command { std: "docker" "exec" "-e" "SOURCE_DIR=/opt/rustwide/workdir" "-e" "CARGO_HOME=/opt/rustwide/cargo-home" "-e" "RUSTUP_HOME=/opt/rustwide/rustup-home" "-e" "CARGO_TARGET_DIR=/opt/rustwide/target" "-e" "CARGO_INCREMENTAL=0" "-e" "RUST_BACKTRACE=full" "-e" "RUSTFLAGS=--cap-lints=warn" "-e" "RUSTDOCFLAGS=--cap-lints=warn" "-w" "/opt/rustwide/workdir" "--user" "0:0" "30a054d181b11384363b81568c0ad92f96a8ec5f790b7e38d96eda8a66125070" "/opt/rustwide/cargo-home/bin/cargo" "+1.100.0-beta.1" "test" "--frozen" "--release", kill_on_drop: false }`
[INFO] [stderr]     Finished `release` profile [optimized] target(s) in 0.57s
[INFO] [stderr] warning: the following packages contain code that will be rejected by a future version of Rust: nix v0.30.1
[INFO] [stderr] note: to see what the problems were, use the option `--future-incompat-report`, or run `cargo report future-incompatibilities --id 6`
[INFO] [stderr]      Running unittests src/lib.rs (/opt/rustwide/target/release/build/languagetool-rust/7023b0af37d0a641/out/languagetool_rust-7023b0af37d0a641)
[INFO] [stdout] 
[INFO] [stdout] running 26 tests
[INFO] [stdout] test api::check::data_annotations::data_annotation_tests::test_text ... ok
[INFO] [stdout] test api::check::requests::tests::test_with_text ... ok
[INFO] [stdout] test api::check::tests::test_serialize_option_vec_string ... ok
[INFO] [stdout] test api::check::requests::tests::test_with_data ... ok
[INFO] [stdout] test api::check::data_annotations::data_annotation_tests::test_interpreted_markup ... ok
[INFO] [stdout] test api::check::data_annotations::tests::test_data_annotation ... ok
[INFO] [stdout] test api::check::requests::tests::test_with_language ... ok
[INFO] [stdout] test cli::tests::test_cli ... ok
[INFO] [stdout] test api::check::data_annotations::tests::test_try_get_text ... ok
[INFO] [stdout] test cli::tests::test_cli_from_build_cli ... ok
[INFO] [stdout] test error::tests::test_error_json ... ok
[INFO] [stdout] test error::tests::test_error_cli ... ok
[INFO] [stdout] test error::tests::test_error_invalid_request ... ok
[INFO] [stdout] test error::tests::test_error_invalid_value ... ok
[INFO] [stdout] test error::tests::test_error_io ... ok
[INFO] [stdout] test api::check::requests::tests::test_with_data_str ... ok
[INFO] [stdout] test api::check::data_annotations::data_annotation_tests::test_markup ... ok
[INFO] [stdout] test api::server::tests::test_server_check_multiple_and_join ... FAILED
[INFO] [stdout] test api::server::tests::test_server_check_text ... FAILED
[INFO] [stdout] test api::server::tests::test_server_check_multiple_and_join_without_context ... FAILED
[INFO] [stdout] test cli::check::test::test_read_from_stdin ... ok
[INFO] [stdout] test api::server::tests::test_server_annotate ... FAILED
[INFO] [stdout] test api::server::tests::test_server_languages ... FAILED
[INFO] [stdout] test api::server::tests::test_server_ping ... FAILED
[INFO] [stdout] test api::server::tests::test_server_check_data ... FAILED
[INFO] [stdout] test error::tests::test_error_reqwest ... ok
[INFO] [stdout] 
[INFO] [stdout] failures:
[INFO] [stdout] 
[INFO] [stdout] ---- api::server::tests::test_server_check_multiple_and_join stdout ----
[INFO] [stdout] 
[INFO] [stdout] thread 'api::server::tests::test_server_check_multiple_and_join' (4418) panicked at src/api/server.rs:688:67:
[INFO] [stdout] called `Result::unwrap()` on an `Err` value: Reqwest(reqwest::Error { kind: Request, url: "http://localhost:8010/v2/check", source: hyper_util::client::legacy::Error(Connect, ConnectError("tcp connect error", 127.0.0.1:8010, Os { code: 111, kind: ConnectionRefused, message: "Connection refused" })) })
[INFO] [stdout] stack backtrace:
[INFO] [stdout]    0:     0x58516b67e1b1 - <<std[617be2ca0a6fd877]::sys::backtrace::BacktraceLock>::print::DisplayBacktrace as core[a373ad73a504971]::fmt::Display>::fmt
[INFO] [stdout]    1:     0x58516b6943ca - core[a373ad73a504971]::fmt::write
[INFO] [stdout]    2:     0x58516b682afc - <alloc[2e1b2a31b91974c5]::vec::Vec<u8> as core[a373ad73a504971]::io::write::Write>::write_fmt
[INFO] [stdout]    3:     0x58516b6589e6 - std[617be2ca0a6fd877]::panicking::default_hook::{closure#0}
[INFO] [stdout]    4:     0x58516b675c49 - std[617be2ca0a6fd877]::panicking::default_hook
[INFO] [stdout]    5:     0x58516b4da9f0 - test[aada8e7e76ba119b]::test_main_inner::{closure#0}
[INFO] [stdout]    6:     0x58516b675f72 - std[617be2ca0a6fd877]::panicking::panic_with_hook
[INFO] [stdout]    7:     0x58516b658a92 - std[617be2ca0a6fd877]::panicking::panic_handler::{closure#0}
[INFO] [stdout]    8:     0x58516b6514b9 - std[617be2ca0a6fd877]::sys::backtrace::__rust_end_short_backtrace::<std[617be2ca0a6fd877]::panicking::panic_handler::{closure#0}, !>
[INFO] [stdout]    9:     0x58516b65990d - __rustc[ea4f61d10b84890b]::rust_begin_unwind
[INFO] [stdout]   10:     0x58516b694b2c - core[a373ad73a504971]::panicking::panic_fmt
[INFO] [stdout]   11:     0x58516b694902 - core[a373ad73a504971]::result::unwrap_failed
[INFO] [stdout]   12:     0x58516b47d519 - languagetool_rust[86a7576e8cc1327e]::api::server::tests::test_server_check_multiple_and_join::{closure#0}
[INFO] [stdout]   13:     0x58516b4a74d3 - <tokio[10f08769070afbde]::runtime::scheduler::current_thread::Context>::enter::<core[a373ad73a504971]::task::poll::Poll<()>, <tokio[10f08769070afbde]::runtime::scheduler::current_thread::CoreGuard>::block_on<core[a373ad73a504971]::pin::Pin<&mut core[a373ad73a504971]::pin::Pin<&mut dyn core[a373ad73a504971]::future::future::Future<Output = ()>>>>::{closure#0}::{closure#0}>
[INFO] [stdout]   14:     0x58516b4c7b6c - <tokio[10f08769070afbde]::runtime::context::scoped::Scoped<tokio[10f08769070afbde]::runtime::scheduler::Context>>::set::<<tokio[10f08769070afbde]::runtime::scheduler::current_thread::CoreGuard>::enter<<tokio[10f08769070afbde]::runtime::scheduler::current_thread::CoreGuard>::block_on<core[a373ad73a504971]::pin::Pin<&mut core[a373ad73a504971]::pin::Pin<&mut dyn core[a373ad73a504971]::future::future::Future<Output = ()>>>>::{closure#0}, core[a373ad73a504971]::option::Option<()>>::{closure#0}, (alloc[2e1b2a31b91974c5]::boxed::Box<tokio[10f08769070afbde]::runtime::scheduler::current_thread::Core>, core[a373ad73a504971]::option::Option<()>)>
[INFO] [stdout]   15:     0x58516b4a6f7f - <tokio[10f08769070afbde]::runtime::scheduler::current_thread::CurrentThread>::block_on::<core[a373ad73a504971]::pin::Pin<&mut dyn core[a373ad73a504971]::future::future::Future<Output = ()>>>
[INFO] [stdout]   16:     0x58516b49d302 - <tokio[10f08769070afbde]::runtime::runtime::Runtime>::block_on::<core[a373ad73a504971]::pin::Pin<&mut dyn core[a373ad73a504971]::future::future::Future<Output = ()>>>
[INFO] [stdout]   17:     0x58516b47edfe - <languagetool_rust[86a7576e8cc1327e]::api::server::tests::test_server_check_multiple_and_join::{closure#0} as core[a373ad73a504971]::ops::function::FnOnce<()>>::call_once
[INFO] [stdout]   18:     0x58516b4cde3b - test[aada8e7e76ba119b]::__rust_begin_short_backtrace::<core[a373ad73a504971]::result::Result<(), alloc[2e1b2a31b91974c5]::string::String>, fn() -> core[a373ad73a504971]::result::Result<(), alloc[2e1b2a31b91974c5]::string::String>>
[INFO] [stdout]   19:     0x58516b4db015 - test[aada8e7e76ba119b]::run_test::{closure#0}
[INFO] [stdout]   20:     0x58516b4d4904 - std[617be2ca0a6fd877]::sys::backtrace::__rust_begin_short_backtrace::<test[aada8e7e76ba119b]::run_test::{closure#1}, ()>
[INFO] [stdout]   21:     0x58516b4de0a2 - <std[617be2ca0a6fd877]::thread::lifecycle::spawn_unchecked<test[aada8e7e76ba119b]::run_test::{closure#1}, ()>::{closure#1} as core[a373ad73a504971]::ops::function::FnOnce<()>>::call_once::{shim:vtable#0}
[INFO] [stdout]   22:     0x58516b67d2ff - <std[617be2ca0a6fd877]::sys::thread::unix::Thread>::new::thread_start
[INFO] [stdout]   23:     0x70074b657dfa - <unknown>
[INFO] [stdout]   24:     0x70074b6eb3d4 - clone
[INFO] [stdout]   25:                0x0 - <unknown>
[INFO] [stdout] 
[INFO] [stdout] ---- api::server::tests::test_server_check_text stdout ----
[INFO] [stdout] 
[INFO] [stdout] thread 'api::server::tests::test_server_check_text' (4420) panicked at src/api/server.rs:654:9:
[INFO] [stdout] assertion failed: client.check(&req).await.is_ok()
[INFO] [stdout] stack backtrace:
[INFO] [stdout]    0:     0x58516b67e1b1 - <<std[617be2ca0a6fd877]::sys::backtrace::BacktraceLock>::print::DisplayBacktrace as core[a373ad73a504971]::fmt::Display>::fmt
[INFO] [stdout]    1:     0x58516b6943ca - core[a373ad73a504971]::fmt::write
[INFO] [stdout]    2:     0x58516b682afc - <alloc[2e1b2a31b91974c5]::vec::Vec<u8> as core[a373ad73a504971]::io::write::Write>::write_fmt
[INFO] [stdout]    3:     0x58516b6589e6 - std[617be2ca0a6fd877]::panicking::default_hook::{closure#0}
[INFO] [stdout]    4:     0x58516b675c49 - std[617be2ca0a6fd877]::panicking::default_hook
[INFO] [stdout]    5:     0x58516b4da9f0 - test[aada8e7e76ba119b]::test_main_inner::{closure#0}
[INFO] [stdout]    6:     0x58516b675f72 - std[617be2ca0a6fd877]::panicking::panic_with_hook
[INFO] [stdout]    7:     0x58516b658ac4 - std[617be2ca0a6fd877]::panicking::panic_handler::{closure#0}
[INFO] [stdout]    8:     0x58516b6514b9 - std[617be2ca0a6fd877]::sys::backtrace::__rust_end_short_backtrace::<std[617be2ca0a6fd877]::panicking::panic_handler::{closure#0}, !>
[INFO] [stdout]    9:     0x58516b65990d - __rustc[ea4f61d10b84890b]::rust_begin_unwind
[INFO] [stdout]   10:     0x58516b694b2c - core[a373ad73a504971]::panicking::panic_fmt
[INFO] [stdout]   11:     0x58516b694af2 - core[a373ad73a504971]::panicking::panic
[INFO] [stdout]   12:     0x58516b47cbb2 - languagetool_rust[86a7576e8cc1327e]::api::server::tests::test_server_check_text::{closure#0}
[INFO] [stdout]   13:     0x58516b4a74d3 - <tokio[10f08769070afbde]::runtime::scheduler::current_thread::Context>::enter::<core[a373ad73a504971]::task::poll::Poll<()>, <tokio[10f08769070afbde]::runtime::scheduler::current_thread::CoreGuard>::block_on<core[a373ad73a504971]::pin::Pin<&mut core[a373ad73a504971]::pin::Pin<&mut dyn core[a373ad73a504971]::future::future::Future<Output = ()>>>>::{closure#0}::{closure#0}>
[INFO] [stdout]   14:     0x58516b4c7b6c - <tokio[10f08769070afbde]::runtime::context::scoped::Scoped<tokio[10f08769070afbde]::runtime::scheduler::Context>>::set::<<tokio[10f08769070afbde]::runtime::scheduler::current_thread::CoreGuard>::enter<<tokio[10f08769070afbde]::runtime::scheduler::current_thread::CoreGuard>::block_on<core[a373ad73a504971]::pin::Pin<&mut core[a373ad73a504971]::pin::Pin<&mut dyn core[a373ad73a504971]::future::future::Future<Output = ()>>>>::{closure#0}, core[a373ad73a504971]::option::Option<()>>::{closure#0}, (alloc[2e1b2a31b91974c5]::boxed::Box<tokio[10f08769070afbde]::runtime::scheduler::current_thread::Core>, core[a373ad73a504971]::option::Option<()>)>
[INFO] [stdout]   15:     0x58516b4a6f7f - <tokio[10f08769070afbde]::runtime::scheduler::current_thread::CurrentThread>::block_on::<core[a373ad73a504971]::pin::Pin<&mut dyn core[a373ad73a504971]::future::future::Future<Output = ()>>>
[INFO] [stdout]   16:     0x58516b49d302 - <tokio[10f08769070afbde]::runtime::runtime::Runtime>::block_on::<core[a373ad73a504971]::pin::Pin<&mut dyn core[a373ad73a504971]::future::future::Future<Output = ()>>>
[INFO] [stdout]   17:     0x58516b47ec9e - <languagetool_rust[86a7576e8cc1327e]::api::server::tests::test_server_check_text::{closure#0} as core[a373ad73a504971]::ops::function::FnOnce<()>>::call_once
[INFO] [stdout]   18:     0x58516b4cde3b - test[aada8e7e76ba119b]::__rust_begin_short_backtrace::<core[a373ad73a504971]::result::Result<(), alloc[2e1b2a31b91974c5]::string::String>, fn() -> core[a373ad73a504971]::result::Result<(), alloc[2e1b2a31b91974c5]::string::String>>
[INFO] [stdout]   19:     0x58516b4db015 - test[aada8e7e76ba119b]::run_test::{closure#0}
[INFO] [stdout]   20:     0x58516b4d4904 - std[617be2ca0a6fd877]::sys::backtrace::__rust_begin_short_backtrace::<test[aada8e7e76ba119b]::run_test::{closure#1}, ()>
[INFO] [stdout]   21:     0x58516b4de0a2 - <std[617be2ca0a6fd877]::thread::lifecycle::spawn_unchecked<test[aada8e7e76ba119b]::run_test::{closure#1}, ()>::{closure#1} as core[a373ad73a504971]::ops::function::FnOnce<()>>::call_once::{shim:vtable#0}
[INFO] [stdout]   22:     0x58516b67d2ff - <std[617be2ca0a6fd877]::sys::thread::unix::Thread>::new::thread_start
[INFO] [stdout]   23:     0x70074b657dfa - <unknown>
[INFO] [stdout]   24:     0x70074b6eb3d4 - clone
[INFO] [stdout]   25:                0x0 - <unknown>
[INFO] [stdout] 
[INFO] [stdout] ---- api::server::tests::test_server_check_multiple_and_join_without_context stdout ----
[INFO] [stdout] 
[INFO] [stdout] thread 'api::server::tests::test_server_check_multiple_and_join_without_context' (4419) panicked at src/api/server.rs:718:14:
[INFO] [stdout] called `Result::unwrap()` on an `Err` value: Reqwest(reqwest::Error { kind: Request, url: "http://localhost:8010/v2/check", source: hyper_util::client::legacy::Error(Connect, ConnectError("tcp connect error", 127.0.0.1:8010, Os { code: 111, kind: ConnectionRefused, message: "Connection refused" })) })
[INFO] [stdout] stack backtrace:
[INFO] [stdout]    0:     0x58516b67e1b1 - <<std[617be2ca0a6fd877]::sys::backtrace::BacktraceLock>::print::DisplayBacktrace as core[a373ad73a504971]::fmt::Display>::fmt
[INFO] [stdout]    1:     0x58516b6943ca - core[a373ad73a504971]::fmt::write
[INFO] [stdout]    2:     0x58516b682afc - <alloc[2e1b2a31b91974c5]::vec::Vec<u8> as core[a373ad73a504971]::io::write::Write>::write_fmt
[INFO] [stdout]    3:     0x58516b6589e6 - std[617be2ca0a6fd877]::panicking::default_hook::{closure#0}
[INFO] [stdout]    4:     0x58516b675c49 - std[617be2ca0a6fd877]::panicking::default_hook
[INFO] [stdout]    5:     0x58516b4da9f0 - test[aada8e7e76ba119b]::test_main_inner::{closure#0}
[INFO] [stdout]    6:     0x58516b675f72 - std[617be2ca0a6fd877]::panicking::panic_with_hook
[INFO] [stdout]    7:     0x58516b658a92 - std[617be2ca0a6fd877]::panicking::panic_handler::{closure#0}
[INFO] [stdout]    8:     0x58516b6514b9 - std[617be2ca0a6fd877]::sys::backtrace::__rust_end_short_backtrace::<std[617be2ca0a6fd877]::panicking::panic_handler::{closure#0}, !>
[INFO] [stdout]    9:     0x58516b65990d - __rustc[ea4f61d10b84890b]::rust_begin_unwind
[INFO] [stdout]   10:     0x58516b694b2c - core[a373ad73a504971]::panicking::panic_fmt
[INFO] [stdout]   11:     0x58516b694902 - core[a373ad73a504971]::result::unwrap_failed
[INFO] [stdout]   12:     0x58516b47e046 - languagetool_rust[86a7576e8cc1327e]::api::server::tests::test_server_check_multiple_and_join_without_context::{closure#0}
[INFO] [stdout]   13:     0x58516b4a74d3 - <tokio[10f08769070afbde]::runtime::scheduler::current_thread::Context>::enter::<core[a373ad73a504971]::task::poll::Poll<()>, <tokio[10f08769070afbde]::runtime::scheduler::current_thread::CoreGuard>::block_on<core[a373ad73a504971]::pin::Pin<&mut core[a373ad73a504971]::pin::Pin<&mut dyn core[a373ad73a504971]::future::future::Future<Output = ()>>>>::{closure#0}::{closure#0}>
[INFO] [stdout]   14:     0x58516b4c7b6c - <tokio[10f08769070afbde]::runtime::context::scoped::Scoped<tokio[10f08769070afbde]::runtime::scheduler::Context>>::set::<<tokio[10f08769070afbde]::runtime::scheduler::current_thread::CoreGuard>::enter<<tokio[10f08769070afbde]::runtime::scheduler::current_thread::CoreGuard>::block_on<core[a373ad73a504971]::pin::Pin<&mut core[a373ad73a504971]::pin::Pin<&mut dyn core[a373ad73a504971]::future::future::Future<Output = ()>>>>::{closure#0}, core[a373ad73a504971]::option::Option<()>>::{closure#0}, (alloc[2e1b2a31b91974c5]::boxed::Box<tokio[10f08769070afbde]::runtime::scheduler::current_thread::Core>, core[a373ad73a504971]::option::Option<()>)>
[INFO] [stdout]   15:     0x58516b4a6f7f - <tokio[10f08769070afbde]::runtime::scheduler::current_thread::CurrentThread>::block_on::<core[a373ad73a504971]::pin::Pin<&mut dyn core[a373ad73a504971]::future::future::Future<Output = ()>>>
[INFO] [stdout]   16:     0x58516b49d302 - <tokio[10f08769070afbde]::runtime::runtime::Runtime>::block_on::<core[a373ad73a504971]::pin::Pin<&mut dyn core[a373ad73a504971]::future::future::Future<Output = ()>>>
[INFO] [stdout]   17:     0x58516b47ef5e - <languagetool_rust[86a7576e8cc1327e]::api::server::tests::test_server_check_multiple_and_join_without_context::{closure#0} as core[a373ad73a504971]::ops::function::FnOnce<()>>::call_once
[INFO] [stdout]   18:     0x58516b4cde3b - test[aada8e7e76ba119b]::__rust_begin_short_backtrace::<core[a373ad73a504971]::result::Result<(), alloc[2e1b2a31b91974c5]::string::String>, fn() -> core[a373ad73a504971]::result::Result<(), alloc[2e1b2a31b91974c5]::string::String>>
[INFO] [stdout]   19:     0x58516b4db015 - test[aada8e7e76ba119b]::run_test::{closure#0}
[INFO] [stdout]   20:     0x58516b4d4904 - std[617be2ca0a6fd877]::sys::backtrace::__rust_begin_short_backtrace::<test[aada8e7e76ba119b]::run_test::{closure#1}, ()>
[INFO] [stdout]   21:     0x58516b4de0a2 - <std[617be2ca0a6fd877]::thread::lifecycle::spawn_unchecked<test[aada8e7e76ba119b]::run_test::{closure#1}, ()>::{closure#1} as core[a373ad73a504971]::ops::function::FnOnce<()>>::call_once::{shim:vtable#0}
[INFO] [stdout]   22:     0x58516b67d2ff - <std[617be2ca0a6fd877]::sys::thread::unix::Thread>::new::thread_start
[INFO] [stdout]   23:     0x70074b657dfa - <unknown>
[INFO] [stdout]   24:     0x70074b6eb3d4 - clone
[INFO] [stdout]   25:                0x0 - <unknown>
[INFO] [stdout] 
[INFO] [stdout] ---- api::server::tests::test_server_annotate stdout ----
[INFO] [stdout] 
[INFO] [stdout] thread 'api::server::tests::test_server_annotate' (4416) panicked at src/api/server.rs:750:14:
[INFO] [stdout] called `Result::unwrap()` on an `Err` value: Reqwest(reqwest::Error { kind: Request, url: "http://localhost:8010/v2/check", source: hyper_util::client::legacy::Error(Connect, ConnectError("tcp connect error", 127.0.0.1:8010, Os { code: 111, kind: ConnectionRefused, message: "Connection refused" })) })
[INFO] [stdout] stack backtrace:
[INFO] [stdout]    0:     0x58516b67e1b1 - <<std[617be2ca0a6fd877]::sys::backtrace::BacktraceLock>::print::DisplayBacktrace as core[a373ad73a504971]::fmt::Display>::fmt
[INFO] [stdout]    1:     0x58516b6943ca - core[a373ad73a504971]::fmt::write
[INFO] [stdout]    2:     0x58516b682afc - <alloc[2e1b2a31b91974c5]::vec::Vec<u8> as core[a373ad73a504971]::io::write::Write>::write_fmt
[INFO] [stdout]    3:     0x58516b6589e6 - std[617be2ca0a6fd877]::panicking::default_hook::{closure#0}
[INFO] [stdout]    4:     0x58516b675c49 - std[617be2ca0a6fd877]::panicking::default_hook
[INFO] [stdout]    5:     0x58516b4da9f0 - test[aada8e7e76ba119b]::test_main_inner::{closure#0}
[INFO] [stdout]    6:     0x58516b675f72 - std[617be2ca0a6fd877]::panicking::panic_with_hook
[INFO] [stdout]    7:     0x58516b658a92 - std[617be2ca0a6fd877]::panicking::panic_handler::{closure#0}
[INFO] [stdout]    8:     0x58516b6514b9 - std[617be2ca0a6fd877]::sys::backtrace::__rust_end_short_backtrace::<std[617be2ca0a6fd877]::panicking::panic_handler::{closure#0}, !>
[INFO] [stdout]    9:     0x58516b65990d - __rustc[ea4f61d10b84890b]::rust_begin_unwind
[INFO] [stdout]   10:     0x58516b694b2c - core[a373ad73a504971]::panicking::panic_fmt
[INFO] [stdout]   11:     0x58516b694902 - core[a373ad73a504971]::result::unwrap_failed
[INFO] [stdout]   12:     0x58516b47b108 - languagetool_rust[86a7576e8cc1327e]::api::server::tests::test_server_annotate::{closure#0}
[INFO] [stdout]   13:     0x58516b4a74d3 - <tokio[10f08769070afbde]::runtime::scheduler::current_thread::Context>::enter::<core[a373ad73a504971]::task::poll::Poll<()>, <tokio[10f08769070afbde]::runtime::scheduler::current_thread::CoreGuard>::block_on<core[a373ad73a504971]::pin::Pin<&mut core[a373ad73a504971]::pin::Pin<&mut dyn core[a373ad73a504971]::future::future::Future<Output = ()>>>>::{closure#0}::{closure#0}>
[INFO] [stdout]   14:     0x58516b4c7b6c - <tokio[10f08769070afbde]::runtime::context::scoped::Scoped<tokio[10f08769070afbde]::runtime::scheduler::Context>>::set::<<tokio[10f08769070afbde]::runtime::scheduler::current_thread::CoreGuard>::enter<<tokio[10f08769070afbde]::runtime::scheduler::current_thread::CoreGuard>::block_on<core[a373ad73a504971]::pin::Pin<&mut core[a373ad73a504971]::pin::Pin<&mut dyn core[a373ad73a504971]::future::future::Future<Output = ()>>>>::{closure#0}, core[a373ad73a504971]::option::Option<()>>::{closure#0}, (alloc[2e1b2a31b91974c5]::boxed::Box<tokio[10f08769070afbde]::runtime::scheduler::current_thread::Core>, core[a373ad73a504971]::option::Option<()>)>
[INFO] [stdout]   15:     0x58516b4a6f7f - <tokio[10f08769070afbde]::runtime::scheduler::current_thread::CurrentThread>::block_on::<core[a373ad73a504971]::pin::Pin<&mut dyn core[a373ad73a504971]::future::future::Future<Output = ()>>>
[INFO] [stdout]   16:     0x58516b49d302 - <tokio[10f08769070afbde]::runtime::runtime::Runtime>::block_on::<core[a373ad73a504971]::pin::Pin<&mut dyn core[a373ad73a504971]::future::future::Future<Output = ()>>>
[INFO] [stdout]   17:     0x58516b47e82e - <languagetool_rust[86a7576e8cc1327e]::api::server::tests::test_server_annotate::{closure#0} as core[a373ad73a504971]::ops::function::FnOnce<()>>::call_once
[INFO] [stdout]   18:     0x58516b4cde3b - test[aada8e7e76ba119b]::__rust_begin_short_backtrace::<core[a373ad73a504971]::result::Result<(), alloc[2e1b2a31b91974c5]::string::String>, fn() -> core[a373ad73a504971]::result::Result<(), alloc[2e1b2a31b91974c5]::string::String>>
[INFO] [stdout]   19:     0x58516b4db015 - test[aada8e7e76ba119b]::run_test::{closure#0}
[INFO] [stdout]   20:     0x58516b4d4904 - std[617be2ca0a6fd877]::sys::backtrace::__rust_begin_short_backtrace::<test[aada8e7e76ba119b]::run_test::{closure#1}, ()>
[INFO] [stdout]   21:     0x58516b4de0a2 - <std[617be2ca0a6fd877]::thread::lifecycle::spawn_unchecked<test[aada8e7e76ba119b]::run_test::{closure#1}, ()>::{closure#1} as core[a373ad73a504971]::ops::function::FnOnce<()>>::call_once::{shim:vtable#0}
[INFO] [stdout]   22:     0x58516b67d2ff - <std[617be2ca0a6fd877]::sys::thread::unix::Thread>::new::thread_start
[INFO] [stdout]   23:     0x70074b657dfa - <unknown>
[INFO] [stdout]   24:     0x70074b6eb3d4 - clone
[INFO] [stdout]   25:                0x0 - <unknown>
[INFO] [stdout] 
[INFO] [stdout] ---- api::server::tests::test_server_languages stdout ----
[INFO] [stdout] 
[INFO] [stdout] thread 'api::server::tests::test_server_languages' (4421) panicked at src/api/server.rs:772:9:
[INFO] [stdout] assertion failed: client.languages().await.is_ok()
[INFO] [stdout] stack backtrace:
[INFO] [stdout]    0:     0x58516b67e1b1 - <<std[617be2ca0a6fd877]::sys::backtrace::BacktraceLock>::print::DisplayBacktrace as core[a373ad73a504971]::fmt::Display>::fmt
[INFO] [stdout]    1:     0x58516b6943ca - core[a373ad73a504971]::fmt::write
[INFO] [stdout]    2:     0x58516b682afc - <alloc[2e1b2a31b91974c5]::vec::Vec<u8> as core[a373ad73a504971]::io::write::Write>::write_fmt
[INFO] [stdout]    3:     0x58516b6589e6 - std[617be2ca0a6fd877]::panicking::default_hook::{closure#0}
[INFO] [stdout]    4:     0x58516b675c49 - std[617be2ca0a6fd877]::panicking::default_hook
[INFO] [stdout]    5:     0x58516b4da9f0 - test[aada8e7e76ba119b]::test_main_inner::{closure#0}
[INFO] [stdout]    6:     0x58516b675f72 - std[617be2ca0a6fd877]::panicking::panic_with_hook
[INFO] [stdout]    7:     0x58516b658ac4 - std[617be2ca0a6fd877]::panicking::panic_handler::{closure#0}
[INFO] [stdout]    8:     0x58516b6514b9 - std[617be2ca0a6fd877]::sys::backtrace::__rust_end_short_backtrace::<std[617be2ca0a6fd877]::panicking::panic_handler::{closure#0}, !>
[INFO] [stdout]    9:     0x58516b65990d - __rustc[ea4f61d10b84890b]::rust_begin_unwind
[INFO] [stdout]   10:     0x58516b694b2c - core[a373ad73a504971]::panicking::panic_fmt
[INFO] [stdout]   11:     0x58516b694af2 - core[a373ad73a504971]::panicking::panic
[INFO] [stdout]   12:     0x58516b47baa9 - languagetool_rust[86a7576e8cc1327e]::api::server::tests::test_server_languages::{closure#0}
[INFO] [stdout]   13:     0x58516b4a74d3 - <tokio[10f08769070afbde]::runtime::scheduler::current_thread::Context>::enter::<core[a373ad73a504971]::task::poll::Poll<()>, <tokio[10f08769070afbde]::runtime::scheduler::current_thread::CoreGuard>::block_on<core[a373ad73a504971]::pin::Pin<&mut core[a373ad73a504971]::pin::Pin<&mut dyn core[a373ad73a504971]::future::future::Future<Output = ()>>>>::{closure#0}::{closure#0}>
[INFO] [stdout]   14:     0x58516b4c7b6c - <tokio[10f08769070afbde]::runtime::context::scoped::Scoped<tokio[10f08769070afbde]::runtime::scheduler::Context>>::set::<<tokio[10f08769070afbde]::runtime::scheduler::current_thread::CoreGuard>::enter<<tokio[10f08769070afbde]::runtime::scheduler::current_thread::CoreGuard>::block_on<core[a373ad73a504971]::pin::Pin<&mut core[a373ad73a504971]::pin::Pin<&mut dyn core[a373ad73a504971]::future::future::Future<Output = ()>>>>::{closure#0}, core[a373ad73a504971]::option::Option<()>>::{closure#0}, (alloc[2e1b2a31b91974c5]::boxed::Box<tokio[10f08769070afbde]::runtime::scheduler::current_thread::Core>, core[a373ad73a504971]::option::Option<()>)>
[INFO] [stdout]   15:     0x58516b4a6f7f - <tokio[10f08769070afbde]::runtime::scheduler::current_thread::CurrentThread>::block_on::<core[a373ad73a504971]::pin::Pin<&mut dyn core[a373ad73a504971]::future::future::Future<Output = ()>>>
[INFO] [stdout]   16:     0x58516b49d302 - <tokio[10f08769070afbde]::runtime::runtime::Runtime>::block_on::<core[a373ad73a504971]::pin::Pin<&mut dyn core[a373ad73a504971]::future::future::Future<Output = ()>>>
[INFO] [stdout]   17:     0x58516b47e98e - <languagetool_rust[86a7576e8cc1327e]::api::server::tests::test_server_languages::{closure#0} as core[a373ad73a504971]::ops::function::FnOnce<()>>::call_once
[INFO] [stdout]   18:     0x58516b4cde3b - test[aada8e7e76ba119b]::__rust_begin_short_backtrace::<core[a373ad73a504971]::result::Result<(), alloc[2e1b2a31b91974c5]::string::String>, fn() -> core[a373ad73a504971]::result::Result<(), alloc[2e1b2a31b91974c5]::string::String>>
[INFO] [stdout]   19:     0x58516b4db015 - test[aada8e7e76ba119b]::run_test::{closure#0}
[INFO] [stdout]   20:     0x58516b4d4904 - std[617be2ca0a6fd877]::sys::backtrace::__rust_begin_short_backtrace::<test[aada8e7e76ba119b]::run_test::{closure#1}, ()>
[INFO] [stdout]   21:     0x58516b4de0a2 - <std[617be2ca0a6fd877]::thread::lifecycle::spawn_unchecked<test[aada8e7e76ba119b]::run_test::{closure#1}, ()>::{closure#1} as core[a373ad73a504971]::ops::function::FnOnce<()>>::call_once::{shim:vtable#0}
[INFO] [stdout]   22:     0x58516b67d2ff - <std[617be2ca0a6fd877]::sys::thread::unix::Thread>::new::thread_start
[INFO] [stdout]   23:     0x70074b657dfa - <unknown>
[INFO] [stdout]   24:     0x70074b6eb3d4 - clone
[INFO] [stdout]   25:                0x0 - <unknown>
[INFO] [stdout] 
[INFO] [stdout] ---- api::server::tests::test_server_ping stdout ----
[INFO] [stdout] 
[INFO] [stdout] thread 'api::server::tests::test_server_ping' (4422) panicked at src/api/server.rs:641:9:
[INFO] [stdout] 
[INFO] [stdout] ----------------------------------------------------------------------------------------------
[INFO] [stdout] IMPORTANT: Please ensure that there is a local LanguageTool service running on port 8010.
[INFO] [stdout] ----------------------------------------------------------------------------------------------
[INFO] [stdout] 
[INFO] [stdout] stack backtrace:
[INFO] [stdout]    0:     0x58516b67e1b1 - <<std[617be2ca0a6fd877]::sys::backtrace::BacktraceLock>::print::DisplayBacktrace as core[a373ad73a504971]::fmt::Display>::fmt
[INFO] [stdout]    1:     0x58516b6943ca - core[a373ad73a504971]::fmt::write
[INFO] [stdout]    2:     0x58516b682afc - <alloc[2e1b2a31b91974c5]::vec::Vec<u8> as core[a373ad73a504971]::io::write::Write>::write_fmt
[INFO] [stdout]    3:     0x58516b6589e6 - std[617be2ca0a6fd877]::panicking::default_hook::{closure#0}
[INFO] [stdout]    4:     0x58516b675c49 - std[617be2ca0a6fd877]::panicking::default_hook
[INFO] [stdout]    5:     0x58516b4da9f0 - test[aada8e7e76ba119b]::test_main_inner::{closure#0}
[INFO] [stdout]    6:     0x58516b675f72 - std[617be2ca0a6fd877]::panicking::panic_with_hook
[INFO] [stdout]    7:     0x58516b658ac4 - std[617be2ca0a6fd877]::panicking::panic_handler::{closure#0}
[INFO] [stdout]    8:     0x58516b6514b9 - std[617be2ca0a6fd877]::sys::backtrace::__rust_end_short_backtrace::<std[617be2ca0a6fd877]::panicking::panic_handler::{closure#0}, !>
[INFO] [stdout]    9:     0x58516b65990d - __rustc[ea4f61d10b84890b]::rust_begin_unwind
[INFO] [stdout]   10:     0x58516b694b2c - core[a373ad73a504971]::panicking::panic_fmt
[INFO] [stdout]   11:     0x58516b47a658 - languagetool_rust[86a7576e8cc1327e]::api::server::tests::test_server_ping::{closure#0}
[INFO] [stdout]   12:     0x58516b4a74d3 - <tokio[10f08769070afbde]::runtime::scheduler::current_thread::Context>::enter::<core[a373ad73a504971]::task::poll::Poll<()>, <tokio[10f08769070afbde]::runtime::scheduler::current_thread::CoreGuard>::block_on<core[a373ad73a504971]::pin::Pin<&mut core[a373ad73a504971]::pin::Pin<&mut dyn core[a373ad73a504971]::future::future::Future<Output = ()>>>>::{closure#0}::{closure#0}>
[INFO] [stdout]   13:     0x58516b4c7b6c - <tokio[10f08769070afbde]::runtime::context::scoped::Scoped<tokio[10f08769070afbde]::runtime::scheduler::Context>>::set::<<tokio[10f08769070afbde]::runtime::scheduler::current_thread::CoreGuard>::enter<<tokio[10f08769070afbde]::runtime::scheduler::current_thread::CoreGuard>::block_on<core[a373ad73a504971]::pin::Pin<&mut core[a373ad73a504971]::pin::Pin<&mut dyn core[a373ad73a504971]::future::future::Future<Output = ()>>>>::{closure#0}, core[a373ad73a504971]::option::Option<()>>::{closure#0}, (alloc[2e1b2a31b91974c5]::boxed::Box<tokio[10f08769070afbde]::runtime::scheduler::current_thread::Core>, core[a373ad73a504971]::option::Option<()>)>
[INFO] [stdout]   14:     0x58516b4a6f7f - <tokio[10f08769070afbde]::runtime::scheduler::current_thread::CurrentThread>::block_on::<core[a373ad73a504971]::pin::Pin<&mut dyn core[a373ad73a504971]::future::future::Future<Output = ()>>>
[INFO] [stdout]   15:     0x58516b49d302 - <tokio[10f08769070afbde]::runtime::runtime::Runtime>::block_on::<core[a373ad73a504971]::pin::Pin<&mut dyn core[a373ad73a504971]::future::future::Future<Output = ()>>>
[INFO] [stdout]   16:     0x58516b47e67a - <languagetool_rust[86a7576e8cc1327e]::api::server::tests::test_server_ping::{closure#0} as core[a373ad73a504971]::ops::function::FnOnce<()>>::call_once
[INFO] [stdout]   17:     0x58516b4cde3b - test[aada8e7e76ba119b]::__rust_begin_short_backtrace::<core[a373ad73a504971]::result::Result<(), alloc[2e1b2a31b91974c5]::string::String>, fn() -> core[a373ad73a504971]::result::Result<(), alloc[2e1b2a31b91974c5]::string::String>>
[INFO] [stdout]   18:     0x58516b4db015 - test[aada8e7e76ba119b]::run_test::{closure#0}
[INFO] [stdout]   19:     0x58516b4d4904 - std[617be2ca0a6fd877]::sys::backtrace::__rust_begin_short_backtrace::<test[aada8e7e76ba119b]::run_test::{closure#1}, ()>
[INFO] [stdout]   20:     0x58516b4de0a2 - <std[617be2ca0a6fd877]::thread::lifecycle::spawn_unchecked<test[aada8e7e76ba119b]::run_test::{closure#1}, ()>::{closure#1} as core[a373ad73a504971]::ops::function::FnOnce<()>>::call_once::{shim:vtable#0}
[INFO] [stdout]   21:     0x58516b67d2ff - <std[617be2ca0a6fd877]::sys::thread::unix::Thread>::new::thread_start
[INFO] [stdout]   22:     0x70074b657dfa - <unknown>
[INFO] [stdout]   23:     0x70074b6eb3d4 - clone
[INFO] [stdout]   24:                0x0 - <unknown>
[INFO] [stdout] 
[INFO] [stdout] ---- api::server::tests::test_server_check_data stdout ----
[INFO] [stdout] 
[INFO] [stdout] thread 'api::server::tests::test_server_check_data' (4417) panicked at src/api/server.rs:667:9:
[INFO] [stdout] assertion failed: client.check(&req).await.is_ok()
[INFO] [stdout] stack backtrace:
[INFO] [stdout]    0:     0x58516b67e1b1 - <<std[617be2ca0a6fd877]::sys::backtrace::BacktraceLock>::print::DisplayBacktrace as core[a373ad73a504971]::fmt::Display>::fmt
[INFO] [stdout]    1:     0x58516b6943ca - core[a373ad73a504971]::fmt::write
[INFO] [stdout]    2:     0x58516b682afc - <alloc[2e1b2a31b91974c5]::vec::Vec<u8> as core[a373ad73a504971]::io::write::Write>::write_fmt
[INFO] [stdout]    3:     0x58516b6589e6 - std[617be2ca0a6fd877]::panicking::default_hook::{closure#0}
[INFO] [stdout]    4:     0x58516b675c49 - std[617be2ca0a6fd877]::panicking::default_hook
[INFO] [stdout]    5:     0x58516b4da9f0 - test[aada8e7e76ba119b]::test_main_inner::{closure#0}
[INFO] [stdout]    6:     0x58516b675f72 - std[617be2ca0a6fd877]::panicking::panic_with_hook
[INFO] [stdout]    7:     0x58516b658ac4 - std[617be2ca0a6fd877]::panicking::panic_handler::{closure#0}
[INFO] [stdout]    8:     0x58516b6514b9 - std[617be2ca0a6fd877]::sys::backtrace::__rust_end_short_backtrace::<std[617be2ca0a6fd877]::panicking::panic_handler::{closure#0}, !>
[INFO] [stdout]    9:     0x58516b65990d - __rustc[ea4f61d10b84890b]::rust_begin_unwind
[INFO] [stdout]   10:     0x58516b694b2c - core[a373ad73a504971]::panicking::panic_fmt
[INFO] [stdout]   11:     0x58516b694af2 - core[a373ad73a504971]::panicking::panic
[INFO] [stdout]   12:     0x58516b47c39d - languagetool_rust[86a7576e8cc1327e]::api::server::tests::test_server_check_data::{closure#0}
[INFO] [stdout]   13:     0x58516b4a74d3 - <tokio[10f08769070afbde]::runtime::scheduler::current_thread::Context>::enter::<core[a373ad73a504971]::task::poll::Poll<()>, <tokio[10f08769070afbde]::runtime::scheduler::current_thread::CoreGuard>::block_on<core[a373ad73a504971]::pin::Pin<&mut core[a373ad73a504971]::pin::Pin<&mut dyn core[a373ad73a504971]::future::future::Future<Output = ()>>>>::{closure#0}::{closure#0}>
[INFO] [stdout]   14:     0x58516b4c7b6c - <tokio[10f08769070afbde]::runtime::context::scoped::Scoped<tokio[10f08769070afbde]::runtime::scheduler::Context>>::set::<<tokio[10f08769070afbde]::runtime::scheduler::current_thread::CoreGuard>::enter<<tokio[10f08769070afbde]::runtime::scheduler::current_thread::CoreGuard>::block_on<core[a373ad73a504971]::pin::Pin<&mut core[a373ad73a504971]::pin::Pin<&mut dyn core[a373ad73a504971]::future::future::Future<Output = ()>>>>::{closure#0}, core[a373ad73a504971]::option::Option<()>>::{closure#0}, (alloc[2e1b2a31b91974c5]::boxed::Box<tokio[10f08769070afbde]::runtime::scheduler::current_thread::Core>, core[a373ad73a504971]::option::Option<()>)>
[INFO] [stdout]   15:     0x58516b4a6f7f - <tokio[10f08769070afbde]::runtime::scheduler::current_thread::CurrentThread>::block_on::<core[a373ad73a504971]::pin::Pin<&mut dyn core[a373ad73a504971]::future::future::Future<Output = ()>>>
[INFO] [stdout]   16:     0x58516b49d302 - <tokio[10f08769070afbde]::runtime::runtime::Runtime>::block_on::<core[a373ad73a504971]::pin::Pin<&mut dyn core[a373ad73a504971]::future::future::Future<Output = ()>>>
[INFO] [stdout]   17:     0x58516b47eb3e - <languagetool_rust[86a7576e8cc1327e]::api::server::tests::test_server_check_data::{closure#0} as core[a373ad73a504971]::ops::function::FnOnce<()>>::call_once
[INFO] [stdout]   18:     0x58516b4cde3b - test[aada8e7e76ba119b]::__rust_begin_short_backtrace::<core[a373ad73a504971]::result::Result<(), alloc[2e1b2a31b91974c5]::string::String>, fn() -> core[a373ad73a504971]::result::Result<(), alloc[2e1b2a31b91974c5]::string::String>>
[INFO] [stdout]   19:     0x58516b4db015 - test[aada8e7e76ba119b]::run_test::{closure#0}
[INFO] [stdout]   20:     0x58516b4d4904 - std[617be2ca0a6fd877]::sys::backtrace::__rust_begin_short_backtrace::<test[aada8e7e76ba119b]::run_test::{closure#1}, ()>
[INFO] [stdout]   21:     0x58516b4de0a2 - <std[617be2ca0a6fd877]::thread::lifecycle::spawn_unchecked<test[aada8e7e76ba119b]::run_test::{closure#1}, ()>::{closure#1} as core[a373ad73a504971]::ops::function::FnOnce<()>>::call_once::{shim:vtable#0}
[INFO] [stdout]   22:     0x58516b67d2ff - <std[617be2ca0a6fd877]::sys::thread::unix::Thread>::new::thread_start
[INFO] [stdout]   23:     0x70074b657dfa - <unknown>
[INFO] [stdout]   24:     0x70074b6eb3d4 - clone
[INFO] [stdout]   25:                0x0 - <unknown>
[INFO] [stdout] 
[INFO] [stdout] 
[INFO] [stdout] failures:
[INFO] [stdout]     api::server::tests::test_server_annotate
[INFO] [stdout]     api::server::tests::test_server_check_data
[INFO] [stdout]     api::server::tests::test_server_check_multiple_and_join
[INFO] [stdout]     api::server::tests::test_server_check_multiple_and_join_without_context
[INFO] [stdout]     api::server::tests::test_server_check_text
[INFO] [stdout]     api::server::tests::test_server_languages
[INFO] [stdout]     api::server::tests::test_server_ping
[INFO] [stdout] 
[INFO] [stdout] test result: FAILED. 19 passed; 7 failed; 0 ignored; 0 measured; 0 filtered out; finished in 0.15s
[INFO] [stdout] 
[INFO] [stderr] error: test failed, to rerun pass `--lib`
[INFO] running `Command { std: "docker" "inspect" "30a054d181b11384363b81568c0ad92f96a8ec5f790b7e38d96eda8a66125070", kill_on_drop: false }`
[INFO] running `Command { std: "docker" "rm" "-f" "30a054d181b11384363b81568c0ad92f96a8ec5f790b7e38d96eda8a66125070", kill_on_drop: false }`
[INFO] [stdout] 30a054d181b11384363b81568c0ad92f96a8ec5f790b7e38d96eda8a66125070
