[INFO] fetching crate lang-unicodes 0.2.2...
[INFO] testing lang-unicodes-0.2.2 against 1.100.0-beta.1+cargoflags=--release for beta-release-1.100-2
[INFO] extracting crate lang-unicodes 0.2.2 into /workspace/builds/worker-4-tc2/source
[INFO] started tweaking crates.io crate lang-unicodes 0.2.2
[INFO] finished tweaking crates.io crate lang-unicodes 0.2.2
[INFO] tweaked toml for crates.io crate lang-unicodes 0.2.2 written to /workspace/builds/worker-4-tc2/source/Cargo.toml
[INFO] validating manifest of crates.io crate lang-unicodes 0.2.2 on toolchain 1.100.0-beta.1
[INFO] running `Command { std: CARGO_HOME="/workspace/cargo-home" RUSTUP_HOME="/workspace/rustup-home" "/workspace/cargo-home/bin/cargo" "+1.100.0-beta.1" "metadata" "--manifest-path" "Cargo.toml" "--no-deps", kill_on_drop: false }`
[INFO] crate crates.io crate lang-unicodes 0.2.2 already has a lockfile, it will not be regenerated
[INFO] running `Command { std: CARGO_HOME="/workspace/cargo-home" RUSTUP_HOME="/workspace/rustup-home" "/workspace/cargo-home/bin/cargo" "+1.100.0-beta.1" "fetch" "--manifest-path" "Cargo.toml", kill_on_drop: false }`
[INFO] [stderr] warning: unused build dependency `cn-font-utils`
[INFO] [stderr]  --> Cargo.toml:1:21
[INFO] [stderr]   |
[INFO] [stderr] 1 | [build-dependencies.cn-font-utils]
[INFO] [stderr]   |                     ^^^^^^^^^^^^^^
[INFO] [stderr]   |
[INFO] [stderr]   = note: `cargo::unused_dependencies` is set to `warn` by default
[INFO] [stderr] help: consider removing the dependency on `cn-font-utils`
[INFO] [stderr] warning: unused build dependency `lazy_static`
[INFO] [stderr]  --> Cargo.toml:4:21
[INFO] [stderr]   |
[INFO] [stderr] 4 | [build-dependencies.lazy_static]
[INFO] [stderr]   |                     ^^^^^^^^^^^^
[INFO] [stderr]   |
[INFO] [stderr] help: consider removing the dependency on `lazy_static`
[INFO] [stderr] warning: unused build dependency `opencc-rs`
[INFO] [stderr]  --> Cargo.toml:8:21
[INFO] [stderr]   |
[INFO] [stderr] 8 | [build-dependencies.opencc-rs]
[INFO] [stderr]   |                     ^^^^^^^^^^
[INFO] [stderr]   |
[INFO] [stderr] help: consider removing the dependency on `opencc-rs`
[INFO] [stderr] warning: unused build dependency `regex`
[INFO] [stderr]   --> Cargo.toml:12:21
[INFO] [stderr]    |
[INFO] [stderr] 12 | [build-dependencies.regex]
[INFO] [stderr]    |                     ^^^^^^
[INFO] [stderr]    |
[INFO] [stderr] help: consider removing the dependency on `regex`
[INFO] [stderr] warning: `lang-unicodes` (manifest) generated 4 warnings
[INFO] running `Command { std: "docker" "create" "-v" "/var/lib/crater-agent-workspace/builds/worker-4-tc2/source:/opt/rustwide/workdir:ro,Z" "-v" "/var/lib/crater-agent-workspace/builds/worker-4-tc2/target:/opt/rustwide/target:rw,Z" "-v" "/var/lib/crater-agent-workspace/cargo-home:/opt/rustwide/cargo-home:ro,Z" "-v" "/var/lib/crater-agent-workspace/rustup-home:/opt/rustwide/rustup-home:ro,Z" "-m" "1610612736" "--network" "none" "ghcr.io/rust-lang/crates-build-env/linux@sha256:77db811e55d90add9212f6832c23229e3de5f1c1f9905e8cb07319ea15df73ac" "sleep" "infinity", kill_on_drop: false }`
[INFO] [stdout] fba2b2b85f77de218f8666607f717018c6fc82e98cf2cb9f770cf677a974840b
[INFO] running `Command { std: "docker" "start" "fba2b2b85f77de218f8666607f717018c6fc82e98cf2cb9f770cf677a974840b", kill_on_drop: false }`
[INFO] running `Command { std: "docker" "inspect" "fba2b2b85f77de218f8666607f717018c6fc82e98cf2cb9f770cf677a974840b", kill_on_drop: false }`
[INFO] running `Command { std: "docker" "exec" "-e" "SOURCE_DIR=/opt/rustwide/workdir" "-e" "CARGO_HOME=/opt/rustwide/cargo-home" "-e" "RUSTUP_HOME=/opt/rustwide/rustup-home" "-e" "CARGO_TARGET_DIR=/opt/rustwide/target" "-w" "/opt/rustwide/workdir" "--user" "0:0" "fba2b2b85f77de218f8666607f717018c6fc82e98cf2cb9f770cf677a974840b" "/opt/rustwide/cargo-home/bin/cargo" "+1.100.0-beta.1" "metadata" "--no-deps" "--format-version=1", kill_on_drop: false }`
[INFO] running `Command { std: "docker" "inspect" "fba2b2b85f77de218f8666607f717018c6fc82e98cf2cb9f770cf677a974840b", kill_on_drop: false }`
[INFO] running `Command { std: "docker" "exec" "-e" "SOURCE_DIR=/opt/rustwide/workdir" "-e" "CARGO_HOME=/opt/rustwide/cargo-home" "-e" "RUSTUP_HOME=/opt/rustwide/rustup-home" "-e" "CARGO_TARGET_DIR=/opt/rustwide/target" "-e" "CARGO_INCREMENTAL=0" "-e" "RUST_BACKTRACE=full" "-e" "RUSTFLAGS=--cap-lints=warn" "-e" "RUSTDOCFLAGS=--cap-lints=warn" "-w" "/opt/rustwide/workdir" "--user" "0:0" "fba2b2b85f77de218f8666607f717018c6fc82e98cf2cb9f770cf677a974840b" "/opt/rustwide/cargo-home/bin/cargo" "+1.100.0-beta.1" "build" "--frozen" "--message-format=json" "--release", kill_on_drop: false }`
[INFO] [stderr] warning: unused build dependency `cn-font-utils`
[INFO] [stderr]  --> Cargo.toml:1:21
[INFO] [stderr]   |
[INFO] [stderr] 1 | [build-dependencies.cn-font-utils]
[INFO] [stderr]   |                     ^^^^^^^^^^^^^^
[INFO] [stderr]   |
[INFO] [stderr]   = note: `cargo::unused_dependencies` is set to `warn` by default
[INFO] [stderr] help: consider removing the dependency on `cn-font-utils`
[INFO] [stderr] warning: unused build dependency `lazy_static`
[INFO] [stderr]  --> Cargo.toml:4:21
[INFO] [stderr]   |
[INFO] [stderr] 4 | [build-dependencies.lazy_static]
[INFO] [stderr]   |                     ^^^^^^^^^^^^
[INFO] [stderr]   |
[INFO] [stderr] help: consider removing the dependency on `lazy_static`
[INFO] [stderr] warning: unused build dependency `opencc-rs`
[INFO] [stderr]  --> Cargo.toml:8:21
[INFO] [stderr]   |
[INFO] [stderr] 8 | [build-dependencies.opencc-rs]
[INFO] [stderr]   |                     ^^^^^^^^^^
[INFO] [stderr]   |
[INFO] [stderr] help: consider removing the dependency on `opencc-rs`
[INFO] [stderr] warning: unused build dependency `regex`
[INFO] [stderr]   --> Cargo.toml:12:21
[INFO] [stderr]    |
[INFO] [stderr] 12 | [build-dependencies.regex]
[INFO] [stderr]    |                     ^^^^^^
[INFO] [stderr]    |
[INFO] [stderr] help: consider removing the dependency on `regex`
[INFO] [stderr] warning: `lang-unicodes` (manifest) generated 4 warnings
[INFO] [stderr]    Compiling cn-font-utils v0.2.0
[INFO] [stderr]    Compiling lang-unicodes v0.2.2 (/opt/rustwide/workdir)
[INFO] [stderr]     Finished `release` profile [optimized] target(s) in 0.84s
[INFO] running `Command { std: "docker" "inspect" "fba2b2b85f77de218f8666607f717018c6fc82e98cf2cb9f770cf677a974840b", kill_on_drop: false }`
[INFO] running `Command { std: "docker" "exec" "-e" "SOURCE_DIR=/opt/rustwide/workdir" "-e" "CARGO_HOME=/opt/rustwide/cargo-home" "-e" "RUSTUP_HOME=/opt/rustwide/rustup-home" "-e" "CARGO_TARGET_DIR=/opt/rustwide/target" "-e" "CARGO_INCREMENTAL=0" "-e" "RUST_BACKTRACE=full" "-e" "RUSTFLAGS=--cap-lints=warn" "-e" "RUSTDOCFLAGS=--cap-lints=warn" "-w" "/opt/rustwide/workdir" "--user" "0:0" "fba2b2b85f77de218f8666607f717018c6fc82e98cf2cb9f770cf677a974840b" "/opt/rustwide/cargo-home/bin/cargo" "+1.100.0-beta.1" "test" "--frozen" "--no-run" "--message-format=json" "--release", kill_on_drop: false }`
[INFO] [stderr] warning: unused build dependency `cn-font-utils`
[INFO] [stderr]  --> Cargo.toml:1:21
[INFO] [stderr]   |
[INFO] [stderr] 1 | [build-dependencies.cn-font-utils]
[INFO] [stderr]   |                     ^^^^^^^^^^^^^^
[INFO] [stderr]   |
[INFO] [stderr]   = note: `cargo::unused_dependencies` is set to `warn` by default
[INFO] [stderr] help: consider removing the dependency on `cn-font-utils`
[INFO] [stderr] warning: unused build dependency `lazy_static`
[INFO] [stderr]  --> Cargo.toml:4:21
[INFO] [stderr]   |
[INFO] [stderr] 4 | [build-dependencies.lazy_static]
[INFO] [stderr]   |                     ^^^^^^^^^^^^
[INFO] [stderr]   |
[INFO] [stderr] help: consider removing the dependency on `lazy_static`
[INFO] [stderr] warning: unused build dependency `opencc-rs`
[INFO] [stderr]  --> Cargo.toml:8:21
[INFO] [stderr]   |
[INFO] [stderr] 8 | [build-dependencies.opencc-rs]
[INFO] [stderr]   |                     ^^^^^^^^^^
[INFO] [stderr]   |
[INFO] [stderr] help: consider removing the dependency on `opencc-rs`
[INFO] [stderr] warning: unused build dependency `regex`
[INFO] [stderr]   --> Cargo.toml:12:21
[INFO] [stderr]    |
[INFO] [stderr] 12 | [build-dependencies.regex]
[INFO] [stderr]    |                     ^^^^^^
[INFO] [stderr]    |
[INFO] [stderr] help: consider removing the dependency on `regex`
[INFO] [stderr] warning: `lang-unicodes` (manifest) generated 4 warnings
[INFO] [stderr]    Compiling lang-unicodes v0.2.2 (/opt/rustwide/workdir)
[INFO] [stderr]     Finished `release` profile [optimized] target(s) in 0.58s
[INFO] running `Command { std: "docker" "inspect" "fba2b2b85f77de218f8666607f717018c6fc82e98cf2cb9f770cf677a974840b", kill_on_drop: false }`
[INFO] running `Command { std: "docker" "exec" "-e" "SOURCE_DIR=/opt/rustwide/workdir" "-e" "CARGO_HOME=/opt/rustwide/cargo-home" "-e" "RUSTUP_HOME=/opt/rustwide/rustup-home" "-e" "CARGO_TARGET_DIR=/opt/rustwide/target" "-e" "CARGO_INCREMENTAL=0" "-e" "RUST_BACKTRACE=full" "-e" "RUSTFLAGS=--cap-lints=warn" "-e" "RUSTDOCFLAGS=--cap-lints=warn" "-w" "/opt/rustwide/workdir" "--user" "0:0" "fba2b2b85f77de218f8666607f717018c6fc82e98cf2cb9f770cf677a974840b" "/opt/rustwide/cargo-home/bin/cargo" "+1.100.0-beta.1" "test" "--frozen" "--release", kill_on_drop: false }`
[INFO] [stderr] warning: unused build dependency `cn-font-utils`
[INFO] [stderr]  --> Cargo.toml:1:21
[INFO] [stderr]   |
[INFO] [stderr] 1 | [build-dependencies.cn-font-utils]
[INFO] [stderr]   |                     ^^^^^^^^^^^^^^
[INFO] [stderr]   |
[INFO] [stderr]   = note: `cargo::unused_dependencies` is set to `warn` by default
[INFO] [stderr] help: consider removing the dependency on `cn-font-utils`
[INFO] [stderr] warning: unused build dependency `lazy_static`
[INFO] [stderr]  --> Cargo.toml:4:21
[INFO] [stderr]   |
[INFO] [stderr] 4 | [build-dependencies.lazy_static]
[INFO] [stderr]   |                     ^^^^^^^^^^^^
[INFO] [stderr]   |
[INFO] [stderr] help: consider removing the dependency on `lazy_static`
[INFO] [stderr] warning: unused build dependency `opencc-rs`
[INFO] [stderr]  --> Cargo.toml:8:21
[INFO] [stderr]   |
[INFO] [stderr] 8 | [build-dependencies.opencc-rs]
[INFO] [stderr]   |                     ^^^^^^^^^^
[INFO] [stderr]   |
[INFO] [stderr] help: consider removing the dependency on `opencc-rs`
[INFO] [stderr] warning: unused build dependency `regex`
[INFO] [stderr]   --> Cargo.toml:12:21
[INFO] [stderr]    |
[INFO] [stderr] 12 | [build-dependencies.regex]
[INFO] [stderr]    |                     ^^^^^^
[INFO] [stderr]    |
[INFO] [stderr] help: consider removing the dependency on `regex`
[INFO] [stderr] warning: `lang-unicodes` (manifest) generated 4 warnings
[INFO] [stderr]     Finished `release` profile [optimized] target(s) in 0.08s
[INFO] [stderr]      Running unittests src/lib.rs (/opt/rustwide/target/release/build/lang-unicodes/d66b47a173fd3bba/out/lang_unicodes-d66b47a173fd3bba)
[INFO] [stdout] 
[INFO] [stdout] running 2 tests
[INFO] [stderr]    Doc-tests lang_unicodes
[INFO] [stdout] test tests::test ... ok
[INFO] [stdout] test cjk_unicodes::tests::test ... ok
[INFO] [stdout] 
[INFO] [stdout] test result: ok. 2 passed; 0 failed; 0 ignored; 0 measured; 0 filtered out; finished in 0.00s
[INFO] [stdout] 
[INFO] [stdout] 
[INFO] [stdout] running 1 test
[INFO] [stdout] test src/lib.rs - LISU (line 12) ... FAILED
[INFO] [stdout] 
[INFO] [stdout] failures:
[INFO] [stdout] 
[INFO] [stdout] ---- src/lib.rs - LISU (line 12) stdout ----
[INFO] [stdout] error[E0425]: cannot find value `朝鲜文` in this scope
[INFO] [stdout]   --> src/lib.rs:13:3
[INFO] [stdout]    |
[INFO] [stdout] 13 | * 朝鲜文
[INFO] [stdout]    |   ^^^^^^ not found in this scope
[INFO] [stdout] 
[INFO] [stdout] error[E0425]: cannot find value `采用韩文的解析方式` in this scope
[INFO] [stdout]   --> src/lib.rs:14:3
[INFO] [stdout]    |
[INFO] [stdout] 14 | * 采用韩文的解析方式
[INFO] [stdout]    |   ^^^^^^^^^^^^^^^^^^ not found in this scope
[INFO] [stdout] 
[INFO] [stdout] error: aborting due to 2 previous errors
[INFO] [stdout] 
[INFO] [stdout] For more information about this error, try `rustc --explain E0425`.
[INFO] [stdout] Couldn't compile the test.
[INFO] [stdout] 
[INFO] [stdout] failures:
[INFO] [stdout]     src/lib.rs - LISU (line 12)
[INFO] [stdout] 
[INFO] [stdout] test result: FAILED. 0 passed; 1 failed; 0 ignored; 0 measured; 0 filtered out; finished in 0.08s
[INFO] [stdout] 
[INFO] [stderr] error: doctest failed, to rerun pass `--doc`
[INFO] running `Command { std: "docker" "inspect" "fba2b2b85f77de218f8666607f717018c6fc82e98cf2cb9f770cf677a974840b", kill_on_drop: false }`
[INFO] running `Command { std: "docker" "rm" "-f" "fba2b2b85f77de218f8666607f717018c6fc82e98cf2cb9f770cf677a974840b", kill_on_drop: false }`
[INFO] [stdout] fba2b2b85f77de218f8666607f717018c6fc82e98cf2cb9f770cf677a974840b
