[INFO] fetching crate landmark 0.1.0...
[INFO] testing landmark-0.1.0 against 1.100.0-beta.1+cargoflags=--release for beta-release-1.100-2
[INFO] extracting crate landmark 0.1.0 into /workspace/builds/worker-1-tc2/source
[INFO] started tweaking crates.io crate landmark 0.1.0
[INFO] removed 0 missing tests
[INFO] finished tweaking crates.io crate landmark 0.1.0
[INFO] tweaked toml for crates.io crate landmark 0.1.0 written to /workspace/builds/worker-1-tc2/source/Cargo.toml
[INFO] validating manifest of crates.io crate landmark 0.1.0 on toolchain 1.100.0-beta.1
[INFO] running `Command { std: CARGO_HOME="/workspace/cargo-home" RUSTUP_HOME="/workspace/rustup-home" "/workspace/cargo-home/bin/cargo" "+1.100.0-beta.1" "metadata" "--manifest-path" "Cargo.toml" "--no-deps", kill_on_drop: false }`
[INFO] crate crates.io crate landmark 0.1.0 already has a lockfile, it will not be regenerated
[INFO] running `Command { std: CARGO_HOME="/workspace/cargo-home" RUSTUP_HOME="/workspace/rustup-home" "/workspace/cargo-home/bin/cargo" "+1.100.0-beta.1" "fetch" "--manifest-path" "Cargo.toml", kill_on_drop: false }`
[INFO] running `Command { std: "docker" "create" "-v" "/var/lib/crater-agent-workspace/builds/worker-1-tc2/source:/opt/rustwide/workdir:ro,Z" "-v" "/var/lib/crater-agent-workspace/builds/worker-1-tc2/target:/opt/rustwide/target:rw,Z" "-v" "/var/lib/crater-agent-workspace/cargo-home:/opt/rustwide/cargo-home:ro,Z" "-v" "/var/lib/crater-agent-workspace/rustup-home:/opt/rustwide/rustup-home:ro,Z" "-m" "1610612736" "--network" "none" "ghcr.io/rust-lang/crates-build-env/linux@sha256:77db811e55d90add9212f6832c23229e3de5f1c1f9905e8cb07319ea15df73ac" "sleep" "infinity", kill_on_drop: false }`
[INFO] [stdout] 454b5caae489b353714816f7992075df2546c982336f92ef3f3f096508349e13
[INFO] running `Command { std: "docker" "start" "454b5caae489b353714816f7992075df2546c982336f92ef3f3f096508349e13", kill_on_drop: false }`
[INFO] running `Command { std: "docker" "inspect" "454b5caae489b353714816f7992075df2546c982336f92ef3f3f096508349e13", kill_on_drop: false }`
[INFO] running `Command { std: "docker" "exec" "-e" "SOURCE_DIR=/opt/rustwide/workdir" "-e" "CARGO_HOME=/opt/rustwide/cargo-home" "-e" "RUSTUP_HOME=/opt/rustwide/rustup-home" "-e" "CARGO_TARGET_DIR=/opt/rustwide/target" "-w" "/opt/rustwide/workdir" "--user" "0:0" "454b5caae489b353714816f7992075df2546c982336f92ef3f3f096508349e13" "/opt/rustwide/cargo-home/bin/cargo" "+1.100.0-beta.1" "metadata" "--no-deps" "--format-version=1", kill_on_drop: false }`
[INFO] running `Command { std: "docker" "inspect" "454b5caae489b353714816f7992075df2546c982336f92ef3f3f096508349e13", kill_on_drop: false }`
[INFO] running `Command { std: "docker" "exec" "-e" "SOURCE_DIR=/opt/rustwide/workdir" "-e" "CARGO_HOME=/opt/rustwide/cargo-home" "-e" "RUSTUP_HOME=/opt/rustwide/rustup-home" "-e" "CARGO_TARGET_DIR=/opt/rustwide/target" "-e" "CARGO_INCREMENTAL=0" "-e" "RUST_BACKTRACE=full" "-e" "RUSTFLAGS=--cap-lints=warn" "-e" "RUSTDOCFLAGS=--cap-lints=warn" "-w" "/opt/rustwide/workdir" "--user" "0:0" "454b5caae489b353714816f7992075df2546c982336f92ef3f3f096508349e13" "/opt/rustwide/cargo-home/bin/cargo" "+1.100.0-beta.1" "build" "--frozen" "--message-format=json" "--release", kill_on_drop: false }`
[INFO] [stderr]    Compiling proc-macro2 v1.0.105
[INFO] [stderr]    Compiling quote v1.0.43
[INFO] [stderr]    Compiling unicode-ident v1.0.22
[INFO] [stderr]    Compiling serde_core v1.0.228
[INFO] [stderr]    Compiling thiserror v2.0.18
[INFO] [stderr]    Compiling log v0.4.29
[INFO] [stderr]    Compiling web-time v1.1.0
[INFO] [stderr]    Compiling syn v2.0.114
[INFO] [stderr]    Compiling thiserror-impl v2.0.18
[INFO] [stderr]    Compiling glam v0.30.10
[INFO] [stderr]    Compiling landmark-common v0.1.0
[INFO] [stderr]    Compiling landmark v0.1.0 (/opt/rustwide/workdir)
[INFO] [stderr] warning: unused dependency `landmark-common`
[INFO] [stderr]   --> Cargo.toml:10:15
[INFO] [stderr]    |
[INFO] [stderr] 10 | [dependencies.landmark-common]
[INFO] [stderr]    |               ^^^^^^^^^^^^^^^^
[INFO] [stderr]    |
[INFO] [stderr]    = note: `cargo::unused_dependencies` is set to `warn` by default
[INFO] [stderr] help: consider removing the dependency on `landmark-common`
[INFO] [stderr] warning: `landmark` (manifest) generated 1 warning
[INFO] [stderr]     Finished `release` profile [optimized] target(s) in 29.64s
[INFO] running `Command { std: "docker" "inspect" "454b5caae489b353714816f7992075df2546c982336f92ef3f3f096508349e13", kill_on_drop: false }`
[INFO] running `Command { std: "docker" "exec" "-e" "SOURCE_DIR=/opt/rustwide/workdir" "-e" "CARGO_HOME=/opt/rustwide/cargo-home" "-e" "RUSTUP_HOME=/opt/rustwide/rustup-home" "-e" "CARGO_TARGET_DIR=/opt/rustwide/target" "-e" "CARGO_INCREMENTAL=0" "-e" "RUST_BACKTRACE=full" "-e" "RUSTFLAGS=--cap-lints=warn" "-e" "RUSTDOCFLAGS=--cap-lints=warn" "-w" "/opt/rustwide/workdir" "--user" "0:0" "454b5caae489b353714816f7992075df2546c982336f92ef3f3f096508349e13" "/opt/rustwide/cargo-home/bin/cargo" "+1.100.0-beta.1" "test" "--frozen" "--no-run" "--message-format=json" "--release", kill_on_drop: false }`
[INFO] [stderr]    Compiling syn v2.0.114
[INFO] [stderr]    Compiling serde_core v1.0.228
[INFO] [stderr]    Compiling crossbeam-utils v0.8.21
[INFO] [stderr]    Compiling zerocopy v0.8.39
[INFO] [stderr]    Compiling autocfg v1.5.0
[INFO] [stderr]    Compiling serde v1.0.228
[INFO] [stderr]    Compiling zmij v1.0.15
[INFO] [stderr]    Compiling serde_json v1.0.149
[INFO] [stderr]    Compiling libc v0.2.180
[INFO] [stderr]    Compiling either v1.15.0
[INFO] [stderr]    Compiling rayon-core v1.13.0
[INFO] [stderr]    Compiling cfg-if v1.0.4
[INFO] [stderr]    Compiling num-traits v0.2.19
[INFO] [stderr]    Compiling ciborium-io v0.2.2
[INFO] [stderr]    Compiling itoa v1.0.17
[INFO] [stderr]    Compiling plotters-backend v0.3.7
[INFO] [stderr]    Compiling anstyle v1.0.13
[INFO] [stderr]    Compiling regex-syntax v0.8.9
[INFO] [stderr]    Compiling clap_lex v0.7.7
[INFO] [stderr]    Compiling memchr v2.7.6
[INFO] [stderr]    Compiling plotters-svg v0.3.7
[INFO] [stderr]    Compiling clap_builder v4.5.54
[INFO] [stderr]    Compiling crossbeam-epoch v0.9.18
[INFO] [stderr]    Compiling crossbeam-deque v0.8.6
[INFO] [stderr]    Compiling itertools v0.10.5
[INFO] [stderr]    Compiling same-file v1.0.6
[INFO] [stderr]    Compiling cast v0.3.0
[INFO] [stderr]    Compiling is-terminal v0.4.17
[INFO] [stderr]    Compiling walkdir v2.5.0
[INFO] [stderr]    Compiling plotters v0.3.7
[INFO] [stderr]    Compiling regex-automata v0.4.14
[INFO] [stderr]    Compiling glam v0.30.10
[INFO] [stderr]    Compiling criterion-plot v0.5.0
[INFO] [stderr]    Compiling clap v4.5.54
[INFO] [stderr]    Compiling rayon v1.11.0
[INFO] [stderr]    Compiling once_cell v1.21.3
[INFO] [stderr]    Compiling oorandom v11.1.5
[INFO] [stderr]    Compiling zerocopy-derive v0.8.39
[INFO] [stderr]    Compiling serde_derive v1.0.228
[INFO] [stderr]    Compiling thiserror-impl v2.0.18
[INFO] [stderr]    Compiling regex v1.12.3
[INFO] [stderr]    Compiling thiserror v2.0.18
[INFO] [stderr]    Compiling anes v0.1.6
[INFO] [stderr]    Compiling assert_approx_eq v1.1.0
[INFO] [stderr]    Compiling tinytemplate v1.2.1
[INFO] [stderr]    Compiling half v2.7.1
[INFO] [stderr]    Compiling ciborium-ll v0.2.2
[INFO] [stderr]    Compiling ciborium v0.2.2
[INFO] [stderr]    Compiling criterion v0.5.1
[INFO] [stderr]    Compiling landmark-common v0.1.0
[INFO] [stderr]    Compiling landmark v0.1.0 (/opt/rustwide/workdir)
[INFO] [stderr] warning: unused dependency `landmark-common`
[INFO] [stderr]   --> Cargo.toml:10:15
[INFO] [stderr]    |
[INFO] [stderr] 10 | [dependencies.landmark-common]
[INFO] [stderr]    |               ^^^^^^^^^^^^^^^^
[INFO] [stderr]    |
[INFO] [stderr]    = note: `cargo::unused_dependencies` is set to `warn` by default
[INFO] [stderr] help: consider removing the dependency on `landmark-common`
[INFO] [stderr] help: to still use for development builds, move to `dev-dependencies`
[INFO] [stderr] warning: `landmark` (manifest) generated 1 warning
[INFO] [stderr]     Finished `release` profile [optimized] target(s) in 2m 02s
[INFO] running `Command { std: "docker" "inspect" "454b5caae489b353714816f7992075df2546c982336f92ef3f3f096508349e13", kill_on_drop: false }`
[INFO] running `Command { std: "docker" "exec" "-e" "SOURCE_DIR=/opt/rustwide/workdir" "-e" "CARGO_HOME=/opt/rustwide/cargo-home" "-e" "RUSTUP_HOME=/opt/rustwide/rustup-home" "-e" "CARGO_TARGET_DIR=/opt/rustwide/target" "-e" "CARGO_INCREMENTAL=0" "-e" "RUST_BACKTRACE=full" "-e" "RUSTFLAGS=--cap-lints=warn" "-e" "RUSTDOCFLAGS=--cap-lints=warn" "-w" "/opt/rustwide/workdir" "--user" "0:0" "454b5caae489b353714816f7992075df2546c982336f92ef3f3f096508349e13" "/opt/rustwide/cargo-home/bin/cargo" "+1.100.0-beta.1" "test" "--frozen" "--release", kill_on_drop: false }`
[INFO] [stderr] warning: unused dependency `landmark-common`
[INFO] [stderr]   --> Cargo.toml:10:15
[INFO] [stderr]    |
[INFO] [stderr] 10 | [dependencies.landmark-common]
[INFO] [stderr]    |               ^^^^^^^^^^^^^^^^
[INFO] [stderr]    |
[INFO] [stderr]    = note: `cargo::unused_dependencies` is set to `warn` by default
[INFO] [stderr] help: consider removing the dependency on `landmark-common`
[INFO] [stderr] help: to still use for development builds, move to `dev-dependencies`
[INFO] [stderr] warning: `landmark` (manifest) generated 1 warning
[INFO] [stderr]     Finished `release` profile [optimized] target(s) in 0.10s
[INFO] [stderr]      Running unittests src/lib.rs (/opt/rustwide/target/release/build/landmark/1dc0e9a1bcdc45f3/out/landmark-1dc0e9a1bcdc45f3)
[INFO] [stdout] 
[INFO] [stdout] running 69 tests
[INFO] [stdout] test compact_heightfield::tests::test_get_span_at ... ok
[INFO] [stdout] test context::tests::test_context_reset ... ok
[INFO] [stdout] test compact_heightfield::tests::test_get_neighbor ... ok
[INFO] [stdout] test area::tests::test_point_in_poly ... ok
[INFO] [stdout] test area::tests::test_safe_normalize ... ok
[INFO] [stdout] test context::tests::test_log_categories ... ok
[INFO] [stdout] test context::tests::test_logging ... ok
[INFO] [stdout] test context::tests::test_context_creation ... ok
[INFO] [stdout] test compact_heightfield::tests::test_compact_heightfield_creation ... ok
[INFO] [stdout] test area::tests::test_insert_sort ... ok
[INFO] [stdout] test context::tests::test_progress_tracking ... ok
[INFO] [stdout] test contour::tests::test_build_contours ... ok
[INFO] [stdout] test contour::tests::test_build_contours_flags ... ok
[INFO] [stdout] test contour::tests::test_contour_simplification ... ok
[INFO] [stdout] test convex_volume::tests::test_box_volume ... ok
[INFO] [stdout] test context::tests::test_max_log_entries ... ok
[INFO] [stdout] test convex_volume::tests::test_convex_check ... ok
[INFO] [stdout] test convex_volume::tests::test_cylinder_volume ... ok
[INFO] [stdout] test detail_mesh::tests::test_create_detail_mesh ... ok
[INFO] [stdout] test detail_mesh::tests::test_merge_detail_meshes ... ok
[INFO] [stdout] test detail_mesh::tests::test_triangulate_hull_simple ... ok
[INFO] [stdout] test convex_volume::tests::test_volume_set ... ok
[INFO] [stdout] test convex_volume::tests::test_convex_volume_creation ... ok
[INFO] [stdout] test context::tests::test_log_level_filtering ... ok
[INFO] [stdout] test heightfield::tests::test_add_span ... ok
[INFO] [stdout] test heightfield::tests::test_erode_walkable_area ... ok
[INFO] [stdout] test distance_field::tests::test_monotone_region_building ... ok
[INFO] [stdout] test distance_field::tests::test_watershed_region_building ... ok
[INFO] [stdout] test heightfield::tests::test_filter_low_hanging_walkable_obstacles ... ok
[INFO] [stdout] test heightfield::tests::test_heightfield_creation ... ok
[INFO] [stdout] test heightfield::tests::test_mark_cylinder_area ... ok
[INFO] [stdout] test heightfield::tests::test_median_filter_walkable_area ... ok
[INFO] [stdout] test heightfield::tests::test_rasterize_triangle ... ok
[INFO] [stdout] test heightfield::tests::test_mark_box_area ... ok
[INFO] [stdout] test heightfield_layers::tests::test_convert_back_to_heightfield ... ok
[INFO] [stdout] test heightfield_layers::tests::test_heightfield_layer_creation ... ok
[INFO] [stdout] test heightfield::tests::test_mark_convex_poly_area ... ok
[INFO] [stdout] test heightfield_layers::tests::test_layer_connections ... ok
[INFO] [stdout] test heightfield_layers::tests::test_layer_set_get_cell ... ok
[INFO] [stdout] test heightfield_layers::tests::test_layered_heightfield_from_simple_heightfield ... ok
[INFO] [stdout] test heightfield_layers::tests::test_ranges_overlap ... ok
[INFO] [stdout] test mesh_merging::tests::test_duplicate_removal ... ok
[INFO] [stdout] test mesh_merging::tests::test_empty_mesh_list ... ok
[INFO] [stdout] test mesh_merging::tests::test_mesh_compatibility_validation ... ok
[INFO] [stdout] test mesh_merging::tests::test_mesh_merger_basic ... ok
[INFO] [stdout] test mesh_merging::tests::test_mesh_transformation ... ok
[INFO] [stdout] test mesh_merging::tests::test_vertex_welding ... ok
[INFO] [stdout] test polymesh::tests::test_add_vertex ... ok
[INFO] [stdout] test polymesh::tests::test_copy_mesh ... ok
[INFO] [stdout] test polymesh::tests::test_count_poly_verts ... ok
[INFO] [stdout] test polymesh::tests::test_poly_merge_value ... ok
[INFO] [stdout] test polymesh::tests::test_polymesh_creation ... ok
[INFO] [stdout] test polymesh::tests::test_triangulation_helpers ... ok
[INFO] [stdout] test polymesh::tests::test_uleft ... ok
[INFO] [stdout] test polymesh::tests::test_vertex_hashing ... ok
[INFO] [stdout] test rasterization::tests::test_add_span_merge ... ok
[INFO] [stdout] test rasterization::tests::test_add_span_simple ... ok
[INFO] [stdout] test rasterization::tests::test_rasterize_triangle ... ok
[INFO] [stdout] test triangle_utils::tests::test_calc_bounds ... ok
[INFO] [stdout] test triangle_utils::tests::test_calc_grid_size ... ok
[INFO] [stdout] test triangle_utils::tests::test_calc_tri_normal ... ok
[INFO] [stdout] test triangle_utils::tests::test_direction_offsets ... ok
[INFO] [stdout] test triangle_utils::tests::test_mark_walkable_triangles ... ok
[INFO] [stdout] test triangle_utils::tests::test_vector_math ... ok
[INFO] [stdout] test context::tests::test_timing ... ok
[INFO] [stdout] test context::tests::test_timer_guard ... ok
[INFO] [stdout] test context::tests::test_timer_accumulation ... ok
[INFO] [stderr]      Running tests/integration.rs (/opt/rustwide/target/release/build/landmark/8c7352953faede04/out/integration-8c7352953faede04)
[INFO] [stdout] test distance_field::tests::test_distance_field_generation ... ok
[INFO] [stdout] test distance_field::tests::test_layer_region_building ... ok
[INFO] [stdout] 
[INFO] [stdout] test result: ok. 69 passed; 0 failed; 0 ignored; 0 measured; 0 filtered out; finished in 0.02s
[INFO] [stdout] 
[INFO] [stdout] 
[INFO] [stdout] running 14 tests
[INFO] [stdout] test bridge_generation_matches_cpp ... ignored, bridge matches C++ polygon count
[INFO] [stdout] test bridge_grid_size ... FAILED
[INFO] [stdout] test dungeon_grid_size ... FAILED
[INFO] [stdout] test all_meshes_build_without_error ... FAILED
[INFO] [stdout] test bridge_generation_rust_output ... FAILED
[INFO] [stdout] test bridge_mesh_loading ... FAILED
[INFO] [stdout] test nav_test_bounds ... FAILED
[INFO] [stderr] error: test failed, to rerun pass `--test integration`
[INFO] [stdout] test dungeon_generation_matches_cpp ... FAILED
[INFO] [stdout] test nav_test_generation_matches_cpp ... FAILED
[INFO] [stdout] test nav_test_generation_rust_output ... FAILED
[INFO] [stdout] test nav_test_grid_size ... FAILED
[INFO] [stdout] test dungeon_generation_rust_output ... FAILED
[INFO] [stdout] test nav_test_mesh_loading ... FAILED
[INFO] [stdout] test dungeon_mesh_loading ... FAILED
[INFO] [stdout] 
[INFO] [stdout] failures:
[INFO] [stdout] 
[INFO] [stdout] ---- bridge_grid_size stdout ----
[INFO] [stdout] 
[INFO] [stdout] thread 'bridge_grid_size' (1536) panicked at tests/integration.rs:44:41:
[INFO] [stdout] failed to load mesh: Io(Os { code: 2, kind: NotFound, message: "No such file or directory" })
[INFO] [stdout] stack backtrace:
[INFO] [stdout]    0:     0x58e5ef3b53d1 - <<std[617be2ca0a6fd877]::sys::backtrace::BacktraceLock>::print::DisplayBacktrace as core[a373ad73a504971]::fmt::Display>::fmt
[INFO] [stdout]    1:     0x58e5ef3ca67a - core[a373ad73a504971]::fmt::write
[INFO] [stdout]    2:     0x58e5ef3b95ec - <alloc[2e1b2a31b91974c5]::vec::Vec<u8> as core[a373ad73a504971]::io::write::Write>::write_fmt
[INFO] [stdout]    3:     0x58e5ef391836 - std[617be2ca0a6fd877]::panicking::default_hook::{closure#0}
[INFO] [stdout]    4:     0x58e5ef3ada69 - std[617be2ca0a6fd877]::panicking::default_hook
[INFO] [stdout]    5:     0x58e5ef31b650 - test[aada8e7e76ba119b]::test_main_inner::{closure#0}
[INFO] [stdout]    6:     0x58e5ef3adc22 - std[617be2ca0a6fd877]::panicking::panic_with_hook
[INFO] [stdout]    7:     0x58e5ef3918e2 - std[617be2ca0a6fd877]::panicking::panic_handler::{closure#0}
[INFO] [stdout]    8:     0x58e5ef38a5f9 - std[617be2ca0a6fd877]::sys::backtrace::__rust_end_short_backtrace::<std[617be2ca0a6fd877]::panicking::panic_handler::{closure#0}, !>
[INFO] [stdout]    9:     0x58e5ef3924ed - __rustc[ea4f61d10b84890b]::rust_begin_unwind
[INFO] [stdout]   10:     0x58e5ef3cadac - core[a373ad73a504971]::panicking::panic_fmt
[INFO] [stdout]   11:     0x58e5ef3cab82 - core[a373ad73a504971]::result::unwrap_failed
[INFO] [stdout]   12:     0x58e5ef30ca80 - integration[4aa7763e1d002cf4]::build_mesh
[INFO] [stdout]   13:     0x58e5ef30d7b6 - <integration[4aa7763e1d002cf4]::bridge_grid_size::{closure#0} as core[a373ad73a504971]::ops::function::FnOnce<()>>::call_once
[INFO] [stdout]   14:     0x58e5ef30ea9b - test[aada8e7e76ba119b]::__rust_begin_short_backtrace::<core[a373ad73a504971]::result::Result<(), alloc[2e1b2a31b91974c5]::string::String>, fn() -> core[a373ad73a504971]::result::Result<(), alloc[2e1b2a31b91974c5]::string::String>>
[INFO] [stdout]   15:     0x58e5ef31bc75 - test[aada8e7e76ba119b]::run_test::{closure#0}
[INFO] [stdout]   16:     0x58e5ef315564 - std[617be2ca0a6fd877]::sys::backtrace::__rust_begin_short_backtrace::<test[aada8e7e76ba119b]::run_test::{closure#1}, ()>
[INFO] [stdout]   17:     0x58e5ef31ed02 - <std[617be2ca0a6fd877]::thread::lifecycle::spawn_unchecked<test[aada8e7e76ba119b]::run_test::{closure#1}, ()>::{closure#1} as core[a373ad73a504971]::ops::function::FnOnce<()>>::call_once::{shim:vtable#0}
[INFO] [stdout]   18:     0x58e5ef3b4c2f - <std[617be2ca0a6fd877]::sys::thread::unix::Thread>::new::thread_start
[INFO] [stdout]   19:     0x79f6b0acadfa - <unknown>
[INFO] [stdout]   20:     0x79f6b0b5e3d4 - clone
[INFO] [stdout]   21:                0x0 - <unknown>
[INFO] [stdout] 
[INFO] [stdout] ---- dungeon_grid_size stdout ----
[INFO] [stdout] 
[INFO] [stdout] thread 'dungeon_grid_size' (1540) panicked at tests/integration.rs:44:41:
[INFO] [stdout] failed to load mesh: Io(Os { code: 2, kind: NotFound, message: "No such file or directory" })
[INFO] [stdout] stack backtrace:
[INFO] [stdout]    0:     0x58e5ef3b53d1 - <<std[617be2ca0a6fd877]::sys::backtrace::BacktraceLock>::print::DisplayBacktrace as core[a373ad73a504971]::fmt::Display>::fmt
[INFO] [stdout]    1:     0x58e5ef3ca67a - core[a373ad73a504971]::fmt::write
[INFO] [stdout]    2:     0x58e5ef3b95ec - <alloc[2e1b2a31b91974c5]::vec::Vec<u8> as core[a373ad73a504971]::io::write::Write>::write_fmt
[INFO] [stdout]    3:     0x58e5ef391836 - std[617be2ca0a6fd877]::panicking::default_hook::{closure#0}
[INFO] [stdout]    4:     0x58e5ef3ada69 - std[617be2ca0a6fd877]::panicking::default_hook
[INFO] [stdout]    5:     0x58e5ef31b650 - test[aada8e7e76ba119b]::test_main_inner::{closure#0}
[INFO] [stdout]    6:     0x58e5ef3adc22 - std[617be2ca0a6fd877]::panicking::panic_with_hook
[INFO] [stdout]    7:     0x58e5ef3918e2 - std[617be2ca0a6fd877]::panicking::panic_handler::{closure#0}
[INFO] [stdout]    8:     0x58e5ef38a5f9 - std[617be2ca0a6fd877]::sys::backtrace::__rust_end_short_backtrace::<std[617be2ca0a6fd877]::panicking::panic_handler::{closure#0}, !>
[INFO] [stdout]    9:     0x58e5ef3924ed - __rustc[ea4f61d10b84890b]::rust_begin_unwind
[INFO] [stdout]   10:     0x58e5ef3cadac - core[a373ad73a504971]::panicking::panic_fmt
[INFO] [stdout]   11:     0x58e5ef3cab82 - core[a373ad73a504971]::result::unwrap_failed
[INFO] [stdout]   12:     0x58e5ef30ca80 - integration[4aa7763e1d002cf4]::build_mesh
[INFO] [stdout]   13:     0x58e5ef30d896 - <integration[4aa7763e1d002cf4]::dungeon_grid_size::{closure#0} as core[a373ad73a504971]::ops::function::FnOnce<()>>::call_once
[INFO] [stdout]   14:     0x58e5ef30ea9b - test[aada8e7e76ba119b]::__rust_begin_short_backtrace::<core[a373ad73a504971]::result::Result<(), alloc[2e1b2a31b91974c5]::string::String>, fn() -> core[a373ad73a504971]::result::Result<(), alloc[2e1b2a31b91974c5]::string::String>>
[INFO] [stdout]   15:     0x58e5ef31bc75 - test[aada8e7e76ba119b]::run_test::{closure#0}
[INFO] [stdout]   16:     0x58e5ef315564 - std[617be2ca0a6fd877]::sys::backtrace::__rust_begin_short_backtrace::<test[aada8e7e76ba119b]::run_test::{closure#1}, ()>
[INFO] [stdout]   17:     0x58e5ef31ed02 - <std[617be2ca0a6fd877]::thread::lifecycle::spawn_unchecked<test[aada8e7e76ba119b]::run_test::{closure#1}, ()>::{closure#1} as core[a373ad73a504971]::ops::function::FnOnce<()>>::call_once::{shim:vtable#0}
[INFO] [stdout]   18:     0x58e5ef3b4c2f - <std[617be2ca0a6fd877]::sys::thread::unix::Thread>::new::thread_start
[INFO] [stdout]   19:     0x79f6b0acadfa - <unknown>
[INFO] [stdout]   20:     0x79f6b0b5e3d4 - clone
[INFO] [stdout]   21:                0x0 - <unknown>
[INFO] [stdout] 
[INFO] [stdout] ---- all_meshes_build_without_error stdout ----
[INFO] [stdout] 
[INFO] [stdout] thread 'all_meshes_build_without_error' (1534) panicked at tests/integration.rs:44:41:
[INFO] [stdout] failed to load mesh: Io(Os { code: 2, kind: NotFound, message: "No such file or directory" })
[INFO] [stdout] stack backtrace:
[INFO] [stdout]    0:     0x58e5ef3b53d1 - <<std[617be2ca0a6fd877]::sys::backtrace::BacktraceLock>::print::DisplayBacktrace as core[a373ad73a504971]::fmt::Display>::fmt
[INFO] [stdout]    1:     0x58e5ef3ca67a - core[a373ad73a504971]::fmt::write
[INFO] [stdout]    2:     0x58e5ef3b95ec - <alloc[2e1b2a31b91974c5]::vec::Vec<u8> as core[a373ad73a504971]::io::write::Write>::write_fmt
[INFO] [stdout]    3:     0x58e5ef391836 - std[617be2ca0a6fd877]::panicking::default_hook::{closure#0}
[INFO] [stdout]    4:     0x58e5ef3ada69 - std[617be2ca0a6fd877]::panicking::default_hook
[INFO] [stdout]    5:     0x58e5ef31b650 - test[aada8e7e76ba119b]::test_main_inner::{closure#0}
[INFO] [stdout]    6:     0x58e5ef3adc22 - std[617be2ca0a6fd877]::panicking::panic_with_hook
[INFO] [stdout]    7:     0x58e5ef3918e2 - std[617be2ca0a6fd877]::panicking::panic_handler::{closure#0}
[INFO] [stdout]    8:     0x58e5ef38a5f9 - std[617be2ca0a6fd877]::sys::backtrace::__rust_end_short_backtrace::<std[617be2ca0a6fd877]::panicking::panic_handler::{closure#0}, !>
[INFO] [stdout]    9:     0x58e5ef3924ed - __rustc[ea4f61d10b84890b]::rust_begin_unwind
[INFO] [stdout]   10:     0x58e5ef3cadac - core[a373ad73a504971]::panicking::panic_fmt
[INFO] [stdout]   11:     0x58e5ef3cab82 - core[a373ad73a504971]::result::unwrap_failed
[INFO] [stdout]   12:     0x58e5ef30ca80 - integration[4aa7763e1d002cf4]::build_mesh
[INFO] [stdout]   13:     0x58e5ef30e326 - <integration[4aa7763e1d002cf4]::all_meshes_build_without_error::{closure#0} as core[a373ad73a504971]::ops::function::FnOnce<()>>::call_once
[INFO] [stdout]   14:     0x58e5ef30ea9b - test[aada8e7e76ba119b]::__rust_begin_short_backtrace::<core[a373ad73a504971]::result::Result<(), alloc[2e1b2a31b91974c5]::string::String>, fn() -> core[a373ad73a504971]::result::Result<(), alloc[2e1b2a31b91974c5]::string::String>>
[INFO] [stdout]   15:     0x58e5ef31bc75 - test[aada8e7e76ba119b]::run_test::{closure#0}
[INFO] [stdout]   16:     0x58e5ef315564 - std[617be2ca0a6fd877]::sys::backtrace::__rust_begin_short_backtrace::<test[aada8e7e76ba119b]::run_test::{closure#1}, ()>
[INFO] [stdout]   17:     0x58e5ef31ed02 - <std[617be2ca0a6fd877]::thread::lifecycle::spawn_unchecked<test[aada8e7e76ba119b]::run_test::{closure#1}, ()>::{closure#1} as core[a373ad73a504971]::ops::function::FnOnce<()>>::call_once::{shim:vtable#0}
[INFO] [stdout]   18:     0x58e5ef3b4c2f - <std[617be2ca0a6fd877]::sys::thread::unix::Thread>::new::thread_start
[INFO] [stdout]   19:     0x79f6b0acadfa - <unknown>
[INFO] [stdout]   20:     0x79f6b0b5e3d4 - clone
[INFO] [stdout]   21:                0x0 - <unknown>
[INFO] [stdout] 
[INFO] [stdout] ---- bridge_generation_rust_output stdout ----
[INFO] [stdout] 
[INFO] [stdout] thread 'bridge_generation_rust_output' (1535) panicked at tests/integration.rs:44:41:
[INFO] [stdout] failed to load mesh: Io(Os { code: 2, kind: NotFound, message: "No such file or directory" })
[INFO] [stdout] stack backtrace:
[INFO] [stdout]    0:     0x58e5ef3b53d1 - <<std[617be2ca0a6fd877]::sys::backtrace::BacktraceLock>::print::DisplayBacktrace as core[a373ad73a504971]::fmt::Display>::fmt
[INFO] [stdout]    1:     0x58e5ef3ca67a - core[a373ad73a504971]::fmt::write
[INFO] [stdout]    2:     0x58e5ef3b95ec - <alloc[2e1b2a31b91974c5]::vec::Vec<u8> as core[a373ad73a504971]::io::write::Write>::write_fmt
[INFO] [stdout]    3:     0x58e5ef391836 - std[617be2ca0a6fd877]::panicking::default_hook::{closure#0}
[INFO] [stdout]    4:     0x58e5ef3ada69 - std[617be2ca0a6fd877]::panicking::default_hook
[INFO] [stdout]    5:     0x58e5ef31b650 - test[aada8e7e76ba119b]::test_main_inner::{closure#0}
[INFO] [stdout]    6:     0x58e5ef3adc22 - std[617be2ca0a6fd877]::panicking::panic_with_hook
[INFO] [stdout]    7:     0x58e5ef3918e2 - std[617be2ca0a6fd877]::panicking::panic_handler::{closure#0}
[INFO] [stdout]    8:     0x58e5ef38a5f9 - std[617be2ca0a6fd877]::sys::backtrace::__rust_end_short_backtrace::<std[617be2ca0a6fd877]::panicking::panic_handler::{closure#0}, !>
[INFO] [stdout]    9:     0x58e5ef3924ed - __rustc[ea4f61d10b84890b]::rust_begin_unwind
[INFO] [stdout]   10:     0x58e5ef3cadac - core[a373ad73a504971]::panicking::panic_fmt
[INFO] [stdout]   11:     0x58e5ef3cab82 - core[a373ad73a504971]::result::unwrap_failed
[INFO] [stdout]   12:     0x58e5ef30ca80 - integration[4aa7763e1d002cf4]::build_mesh
[INFO] [stdout]   13:     0x58e5ef30e143 - <integration[4aa7763e1d002cf4]::bridge_generation_rust_output::{closure#0} as core[a373ad73a504971]::ops::function::FnOnce<()>>::call_once
[INFO] [stdout]   14:     0x58e5ef30ea9b - test[aada8e7e76ba119b]::__rust_begin_short_backtrace::<core[a373ad73a504971]::result::Result<(), alloc[2e1b2a31b91974c5]::string::String>, fn() -> core[a373ad73a504971]::result::Result<(), alloc[2e1b2a31b91974c5]::string::String>>
[INFO] [stdout]   15:     0x58e5ef31bc75 - test[aada8e7e76ba119b]::run_test::{closure#0}
[INFO] [stdout]   16:     0x58e5ef315564 - std[617be2ca0a6fd877]::sys::backtrace::__rust_begin_short_backtrace::<test[aada8e7e76ba119b]::run_test::{closure#1}, ()>
[INFO] [stdout]   17:     0x58e5ef31ed02 - <std[617be2ca0a6fd877]::thread::lifecycle::spawn_unchecked<test[aada8e7e76ba119b]::run_test::{closure#1}, ()>::{closure#1} as core[a373ad73a504971]::ops::function::FnOnce<()>>::call_once::{shim:vtable#0}
[INFO] [stdout]   18:     0x58e5ef3b4c2f - <std[617be2ca0a6fd877]::sys::thread::unix::Thread>::new::thread_start
[INFO] [stdout]   19:     0x79f6b0acadfa - <unknown>
[INFO] [stdout]   20:     0x79f6b0b5e3d4 - clone
[INFO] [stdout]   21:                0x0 - <unknown>
[INFO] [stdout] 
[INFO] [stdout] ---- bridge_mesh_loading stdout ----
[INFO] [stdout] 
[INFO] [stdout] thread 'bridge_mesh_loading' (1537) panicked at tests/integration.rs:135:41:
[INFO] [stdout] called `Result::unwrap()` on an `Err` value: Io(Os { code: 2, kind: NotFound, message: "No such file or directory" })
[INFO] [stdout] stack backtrace:
[INFO] [stdout]    0:     0x58e5ef3b53d1 - <<std[617be2ca0a6fd877]::sys::backtrace::BacktraceLock>::print::DisplayBacktrace as core[a373ad73a504971]::fmt::Display>::fmt
[INFO] [stdout]    1:     0x58e5ef3ca67a - core[a373ad73a504971]::fmt::write
[INFO] [stdout]    2:     0x58e5ef3b95ec - <alloc[2e1b2a31b91974c5]::vec::Vec<u8> as core[a373ad73a504971]::io::write::Write>::write_fmt
[INFO] [stdout]    3:     0x58e5ef391836 - std[617be2ca0a6fd877]::panicking::default_hook::{closure#0}
[INFO] [stdout]    4:     0x58e5ef3ada69 - std[617be2ca0a6fd877]::panicking::default_hook
[INFO] [stdout]    5:     0x58e5ef31b650 - test[aada8e7e76ba119b]::test_main_inner::{closure#0}
[INFO] [stdout]    6:     0x58e5ef3adc22 - std[617be2ca0a6fd877]::panicking::panic_with_hook
[INFO] [stdout]    7:     0x58e5ef3918e2 - std[617be2ca0a6fd877]::panicking::panic_handler::{closure#0}
[INFO] [stdout]    8:     0x58e5ef38a5f9 - std[617be2ca0a6fd877]::sys::backtrace::__rust_end_short_backtrace::<std[617be2ca0a6fd877]::panicking::panic_handler::{closure#0}, !>
[INFO] [stdout]    9:     0x58e5ef3924ed - __rustc[ea4f61d10b84890b]::rust_begin_unwind
[INFO] [stdout]   10:     0x58e5ef3cadac - core[a373ad73a504971]::panicking::panic_fmt
[INFO] [stdout]   11:     0x58e5ef3cab82 - core[a373ad73a504971]::result::unwrap_failed
[INFO] [stdout]   12:     0x58e5ef30db7a - <integration[4aa7763e1d002cf4]::bridge_mesh_loading::{closure#0} as core[a373ad73a504971]::ops::function::FnOnce<()>>::call_once
[INFO] [stdout]   13:     0x58e5ef30ea9b - test[aada8e7e76ba119b]::__rust_begin_short_backtrace::<core[a373ad73a504971]::result::Result<(), alloc[2e1b2a31b91974c5]::string::String>, fn() -> core[a373ad73a504971]::result::Result<(), alloc[2e1b2a31b91974c5]::string::String>>
[INFO] [stdout]   14:     0x58e5ef31bc75 - test[aada8e7e76ba119b]::run_test::{closure#0}
[INFO] [stdout]   15:     0x58e5ef315564 - std[617be2ca0a6fd877]::sys::backtrace::__rust_begin_short_backtrace::<test[aada8e7e76ba119b]::run_test::{closure#1}, ()>
[INFO] [stdout]   16:     0x58e5ef31ed02 - <std[617be2ca0a6fd877]::thread::lifecycle::spawn_unchecked<test[aada8e7e76ba119b]::run_test::{closure#1}, ()>::{closure#1} as core[a373ad73a504971]::ops::function::FnOnce<()>>::call_once::{shim:vtable#0}
[INFO] [stdout]   17:     0x58e5ef3b4c2f - <std[617be2ca0a6fd877]::sys::thread::unix::Thread>::new::thread_start
[INFO] [stdout]   18:     0x79f6b0acadfa - <unknown>
[INFO] [stdout]   19:     0x79f6b0b5e3d4 - clone
[INFO] [stdout]   20:                0x0 - <unknown>
[INFO] [stdout] 
[INFO] [stdout] ---- nav_test_bounds stdout ----
[INFO] [stdout] 
[INFO] [stdout] thread 'nav_test_bounds' (1542) panicked at tests/integration.rs:44:41:
[INFO] [stdout] failed to load mesh: Io(Os { code: 2, kind: NotFound, message: "No such file or directory" })
[INFO] [stdout] stack backtrace:
[INFO] [stdout]    0:     0x58e5ef3b53d1 - <<std[617be2ca0a6fd877]::sys::backtrace::BacktraceLock>::print::DisplayBacktrace as core[a373ad73a504971]::fmt::Display>::fmt
[INFO] [stdout]    1:     0x58e5ef3ca67a - core[a373ad73a504971]::fmt::write
[INFO] [stdout]    2:     0x58e5ef3b95ec - <alloc[2e1b2a31b91974c5]::vec::Vec<u8> as core[a373ad73a504971]::io::write::Write>::write_fmt
[INFO] [stdout]    3:     0x58e5ef391836 - std[617be2ca0a6fd877]::panicking::default_hook::{closure#0}
[INFO] [stdout]    4:     0x58e5ef3ada69 - std[617be2ca0a6fd877]::panicking::default_hook
[INFO] [stdout]    5:     0x58e5ef31b650 - test[aada8e7e76ba119b]::test_main_inner::{closure#0}
[INFO] [stdout]    6:     0x58e5ef3adc22 - std[617be2ca0a6fd877]::panicking::panic_with_hook
[INFO] [stdout]    7:     0x58e5ef3918e2 - std[617be2ca0a6fd877]::panicking::panic_handler::{closure#0}
[INFO] [stdout]    8:     0x58e5ef38a5f9 - std[617be2ca0a6fd877]::sys::backtrace::__rust_end_short_backtrace::<std[617be2ca0a6fd877]::panicking::panic_handler::{closure#0}, !>
[INFO] [stdout]    9:     0x58e5ef3924ed - __rustc[ea4f61d10b84890b]::rust_begin_unwind
[INFO] [stdout]   10:     0x58e5ef3cadac - core[a373ad73a504971]::panicking::panic_fmt
[INFO] [stdout]   11:     0x58e5ef3cab82 - core[a373ad73a504971]::result::unwrap_failed
[INFO] [stdout]   12:     0x58e5ef30ca80 - integration[4aa7763e1d002cf4]::build_mesh
[INFO] [stdout]   13:     0x58e5ef30d54f - <integration[4aa7763e1d002cf4]::nav_test_bounds::{closure#0} as core[a373ad73a504971]::ops::function::FnOnce<()>>::call_once
[INFO] [stdout]   14:     0x58e5ef30ea9b - test[aada8e7e76ba119b]::__rust_begin_short_backtrace::<core[a373ad73a504971]::result::Result<(), alloc[2e1b2a31b91974c5]::string::String>, fn() -> core[a373ad73a504971]::result::Result<(), alloc[2e1b2a31b91974c5]::string::String>>
[INFO] [stdout]   15:     0x58e5ef31bc75 - test[aada8e7e76ba119b]::run_test::{closure#0}
[INFO] [stdout]   16:     0x58e5ef315564 - std[617be2ca0a6fd877]::sys::backtrace::__rust_begin_short_backtrace::<test[aada8e7e76ba119b]::run_test::{closure#1}, ()>
[INFO] [stdout]   17:     0x58e5ef31ed02 - <std[617be2ca0a6fd877]::thread::lifecycle::spawn_unchecked<test[aada8e7e76ba119b]::run_test::{closure#1}, ()>::{closure#1} as core[a373ad73a504971]::ops::function::FnOnce<()>>::call_once::{shim:vtable#0}
[INFO] [stdout]   18:     0x58e5ef3b4c2f - <std[617be2ca0a6fd877]::sys::thread::unix::Thread>::new::thread_start
[INFO] [stdout]   19:     0x79f6b0acadfa - <unknown>
[INFO] [stdout]   20:     0x79f6b0b5e3d4 - clone
[INFO] [stdout]   21:                0x0 - <unknown>
[INFO] [stdout] 
[INFO] [stdout] ---- dungeon_generation_matches_cpp stdout ----
[INFO] [stdout] 
[INFO] [stdout] thread 'dungeon_generation_matches_cpp' (1538) panicked at tests/integration.rs:44:41:
[INFO] [stdout] failed to load mesh: Io(Os { code: 2, kind: NotFound, message: "No such file or directory" })
[INFO] [stdout] stack backtrace:
[INFO] [stdout]    0:     0x58e5ef3b53d1 - <<std[617be2ca0a6fd877]::sys::backtrace::BacktraceLock>::print::DisplayBacktrace as core[a373ad73a504971]::fmt::Display>::fmt
[INFO] [stdout]    1:     0x58e5ef3ca67a - core[a373ad73a504971]::fmt::write
[INFO] [stdout]    2:     0x58e5ef3b95ec - <alloc[2e1b2a31b91974c5]::vec::Vec<u8> as core[a373ad73a504971]::io::write::Write>::write_fmt
[INFO] [stdout]    3:     0x58e5ef391836 - std[617be2ca0a6fd877]::panicking::default_hook::{closure#0}
[INFO] [stdout]    4:     0x58e5ef3ada69 - std[617be2ca0a6fd877]::panicking::default_hook
[INFO] [stdout]    5:     0x58e5ef31b650 - test[aada8e7e76ba119b]::test_main_inner::{closure#0}
[INFO] [stdout]    6:     0x58e5ef3adc22 - std[617be2ca0a6fd877]::panicking::panic_with_hook
[INFO] [stdout]    7:     0x58e5ef3918e2 - std[617be2ca0a6fd877]::panicking::panic_handler::{closure#0}
[INFO] [stdout]    8:     0x58e5ef38a5f9 - std[617be2ca0a6fd877]::sys::backtrace::__rust_end_short_backtrace::<std[617be2ca0a6fd877]::panicking::panic_handler::{closure#0}, !>
[INFO] [stdout]    9:     0x58e5ef3924ed - __rustc[ea4f61d10b84890b]::rust_begin_unwind
[INFO] [stdout]   10:     0x58e5ef3cadac - core[a373ad73a504971]::panicking::panic_fmt
[INFO] [stdout]   11:     0x58e5ef3cab82 - core[a373ad73a504971]::result::unwrap_failed
[INFO] [stdout]   12:     0x58e5ef30ca80 - integration[4aa7763e1d002cf4]::build_mesh
[INFO] [stdout]   13:     0x58e5ef30e3a1 - <integration[4aa7763e1d002cf4]::dungeon_generation_matches_cpp::{closure#0} as core[a373ad73a504971]::ops::function::FnOnce<()>>::call_once
[INFO] [stdout]   14:     0x58e5ef30ea9b - test[aada8e7e76ba119b]::__rust_begin_short_backtrace::<core[a373ad73a504971]::result::Result<(), alloc[2e1b2a31b91974c5]::string::String>, fn() -> core[a373ad73a504971]::result::Result<(), alloc[2e1b2a31b91974c5]::string::String>>
[INFO] [stdout]   15:     0x58e5ef31bc75 - test[aada8e7e76ba119b]::run_test::{closure#0}
[INFO] [stdout]   16:     0x58e5ef315564 - std[617be2ca0a6fd877]::sys::backtrace::__rust_begin_short_backtrace::<test[aada8e7e76ba119b]::run_test::{closure#1}, ()>
[INFO] [stdout]   17:     0x58e5ef31ed02 - <std[617be2ca0a6fd877]::thread::lifecycle::spawn_unchecked<test[aada8e7e76ba119b]::run_test::{closure#1}, ()>::{closure#1} as core[a373ad73a504971]::ops::function::FnOnce<()>>::call_once::{shim:vtable#0}
[INFO] [stdout]   18:     0x58e5ef3b4c2f - <std[617be2ca0a6fd877]::sys::thread::unix::Thread>::new::thread_start
[INFO] [stdout]   19:     0x79f6b0acadfa - <unknown>
[INFO] [stdout]   20:     0x79f6b0b5e3d4 - clone
[INFO] [stdout]   21:                0x0 - <unknown>
[INFO] [stdout] 
[INFO] [stdout] ---- nav_test_generation_matches_cpp stdout ----
[INFO] [stdout] 
[INFO] [stdout] thread 'nav_test_generation_matches_cpp' (1543) panicked at tests/integration.rs:44:41:
[INFO] [stdout] failed to load mesh: Io(Os { code: 2, kind: NotFound, message: "No such file or directory" })
[INFO] [stdout] stack backtrace:
[INFO] [stdout]    0:     0x58e5ef3b53d1 - <<std[617be2ca0a6fd877]::sys::backtrace::BacktraceLock>::print::DisplayBacktrace as core[a373ad73a504971]::fmt::Display>::fmt
[INFO] [stdout]    1:     0x58e5ef3ca67a - core[a373ad73a504971]::fmt::write
[INFO] [stdout]    2:     0x58e5ef3b95ec - <alloc[2e1b2a31b91974c5]::vec::Vec<u8> as core[a373ad73a504971]::io::write::Write>::write_fmt
[INFO] [stdout]    3:     0x58e5ef391836 - std[617be2ca0a6fd877]::panicking::default_hook::{closure#0}
[INFO] [stdout]    4:     0x58e5ef3ada69 - std[617be2ca0a6fd877]::panicking::default_hook
[INFO] [stdout]    5:     0x58e5ef31b650 - test[aada8e7e76ba119b]::test_main_inner::{closure#0}
[INFO] [stdout]    6:     0x58e5ef3adc22 - std[617be2ca0a6fd877]::panicking::panic_with_hook
[INFO] [stdout]    7:     0x58e5ef3918e2 - std[617be2ca0a6fd877]::panicking::panic_handler::{closure#0}
[INFO] [stdout]    8:     0x58e5ef38a5f9 - std[617be2ca0a6fd877]::sys::backtrace::__rust_end_short_backtrace::<std[617be2ca0a6fd877]::panicking::panic_handler::{closure#0}, !>
[INFO] [stdout]    9:     0x58e5ef3924ed - __rustc[ea4f61d10b84890b]::rust_begin_unwind
[INFO] [stdout]   10:     0x58e5ef3cadac - core[a373ad73a504971]::panicking::panic_fmt
[INFO] [stdout]   11:     0x58e5ef3cab82 - core[a373ad73a504971]::result::unwrap_failed
[INFO] [stdout]   12:     0x58e5ef30ca80 - integration[4aa7763e1d002cf4]::build_mesh
[INFO] [stdout]   13:     0x58e5ef30e701 - <integration[4aa7763e1d002cf4]::nav_test_generation_matches_cpp::{closure#0} as core[a373ad73a504971]::ops::function::FnOnce<()>>::call_once
[INFO] [stdout]   14:     0x58e5ef30ea9b - test[aada8e7e76ba119b]::__rust_begin_short_backtrace::<core[a373ad73a504971]::result::Result<(), alloc[2e1b2a31b91974c5]::string::String>, fn() -> core[a373ad73a504971]::result::Result<(), alloc[2e1b2a31b91974c5]::string::String>>
[INFO] [stdout]   15:     0x58e5ef31bc75 - test[aada8e7e76ba119b]::run_test::{closure#0}
[INFO] [stdout]   16:     0x58e5ef315564 - std[617be2ca0a6fd877]::sys::backtrace::__rust_begin_short_backtrace::<test[aada8e7e76ba119b]::run_test::{closure#1}, ()>
[INFO] [stdout]   17:     0x58e5ef31ed02 - <std[617be2ca0a6fd877]::thread::lifecycle::spawn_unchecked<test[aada8e7e76ba119b]::run_test::{closure#1}, ()>::{closure#1} as core[a373ad73a504971]::ops::function::FnOnce<()>>::call_once::{shim:vtable#0}
[INFO] [stdout]   18:     0x58e5ef3b4c2f - <std[617be2ca0a6fd877]::sys::thread::unix::Thread>::new::thread_start
[INFO] [stdout]   19:     0x79f6b0acadfa - <unknown>
[INFO] [stdout]   20:     0x79f6b0b5e3d4 - clone
[INFO] [stdout]   21:                0x0 - <unknown>
[INFO] [stdout] 
[INFO] [stdout] ---- nav_test_generation_rust_output stdout ----
[INFO] [stdout] 
[INFO] [stdout] thread 'nav_test_generation_rust_output' (1544) panicked at tests/integration.rs:44:41:
[INFO] [stdout] failed to load mesh: Io(Os { code: 2, kind: NotFound, message: "No such file or directory" })
[INFO] [stdout] stack backtrace:
[INFO] [stdout]    0:     0x58e5ef3b53d1 - <<std[617be2ca0a6fd877]::sys::backtrace::BacktraceLock>::print::DisplayBacktrace as core[a373ad73a504971]::fmt::Display>::fmt
[INFO] [stdout]    1:     0x58e5ef3ca67a - core[a373ad73a504971]::fmt::write
[INFO] [stdout]    2:     0x58e5ef3b95ec - <alloc[2e1b2a31b91974c5]::vec::Vec<u8> as core[a373ad73a504971]::io::write::Write>::write_fmt
[INFO] [stdout]    3:     0x58e5ef391836 - std[617be2ca0a6fd877]::panicking::default_hook::{closure#0}
[INFO] [stdout]    4:     0x58e5ef3ada69 - std[617be2ca0a6fd877]::panicking::default_hook
[INFO] [stdout]    5:     0x58e5ef31b650 - test[aada8e7e76ba119b]::test_main_inner::{closure#0}
[INFO] [stdout]    6:     0x58e5ef3adc22 - std[617be2ca0a6fd877]::panicking::panic_with_hook
[INFO] [stdout]    7:     0x58e5ef3918e2 - std[617be2ca0a6fd877]::panicking::panic_handler::{closure#0}
[INFO] [stdout]    8:     0x58e5ef38a5f9 - std[617be2ca0a6fd877]::sys::backtrace::__rust_end_short_backtrace::<std[617be2ca0a6fd877]::panicking::panic_handler::{closure#0}, !>
[INFO] [stdout]    9:     0x58e5ef3924ed - __rustc[ea4f61d10b84890b]::rust_begin_unwind
[INFO] [stdout]   10:     0x58e5ef3cadac - core[a373ad73a504971]::panicking::panic_fmt
[INFO] [stdout]   11:     0x58e5ef3cab82 - core[a373ad73a504971]::result::unwrap_failed
[INFO] [stdout]   12:     0x58e5ef30ca80 - integration[4aa7763e1d002cf4]::build_mesh
[INFO] [stdout]   13:     0x58e5ef30e883 - <integration[4aa7763e1d002cf4]::nav_test_generation_rust_output::{closure#0} as core[a373ad73a504971]::ops::function::FnOnce<()>>::call_once
[INFO] [stdout]   14:     0x58e5ef30ea9b - test[aada8e7e76ba119b]::__rust_begin_short_backtrace::<core[a373ad73a504971]::result::Result<(), alloc[2e1b2a31b91974c5]::string::String>, fn() -> core[a373ad73a504971]::result::Result<(), alloc[2e1b2a31b91974c5]::string::String>>
[INFO] [stdout]   15:     0x58e5ef31bc75 - test[aada8e7e76ba119b]::run_test::{closure#0}
[INFO] [stdout]   16:     0x58e5ef315564 - std[617be2ca0a6fd877]::sys::backtrace::__rust_begin_short_backtrace::<test[aada8e7e76ba119b]::run_test::{closure#1}, ()>
[INFO] [stdout]   17:     0x58e5ef31ed02 - <std[617be2ca0a6fd877]::thread::lifecycle::spawn_unchecked<test[aada8e7e76ba119b]::run_test::{closure#1}, ()>::{closure#1} as core[a373ad73a504971]::ops::function::FnOnce<()>>::call_once::{shim:vtable#0}
[INFO] [stdout]   18:     0x58e5ef3b4c2f - <std[617be2ca0a6fd877]::sys::thread::unix::Thread>::new::thread_start
[INFO] [stdout]   19:     0x79f6b0acadfa - <unknown>
[INFO] [stdout]   20:     0x79f6b0b5e3d4 - clone
[INFO] [stdout]   21:                0x0 - <unknown>
[INFO] [stdout] 
[INFO] [stdout] ---- nav_test_grid_size stdout ----
[INFO] [stdout] 
[INFO] [stdout] thread 'nav_test_grid_size' (1545) panicked at tests/integration.rs:44:41:
[INFO] [stdout] failed to load mesh: Io(Os { code: 2, kind: NotFound, message: "No such file or directory" })
[INFO] [stdout] stack backtrace:
[INFO] [stdout]    0:     0x58e5ef3b53d1 - <<std[617be2ca0a6fd877]::sys::backtrace::BacktraceLock>::print::DisplayBacktrace as core[a373ad73a504971]::fmt::Display>::fmt
[INFO] [stdout]    1:     0x58e5ef3ca67a - core[a373ad73a504971]::fmt::write
[INFO] [stdout]    2:     0x58e5ef3b95ec - <alloc[2e1b2a31b91974c5]::vec::Vec<u8> as core[a373ad73a504971]::io::write::Write>::write_fmt
[INFO] [stdout]    3:     0x58e5ef391836 - std[617be2ca0a6fd877]::panicking::default_hook::{closure#0}
[INFO] [stdout]    4:     0x58e5ef3ada69 - std[617be2ca0a6fd877]::panicking::default_hook
[INFO] [stdout]    5:     0x58e5ef31b650 - test[aada8e7e76ba119b]::test_main_inner::{closure#0}
[INFO] [stdout]    6:     0x58e5ef3adc22 - std[617be2ca0a6fd877]::panicking::panic_with_hook
[INFO] [stdout]    7:     0x58e5ef3918e2 - std[617be2ca0a6fd877]::panicking::panic_handler::{closure#0}
[INFO] [stdout]    8:     0x58e5ef38a5f9 - std[617be2ca0a6fd877]::sys::backtrace::__rust_end_short_backtrace::<std[617be2ca0a6fd877]::panicking::panic_handler::{closure#0}, !>
[INFO] [stdout]    9:     0x58e5ef3924ed - __rustc[ea4f61d10b84890b]::rust_begin_unwind
[INFO] [stdout]   10:     0x58e5ef3cadac - core[a373ad73a504971]::panicking::panic_fmt
[INFO] [stdout]   11:     0x58e5ef3cab82 - core[a373ad73a504971]::result::unwrap_failed
[INFO] [stdout]   12:     0x58e5ef30ca80 - integration[4aa7763e1d002cf4]::build_mesh
[INFO] [stdout]   13:     0x58e5ef30d976 - <integration[4aa7763e1d002cf4]::nav_test_grid_size::{closure#0} as core[a373ad73a504971]::ops::function::FnOnce<()>>::call_once
[INFO] [stdout]   14:     0x58e5ef30ea9b - test[aada8e7e76ba119b]::__rust_begin_short_backtrace::<core[a373ad73a504971]::result::Result<(), alloc[2e1b2a31b91974c5]::string::String>, fn() -> core[a373ad73a504971]::result::Result<(), alloc[2e1b2a31b91974c5]::string::String>>
[INFO] [stdout]   15:     0x58e5ef31bc75 - test[aada8e7e76ba119b]::run_test::{closure#0}
[INFO] [stdout]   16:     0x58e5ef315564 - std[617be2ca0a6fd877]::sys::backtrace::__rust_begin_short_backtrace::<test[aada8e7e76ba119b]::run_test::{closure#1}, ()>
[INFO] [stdout]   17:     0x58e5ef31ed02 - <std[617be2ca0a6fd877]::thread::lifecycle::spawn_unchecked<test[aada8e7e76ba119b]::run_test::{closure#1}, ()>::{closure#1} as core[a373ad73a504971]::ops::function::FnOnce<()>>::call_once::{shim:vtable#0}
[INFO] [stdout]   18:     0x58e5ef3b4c2f - <std[617be2ca0a6fd877]::sys::thread::unix::Thread>::new::thread_start
[INFO] [stdout]   19:     0x79f6b0acadfa - <unknown>
[INFO] [stdout]   20:     0x79f6b0b5e3d4 - clone
[INFO] [stdout]   21:                0x0 - <unknown>
[INFO] [stdout] 
[INFO] [stdout] ---- dungeon_generation_rust_output stdout ----
[INFO] [stdout] 
[INFO] [stdout] thread 'dungeon_generation_rust_output' (1539) panicked at tests/integration.rs:44:41:
[INFO] [stdout] failed to load mesh: Io(Os { code: 2, kind: NotFound, message: "No such file or directory" })
[INFO] [stdout] stack backtrace:
[INFO] [stdout]    0:     0x58e5ef3b53d1 - <<std[617be2ca0a6fd877]::sys::backtrace::BacktraceLock>::print::DisplayBacktrace as core[a373ad73a504971]::fmt::Display>::fmt
[INFO] [stdout]    1:     0x58e5ef3ca67a - core[a373ad73a504971]::fmt::write
[INFO] [stdout]    2:     0x58e5ef3b95ec - <alloc[2e1b2a31b91974c5]::vec::Vec<u8> as core[a373ad73a504971]::io::write::Write>::write_fmt
[INFO] [stdout]    3:     0x58e5ef391836 - std[617be2ca0a6fd877]::panicking::default_hook::{closure#0}
[INFO] [stdout]    4:     0x58e5ef3ada69 - std[617be2ca0a6fd877]::panicking::default_hook
[INFO] [stdout]    5:     0x58e5ef31b650 - test[aada8e7e76ba119b]::test_main_inner::{closure#0}
[INFO] [stdout]    6:     0x58e5ef3adc22 - std[617be2ca0a6fd877]::panicking::panic_with_hook
[INFO] [stdout]    7:     0x58e5ef3918e2 - std[617be2ca0a6fd877]::panicking::panic_handler::{closure#0}
[INFO] [stdout]    8:     0x58e5ef38a5f9 - std[617be2ca0a6fd877]::sys::backtrace::__rust_end_short_backtrace::<std[617be2ca0a6fd877]::panicking::panic_handler::{closure#0}, !>
[INFO] [stdout]    9:     0x58e5ef3924ed - __rustc[ea4f61d10b84890b]::rust_begin_unwind
[INFO] [stdout]   10:     0x58e5ef3cadac - core[a373ad73a504971]::panicking::panic_fmt
[INFO] [stdout]   11:     0x58e5ef3cab82 - core[a373ad73a504971]::result::unwrap_failed
[INFO] [stdout]   12:     0x58e5ef30ca80 - integration[4aa7763e1d002cf4]::build_mesh
[INFO] [stdout]   13:     0x58e5ef30e523 - <integration[4aa7763e1d002cf4]::dungeon_generation_rust_output::{closure#0} as core[a373ad73a504971]::ops::function::FnOnce<()>>::call_once
[INFO] [stdout]   14:     0x58e5ef30ea9b - test[aada8e7e76ba119b]::__rust_begin_short_backtrace::<core[a373ad73a504971]::result::Result<(), alloc[2e1b2a31b91974c5]::string::String>, fn() -> core[a373ad73a504971]::result::Result<(), alloc[2e1b2a31b91974c5]::string::String>>
[INFO] [stdout]   15:     0x58e5ef31bc75 - test[aada8e7e76ba119b]::run_test::{closure#0}
[INFO] [stdout]   16:     0x58e5ef315564 - std[617be2ca0a6fd877]::sys::backtrace::__rust_begin_short_backtrace::<test[aada8e7e76ba119b]::run_test::{closure#1}, ()>
[INFO] [stdout]   17:     0x58e5ef31ed02 - <std[617be2ca0a6fd877]::thread::lifecycle::spawn_unchecked<test[aada8e7e76ba119b]::run_test::{closure#1}, ()>::{closure#1} as core[a373ad73a504971]::ops::function::FnOnce<()>>::call_once::{shim:vtable#0}
[INFO] [stdout]   18:     0x58e5ef3b4c2f - <std[617be2ca0a6fd877]::sys::thread::unix::Thread>::new::thread_start
[INFO] [stdout]   19:     0x79f6b0acadfa - <unknown>
[INFO] [stdout]   20:     0x79f6b0b5e3d4 - clone
[INFO] [stdout]   21:                0x0 - <unknown>
[INFO] [stdout] 
[INFO] [stdout] ---- nav_test_mesh_loading stdout ----
[INFO] [stdout] 
[INFO] [stdout] thread 'nav_test_mesh_loading' (1546) panicked at tests/integration.rs:60:41:
[INFO] [stdout] called `Result::unwrap()` on an `Err` value: Io(Os { code: 2, kind: NotFound, message: "No such file or directory" })
[INFO] [stdout] stack backtrace:
[INFO] [stdout]    0:     0x58e5ef3b53d1 - <<std[617be2ca0a6fd877]::sys::backtrace::BacktraceLock>::print::DisplayBacktrace as core[a373ad73a504971]::fmt::Display>::fmt
[INFO] [stdout]    1:     0x58e5ef3ca67a - core[a373ad73a504971]::fmt::write
[INFO] [stdout]    2:     0x58e5ef3b95ec - <alloc[2e1b2a31b91974c5]::vec::Vec<u8> as core[a373ad73a504971]::io::write::Write>::write_fmt
[INFO] [stdout]    3:     0x58e5ef391836 - std[617be2ca0a6fd877]::panicking::default_hook::{closure#0}
[INFO] [stdout]    4:     0x58e5ef3ada69 - std[617be2ca0a6fd877]::panicking::default_hook
[INFO] [stdout]    5:     0x58e5ef31b650 - test[aada8e7e76ba119b]::test_main_inner::{closure#0}
[INFO] [stdout]    6:     0x58e5ef3adc22 - std[617be2ca0a6fd877]::panicking::panic_with_hook
[INFO] [stdout]    7:     0x58e5ef3918e2 - std[617be2ca0a6fd877]::panicking::panic_handler::{closure#0}
[INFO] [stdout]    8:     0x58e5ef38a5f9 - std[617be2ca0a6fd877]::sys::backtrace::__rust_end_short_backtrace::<std[617be2ca0a6fd877]::panicking::panic_handler::{closure#0}, !>
[INFO] [stdout]    9:     0x58e5ef3924ed - __rustc[ea4f61d10b84890b]::rust_begin_unwind
[INFO] [stdout]   10:     0x58e5ef3cadac - core[a373ad73a504971]::panicking::panic_fmt
[INFO] [stdout]   11:     0x58e5ef3cab82 - core[a373ad73a504971]::result::unwrap_failed
[INFO] [stdout]   12:     0x58e5ef30df20 - <integration[4aa7763e1d002cf4]::nav_test_mesh_loading::{closure#0} as core[a373ad73a504971]::ops::function::FnOnce<()>>::call_once
[INFO] [stdout]   13:     0x58e5ef30ea9b - test[aada8e7e76ba119b]::__rust_begin_short_backtrace::<core[a373ad73a504971]::result::Result<(), alloc[2e1b2a31b91974c5]::string::String>, fn() -> core[a373ad73a504971]::result::Result<(), alloc[2e1b2a31b91974c5]::string::String>>
[INFO] [stdout]   14:     0x58e5ef31bc75 - test[aada8e7e76ba119b]::run_test::{closure#0}
[INFO] [stdout]   15:     0x58e5ef315564 - std[617be2ca0a6fd877]::sys::backtrace::__rust_begin_short_backtrace::<test[aada8e7e76ba119b]::run_test::{closure#1}, ()>
[INFO] [stdout]   16:     0x58e5ef31ed02 - <std[617be2ca0a6fd877]::thread::lifecycle::spawn_unchecked<test[aada8e7e76ba119b]::run_test::{closure#1}, ()>::{closure#1} as core[a373ad73a504971]::ops::function::FnOnce<()>>::call_once::{shim:vtable#0}
[INFO] [stdout]   17:     0x58e5ef3b4c2f - <std[617be2ca0a6fd877]::sys::thread::unix::Thread>::new::thread_start
[INFO] [stdout]   18:     0x79f6b0acadfa - <unknown>
[INFO] [stdout]   19:     0x79f6b0b5e3d4 - clone
[INFO] [stdout]   20:                0x0 - <unknown>
[INFO] [stdout] 
[INFO] [stdout] ---- dungeon_mesh_loading stdout ----
[INFO] [stdout] 
[INFO] [stdout] thread 'dungeon_mesh_loading' (1541) panicked at tests/integration.rs:98:41:
[INFO] [stdout] called `Result::unwrap()` on an `Err` value: Io(Os { code: 2, kind: NotFound, message: "No such file or directory" })
[INFO] [stdout] stack backtrace:
[INFO] [stdout]    0:     0x58e5ef3b53d1 - <<std[617be2ca0a6fd877]::sys::backtrace::BacktraceLock>::print::DisplayBacktrace as core[a373ad73a504971]::fmt::Display>::fmt
[INFO] [stdout]    1:     0x58e5ef3ca67a - core[a373ad73a504971]::fmt::write
[INFO] [stdout]    2:     0x58e5ef3b95ec - <alloc[2e1b2a31b91974c5]::vec::Vec<u8> as core[a373ad73a504971]::io::write::Write>::write_fmt
[INFO] [stdout]    3:     0x58e5ef391836 - std[617be2ca0a6fd877]::panicking::default_hook::{closure#0}
[INFO] [stdout]    4:     0x58e5ef3ada69 - std[617be2ca0a6fd877]::panicking::default_hook
[INFO] [stdout]    5:     0x58e5ef31b650 - test[aada8e7e76ba119b]::test_main_inner::{closure#0}
[INFO] [stdout]    6:     0x58e5ef3adc22 - std[617be2ca0a6fd877]::panicking::panic_with_hook
[INFO] [stdout]    7:     0x58e5ef3918e2 - std[617be2ca0a6fd877]::panicking::panic_handler::{closure#0}
[INFO] [stdout]    8:     0x58e5ef38a5f9 - std[617be2ca0a6fd877]::sys::backtrace::__rust_end_short_backtrace::<std[617be2ca0a6fd877]::panicking::panic_handler::{closure#0}, !>
[INFO] [stdout]    9:     0x58e5ef3924ed - __rustc[ea4f61d10b84890b]::rust_begin_unwind
[INFO] [stdout]   10:     0x58e5ef3cadac - core[a373ad73a504971]::panicking::panic_fmt
[INFO] [stdout]   11:     0x58e5ef3cab82 - core[a373ad73a504971]::result::unwrap_failed
[INFO] [stdout]   12:     0x58e5ef30dd50 - <integration[4aa7763e1d002cf4]::dungeon_mesh_loading::{closure#0} as core[a373ad73a504971]::ops::function::FnOnce<()>>::call_once
[INFO] [stdout]   13:     0x58e5ef30ea9b - test[aada8e7e76ba119b]::__rust_begin_short_backtrace::<core[a373ad73a504971]::result::Result<(), alloc[2e1b2a31b91974c5]::string::String>, fn() -> core[a373ad73a504971]::result::Result<(), alloc[2e1b2a31b91974c5]::string::String>>
[INFO] [stdout]   14:     0x58e5ef31bc75 - test[aada8e7e76ba119b]::run_test::{closure#0}
[INFO] [stdout]   15:     0x58e5ef315564 - std[617be2ca0a6fd877]::sys::backtrace::__rust_begin_short_backtrace::<test[aada8e7e76ba119b]::run_test::{closure#1}, ()>
[INFO] [stdout]   16:     0x58e5ef31ed02 - <std[617be2ca0a6fd877]::thread::lifecycle::spawn_unchecked<test[aada8e7e76ba119b]::run_test::{closure#1}, ()>::{closure#1} as core[a373ad73a504971]::ops::function::FnOnce<()>>::call_once::{shim:vtable#0}
[INFO] [stdout]   17:     0x58e5ef3b4c2f - <std[617be2ca0a6fd877]::sys::thread::unix::Thread>::new::thread_start
[INFO] [stdout]   18:     0x79f6b0acadfa - <unknown>
[INFO] [stdout]   19:     0x79f6b0b5e3d4 - clone
[INFO] [stdout]   20:                0x0 - <unknown>
[INFO] [stdout] 
[INFO] [stdout] 
[INFO] [stdout] failures:
[INFO] [stdout]     all_meshes_build_without_error
[INFO] [stdout]     bridge_generation_rust_output
[INFO] [stdout]     bridge_grid_size
[INFO] [stdout]     bridge_mesh_loading
[INFO] [stdout]     dungeon_generation_matches_cpp
[INFO] [stdout]     dungeon_generation_rust_output
[INFO] [stdout]     dungeon_grid_size
[INFO] [stdout]     dungeon_mesh_loading
[INFO] [stdout]     nav_test_bounds
[INFO] [stdout]     nav_test_generation_matches_cpp
[INFO] [stdout]     nav_test_generation_rust_output
[INFO] [stdout]     nav_test_grid_size
[INFO] [stdout]     nav_test_mesh_loading
[INFO] [stdout] 
[INFO] [stdout] test result: FAILED. 0 passed; 13 failed; 1 ignored; 0 measured; 0 filtered out; finished in 0.00s
[INFO] [stdout] 
[INFO] running `Command { std: "docker" "inspect" "454b5caae489b353714816f7992075df2546c982336f92ef3f3f096508349e13", kill_on_drop: false }`
[INFO] running `Command { std: "docker" "rm" "-f" "454b5caae489b353714816f7992075df2546c982336f92ef3f3f096508349e13", kill_on_drop: false }`
[INFO] [stdout] 454b5caae489b353714816f7992075df2546c982336f92ef3f3f096508349e13
